65.108.235.243 - - [17/Jun/2026:14:37:33 +0200] "POST /wp-cron.php?doing_wp_cron=1781699853.7188220024108886718750 HTTP/1.1" 200 1 "-" "WordPress/7.0; https://elettroservicegroup.it"
66.249.74.161 - - [17/Jun/2026:14:37:31 +0200] "GET /robots.txt HTTP/1.1" 301 1 "-" "Mozilla/5.0 (compatible; Googlebot/2.1; +http://www.google.com/bot.html)"
66.249.64.108 - - [17/Jun/2026:14:37:34 +0200] "GET /robots.txt HTTP/1.1" 200 99 "-" "Mozilla/5.0 (compatible; Googlebot/2.1; +http://www.google.com/bot.html)"
65.108.235.243 - - [17/Jun/2026:15:35:04 +0200] "POST /wp-cron.php?doing_wp_cron=1781703304.0536599159240722656250 HTTP/1.1" 200 1 "-" "WordPress/7.0; https://elettroservicegroup.it"
103.131.71.167 - - [17/Jun/2026:15:35:01 +0200] "GET /robots.txt HTTP/1.1" 200 126 "-" "Mozilla/5.0 (compatible; coccocbot-web/1.0; +http://help.coccoc.com/searchengine)"
103.80.214.249 - - [17/Jun/2026:15:49:56 +0200] "GET /wp-json/wp/v2/posts HTTP/1.1" 200 11733 "-" "Mozilla/5.0 (Windows NT 10.0; Win64; x64) AppleWebKit/537.36 (KHTML, like Gecko) Chrome/120.0.0.0 Safari/537.36"
173.212.237.47 - - [17/Jun/2026:15:51:00 +0200] "GET /wp-json/wp/v2/posts HTTP/1.1" 200 11678 "-" "Mozilla/5.0 (Windows NT 10.0; Win64; x64) AppleWebKit/537.36 (KHTML, like Gecko) Chrome/120.0.0.0 Safari/537.36"
65.108.235.243 - - [17/Jun/2026:16:15:22 +0200] "POST /wp-cron.php?doing_wp_cron=1781705722.2971189022064208984375 HTTP/1.1" 200 1 "-" "WordPress/7.0; https://elettroservicegroup.it"
216.73.217.38 - - [17/Jun/2026:16:15:15 +0200] "GET /robots.txt HTTP/1.1" 200 99 "-" "Mozilla/5.0 AppleWebKit/537.36 (KHTML, like Gecko; compatible; ClaudeBot/1.0; +claudebot@anthropic.com)"
65.108.235.243 - - [17/Jun/2026:16:22:50 +0200] "POST /wp-cron.php?doing_wp_cron=1781706170.7909719944000244140625 HTTP/1.1" 200 1 "-" "WordPress/7.0; https://elettroservicegroup.it"
66.132.172.106 - - [17/Jun/2026:16:22:48 +0200] "GET / HTTP/1.1" 301 - "-" "Mozilla/5.0 (compatible; CensysInspect/1.1; +https://about.censys.io/)"
64.89.163.202 - - [17/Jun/2026:16:44:46 +0200] "GET /.env HTTP/1.1" 404 83367 "-" "Mozilla/5.0 (Windows NT 10.0; Win64; x64) AppleWebKit/537.36 (KHTML, like Gecko) Chrome/137.0.0.0 Safari/537.36"
157.10.156.155 - - [17/Jun/2026:16:48:00 +0200] "GET /wp-json/wp/v2/posts HTTP/1.1" 200 11716 "-" "Mozilla/5.0 (Windows NT 10.0; Win64; x64) AppleWebKit/537.36 (KHTML, like Gecko) Chrome/120.0.0.0 Safari/537.36"
65.108.235.243 - - [17/Jun/2026:16:58:58 +0200] "POST /wp-cron.php?doing_wp_cron=1781708338.6365630626678466796875 HTTP/1.1" 200 1 "-" "WordPress/7.0; https://elettroservicegroup.it"
80.94.95.202 - - [17/Jun/2026:16:58:56 +0200] "GET / HTTP/1.0" 301 - "http://elettroservicegroup.it/" "Mozilla/5.0 (Windows NT 10.0; Win64; x64) AppleWebKit/537.36 (KHTML, like Gecko) Chrome/131.0.0.0 Safari/537.36 Avast/131.0.0.0"
65.108.235.243 - - [17/Jun/2026:17:05:17 +0200] "POST /wp-cron.php?doing_wp_cron=1781708717.4725151062011718750000 HTTP/1.1" 200 1 "-" "WordPress/7.0; https://elettroservicegroup.it"
43.135.115.233 - - [17/Jun/2026:17:05:15 +0200] "GET / HTTP/1.1" 301 - "-" "Mozilla/5.0 (iPhone; CPU iPhone OS 13_2_3 like Mac OS X) AppleWebKit/605.1.15 (KHTML, like Gecko) Version/13.0.3 Mobile/15E148 Safari/604.1"
65.108.235.243 - - [17/Jun/2026:17:54:39 +0200] "POST /wp-cron.php?doing_wp_cron=1781711679.1913890838623046875000 HTTP/1.1" 200 1 "-" "WordPress/7.0; https://elettroservicegroup.it"
43.163.107.243 - - [17/Jun/2026:17:54:32 +0200] "GET / HTTP/1.1" 301 - "-" "Mozilla/5.0 (iPhone; CPU iPhone OS 13_2_3 like Mac OS X) AppleWebKit/605.1.15 (KHTML, like Gecko) Version/13.0.3 Mobile/15E148 Safari/604.1"
77.90.185.5 - - [17/Jun/2026:18:20:12 +0200] "GET / HTTP/1.0" 200 11715 "http://elettroservicegroup.it/" "Mozilla/5.0 (Windows NT 10.0; Win64; x64) AppleWebKit/537.36 (KHTML, like Gecko) Chrome/130.0.0.0 Safari/537.36 CCleaner/130.0.0.0"
143.20.97.242 - - [17/Jun/2026:18:40:47 +0200] "GET / HTTP/1.1" 200 11580 "-" "Mozilla/5.0 (Windows NT 10.0; Win64; x64) AppleWebKit/537.36 (KHTML, like Gecko) Chrome/148.0.0.0 Safari/537.36"
143.20.97.242 - - [17/Jun/2026:18:40:57 +0200] "GET /secrets.yml HTTP/1.1" 200 11664 "-" "Mozilla/5.0 (compatible; Bytespider; spider-feedback@bytedance.com)"
143.20.97.242 - - [17/Jun/2026:18:40:57 +0200] "GET /.env.example HTTP/1.1" 200 11719 "-" "Mozilla/5.0 AppleWebKit/537.36 (KHTML, like Gecko); compatible; GPTBot/1.2; +https://openai.com/gptbot"
143.20.97.242 - - [17/Jun/2026:18:40:57 +0200] "GET /application.yml HTTP/1.1" 200 11753 "-" "Mozilla/5.0 AppleWebKit/537.36 (KHTML, like Gecko); compatible; ChatGPT-User/1.0; +https://openai.com/bot"
65.108.235.243 - - [17/Jun/2026:18:41:00 +0200] "POST /wp-cron.php?doing_wp_cron=1781714460.1011428833007812500000 HTTP/1.1" 200 1 "-" "WordPress/7.0; https://elettroservicegroup.it"
143.20.97.242 - - [17/Jun/2026:18:40:57 +0200] "GET /.env HTTP/1.1" 404 83543 "-" "meta-externalagent/1.1 (+https://developers.facebook.com/docs/sharing/webmasters/crawler)"
143.20.97.242 - - [17/Jun/2026:18:41:07 +0200] "GET /.env.production HTTP/1.1" 404 83620 "-" "Mozilla/5.0 (compatible; Amazonbot/0.1; +https://developer.amazon.com/support/amazonbot)"
143.20.97.242 - - [17/Jun/2026:18:41:08 +0200] "GET /robots.txt HTTP/1.1" 200 11742 "-" "CCBot/2.0 (https://commoncrawl.org/faq/)"
143.20.97.242 - - [17/Jun/2026:18:41:08 +0200] "GET /google-services.json HTTP/1.1" 200 11722 "-" "Mozilla/5.0 AppleWebKit/537.36 (KHTML, like Gecko); compatible; ClaudeBot/1.0; +mailto:support@anthropic.com"
143.20.97.242 - - [17/Jun/2026:18:41:08 +0200] "GET /api/.env HTTP/1.1" 404 83578 "-" "Mozilla/5.0 (compatible; Claude-Web/1.0; +https://www.anthropic.com)"
143.20.97.242 - - [17/Jun/2026:18:41:08 +0200] "GET /.env.local HTTP/1.1" 404 83585 "-" "Mozilla/5.0 (compatible; cohere-ai/1.0; +https://cohere.com)"
143.20.97.242 - - [17/Jun/2026:18:41:11 +0200] "GET /secrets.json HTTP/1.1" 200 11684 "-" "CCBot/2.0 (https://commoncrawl.org/faq/)"
143.20.97.242 - - [17/Jun/2026:18:41:11 +0200] "GET /.aws/credentials HTTP/1.1" 200 11706 "-" "Mozilla/5.0 AppleWebKit/537.36 (KHTML, like Gecko); compatible; ChatGPT-User/1.0; +https://openai.com/bot"
143.20.97.242 - - [17/Jun/2026:18:41:14 +0200] "GET /sitemap.xml HTTP/1.1" 200 11689 "-" "Mozilla/5.0 (compatible; cohere-ai/1.0; +https://cohere.com)"
143.20.97.242 - - [17/Jun/2026:18:41:18 +0200] "GET /asset-manifest.json HTTP/1.1" 200 11656 "-" "Mozilla/5.0 (compatible; Google-Extended/1.0; +http://www.google.com/bot.html)"
143.20.97.242 - - [17/Jun/2026:18:41:18 +0200] "GET /.next/required-server-files.json HTTP/1.1" 200 11726 "-" "Mozilla/5.0 AppleWebKit/537.36 (KHTML, like Gecko); compatible; PerplexityBot/1.0; +https://perplexity.ai/perplexitybot"
143.20.97.242 - - [17/Jun/2026:18:41:20 +0200] "GET /loadable-stats.json HTTP/1.1" 200 11671 "-" "Mozilla/5.0 AppleWebKit/537.36 (KHTML, like Gecko); compatible; ChatGPT-User/1.0; +https://openai.com/bot"
143.20.97.242 - - [17/Jun/2026:18:41:23 +0200] "GET /settings.json HTTP/1.1" 200 11685 "-" "CCBot/2.0 (https://commoncrawl.org/faq/)"
143.20.97.242 - - [17/Jun/2026:18:41:23 +0200] "GET /firebase-messaging-sw.js HTTP/1.1" 200 11696 "-" "CCBot/2.0 (https://commoncrawl.org/faq/)"
143.20.97.242 - - [17/Jun/2026:18:41:24 +0200] "GET /build/manifest.json HTTP/1.1" 200 11669 "-" "Mozilla/5.0 AppleWebKit/537.36 (KHTML, like Gecko); compatible; PerplexityBot/1.0; +https://perplexity.ai/perplexitybot"
143.20.97.242 - - [17/Jun/2026:18:41:24 +0200] "GET /stats.json HTTP/1.1" 200 11710 "-" "Mozilla/5.0 (compatible; Google-Extended/1.0; +http://www.google.com/bot.html)"
143.20.97.242 - - [17/Jun/2026:18:41:24 +0200] "GET /_nuxt/builds/latest.json HTTP/1.1" 200 11676 "-" "Mozilla/5.0 AppleWebKit/537.36 (KHTML, like Gecko); compatible; PerplexityBot/1.0; +https://perplexity.ai/perplexitybot"
143.20.97.242 - - [17/Jun/2026:18:41:24 +0200] "GET /.vite/manifest.json HTTP/1.1" 200 11751 "-" "Mozilla/5.0 AppleWebKit/537.36 (KHTML, like Gecko); compatible; OAI-SearchBot/1.0; +https://openai.com/searchbot"
143.20.97.242 - - [17/Jun/2026:18:41:26 +0200] "GET /api/config HTTP/1.1" 200 11635 "-" "Mozilla/5.0 AppleWebKit/537.36 (KHTML, like Gecko); compatible; ClaudeBot/1.0; +mailto:support@anthropic.com"
143.20.97.242 - - [17/Jun/2026:18:41:26 +0200] "GET /config.json HTTP/1.1" 200 11634 "-" "Mozilla/5.0 AppleWebKit/537.36 (KHTML, like Gecko); compatible; ClaudeBot/1.0; +mailto:support@anthropic.com"
143.20.97.242 - - [17/Jun/2026:18:41:27 +0200] "GET /config.js HTTP/1.1" 200 11647 "-" "Mozilla/5.0 (compatible; Google-Extended/1.0; +http://www.google.com/bot.html)"
143.20.97.242 - - [17/Jun/2026:18:41:32 +0200] "GET /openapi.json HTTP/1.1" 200 11705 "-" "Mozilla/5.0 AppleWebKit/537.36 (KHTML, like Gecko); compatible; OAI-SearchBot/1.0; +https://openai.com/searchbot"
143.20.97.242 - - [17/Jun/2026:18:41:32 +0200] "GET /api/v1/config HTTP/1.1" 200 11664 "-" "anthropic-ai"
143.20.97.242 - - [17/Jun/2026:18:41:35 +0200] "GET /env.json HTTP/1.1" 200 11661 "-" "Mozilla/5.0 (compatible; Bytespider; spider-feedback@bytedance.com)"
143.20.97.242 - - [17/Jun/2026:18:41:35 +0200] "GET /env.js HTTP/1.1" 200 11739 "-" "Mozilla/5.0 (compatible; Amazonbot/0.1; +https://developer.amazon.com/support/amazonbot)"
143.20.97.242 - - [17/Jun/2026:18:41:35 +0200] "GET /api/v1/settings HTTP/1.1" 200 11752 "-" "Mozilla/5.0 (compatible; Amazonbot/0.1; +https://developer.amazon.com/support/amazonbot)"
143.20.97.242 - - [17/Jun/2026:18:41:35 +0200] "GET /api/settings HTTP/1.1" 200 11688 "-" "anthropic-ai"
143.20.97.242 - - [17/Jun/2026:18:41:35 +0200] "GET /api/env HTTP/1.1" 200 11662 "-" "Mozilla/5.0 (compatible; Bytespider; spider-feedback@bytedance.com)"
143.20.97.242 - - [17/Jun/2026:18:41:38 +0200] "GET /__/firebase/init.json HTTP/1.1" 200 11772 "-" "anthropic-ai"
143.20.97.242 - - [17/Jun/2026:18:41:39 +0200] "GET /api/v1/env HTTP/1.1" 200 11716 "-" "Mozilla/5.0 (compatible; Claude-Web/1.0; +https://www.anthropic.com)"
65.108.235.243 - - [17/Jun/2026:19:04:35 +0200] "POST /wp-cron.php?doing_wp_cron=1781715875.1175270080566406250000 HTTP/1.1" 200 1 "-" "WordPress/7.0; https://elettroservicegroup.it"
216.73.217.38 - - [17/Jun/2026:19:04:33 +0200] "GET /robots.txt HTTP/1.1" 200 99 "-" "Mozilla/5.0 AppleWebKit/537.36 (KHTML, like Gecko; compatible; ClaudeBot/1.0; +claudebot@anthropic.com)"
216.73.217.38 - - [17/Jun/2026:19:04:54 +0200] "GET / HTTP/1.1" 301 1 "-" "Mozilla/5.0 AppleWebKit/537.36 (KHTML, like Gecko; compatible; ClaudeBot/1.0; +claudebot@anthropic.com)"
65.108.235.243 - - [17/Jun/2026:19:06:40 +0200] "POST /wp-cron.php?doing_wp_cron=1781716000.0980489253997802734375 HTTP/1.1" 200 1 "-" "WordPress/7.0; https://elettroservicegroup.it"
34.127.87.40 - - [17/Jun/2026:19:06:38 +0200] "HEAD /backup/ HTTP/1.1" 404 - "-" "Mozilla/5.0 (Linux; Android 11; RMX2195) AppleWebKit/537.36 (KHTML, like Gecko) Chrome/120.0.6099.210 Mobile Safari/537.36 OPR/75.2.3995.72468"
34.127.87.40 - - [17/Jun/2026:19:06:40 +0200] "HEAD /wp/ HTTP/1.1" 404 - "-" "Mozilla/5.0 (Windows NT 11.0; Win64; x64) AppleWebKit/537.36 (KHTML, like Gecko) Chrome/128.0.6540.18 Safari/537.36"
34.127.87.40 - - [17/Jun/2026:19:06:40 +0200] "HEAD /new/ HTTP/1.1" 404 - "-" "Mozilla/5.0 (Macintosh; Intel Mac OS X 15_0) AppleWebKit/537.36 (KHTML, like Gecko) Chrome/125.0.6422.141 Safari/537.36"
34.127.87.40 - - [17/Jun/2026:19:06:41 +0200] "HEAD /wordpress/ HTTP/1.1" 404 - "-" "Mozilla/5.0 (X11; Linux x86_64) AppleWebKit/537.36 (KHTML, like Gecko) Chrome/125.0.6422.76 Safari/537.36"
34.127.87.40 - - [17/Jun/2026:19:06:41 +0200] "HEAD /old/ HTTP/1.1" 404 - "-" "Mozilla/5.0 (Linux; Android 14; RMX3842) AppleWebKit/537.36 (KHTML, like Gecko) Chrome/126.0.6478.44 Mobile Safari/537.36"
34.127.87.40 - - [17/Jun/2026:19:06:42 +0200] "HEAD / HTTP/1.1" 301 - "-" "Mozilla/5.0 (Linux; Android 12; Redmi Note 11) AppleWebKit/537.36 (KHTML, like Gecko) Chrome/123.0.6312.112 Mobile Safari/537.36"
34.127.87.40 - - [17/Jun/2026:19:06:43 +0200] "HEAD /blog/ HTTP/1.1" 404 - "-" "Mozilla/5.0 (Linux; Android 13; Infinix X688B) AppleWebKit/537.36 (KHTML, like Gecko) Chrome/124.0.6367.48 Mobile Safari/537.36"
65.108.235.243 - - [17/Jun/2026:19:12:36 +0200] "POST /wp-cron.php?doing_wp_cron=1781716356.5960218906402587890625 HTTP/1.1" 200 1 "-" "WordPress/7.0; https://elettroservicegroup.it"
88.216.68.37 - - [17/Jun/2026:19:12:33 +0200] "GET / HTTP/1.1" 301 - "-" "Mozilla/5.0 (Windows NT 10.0; Win64; x64) AppleWebKit/537.36 (KHTML, like Gecko) Chrome/91.0.4472.124 Safari/537.36"
65.108.235.243 - - [17/Jun/2026:19:19:00 +0200] "POST /wp-cron.php?doing_wp_cron=1781716740.2928760051727294921875 HTTP/1.1" 200 1 "-" "WordPress/7.0; https://elettroservicegroup.it"
136.110.25.162 - - [17/Jun/2026:19:18:57 +0200] "GET /wordpress/ HTTP/1.1" 404 83402 "-" "Mozilla/5.0 (Linux; Android 12) Chrome/111.0 Mobile Safari/537.36"
65.108.235.243 - - [17/Jun/2026:19:55:19 +0200] "POST /wp-cron.php?doing_wp_cron=1781718919.1090669631958007812500 HTTP/1.1" 200 1 "-" "WordPress/7.0; https://elettroservicegroup.it"
152.136.23.159 - - [17/Jun/2026:19:55:17 +0200] "GET / HTTP/1.1" 301 - "-" "Mozilla/5.0 (iPhone; CPU iPhone OS 13_2_3 like Mac OS X) AppleWebKit/605.1.15 (KHTML, like Gecko) Version/13.0.3 Mobile/15E148 Safari/604.1"
83.168.74.163 - - [17/Jun/2026:20:01:50 +0200] "GET //wp-json/wp/v2/posts HTTP/1.0" 200 11690 "-" "Mozilla/5.0 (Windows NT 10.0; Win64; x64) AppleWebKit/537.36 (KHTML, like Gecko) Chrome/120.0.0.0 Safari/537.36"
54.183.201.22 - - [17/Jun/2026:20:26:44 +0200] "GET /wp-json/wp/v2/posts HTTP/1.1" 200 11698 "-" "Mozilla/5.0 (Windows NT 10.0; Win64; x64) AppleWebKit/537.36 (KHTML, like Gecko) Chrome/120.0.0.0 Safari/537.36"
65.108.235.243 - - [17/Jun/2026:21:00:06 +0200] "POST /wp-cron.php?doing_wp_cron=1781722806.7476980686187744140625 HTTP/1.1" 200 1 "-" "WordPress/7.0; https://elettroservicegroup.it"
43.130.150.80 - - [17/Jun/2026:21:00:04 +0200] "GET / HTTP/1.1" 301 - "-" "Mozilla/5.0 (iPhone; CPU iPhone OS 13_2_3 like Mac OS X) AppleWebKit/605.1.15 (KHTML, like Gecko) Version/13.0.3 Mobile/15E148 Safari/604.1"
193.32.162.60 - - [17/Jun/2026:21:17:00 +0200] "GET /wp-json/gravitysmtp/v1/tests/mock-data?page=gravitysmtp-settings HTTP/1.1" 403 17008 "-" "Mozilla/5.0 (compatible; SecurityResearch/1.0; )"
65.108.235.243 - - [17/Jun/2026:21:46:00 +0200] "POST /wp-cron.php?doing_wp_cron=1781725560.7458200454711914062500 HTTP/1.1" 200 1 "-" "WordPress/7.0; https://elettroservicegroup.it"
43.157.170.13 - - [17/Jun/2026:21:45:58 +0200] "GET / HTTP/1.1" 301 - "-" "Mozilla/5.0 (iPhone; CPU iPhone OS 13_2_3 like Mac OS X) AppleWebKit/605.1.15 (KHTML, like Gecko) Version/13.0.3 Mobile/15E148 Safari/604.1"
172.86.89.205 - - [17/Jun/2026:22:07:07 +0200] "GET /Search-Replace-DB-master/ HTTP/1.1" 200 11602 "-" "Python-urllib/2.7"
84.233.216.239 - - [17/Jun/2026:22:10:22 +0200] "GET /wp-login.php HTTP/1.1" 200 11809 "-" "Mozilla/5.0 (Windows NT 11.0; Win64; x64) AppleWebKit/537.36 (KHTML, like Gecko) Chrome/120.0.0.0 Safari/537.36"
65.108.235.243 - - [17/Jun/2026:22:51:09 +0200] "POST /wp-cron.php?doing_wp_cron=1781729469.2292759418487548828125 HTTP/1.1" 200 1 "-" "WordPress/7.0; https://elettroservicegroup.it"
91.92.42.248 - - [17/Jun/2026:22:51:07 +0200] "GET /.env HTTP/1.1" 404 83543 "-" "Mozilla/5.0 (Symbian/3; Series60/5.2 NokiaC7-00/012.003; Profile/MIDP-2.1 Configuration/CLDC-1.1 ) AppleWebKit/525 (KHTML, like Gecko) Version/3.0 BrowserNG/7.2.7.3 3gpp-gba"
65.108.235.243 - - [17/Jun/2026:23:07:08 +0200] "POST /wp-cron.php?doing_wp_cron=1781730428.2226910591125488281250 HTTP/1.1" 200 1 "-" "WordPress/7.0; https://elettroservicegroup.it"
192.71.224.103 - - [17/Jun/2026:23:07:06 +0200] "GET / HTTP/1.1" 301 - "-" "Mozilla/5.0 (Linux; U; Android 13; sk-sk; Xiaomi 11T Pro Build/TKQ1.220829.002) AppleWebKit/537.36 (KHTML, like Gecko) Version/4.0 Chrome/112.0.5615.136 Mobile Safari/537.36 XiaoMi/MiuiBrowser/14.4.0-g"
65.108.235.243 - - [17/Jun/2026:23:32:38 +0200] "POST /wp-cron.php?doing_wp_cron=1781731957.9798579216003417968750 HTTP/1.1" 200 1 "-" "WordPress/7.0; https://elettroservicegroup.it"
64.89.163.202 - - [17/Jun/2026:23:32:33 +0200] "GET /.env HTTP/1.1" 404 83599 "-" "Mozilla/5.0 (Windows NT 10.0; Win64; x64) AppleWebKit/537.36 (KHTML, like Gecko) Chrome/137.0.0.0 Safari/537.36"