216.73.217.47 - - [04/Jun/2026:22:53:13 +0200] "GET /shop/wp-includes/wlwmanifest.xml?file=%2Fhome%2Fcosta4%2Fvicenza.elettroservicegroup.it%2Fwp-content%2Fai1wm-backups%2Frobots.txt HTTP/1.1" 200 18221 "-" "Mozilla/5.0 AppleWebKit/537.36 (KHTML, like Gecko; compatible; ClaudeBot/1.0; +claudebot@anthropic.com)"
216.73.217.47 - - [04/Jun/2026:22:53:13 +0200] "GET /news/wp-includes/%3C?edit=%2Fhome%2Fcosta4%2Fvicenza.elettroservicegroup.it%2Fwp-content%2Fthemes%2Fgeneratepress%2Fscreenshot.png HTTP/1.1" 200 78243 "-" "Mozilla/5.0 AppleWebKit/537.36 (KHTML, like Gecko; compatible; ClaudeBot/1.0; +claudebot@anthropic.com)"
216.73.217.47 - - [04/Jun/2026:22:53:13 +0200] "GET /?rename=%2Fhome%2Fcosta4%2Fvicenza.elettroservicegroup.it%2Fwp-content%2Fplugins%2Fsocial-1780325110%2Freadme.txt HTTP/1.1" 200 21758 "-" "Mozilla/5.0 AppleWebKit/537.36 (KHTML, like Gecko; compatible; ClaudeBot/1.0; +claudebot@anthropic.com)"
216.73.217.47 - - [04/Jun/2026:22:53:13 +0200] "GET /shop/wp-includes/wlwmanifest.xml?edit=%2Fhome%2Fcosta4%2Fvicenza.elettroservicegroup.it%2Fwp-content%2Fai1wm-backups%2Frobots.txt HTTP/1.1" 200 19019 "-" "Mozilla/5.0 AppleWebKit/537.36 (KHTML, like Gecko; compatible; ClaudeBot/1.0; +claudebot@anthropic.com)"
216.73.217.47 - - [04/Jun/2026:22:53:13 +0200] "GET /blog/wp-includes/wlwmanifest.xml?edit=%2Fhome%2Fcosta4%2Fvicenza.elettroservicegroup.it%2Fwp-content%2Fai1wm-backups%2Frobots.txt HTTP/1.1" 200 19018 "-" "Mozilla/5.0 AppleWebKit/537.36 (KHTML, like Gecko; compatible; ClaudeBot/1.0; +claudebot@anthropic.com)"
216.73.217.47 - - [04/Jun/2026:22:53:14 +0200] "GET /?rename=%2Fhome%2Fcosta4%2Fvicenza.elettroservicegroup.it%2Fwp-content%2Fplugins%2Fcomplianz-gdpr-premium%2Freadme.txt HTTP/1.1" 200 21752 "-" "Mozilla/5.0 AppleWebKit/537.36 (KHTML, like Gecko; compatible; ClaudeBot/1.0; +claudebot@anthropic.com)"
216.73.217.47 - - [04/Jun/2026:22:53:51 +0200] "GET /news/wp-includes/wlwmanifest.xml?view=%2Fhome%2Fcosta4%2Fvicenza.elettroservicegroup.it%2Fwp-content%2Fthemes%2Fgeneratepress%2Fassets%2Fjs%2Fa11y.js HTTP/1.1" 200 239 "-" "Mozilla/5.0 AppleWebKit/537.36 (KHTML, like Gecko; compatible; ClaudeBot/1.0; +claudebot@anthropic.com)"
216.73.217.47 - - [04/Jun/2026:22:53:51 +0200] "GET /?view=%2Fhome%2Fcosta4%2Fvicenza.elettroservicegroup.it%2Fwp-content%2Fplugins%2Fsocial-1780325110%2Freadme.txt HTTP/1.1" 200 3442 "-" "Mozilla/5.0 AppleWebKit/537.36 (KHTML, like Gecko; compatible; ClaudeBot/1.0; +claudebot@anthropic.com)"
216.73.217.47 - - [04/Jun/2026:22:53:51 +0200] "GET /robots.txt?file=%2Fhome%2Fcosta4%2Fvicenza.elettroservicegroup.it%2Fwp-content%2Fai1wm-backups HTTP/1.1" 200 458 "-" "Mozilla/5.0 AppleWebKit/537.36 (KHTML, like Gecko; compatible; ClaudeBot/1.0; +claudebot@anthropic.com)"
216.73.217.47 - - [04/Jun/2026:22:53:51 +0200] "GET /news/wp-includes/wlwmanifest.xml?rename=%2Fhome%2Fcosta4%2Fvicenza.elettroservicegroup.it%2Fwp-content%2Fthemes%2Fgeneratepress%2Fassets%2Fjs%2Fa11y.js HTTP/1.1" 200 18983 "-" "Mozilla/5.0 AppleWebKit/537.36 (KHTML, like Gecko; compatible; ClaudeBot/1.0; +claudebot@anthropic.com)"
216.73.217.47 - - [04/Jun/2026:22:53:51 +0200] "GET /news/wp-includes/%3C?file=%2Fhome%2Fcosta4%2Fvicenza.elettroservicegroup.it%2Fwp-content%2Fthemes%2Fgeneratepress%2Finc HTTP/1.1" 200 18818 "-" "Mozilla/5.0 AppleWebKit/537.36 (KHTML, like Gecko; compatible; ClaudeBot/1.0; +claudebot@anthropic.com)"
216.73.217.47 - - [04/Jun/2026:22:53:51 +0200] "GET /news/wp-includes/wlwmanifest.xml?file=%2Fhome%2Fcosta4%2Fvicenza.elettroservicegroup.it%2Fwp-content%2Fthemes%2Fgeneratepress%2Fassets%2Fjs%2Fa11y.js HTTP/1.1" 200 18206 "-" "Mozilla/5.0 AppleWebKit/537.36 (KHTML, like Gecko; compatible; ClaudeBot/1.0; +claudebot@anthropic.com)"
216.73.217.47 - - [04/Jun/2026:22:53:51 +0200] "GET /?file=%2Fhome%2Fcosta4%2Fvicenza.elettroservicegroup.it%2Fwp-content%2Fplugins%2Fcomplianz-gdpr-premium%2Freadme.txt HTTP/1.1" 200 20942 "-" "Mozilla/5.0 AppleWebKit/537.36 (KHTML, like Gecko; compatible; ClaudeBot/1.0; +claudebot@anthropic.com)"
216.73.217.47 - - [04/Jun/2026:22:53:51 +0200] "GET /?file=%2Fhome%2Fcosta4%2Fvicenza.elettroservicegroup.it%2Fwp-content%2Fplugins%2Fsocial-1780325110%2Freadme.txt HTTP/1.1" 200 20948 "-" "Mozilla/5.0 AppleWebKit/537.36 (KHTML, like Gecko; compatible; ClaudeBot/1.0; +claudebot@anthropic.com)"
216.73.217.47 - - [04/Jun/2026:22:53:52 +0200] "GET /news/wp-includes/wlwmanifest.xml?edit=%2Fhome%2Fcosta4%2Fvicenza.elettroservicegroup.it%2Fwp-content%2Fthemes%2Fgeneratepress%2Fassets%2Fjs%2Fa11y.js HTTP/1.1" 200 19181 "-" "Mozilla/5.0 AppleWebKit/537.36 (KHTML, like Gecko; compatible; ClaudeBot/1.0; +claudebot@anthropic.com)"
216.73.217.47 - - [04/Jun/2026:22:53:51 +0200] "GET /?rename=%2Fhome%2Fcosta4%2Fvicenza.elettroservicegroup.it%2Fwp-content%2Fai1wm-backups%2Frobots.txt HTTP/1.1" 200 21791 "-" "Mozilla/5.0 AppleWebKit/537.36 (KHTML, like Gecko; compatible; ClaudeBot/1.0; +claudebot@anthropic.com)"
65.108.235.243 - - [04/Jun/2026:22:59:54 +0200] "POST /wp-cron.php?doing_wp_cron=1780606794.2129499912261962890625 HTTP/1.1" 200 1 "-" "WordPress/7.0; https://vicenza.elettroservicegroup.it"
216.73.217.47 - - [04/Jun/2026:22:59:53 +0200] "GET /999.php HTTP/1.1" 200 18777 "-" "Mozilla/5.0 AppleWebKit/537.36 (KHTML, like Gecko; compatible; ClaudeBot/1.0; +claudebot@anthropic.com)"
65.108.235.243 - - [04/Jun/2026:23:08:24 +0200] "POST /wp-cron.php?doing_wp_cron=1780607304.6786320209503173828125 HTTP/1.1" 200 1 "-" "WordPress/7.0; https://vicenza.elettroservicegroup.it"
65.108.235.243 - - [04/Jun/2026:23:08:24 +0200] "POST /wp-cron.php?doing_wp_cron=1780607304.6785140037536621093750 HTTP/1.1" 200 1 "-" "WordPress/7.0; https://vicenza.elettroservicegroup.it"
65.108.235.243 - - [04/Jun/2026:23:08:24 +0200] "POST /wp-cron.php?doing_wp_cron=1780607304.6793079376220703125000 HTTP/1.1" 200 1 "-" "WordPress/7.0; https://vicenza.elettroservicegroup.it"
65.108.235.243 - - [04/Jun/2026:23:08:24 +0200] "POST /wp-cron.php?doing_wp_cron=1780607304.7713899612426757812500 HTTP/1.1" 200 1 "-" "WordPress/7.0; https://vicenza.elettroservicegroup.it"
65.108.235.243 - - [04/Jun/2026:23:08:24 +0200] "POST /wp-cron.php?doing_wp_cron=1780607304.6772150993347167968750 HTTP/1.1" 200 1 "-" "WordPress/7.0; https://vicenza.elettroservicegroup.it"
216.73.217.47 - - [04/Jun/2026:23:08:19 +0200] "GET /1.php?file=%27.updir%28%24path%29.%27 HTTP/1.1" 200 18123 "-" "Mozilla/5.0 AppleWebKit/537.36 (KHTML, like Gecko; compatible; ClaudeBot/1.0; +claudebot@anthropic.com)"
216.73.217.47 - - [04/Jun/2026:23:08:20 +0200] "GET /1.php?edit=%27.%24file.%27 HTTP/1.1" 200 18818 "-" "Mozilla/5.0 AppleWebKit/537.36 (KHTML, like Gecko; compatible; ClaudeBot/1.0; +claudebot@anthropic.com)"
216.73.217.47 - - [04/Jun/2026:23:08:19 +0200] "GET /1.php?file=%27.%24file.%27 HTTP/1.1" 200 18131 "-" "Mozilla/5.0 AppleWebKit/537.36 (KHTML, like Gecko; compatible; ClaudeBot/1.0; +claudebot@anthropic.com)"
216.73.217.47 - - [04/Jun/2026:23:08:20 +0200] "GET /shop/wp-includes/%3C HTTP/1.1" 200 18941 "-" "Mozilla/5.0 AppleWebKit/537.36 (KHTML, like Gecko; compatible; ClaudeBot/1.0; +claudebot@anthropic.com)"
216.73.217.47 - - [04/Jun/2026:23:08:19 +0200] "GET /1.php?view=%27.%24file.%27 HTTP/1.1" 200 18818 "-" "Mozilla/5.0 AppleWebKit/537.36 (KHTML, like Gecko; compatible; ClaudeBot/1.0; +claudebot@anthropic.com)"
216.73.217.47 - - [04/Jun/2026:23:15:22 +0200] "GET /wordpress/wp-includes/%3C HTTP/1.1" 200 18942 "-" "Mozilla/5.0 AppleWebKit/537.36 (KHTML, like Gecko; compatible; ClaudeBot/1.0; +claudebot@anthropic.com)"
216.73.217.47 - - [04/Jun/2026:23:24:27 +0200] "GET /wp-content/plugins/custom_1780325058/css/archives.1780325060.php HTTP/1.1" 200 1 "-" "Mozilla/5.0 AppleWebKit/537.36 (KHTML, like Gecko; compatible; ClaudeBot/1.0; +claudebot@anthropic.com)"
65.108.235.243 - - [04/Jun/2026:23:29:12 +0200] "POST /wp-cron.php?doing_wp_cron=1780608552.5695729255676269531250 HTTP/1.1" 200 1 "-" "WordPress/7.0; https://vicenza.elettroservicegroup.it"
65.108.235.243 - - [04/Jun/2026:23:29:12 +0200] "POST /wp-cron.php?doing_wp_cron=1780608552.4756579399108886718750 HTTP/1.1" 200 1 "-" "WordPress/7.0; https://vicenza.elettroservicegroup.it"
65.108.235.243 - - [04/Jun/2026:23:29:12 +0200] "POST /wp-cron.php?doing_wp_cron=1780608552.5661489963531494140625 HTTP/1.1" 200 1 "-" "WordPress/7.0; https://vicenza.elettroservicegroup.it"
216.73.217.47 - - [04/Jun/2026:23:29:04 +0200] "GET /222.php?file=%2Fhome%2Fcosta4%2Fvicenza.elettroservicegroup.it%2Fwp-content%2Fthemes%2Fgeneratepress%2Fassets%2Fdist HTTP/1.1" 200 18432 "-" "Mozilla/5.0 AppleWebKit/537.36 (KHTML, like Gecko; compatible; ClaudeBot/1.0; +claudebot@anthropic.com)"
216.73.217.47 - - [04/Jun/2026:23:29:05 +0200] "GET /222.php?rename=%2Fhome%2Fcosta4%2Fvicenza.elettroservicegroup.it%2Fwp-content%2Fthemes%2Fgeneratepress%2Finc%2Fmarkup.php HTTP/1.1" 200 18852 "-" "Mozilla/5.0 AppleWebKit/537.36 (KHTML, like Gecko; compatible; ClaudeBot/1.0; +claudebot@anthropic.com)"
65.108.235.243 - - [04/Jun/2026:23:29:12 +0200] "POST /wp-cron.php?doing_wp_cron=1780608552.5697240829467773437500 HTTP/1.1" 200 1 "-" "WordPress/7.0; https://vicenza.elettroservicegroup.it"
216.73.217.47 - - [04/Jun/2026:23:29:05 +0200] "GET /222.php?file=%2Fhome%2Fcosta4%2Fvicenza.elettroservicegroup.it%2Fwp-content%2Fthemes%2Fgeneratepress%2Finc%2Fstructure HTTP/1.1" 200 18422 "-" "Mozilla/5.0 AppleWebKit/537.36 (KHTML, like Gecko; compatible; ClaudeBot/1.0; +claudebot@anthropic.com)"
65.108.235.243 - - [04/Jun/2026:23:29:12 +0200] "POST /wp-cron.php?doing_wp_cron=1780608552.5770170688629150390625 HTTP/1.1" 200 1 "-" "WordPress/7.0; https://vicenza.elettroservicegroup.it"
65.108.235.243 - - [04/Jun/2026:23:29:12 +0200] "POST /wp-cron.php?doing_wp_cron=1780608552.5770349502563476562500 HTTP/1.1" 200 1 "-" "WordPress/7.0; https://vicenza.elettroservicegroup.it"
65.108.235.243 - - [04/Jun/2026:23:29:12 +0200] "POST /wp-cron.php?doing_wp_cron=1780608552.5783360004425048828125 HTTP/1.1" 200 1 "-" "WordPress/7.0; https://vicenza.elettroservicegroup.it"
216.73.217.47 - - [04/Jun/2026:23:29:04 +0200] "GET /222.php?file=%2Fhome%2Fcosta4%2Fvicenza.elettroservicegroup.it%2Fwp-content%2Fthemes%2Fgeneratepress%2Fassets%2Fjs HTTP/1.1" 200 18411 "-" "Mozilla/5.0 AppleWebKit/537.36 (KHTML, like Gecko; compatible; ClaudeBot/1.0; +claudebot@anthropic.com)"
216.73.217.47 - - [04/Jun/2026:23:29:05 +0200] "GET /222.php?file=%2Fhome%2Fcosta4%2Fvicenza.elettroservicegroup.it%2Fwp-content%2Fthemes%2Fgeneratepress%2Finc%2Fcustomizer HTTP/1.1" 200 18306 "-" "Mozilla/5.0 AppleWebKit/537.36 (KHTML, like Gecko; compatible; ClaudeBot/1.0; +claudebot@anthropic.com)"
65.108.235.243 - - [04/Jun/2026:23:29:12 +0200] "POST /wp-cron.php?doing_wp_cron=1780608552.6735289096832275390625 HTTP/1.1" 200 1 "-" "WordPress/7.0; https://vicenza.elettroservicegroup.it"
216.73.217.47 - - [04/Jun/2026:23:29:04 +0200] "GET /222.php?file=%2Fhome%2Fcosta4%2Fvicenza.elettroservicegroup.it%2Fwp-content%2Fthemes%2Fgeneratepress%2Fassets%2Ffonts HTTP/1.1" 200 18451 "-" "Mozilla/5.0 AppleWebKit/537.36 (KHTML, like Gecko; compatible; ClaudeBot/1.0; +claudebot@anthropic.com)"
216.73.217.47 - - [04/Jun/2026:23:29:05 +0200] "GET /222.php?file=%2Fhome%2Fcosta4%2Fvicenza.elettroservicegroup.it%2Fwp-content%2Fthemes%2Fgeneratepress HTTP/1.1" 200 18777 "-" "Mozilla/5.0 AppleWebKit/537.36 (KHTML, like Gecko; compatible; ClaudeBot/1.0; +claudebot@anthropic.com)"
216.73.217.47 - - [04/Jun/2026:23:29:04 +0200] "GET /condizionatore-bonus-jpg/ HTTP/1.1" 200 19667 "-" "Mozilla/5.0 AppleWebKit/537.36 (KHTML, like Gecko; compatible; ClaudeBot/1.0; +claudebot@anthropic.com)"
65.108.235.243 - - [04/Jun/2026:23:29:12 +0200] "POST /wp-cron.php?doing_wp_cron=1780608552.7752110958099365234375 HTTP/1.1" 200 1 "-" "WordPress/7.0; https://vicenza.elettroservicegroup.it"
216.73.217.47 - - [04/Jun/2026:23:29:04 +0200] "GET /forno-jpg/ HTTP/1.1" 200 19646 "-" "Mozilla/5.0 AppleWebKit/537.36 (KHTML, like Gecko; compatible; ClaudeBot/1.0; +claudebot@anthropic.com)"
216.73.217.47 - - [04/Jun/2026:23:30:09 +0200] "GET /222.php?rename=%2Fhome%2Fcosta4%2Fvicenza.elettroservicegroup.it%2Fwp-content%2Fthemes%2Fgeneratepress%2Finc%2Fmeta-box.php HTTP/1.1" 403 18777 "-" "Mozilla/5.0 AppleWebKit/537.36 (KHTML, like Gecko; compatible; ClaudeBot/1.0; +claudebot@anthropic.com)"
216.73.217.47 - - [04/Jun/2026:23:30:09 +0200] "GET /222.php?file=%2Fhome%2Fcosta4%2Fvicenza.elettroservicegroup.it%2Fwp-content%2Fthemes%2Fgeneratepress%2Fassets%2Fcss HTTP/1.1" 403 18777 "-" "Mozilla/5.0 AppleWebKit/537.36 (KHTML, like Gecko; compatible; ClaudeBot/1.0; +claudebot@anthropic.com)"
65.108.235.243 - - [04/Jun/2026:23:30:10 +0200] "POST /wp-cron.php?doing_wp_cron=1780608610.1674261093139648437500 HTTP/1.1" 200 1 "-" "WordPress/7.0; https://vicenza.elettroservicegroup.it"
216.73.217.47 - - [04/Jun/2026:23:30:09 +0200] "GET /222.php?file=%2Fhome%2Fcosta4%2Fvicenza.elettroservicegroup.it%2Fwp-content%2Fthemes%2Fgeneratepress%2Finc%2Fmarkup.php HTTP/1.1" 403 18777 "-" "Mozilla/5.0 AppleWebKit/537.36 (KHTML, like Gecko; compatible; ClaudeBot/1.0; +claudebot@anthropic.com)"
216.73.217.47 - - [04/Jun/2026:23:30:09 +0200] "GET /222.php?file=%2Fhome%2Fcosta4%2Fvicenza.elettroservicegroup.it%2Fwp-content%2Fthemes%2Fgeneratepress%2Finc%2Fmeta-box.php HTTP/1.1" 403 18777 "-" "Mozilla/5.0 AppleWebKit/537.36 (KHTML, like Gecko; compatible; ClaudeBot/1.0; +claudebot@anthropic.com)"
216.73.217.47 - - [04/Jun/2026:23:30:09 +0200] "GET /222.php?rename=%2Fhome%2Fcosta4%2Fvicenza.elettroservicegroup.it%2Fwp-content%2Fthemes%2Fgeneratepress%2Finc%2Ftypography.php HTTP/1.1" 403 18777 "-" "Mozilla/5.0 AppleWebKit/537.36 (KHTML, like Gecko; compatible; ClaudeBot/1.0; +claudebot@anthropic.com)"
216.73.217.47 - - [04/Jun/2026:23:30:09 +0200] "GET /222.php?view=%2Fhome%2Fcosta4%2Fvicenza.elettroservicegroup.it%2Fwp-content%2Fthemes%2Fgeneratepress%2Finc%2Fmarkup.php HTTP/1.1" 403 18777 "-" "Mozilla/5.0 AppleWebKit/537.36 (KHTML, like Gecko; compatible; ClaudeBot/1.0; +claudebot@anthropic.com)"
65.108.235.243 - - [04/Jun/2026:23:30:11 +0200] "POST /wp-cron.php?doing_wp_cron=1780608611.4711930751800537109375 HTTP/1.1" 200 1 "-" "WordPress/7.0; https://vicenza.elettroservicegroup.it"
216.73.217.47 - - [04/Jun/2026:23:30:09 +0200] "GET /222.php?view=%2Fhome%2Fcosta4%2Fvicenza.elettroservicegroup.it%2Fwp-content%2Fthemes%2Fgeneratepress%2Finc%2Fmeta-box.php HTTP/1.1" 403 18777 "-" "Mozilla/5.0 AppleWebKit/537.36 (KHTML, like Gecko; compatible; ClaudeBot/1.0; +claudebot@anthropic.com)"
216.73.217.47 - - [04/Jun/2026:23:30:09 +0200] "GET /222.php?rename=%2Fhome%2Fcosta4%2Fvicenza.elettroservicegroup.it%2Fwp-content%2Fthemes%2Fgeneratepress%2Finc%2Fgeneral.php HTTP/1.1" 403 18777 "-" "Mozilla/5.0 AppleWebKit/537.36 (KHTML, like Gecko; compatible; ClaudeBot/1.0; +claudebot@anthropic.com)"
216.73.217.47 - - [04/Jun/2026:23:30:10 +0200] "GET /222.php?rename=%2Fhome%2Fcosta4%2Fvicenza.elettroservicegroup.it%2Fwp-content%2Fthemes%2Fgeneratepress%2Finc%2Fdeprecated.php HTTP/1.1" 403 18777 "-" "Mozilla/5.0 AppleWebKit/537.36 (KHTML, like Gecko; compatible; ClaudeBot/1.0; +claudebot@anthropic.com)"
216.73.217.47 - - [04/Jun/2026:23:30:09 +0200] "GET /222.php?file=%2Fhome%2Fcosta4%2Fvicenza.elettroservicegroup.it%2Fwp-content HTTP/1.1" 403 18777 "-" "Mozilla/5.0 AppleWebKit/537.36 (KHTML, like Gecko; compatible; ClaudeBot/1.0; +claudebot@anthropic.com)"
216.73.217.47 - - [04/Jun/2026:23:30:10 +0200] "GET /222.php?file=%2Fhome%2Fcosta4%2Fvicenza.elettroservicegroup.it%2Fwp-content%2Fthemes%2Fgeneratepress%2Finc%2Ftypography.php HTTP/1.1" 403 18777 "-" "Mozilla/5.0 AppleWebKit/537.36 (KHTML, like Gecko; compatible; ClaudeBot/1.0; +claudebot@anthropic.com)"
216.73.217.47 - - [04/Jun/2026:23:40:29 +0200] "GET /robots.txt HTTP/1.1" 200 892 "-" "Mozilla/5.0 AppleWebKit/537.36 (KHTML, like Gecko; compatible; ClaudeBot/1.0; +claudebot@anthropic.com)"
216.73.217.47 - - [04/Jun/2026:23:40:29 +0200] "GET /sito/wp-includes/%3C HTTP/1.1" 200 18886 "-" "Mozilla/5.0 AppleWebKit/537.36 (KHTML, like Gecko; compatible; ClaudeBot/1.0; +claudebot@anthropic.com)"
216.73.217.47 - - [04/Jun/2026:23:43:33 +0200] "GET /wordpress/wp-includes/%3C?view=%2Fhome%2Fcosta4%2Fvicenza.elettroservicegroup.it%2Fwp-content%2Fthemes%2Fgeneratepress%2Farchive.php HTTP/1.1" 200 461 "-" "Mozilla/5.0 AppleWebKit/537.36 (KHTML, like Gecko; compatible; ClaudeBot/1.0; +claudebot@anthropic.com)"
216.73.217.47 - - [04/Jun/2026:23:43:33 +0200] "GET /wordpress/wp-includes/%3C?view=%2Fhome%2Fcosta4%2Fvicenza.elettroservicegroup.it%2Fwp-content%2Fthemes%2Fgeneratepress%2Fsearchform.php HTTP/1.1" 200 504 "-" "Mozilla/5.0 AppleWebKit/537.36 (KHTML, like Gecko; compatible; ClaudeBot/1.0; +claudebot@anthropic.com)"
216.73.217.47 - - [04/Jun/2026:23:43:33 +0200] "GET /___proxy_subdomain_cpanel?view=%2Fhome%2Fcosta4%2Fvicenza.elettroservicegroup.it%2Fwp-content%2Fthemes%2Fgeneratepress%2Ffunctions.php HTTP/1.1" 200 2095 "-" "Mozilla/5.0 AppleWebKit/537.36 (KHTML, like Gecko; compatible; ClaudeBot/1.0; +claudebot@anthropic.com)"
65.108.235.243 - - [04/Jun/2026:23:43:37 +0200] "POST /wp-cron.php?doing_wp_cron=1780609417.4725470542907714843750 HTTP/1.1" 200 1 "-" "WordPress/7.0; https://vicenza.elettroservicegroup.it"
216.73.217.47 - - [04/Jun/2026:23:43:33 +0200] "GET /wordpress/wp-includes/%3C?file=%2Fhome%2Fcosta4%2Fvicenza.elettroservicegroup.it%2Fwp-content%2Fthemes%2Fgeneratepress%2Fcontent-404.php HTTP/1.1" 200 18200 "-" "Mozilla/5.0 AppleWebKit/537.36 (KHTML, like Gecko; compatible; ClaudeBot/1.0; +claudebot@anthropic.com)"
65.108.235.243 - - [04/Jun/2026:23:43:37 +0200] "POST /wp-cron.php?doing_wp_cron=1780609417.4799408912658691406250 HTTP/1.1" 200 1 "-" "WordPress/7.0; https://vicenza.elettroservicegroup.it"
65.108.235.243 - - [04/Jun/2026:23:43:37 +0200] "POST /wp-cron.php?doing_wp_cron=1780609417.4866449832916259765625 HTTP/1.1" 200 1 "-" "WordPress/7.0; https://vicenza.elettroservicegroup.it"
65.108.235.243 - - [04/Jun/2026:23:43:37 +0200] "POST /wp-cron.php?doing_wp_cron=1780609417.4850521087646484375000 HTTP/1.1" 200 1 "-" "WordPress/7.0; https://vicenza.elettroservicegroup.it"
216.73.217.47 - - [04/Jun/2026:23:43:33 +0200] "GET /wordpress/wp-includes/%3C?rename=%2Fhome%2Fcosta4%2Fvicenza.elettroservicegroup.it%2Fwp-content%2Fthemes%2Fgeneratepress%2Fcontent-link.php HTTP/1.1" 200 18970 "-" "Mozilla/5.0 AppleWebKit/537.36 (KHTML, like Gecko; compatible; ClaudeBot/1.0; +claudebot@anthropic.com)"
216.73.217.47 - - [04/Jun/2026:23:43:32 +0200] "GET /wordpress/wp-includes/%3C?file=%2Fhome%2Fcosta4%2Fvicenza.elettroservicegroup.it%2Fwp-content%2Fthemes%2Fgeneratepress%2Fsidebar-left.php HTTP/1.1" 200 18199 "-" "Mozilla/5.0 AppleWebKit/537.36 (KHTML, like Gecko; compatible; ClaudeBot/1.0; +claudebot@anthropic.com)"
65.108.235.243 - - [04/Jun/2026:23:43:37 +0200] "POST /wp-cron.php?doing_wp_cron=1780609417.4900000095367431640625 HTTP/1.1" 200 1 "-" "WordPress/7.0; https://vicenza.elettroservicegroup.it"
216.73.217.47 - - [04/Jun/2026:23:43:33 +0200] "GET /___proxy_subdomain_cpanel?file=%2Fhome%2Fcosta4%2Fvicenza.elettroservicegroup.it%2Fwp-content%2Fthemes%2Fgeneratepress%2Fheader.php HTTP/1.1" 200 18096 "-" "Mozilla/5.0 AppleWebKit/537.36 (KHTML, like Gecko; compatible; ClaudeBot/1.0; +claudebot@anthropic.com)"
216.73.217.47 - - [04/Jun/2026:23:43:33 +0200] "GET /wordpress/wp-includes/%3C?rename=%2Fhome%2Fcosta4%2Fvicenza.elettroservicegroup.it%2Fwp-content%2Fthemes%2Fgeneratepress%2Finc%2Fclass-dashboard.php HTTP/1.1" 200 18982 "-" "Mozilla/5.0 AppleWebKit/537.36 (KHTML, like Gecko; compatible; ClaudeBot/1.0; +claudebot@anthropic.com)"
216.73.217.47 - - [04/Jun/2026:23:45:44 +0200] "GET /wordpress/wp-includes/%3C?file=%2Fhome%2Fcosta4%2Fvicenza.elettroservicegroup.it%2Fwp-content%2Fthemes%2Fgeneratepress%2Finc%2Fblock-editor.php HTTP/1.1" 200 18202 "-" "Mozilla/5.0 AppleWebKit/537.36 (KHTML, like Gecko; compatible; ClaudeBot/1.0; +claudebot@anthropic.com)"
216.73.217.47 - - [04/Jun/2026:23:45:44 +0200] "GET /wordpress/wp-includes/%3C?rename=%2Fhome%2Fcosta4%2Fvicenza.elettroservicegroup.it%2Fwp-content%2Fthemes%2Fgeneratepress%2Fcontent.php HTTP/1.1" 200 18971 "-" "Mozilla/5.0 AppleWebKit/537.36 (KHTML, like Gecko; compatible; ClaudeBot/1.0; +claudebot@anthropic.com)"
216.73.217.47 - - [04/Jun/2026:23:45:44 +0200] "GET /___proxy_subdomain_cpanel?edit=%2Fhome%2Fcosta4%2Fvicenza.elettroservicegroup.it%2Fwp-content%2Fthemes%2Fgeneratepress%2Fheader.php HTTP/1.1" 200 19382 "-" "Mozilla/5.0 AppleWebKit/537.36 (KHTML, like Gecko; compatible; ClaudeBot/1.0; +claudebot@anthropic.com)"
216.73.217.47 - - [04/Jun/2026:23:45:45 +0200] "GET /wordpress/wp-includes/%3C?view=%2Fhome%2Fcosta4%2Fvicenza.elettroservicegroup.it%2Fwp-content%2Fthemes%2Fgeneratepress%2Finc%2Fclass-dashboard.php HTTP/1.1" 200 2341 "-" "Mozilla/5.0 AppleWebKit/537.36 (KHTML, like Gecko; compatible; ClaudeBot/1.0; +claudebot@anthropic.com)"
216.73.217.47 - - [04/Jun/2026:23:45:45 +0200] "GET /wordpress/wp-includes/%3C?file=%2Fhome%2Fcosta4%2Fvicenza.elettroservicegroup.it%2Fwp-content%2Fthemes%2Fgeneratepress%2Finc%2Fcustomizer.php HTTP/1.1" 200 18203 "-" "Mozilla/5.0 AppleWebKit/537.36 (KHTML, like Gecko; compatible; ClaudeBot/1.0; +claudebot@anthropic.com)"
216.73.217.47 - - [04/Jun/2026:23:45:45 +0200] "GET /wordpress/wp-includes/wlwmanifest.xml?edit=%2Fhome%2Fcosta4%2Fvicenza.elettroservicegroup.it%2Fwp-content%2Fthemes%2Fgeneratepress%2Finc%2Ftheme-functions.php HTTP/1.1" 200 25199 "-" "Mozilla/5.0 AppleWebKit/537.36 (KHTML, like Gecko; compatible; ClaudeBot/1.0; +claudebot@anthropic.com)"
216.73.217.47 - - [04/Jun/2026:23:45:45 +0200] "GET /wordpress/wp-includes/%3C?view=%2Fhome%2Fcosta4%2Fvicenza.elettroservicegroup.it%2Fwp-content%2Fthemes%2Fgeneratepress%2Fcontent-link.php HTTP/1.1" 200 698 "-" "Mozilla/5.0 AppleWebKit/537.36 (KHTML, like Gecko; compatible; ClaudeBot/1.0; +claudebot@anthropic.com)"
216.73.217.47 - - [04/Jun/2026:23:45:45 +0200] "GET /wordpress/wp-includes/%3C?edit=%2Fhome%2Fcosta4%2Fvicenza.elettroservicegroup.it%2Fwp-content%2Fthemes%2Fgeneratepress%2F404.php HTTP/1.1" 200 19286 "-" "Mozilla/5.0 AppleWebKit/537.36 (KHTML, like Gecko; compatible; ClaudeBot/1.0; +claudebot@anthropic.com)"
216.73.217.47 - - [04/Jun/2026:23:45:45 +0200] "GET /wordpress/wp-includes/%3C?rename=%2Fhome%2Fcosta4%2Fvicenza.elettroservicegroup.it%2Fwp-content%2Fthemes%2Fgeneratepress%2Finc%2Fcss-output.php HTTP/1.1" 200 18975 "-" "Mozilla/5.0 AppleWebKit/537.36 (KHTML, like Gecko; compatible; ClaudeBot/1.0; +claudebot@anthropic.com)"
216.73.217.47 - - [04/Jun/2026:23:45:45 +0200] "GET /wordpress/wp-includes/%3C?edit=%2Fhome%2Fcosta4%2Fvicenza.elettroservicegroup.it%2Fwp-content%2Fthemes%2Fgeneratepress%2Fsidebar-left.php HTTP/1.1" 200 19244 "-" "Mozilla/5.0 AppleWebKit/537.36 (KHTML, like Gecko; compatible; ClaudeBot/1.0; +claudebot@anthropic.com)"
216.73.217.47 - - [04/Jun/2026:23:45:45 +0200] "GET /wordpress/wp-includes/%3C?file=%2Fhome%2Fcosta4%2Fvicenza.elettroservicegroup.it%2Fwp-content%2Fthemes%2Fgeneratepress%2Fcontent-single.php HTTP/1.1" 200 18202 "-" "Mozilla/5.0 AppleWebKit/537.36 (KHTML, like Gecko; compatible; ClaudeBot/1.0; +claudebot@anthropic.com)"
216.73.217.47 - - [04/Jun/2026:23:45:45 +0200] "GET /wordpress/wp-includes/%3C?file=%27.updir%28%24path%29.%27 HTTP/1.1" 200 18203 "-" "Mozilla/5.0 AppleWebKit/537.36 (KHTML, like Gecko; compatible; ClaudeBot/1.0; +claudebot@anthropic.com)"
216.73.217.47 - - [04/Jun/2026:23:45:45 +0200] "GET /wordpress/wp-includes/%3C?file=%2Fhome%2Fcosta4%2Fvicenza.elettroservicegroup.it%2Fwp-content%2Fthemes%2Fgeneratepress%2Fsingle.php HTTP/1.1" 200 18200 "-" "Mozilla/5.0 AppleWebKit/537.36 (KHTML, like Gecko; compatible; ClaudeBot/1.0; +claudebot@anthropic.com)"
216.73.217.47 - - [04/Jun/2026:23:52:43 +0200] "GET /web/wp-includes/%2$s HTTP/1.1" 400 18909 "-" "Mozilla/5.0 AppleWebKit/537.36 (KHTML, like Gecko; compatible; ClaudeBot/1.0; +claudebot@anthropic.com)"
216.73.217.47 - - [04/Jun/2026:23:56:54 +0200] "GET /'%20.%20$service-%3EprivacyStatementURL%20.%20' HTTP/1.1" 403 820 "-" "Mozilla/5.0 AppleWebKit/537.36 (KHTML, like Gecko; compatible; ClaudeBot/1.0; +claudebot@anthropic.com)"
216.73.217.47 - - [04/Jun/2026:23:56:53 +0200] "GET /news/wp-includes/%1$s HTTP/1.1" 400 18909 "-" "Mozilla/5.0 AppleWebKit/537.36 (KHTML, like Gecko; compatible; ClaudeBot/1.0; +claudebot@anthropic.com)"
216.73.217.47 - - [04/Jun/2026:23:56:54 +0200] "GET /wordpress/wp-includes/wlwmanifest.xml?edit=%2Fhome%2Fcosta4%2Fvicenza.elettroservicegroup.it%2Fwp-content%2Fthemes%2Fgeneratepress%2Finc%2Fclass-css.php HTTP/1.1" 403 18917 "-" "Mozilla/5.0 AppleWebKit/537.36 (KHTML, like Gecko; compatible; ClaudeBot/1.0; +claudebot@anthropic.com)"
216.73.217.47 - - [04/Jun/2026:23:56:54 +0200] "GET /news/wp-includes/%2$s HTTP/1.1" 400 18909 "-" "Mozilla/5.0 AppleWebKit/537.36 (KHTML, like Gecko; compatible; ClaudeBot/1.0; +claudebot@anthropic.com)"
216.73.217.47 - - [04/Jun/2026:23:56:54 +0200] "GET /media/wp-includes/%s HTTP/1.1" 400 18906 "-" "Mozilla/5.0 AppleWebKit/537.36 (KHTML, like Gecko; compatible; ClaudeBot/1.0; +claudebot@anthropic.com)"
216.73.217.47 - - [04/Jun/2026:23:57:23 +0200] "GET /web/wp-includes/%3C?view=%2Fhome%2Fcosta4%2Fvicenza.elettroservicegroup.it%2Fwp-content%2Fthemes%2Fgeneratepress%2Fheader.php HTTP/1.1" 200 526 "-" "Mozilla/5.0 AppleWebKit/537.36 (KHTML, like Gecko; compatible; ClaudeBot/1.0; +claudebot@anthropic.com)"
65.108.235.243 - - [04/Jun/2026:23:57:23 +0200] "POST /wp-cron.php?doing_wp_cron=1780610243.9041008949279785156250 HTTP/1.1" 200 1 "-" "WordPress/7.0; https://vicenza.elettroservicegroup.it"
216.73.217.47 - - [04/Jun/2026:23:57:23 +0200] "GET /web/wp-includes/%3C?edit=%2Fhome%2Fcosta4%2Fvicenza.elettroservicegroup.it%2Fwp-content%2Fthemes%2Fgeneratepress%2Fcomments.php HTTP/1.1" 200 20171 "-" "Mozilla/5.0 AppleWebKit/537.36 (KHTML, like Gecko; compatible; ClaudeBot/1.0; +claudebot@anthropic.com)"
216.73.217.47 - - [04/Jun/2026:23:57:23 +0200] "GET /?edit=%2Fhome%2Fcosta4%2Fvicenza.elettroservicegroup.it%2Fwp-content%2Fthemes%2Fgeneratepress%2Fassets%2Fcss%2Fall.css HTTP/1.1" 200 29782 "-" "Mozilla/5.0 AppleWebKit/537.36 (KHTML, like Gecko; compatible; ClaudeBot/1.0; +claudebot@anthropic.com)"
216.73.217.47 - - [04/Jun/2026:23:57:23 +0200] "GET /'%20.%20$url%20.%20' HTTP/1.1" 200 820 "-" "Mozilla/5.0 AppleWebKit/537.36 (KHTML, like Gecko; compatible; ClaudeBot/1.0; +claudebot@anthropic.com)"
216.73.217.47 - - [04/Jun/2026:23:57:24 +0200] "GET /wordpress/wp-includes/wlwmanifest.xml?view=%2Fhome%2Fcosta4%2Fvicenza.elettroservicegroup.it%2Fwp-content%2Fthemes%2Fgeneratepress%2Finc%2Fplugin-compat.php HTTP/1.1" 200 5584 "-" "Mozilla/5.0 AppleWebKit/537.36 (KHTML, like Gecko; compatible; ClaudeBot/1.0; +claudebot@anthropic.com)"
216.73.217.47 - - [04/Jun/2026:23:57:23 +0200] "GET /web/wp-includes/%3C?edit=%2Fhome%2Fcosta4%2Fvicenza.elettroservicegroup.it%2Fwp-content%2Fthemes%2Fgeneratepress%2Ffunctions.php HTTP/1.1" 200 21059 "-" "Mozilla/5.0 AppleWebKit/537.36 (KHTML, like Gecko; compatible; ClaudeBot/1.0; +claudebot@anthropic.com)"
216.73.217.47 - - [04/Jun/2026:23:57:24 +0200] "GET /wordpress/wp-includes/wlwmanifest.xml?view=%2Fhome%2Fcosta4%2Fvicenza.elettroservicegroup.it%2Fwp-content%2Fthemes%2Fgeneratepress%2Fassets%2Fcss%2Fall.min.css HTTP/1.1" 200 6467 "-" "Mozilla/5.0 AppleWebKit/537.36 (KHTML, like Gecko; compatible; ClaudeBot/1.0; +claudebot@anthropic.com)"
216.73.217.47 - - [04/Jun/2026:23:57:24 +0200] "GET /wordpress/wp-includes/wlwmanifest.xml?view=%2Fhome%2Fcosta4%2Fvicenza.elettroservicegroup.it%2Fwp-content%2Fthemes%2Fgeneratepress%2Ffunctions.php HTTP/1.1" 200 2095 "-" "Mozilla/5.0 AppleWebKit/537.36 (KHTML, like Gecko; compatible; ClaudeBot/1.0; +claudebot@anthropic.com)"
65.108.235.243 - - [04/Jun/2026:23:57:24 +0200] "POST /wp-cron.php?doing_wp_cron=1780610244.6947851181030273437500 HTTP/1.1" 200 1 "-" "WordPress/7.0; https://vicenza.elettroservicegroup.it"
216.73.217.47 - - [04/Jun/2026:23:57:23 +0200] "GET /wordpress/wp-includes/wlwmanifest.xml?rename=%2Fhome%2Fcosta4%2Fvicenza.elettroservicegroup.it%2Fwp-content%2Fthemes%2Fgeneratepress%2Finc%2Fclass-css.php HTTP/1.1" 200 18996 "-" "Mozilla/5.0 AppleWebKit/537.36 (KHTML, like Gecko; compatible; ClaudeBot/1.0; +claudebot@anthropic.com)"
216.73.217.47 - - [04/Jun/2026:23:57:23 +0200] "GET /wordpress/wp-includes/wlwmanifest.xml?edit=%2Fhome%2Fcosta4%2Fvicenza.elettroservicegroup.it%2Fwp-content%2Fthemes%2Fgeneratepress%2Finc%2Fcss-output.php HTTP/1.1" 200 27164 "-" "Mozilla/5.0 AppleWebKit/537.36 (KHTML, like Gecko; compatible; ClaudeBot/1.0; +claudebot@anthropic.com)"
216.73.217.47 - - [04/Jun/2026:23:57:24 +0200] "GET /wordpress/wp-includes/wlwmanifest.xml?rename=%2Fhome%2Fcosta4%2Fvicenza.elettroservicegroup.it%2Fwp-content%2Fthemes%2Fgeneratepress%2Fassets%2Fcss%2Fall.css HTTP/1.1" 200 18986 "-" "Mozilla/5.0 AppleWebKit/537.36 (KHTML, like Gecko; compatible; ClaudeBot/1.0; +claudebot@anthropic.com)"
216.73.217.47 - - [04/Jun/2026:23:57:24 +0200] "GET /.vscode/sftp.json HTTP/1.1" 200 18838 "-" "Mozilla/5.0 AppleWebKit/537.36 (KHTML, like Gecko; compatible; ClaudeBot/1.0; +claudebot@anthropic.com)"
216.73.217.47 - - [04/Jun/2026:23:57:24 +0200] "GET /___proxy_subdomain_cpanel?edit=%2Fhome%2Fcosta4%2Fvicenza.elettroservicegroup.it%2Fwp-content%2Fthemes%2Fgeneratepress%2Finc%2Fclass-css.php HTTP/1.1" 200 20251 "-" "Mozilla/5.0 AppleWebKit/537.36 (KHTML, like Gecko; compatible; ClaudeBot/1.0; +claudebot@anthropic.com)"
216.73.217.47 - - [04/Jun/2026:23:57:24 +0200] "GET /?file=%2Fhome%2Fcosta4%2Fvicenza.elettroservicegroup.it%2Fwp-content%2Fplugins%2Findex.php HTTP/1.1" 200 20951 "-" "Mozilla/5.0 AppleWebKit/537.36 (KHTML, like Gecko; compatible; ClaudeBot/1.0; +claudebot@anthropic.com)"
216.73.217.47 - - [04/Jun/2026:23:58:27 +0200] "GET /web/wp-includes/%3C?edit=%2Fhome%2Fcosta4%2Fvicenza.elettroservicegroup.it%2Fwp-content%2Fthemes%2Fgeneratepress%2F404.php HTTP/1.1" 403 18908 "-" "Mozilla/5.0 AppleWebKit/537.36 (KHTML, like Gecko; compatible; ClaudeBot/1.0; +claudebot@anthropic.com)"
216.73.217.47 - - [04/Jun/2026:23:58:27 +0200] "GET /web/wp-includes/wlwmanifest.xml?view=%27.%24file.%27 HTTP/1.1" 403 18916 "-" "Mozilla/5.0 AppleWebKit/537.36 (KHTML, like Gecko; compatible; ClaudeBot/1.0; +claudebot@anthropic.com)"
216.73.217.47 - - [04/Jun/2026:23:58:27 +0200] "GET /web/wp-includes/wlwmanifest.xml?edit=%2Fhome%2Fcosta4%2Fvicenza.elettroservicegroup.it%2Fwp-content%2Fthemes%2Fgeneratepress%2Fassets%2Fcss%2Fmain.css HTTP/1.1" 403 18916 "-" "Mozilla/5.0 AppleWebKit/537.36 (KHTML, like Gecko; compatible; ClaudeBot/1.0; +claudebot@anthropic.com)"
216.73.217.47 - - [04/Jun/2026:23:58:27 +0200] "GET /___proxy_subdomain_cpanel?view=%2Fhome%2Fcosta4%2Fvicenza.elettroservicegroup.it%2Fwp-content%2Fthemes%2Fgeneratepress%2Fheader-min.php HTTP/1.1" 403 18844 "-" "Mozilla/5.0 AppleWebKit/537.36 (KHTML, like Gecko; compatible; ClaudeBot/1.0; +claudebot@anthropic.com)"
216.73.217.47 - - [04/Jun/2026:23:58:27 +0200] "GET /wordpress/wp-includes/wlwmanifest.xml?rename=%2Fhome%2Fcosta4%2Fvicenza.elettroservicegroup.it%2Fwp-content%2Fthemes%2Fgeneratepress%2Fassets%2Fcss%2Fstyle.css HTTP/1.1" 403 18917 "-" "Mozilla/5.0 AppleWebKit/537.36 (KHTML, like Gecko; compatible; ClaudeBot/1.0; +claudebot@anthropic.com)"
216.73.217.47 - - [04/Jun/2026:23:58:27 +0200] "GET /___proxy_subdomain_cpanel?file=%2Fhome%2Fcosta4%2Fvicenza.elettroservicegroup.it%2Fwp-content%2Fthemes%2Fgeneratepress%2Fcontent.php HTTP/1.1" 403 18844 "-" "Mozilla/5.0 AppleWebKit/537.36 (KHTML, like Gecko; compatible; ClaudeBot/1.0; +claudebot@anthropic.com)"
216.73.217.47 - - [04/Jun/2026:23:58:27 +0200] "GET /wordpress/wp-includes/wlwmanifest.xml?view=%2Fhome%2Fcosta4%2Fvicenza.elettroservicegroup.it%2Fwp-content%2Fthemes%2Fgeneratepress%2Finc%2Fdeprecated.php HTTP/1.1" 403 18917 "-" "Mozilla/5.0 AppleWebKit/537.36 (KHTML, like Gecko; compatible; ClaudeBot/1.0; +claudebot@anthropic.com)"
216.73.217.47 - - [04/Jun/2026:23:58:27 +0200] "GET /web/wp-includes/%3C?edit=%2Fhome%2Fcosta4%2Fvicenza.elettroservicegroup.it%2Fwp-content%2Fthemes%2Fgeneratepress%2Fsidebar-left.php HTTP/1.1" 403 18908 "-" "Mozilla/5.0 AppleWebKit/537.36 (KHTML, like Gecko; compatible; ClaudeBot/1.0; +claudebot@anthropic.com)"
216.73.217.47 - - [04/Jun/2026:23:58:27 +0200] "GET /web/wp-includes/%3C?view=%2Fhome%2Fcosta4%2Fvicenza.elettroservicegroup.it%2Fwp-content%2Fthemes%2Fgeneratepress%2Fcontent-link.php HTTP/1.1" 403 18908 "-" "Mozilla/5.0 AppleWebKit/537.36 (KHTML, like Gecko; compatible; ClaudeBot/1.0; +claudebot@anthropic.com)"
216.73.217.47 - - [04/Jun/2026:23:58:28 +0200] "GET /web/wp-includes/%3C?rename=%2Fhome%2Fcosta4%2Fvicenza.elettroservicegroup.it%2Fwp-content%2Fthemes%2Fgeneratepress%2Fcontent.php HTTP/1.1" 403 18908 "-" "Mozilla/5.0 AppleWebKit/537.36 (KHTML, like Gecko; compatible; ClaudeBot/1.0; +claudebot@anthropic.com)"
216.73.217.47 - - [04/Jun/2026:23:58:28 +0200] "GET /___proxy_subdomain_cpanel?edit=%2Fhome%2Fcosta4%2Fvicenza.elettroservicegroup.it%2Fwp-content%2Fthemes%2Fgeneratepress%2Fcontent-link.php HTTP/1.1" 403 18844 "-" "Mozilla/5.0 AppleWebKit/537.36 (KHTML, like Gecko; compatible; ClaudeBot/1.0; +claudebot@anthropic.com)"
216.73.217.47 - - [04/Jun/2026:23:58:28 +0200] "GET /web/wp-includes/%3C?edit=%2Fhome%2Fcosta4%2Fvicenza.elettroservicegroup.it%2Fwp-content%2Fthemes%2Fgeneratepress%2Fcontent-404.php HTTP/1.1" 403 18908 "-" "Mozilla/5.0 AppleWebKit/537.36 (KHTML, like Gecko; compatible; ClaudeBot/1.0; +claudebot@anthropic.com)"
216.73.217.47 - - [04/Jun/2026:23:58:28 +0200] "GET /web/wp-includes/%3C?file=%2Fhome%2Fcosta4%2Fvicenza.elettroservicegroup.it%2Fwp-content%2Fthemes%2Fgeneratepress%2Fsingle.php HTTP/1.1" 403 18908 "-" "Mozilla/5.0 AppleWebKit/537.36 (KHTML, like Gecko; compatible; ClaudeBot/1.0; +claudebot@anthropic.com)"
216.73.217.47 - - [04/Jun/2026:23:58:28 +0200] "GET /web/wp-includes/%3C?file=%2Fhome%2Fcosta4%2Fvicenza.elettroservicegroup.it%2Fwp-content%2Fthemes%2Fgeneratepress%2Fcontent-single.php HTTP/1.1" 403 18908 "-" "Mozilla/5.0 AppleWebKit/537.36 (KHTML, like Gecko; compatible; ClaudeBot/1.0; +claudebot@anthropic.com)"
216.73.217.47 - - [04/Jun/2026:23:58:28 +0200] "GET /___proxy_subdomain_cpanel?view=%2Fhome%2Fcosta4%2Fvicenza.elettroservicegroup.it%2Fwp-content%2Fthemes%2Fgeneratepress%2Fsingle.php HTTP/1.1" 403 18844 "-" "Mozilla/5.0 AppleWebKit/537.36 (KHTML, like Gecko; compatible; ClaudeBot/1.0; +claudebot@anthropic.com)"
216.73.217.47 - - [04/Jun/2026:23:58:28 +0200] "GET /___proxy_subdomain_cpanel?file=%2Fhome%2Fcosta4%2Fvicenza.elettroservicegroup.it%2Fwp-content%2Fthemes%2Fgeneratepress%2Fcomments.php HTTP/1.1" 403 18844 "-" "Mozilla/5.0 AppleWebKit/537.36 (KHTML, like Gecko; compatible; ClaudeBot/1.0; +claudebot@anthropic.com)"
216.73.217.47 - - [04/Jun/2026:23:58:28 +0200] "GET /___proxy_subdomain_cpanel?view=%2Fhome%2Fcosta4%2Fvicenza.elettroservicegroup.it%2Fwp-content%2Fthemes%2Fgeneratepress%2Fcontent-single.php HTTP/1.1" 403 18844 "-" "Mozilla/5.0 AppleWebKit/537.36 (KHTML, like Gecko; compatible; ClaudeBot/1.0; +claudebot@anthropic.com)"
216.73.217.47 - - [04/Jun/2026:23:59:20 +0200] "GET /sito/wp-includes/%3C?view=%2Fhome%2Fcosta4%2Fvicenza.elettroservicegroup.it%2Fwp-content%2Fthemes%2Fgeneratepress%2Fcomments.php HTTP/1.1" 200 1158 "-" "Mozilla/5.0 AppleWebKit/537.36 (KHTML, like Gecko; compatible; ClaudeBot/1.0; +claudebot@anthropic.com)"
216.73.217.47 - - [04/Jun/2026:23:59:20 +0200] "GET /wordpress/wp-includes/%3C?view=%2Fhome%2Fcosta4%2Fvicenza.elettroservicegroup.it%2Fwp-content%2Fthemes%2Fgeneratepress%2Fno-results.php HTTP/1.1" 200 651 "-" "Mozilla/5.0 AppleWebKit/537.36 (KHTML, like Gecko; compatible; ClaudeBot/1.0; +claudebot@anthropic.com)"
216.73.217.47 - - [04/Jun/2026:23:59:21 +0200] "GET /web/wp-includes/%3C?rename=%2Fhome%2Fcosta4%2Fvicenza.elettroservicegroup.it%2Fwp-content%2Fthemes%2Fgeneratepress%2Fpage.php HTTP/1.1" 200 18980 "-" "Mozilla/5.0 AppleWebKit/537.36 (KHTML, like Gecko; compatible; ClaudeBot/1.0; +claudebot@anthropic.com)"
216.73.217.47 - - [04/Jun/2026:23:59:21 +0200] "GET /sito/wp-includes/%3C?edit=%2Fhome%2Fcosta4%2Fvicenza.elettroservicegroup.it%2Fwp-content%2Fthemes%2Fgeneratepress%2Fcontent-single.php HTTP/1.1" 200 19661 "-" "Mozilla/5.0 AppleWebKit/537.36 (KHTML, like Gecko; compatible; ClaudeBot/1.0; +claudebot@anthropic.com)"
216.73.217.47 - - [04/Jun/2026:23:59:22 +0200] "GET /sito/wp-includes/%3C?file=%2Fhome%2Fcosta4%2Fvicenza.elettroservicegroup.it%2Fwp-content%2Fthemes%2Fgeneratepress%2Ffunctions.php HTTP/1.1" 200 18210 "-" "Mozilla/5.0 AppleWebKit/537.36 (KHTML, like Gecko; compatible; ClaudeBot/1.0; +claudebot@anthropic.com)"
216.73.217.47 - - [04/Jun/2026:23:59:20 +0200] "GET /web/wp-includes/%3C?file=%2Fhome%2Fcosta4%2Fvicenza.elettroservicegroup.it%2Fwp-content%2Fthemes%2Fgeneratepress%2Fsearchform.php HTTP/1.1" 200 18214 "-" "Mozilla/5.0 AppleWebKit/537.36 (KHTML, like Gecko; compatible; ClaudeBot/1.0; +claudebot@anthropic.com)"
216.73.217.47 - - [04/Jun/2026:23:59:20 +0200] "GET /wordpress/wp-includes/%3C?file=%2Fhome%2Fcosta4%2Fvicenza.elettroservicegroup.it%2Fwp-content%2Fthemes%2Fgeneratepress%2Finc%2Fstructure HTTP/1.1" 200 18543 "-" "Mozilla/5.0 AppleWebKit/537.36 (KHTML, like Gecko; compatible; ClaudeBot/1.0; +claudebot@anthropic.com)"
216.73.217.47 - - [04/Jun/2026:23:59:20 +0200] "GET /web/wp-includes/%3C?rename=%2Fhome%2Fcosta4%2Fvicenza.elettroservicegroup.it%2Fwp-content%2Fthemes%2Fgeneratepress%2Fsidebar.php HTTP/1.1" 200 18980 "-" "Mozilla/5.0 AppleWebKit/537.36 (KHTML, like Gecko; compatible; ClaudeBot/1.0; +claudebot@anthropic.com)"
216.73.217.47 - - [04/Jun/2026:23:59:20 +0200] "GET /web/wp-includes/%3C?file=%2Fhome%2Fcosta4%2Fvicenza.elettroservicegroup.it%2Fwp-content%2Fthemes%2Fgeneratepress%2Farchive.php HTTP/1.1" 200 18211 "-" "Mozilla/5.0 AppleWebKit/537.36 (KHTML, like Gecko; compatible; ClaudeBot/1.0; +claudebot@anthropic.com)"
65.108.235.243 - - [04/Jun/2026:23:59:24 +0200] "POST /wp-cron.php?doing_wp_cron=1780610364.6756749153137207031250 HTTP/1.1" 200 1 "-" "WordPress/7.0; https://vicenza.elettroservicegroup.it"
65.108.235.243 - - [04/Jun/2026:23:59:24 +0200] "POST /wp-cron.php?doing_wp_cron=1780610364.6758680343627929687500 HTTP/1.1" 200 1 "-" "WordPress/7.0; https://vicenza.elettroservicegroup.it"
216.73.217.47 - - [04/Jun/2026:23:59:20 +0200] "GET /wordpress/wp-includes/%3C?rename=%2Fhome%2Fcosta4%2Fvicenza.elettroservicegroup.it%2Fwp-content%2Fthemes%2Fgeneratepress%2Ffooter.php HTTP/1.1" 200 18978 "-" "Mozilla/5.0 AppleWebKit/537.36 (KHTML, like Gecko; compatible; ClaudeBot/1.0; +claudebot@anthropic.com)"
216.73.217.47 - - [04/Jun/2026:23:59:22 +0200] "GET /web/wp-includes/%3C?rename=%2Fhome%2Fcosta4%2Fvicenza.elettroservicegroup.it%2Fwp-content%2Fthemes%2Fgeneratepress%2F404.php HTTP/1.1" 200 18979 "-" "Mozilla/5.0 AppleWebKit/537.36 (KHTML, like Gecko; compatible; ClaudeBot/1.0; +claudebot@anthropic.com)"
216.73.217.47 - - [04/Jun/2026:23:59:20 +0200] "GET /sito/wp-includes/%3C?edit=%2Fhome%2Fcosta4%2Fvicenza.elettroservicegroup.it%2Fwp-content%2Fthemes%2Fgeneratepress%2Fsingle.php HTTP/1.1" 200 19349 "-" "Mozilla/5.0 AppleWebKit/537.36 (KHTML, like Gecko; compatible; ClaudeBot/1.0; +claudebot@anthropic.com)"
216.73.217.47 - - [04/Jun/2026:23:59:21 +0200] "GET /web/wp-includes/%3C?edit=%2Fhome%2Fcosta4%2Fvicenza.elettroservicegroup.it%2Fwp-content%2Fthemes%2Fgeneratepress%2Fstyle.css HTTP/1.1" 200 19839 "-" "Mozilla/5.0 AppleWebKit/537.36 (KHTML, like Gecko; compatible; ClaudeBot/1.0; +claudebot@anthropic.com)"
216.73.217.47 - - [04/Jun/2026:23:59:24 +0200] "GET /web/wp-includes/%3C?rename=%2Fhome%2Fcosta4%2Fvicenza.elettroservicegroup.it%2Fwp-content%2Fthemes%2Fgeneratepress%2Fcontent-page.php HTTP/1.1" 200 18984 "-" "Mozilla/5.0 AppleWebKit/537.36 (KHTML, like Gecko; compatible; ClaudeBot/1.0; +claudebot@anthropic.com)"
216.73.217.47 - - [04/Jun/2026:23:59:25 +0200] "GET /web/wp-includes/%3C?rename=%2Fhome%2Fcosta4%2Fvicenza.elettroservicegroup.it%2Fwp-content%2Fthemes%2Fgeneratepress%2Findex.php HTTP/1.1" 200 18981 "-" "Mozilla/5.0 AppleWebKit/537.36 (KHTML, like Gecko; compatible; ClaudeBot/1.0; +claudebot@anthropic.com)"
216.73.217.47 - - [04/Jun/2026:23:59:25 +0200] "GET /web/wp-includes/%3C?view=%2Fhome%2Fcosta4%2Fvicenza.elettroservicegroup.it%2Fwp-content%2Fthemes%2Fgeneratepress%2Fsearch.php HTTP/1.1" 200 437 "-" "Mozilla/5.0 AppleWebKit/537.36 (KHTML, like Gecko; compatible; ClaudeBot/1.0; +claudebot@anthropic.com)"
216.73.217.47 - - [04/Jun/2026:23:59:25 +0200] "GET /web/wp-includes/%3C?rename=%2Fhome%2Fcosta4%2Fvicenza.elettroservicegroup.it%2Fwp-content%2Fthemes%2Fgeneratepress%2Fsidebar-left.php HTTP/1.1" 200 18980 "-" "Mozilla/5.0 AppleWebKit/537.36 (KHTML, like Gecko; compatible; ClaudeBot/1.0; +claudebot@anthropic.com)"
216.73.217.47 - - [04/Jun/2026:23:59:25 +0200] "GET /web/wp-includes/wlwmanifest.xml?view=%2Fhome%2Fcosta4%2Fvicenza.elettroservicegroup.it%2Fwp-content%2Fthemes%2Fgeneratepress%2Finc%2Fblock-editor.php HTTP/1.1" 200 3207 "-" "Mozilla/5.0 AppleWebKit/537.36 (KHTML, like Gecko; compatible; ClaudeBot/1.0; +claudebot@anthropic.com)"
216.73.217.47 - - [04/Jun/2026:23:59:25 +0200] "GET /web/wp-includes/%3C?file=%2Fhome%2Fcosta4%2Fvicenza.elettroservicegroup.it%2Fwp-content%2Fthemes%2Fgeneratepress%2Fsidebar.php HTTP/1.1" 200 18212 "-" "Mozilla/5.0 AppleWebKit/537.36 (KHTML, like Gecko; compatible; ClaudeBot/1.0; +claudebot@anthropic.com)"
216.73.217.47 - - [04/Jun/2026:23:59:25 +0200] "GET /sito/wp-includes/%3C?edit=%2Fhome%2Fcosta4%2Fvicenza.elettroservicegroup.it%2Fwp-content%2Fthemes%2Fgeneratepress%2Fcontent.php HTTP/1.1" 200 19691 "-" "Mozilla/5.0 AppleWebKit/537.36 (KHTML, like Gecko; compatible; ClaudeBot/1.0; +claudebot@anthropic.com)"
216.73.217.47 - - [05/Jun/2026:00:00:32 +0200] "GET /?file=%2Fhome%2Fcosta4%2Fvicenza.elettroservicegroup.it%2Fwp-content%2Flanguages HTTP/1.1" 200 23856 "-" "Mozilla/5.0 AppleWebKit/537.36 (KHTML, like Gecko; compatible; ClaudeBot/1.0; +claudebot@anthropic.com)"
216.73.217.47 - - [05/Jun/2026:00:00:32 +0200] "GET /___proxy_subdomain_cpanel?rename=%2Fhome%2Fcosta4%2Fvicenza.elettroservicegroup.it%2Fwp-content%2Fthemes%2Fgeneratepress%2Fsearch.php HTTP/1.1" 200 18911 "-" "Mozilla/5.0 AppleWebKit/537.36 (KHTML, like Gecko; compatible; ClaudeBot/1.0; +claudebot@anthropic.com)"
216.73.217.47 - - [05/Jun/2026:00:00:32 +0200] "GET /sito/wp-includes/%3C?file=%2Fhome%2Fcosta4%2Fvicenza.elettroservicegroup.it%2Fwp-content%2Fthemes%2Fgeneratepress%2Fcontent-single.php HTTP/1.1" 200 18217 "-" "Mozilla/5.0 AppleWebKit/537.36 (KHTML, like Gecko; compatible; ClaudeBot/1.0; +claudebot@anthropic.com)"
216.73.217.47 - - [05/Jun/2026:00:00:32 +0200] "GET /sito/wp-includes/%3C?view=%2Fhome%2Fcosta4%2Fvicenza.elettroservicegroup.it%2Fwp-content%2Fthemes%2Fgeneratepress%2Fheader-min.php HTTP/1.1" 200 332 "-" "Mozilla/5.0 AppleWebKit/537.36 (KHTML, like Gecko; compatible; ClaudeBot/1.0; +claudebot@anthropic.com)"
216.73.217.47 - - [05/Jun/2026:00:00:32 +0200] "GET /wordpress/wp-includes/%3C?rename=%2Fhome%2Fcosta4%2Fvicenza.elettroservicegroup.it%2Fwp-content%2Fthemes%2Fgeneratepress%2Fno-results.php HTTP/1.1" 200 18978 "-" "Mozilla/5.0 AppleWebKit/537.36 (KHTML, like Gecko; compatible; ClaudeBot/1.0; +claudebot@anthropic.com)"
216.73.217.47 - - [05/Jun/2026:00:00:32 +0200] "GET /sito/wp-includes/%3C?file=%2Fhome%2Fcosta4%2Fvicenza.elettroservicegroup.it%2Fwp-content%2Fthemes%2Fgeneratepress%2Fcontent.php HTTP/1.1" 200 18212 "-" "Mozilla/5.0 AppleWebKit/537.36 (KHTML, like Gecko; compatible; ClaudeBot/1.0; +claudebot@anthropic.com)"
216.73.217.47 - - [05/Jun/2026:00:00:32 +0200] "GET /sito/wp-includes/%3C?edit=%2Fhome%2Fcosta4%2Fvicenza.elettroservicegroup.it%2Fwp-content%2Fthemes%2Fgeneratepress%2Fcontent-link.php HTTP/1.1" 200 19692 "-" "Mozilla/5.0 AppleWebKit/537.36 (KHTML, like Gecko; compatible; ClaudeBot/1.0; +claudebot@anthropic.com)"
216.73.217.47 - - [05/Jun/2026:00:00:32 +0200] "GET /wordpress/wp-includes/%3C?edit=%2Fhome%2Fcosta4%2Fvicenza.elettroservicegroup.it%2Fwp-content%2Fthemes%2Fgeneratepress%2Ffooter-min.php HTTP/1.1" 200 19150 "-" "Mozilla/5.0 AppleWebKit/537.36 (KHTML, like Gecko; compatible; ClaudeBot/1.0; +claudebot@anthropic.com)"
216.73.217.47 - - [05/Jun/2026:00:00:32 +0200] "GET /wordpress/wp-includes/%3C?file=%2Fhome%2Fcosta4%2Fvicenza.elettroservicegroup.it%2Fwp-content%2Fthemes HTTP/1.1" 200 18306 "-" "Mozilla/5.0 AppleWebKit/537.36 (KHTML, like Gecko; compatible; ClaudeBot/1.0; +claudebot@anthropic.com)"
216.73.217.47 - - [05/Jun/2026:00:00:33 +0200] "GET /sito/wp-includes/%3C?file=%2Fhome%2Fcosta4%2Fvicenza.elettroservicegroup.it%2Fwp-content%2Fthemes%2Fgeneratepress%2Fcomments.php HTTP/1.1" 200 18214 "-" "Mozilla/5.0 AppleWebKit/537.36 (KHTML, like Gecko; compatible; ClaudeBot/1.0; +claudebot@anthropic.com)"
216.73.217.47 - - [05/Jun/2026:00:00:33 +0200] "GET /wordpress/wp-includes/%3C?file=%2Fhome%2Fcosta4%2Fvicenza.elettroservicegroup.it%2Fwp-content%2Fthemes%2Fgeneratepress%2Finc%2Fcustomizer HTTP/1.1" 200 18437 "-" "Mozilla/5.0 AppleWebKit/537.36 (KHTML, like Gecko; compatible; ClaudeBot/1.0; +claudebot@anthropic.com)"
216.73.217.47 - - [05/Jun/2026:00:00:33 +0200] "GET /sito/wp-includes/%3C?view=%2Fhome%2Fcosta4%2Fvicenza.elettroservicegroup.it%2Fwp-content%2Fthemes%2Fgeneratepress%2Fsingle.php HTTP/1.1" 403 18909 "-" "Mozilla/5.0 AppleWebKit/537.36 (KHTML, like Gecko; compatible; ClaudeBot/1.0; +claudebot@anthropic.com)"
216.73.217.47 - - [05/Jun/2026:00:00:33 +0200] "GET /___proxy_subdomain_cpanel?rename=%2Fhome%2Fcosta4%2Fvicenza.elettroservicegroup.it%2Fwp-content%2Fthemes%2Fgeneratepress%2Fsidebar.php HTTP/1.1" 403 18844 "-" "Mozilla/5.0 AppleWebKit/537.36 (KHTML, like Gecko; compatible; ClaudeBot/1.0; +claudebot@anthropic.com)"
216.73.217.47 - - [05/Jun/2026:00:00:33 +0200] "GET /web/wp-includes/%3C?rename=%2Fhome%2Fcosta4%2Fvicenza.elettroservicegroup.it%2Fwp-content%2Fthemes%2Fgeneratepress%2Fsearch.php HTTP/1.1" 403 18908 "-" "Mozilla/5.0 AppleWebKit/537.36 (KHTML, like Gecko; compatible; ClaudeBot/1.0; +claudebot@anthropic.com)"
216.73.217.47 - - [05/Jun/2026:00:00:33 +0200] "GET /wordpress/wp-includes/%3C?file=%2Fhome%2Fcosta4%2Fvicenza.elettroservicegroup.it%2Fwp-content%2Fthemes%2Fgeneratepress%2Fno-results.php HTTP/1.1" 403 18911 "-" "Mozilla/5.0 AppleWebKit/537.36 (KHTML, like Gecko; compatible; ClaudeBot/1.0; +claudebot@anthropic.com)"
216.73.217.47 - - [05/Jun/2026:00:00:33 +0200] "GET /___proxy_subdomain_cpanel?file=%2Fhome%2Fcosta4%2Fvicenza.elettroservicegroup.it%2Fwp-content%2Fthemes%2Fgeneratepress%2Farchive.php HTTP/1.1" 403 18844 "-" "Mozilla/5.0 AppleWebKit/537.36 (KHTML, like Gecko; compatible; ClaudeBot/1.0; +claudebot@anthropic.com)"
216.73.217.47 - - [05/Jun/2026:00:00:33 +0200] "GET /sito/wp-includes/%3C?view=%2Fhome%2Fcosta4%2Fvicenza.elettroservicegroup.it%2Fwp-content%2Fthemes%2Fgeneratepress%2Fcontent-single.php HTTP/1.1" 403 18909 "-" "Mozilla/5.0 AppleWebKit/537.36 (KHTML, like Gecko; compatible; ClaudeBot/1.0; +claudebot@anthropic.com)"
216.73.217.47 - - [05/Jun/2026:00:00:33 +0200] "GET /web/wp-includes/%3C?view=%2Fhome%2Fcosta4%2Fvicenza.elettroservicegroup.it%2Fwp-content%2Fthemes%2Fgeneratepress%2Fstyle.css HTTP/1.1" 403 18908 "-" "Mozilla/5.0 AppleWebKit/537.36 (KHTML, like Gecko; compatible; ClaudeBot/1.0; +claudebot@anthropic.com)"
216.73.217.47 - - [05/Jun/2026:00:00:34 +0200] "GET /___proxy_subdomain_cpanel?file=%2Fhome%2Fcosta4%2Fvicenza.elettroservicegroup.it%2Fwp-content%2Fthemes%2Fgeneratepress%2Fsearchform.php HTTP/1.1" 403 18844 "-" "Mozilla/5.0 AppleWebKit/537.36 (KHTML, like Gecko; compatible; ClaudeBot/1.0; +claudebot@anthropic.com)"
216.73.217.47 - - [05/Jun/2026:00:00:34 +0200] "GET /___proxy_subdomain_cpanel?rename=%2Fhome%2Fcosta4%2Fvicenza.elettroservicegroup.it%2Fwp-content%2Fthemes%2Fgeneratepress%2Fpage.php HTTP/1.1" 403 18844 "-" "Mozilla/5.0 AppleWebKit/537.36 (KHTML, like Gecko; compatible; ClaudeBot/1.0; +claudebot@anthropic.com)"
216.73.217.47 - - [05/Jun/2026:00:00:34 +0200] "GET /___proxy_subdomain_cpanel?edit=%2Fhome%2Fcosta4%2Fvicenza.elettroservicegroup.it%2Fwp-content%2Fthemes%2Fgeneratepress%2Fstyle.css HTTP/1.1" 403 18844 "-" "Mozilla/5.0 AppleWebKit/537.36 (KHTML, like Gecko; compatible; ClaudeBot/1.0; +claudebot@anthropic.com)"
216.73.217.47 - - [05/Jun/2026:00:00:34 +0200] "GET /web/wp-includes/%3C?rename=%2Fhome%2Fcosta4%2Fvicenza.elettroservicegroup.it%2Fwp-content%2Fthemes%2Fgeneratepress%2Farchive.php HTTP/1.1" 403 18908 "-" "Mozilla/5.0 AppleWebKit/537.36 (KHTML, like Gecko; compatible; ClaudeBot/1.0; +claudebot@anthropic.com)"
216.73.217.47 - - [05/Jun/2026:00:00:34 +0200] "GET /web/wp-includes/%3C?rename=%2Fhome%2Fcosta4%2Fvicenza.elettroservicegroup.it%2Fwp-content%2Fthemes%2Fgeneratepress%2Fsearchform.php HTTP/1.1" 403 18908 "-" "Mozilla/5.0 AppleWebKit/537.36 (KHTML, like Gecko; compatible; ClaudeBot/1.0; +claudebot@anthropic.com)"
216.73.217.47 - - [05/Jun/2026:00:00:34 +0200] "GET /sito/wp-includes/%3C?view=%2Fhome%2Fcosta4%2Fvicenza.elettroservicegroup.it%2Fwp-content%2Fthemes%2Fgeneratepress%2Fcontent.php HTTP/1.1" 403 18909 "-" "Mozilla/5.0 AppleWebKit/537.36 (KHTML, like Gecko; compatible; ClaudeBot/1.0; +claudebot@anthropic.com)"
216.73.217.47 - - [05/Jun/2026:00:00:34 +0200] "GET /sito/wp-includes/%3C?rename=%2Fhome%2Fcosta4%2Fvicenza.elettroservicegroup.it%2Fwp-content%2Fthemes%2Fgeneratepress%2Ffunctions.php HTTP/1.1" 403 18909 "-" "Mozilla/5.0 AppleWebKit/537.36 (KHTML, like Gecko; compatible; ClaudeBot/1.0; +claudebot@anthropic.com)"
216.73.217.47 - - [05/Jun/2026:00:00:34 +0200] "GET /web/wp-includes/%3C?file=%2Fhome%2Fcosta4%2Fvicenza.elettroservicegroup.it%2Fwp-content%2Fthemes%2Fgeneratepress%2Fsearch.php HTTP/1.1" 403 18908 "-" "Mozilla/5.0 AppleWebKit/537.36 (KHTML, like Gecko; compatible; ClaudeBot/1.0; +claudebot@anthropic.com)"
