160.250.182.9 - - [04/Jun/2026:18:09:40 +0200] "GET /18486-2/ HTTP/1.1" 200 11739 "https://verona.elettroservicegroup.it/" "Mozilla/5.0 (X11; Linux x86_64) AppleWebKit/537.36 (KHTML, like Gecko) Chrome/114.0.0.0 Safari/537.36 Vivaldi/5.3.2679.68"
66.249.64.11 - - [04/Jun/2026:18:10:43 +0200] "GET /?h=21957242881100 HTTP/1.1" 301 313 "-" "Mozilla/5.0 (Linux; Android 6.0.1; Nexus 5X Build/MMB29P) AppleWebKit/537.36 (KHTML, like Gecko) Chrome/148.0.7778.96 Mobile Safari/537.36 (compatible; Googlebot/2.1; +http://www.google.com/bot.html)"
66.249.64.10 - - [04/Jun/2026:18:10:44 +0200] "GET /index.php/?h=21957242881100 HTTP/1.1" 301 - "-" "Mozilla/5.0 (Linux; Android 6.0.1; Nexus 5X Build/MMB29P) AppleWebKit/537.36 (KHTML, like Gecko) Chrome/148.0.7778.96 Mobile Safari/537.36 (compatible; Googlebot/2.1; +http://www.google.com/bot.html)"
66.249.64.12 - - [04/Jun/2026:18:15:16 +0200] "GET /?h=15239841121100 HTTP/1.1" 301 313 "-" "Mozilla/5.0 (Linux; Android 6.0.1; Nexus 5X Build/MMB29P) AppleWebKit/537.36 (KHTML, like Gecko) Chrome/148.0.7778.96 Mobile Safari/537.36 (compatible; Googlebot/2.1; +http://www.google.com/bot.html)"
66.249.64.11 - - [04/Jun/2026:18:15:17 +0200] "GET /index.php/?h=15239841121100 HTTP/1.1" 301 - "-" "Mozilla/5.0 (Linux; Android 6.0.1; Nexus 5X Build/MMB29P) AppleWebKit/537.36 (KHTML, like Gecko) Chrome/148.0.7778.96 Mobile Safari/537.36 (compatible; Googlebot/2.1; +http://www.google.com/bot.html)"
66.249.64.11 - - [04/Jun/2026:18:15:22 +0200] "GET /?h=29208900001100 HTTP/1.1" 301 313 "-" "Mozilla/5.0 (Linux; Android 6.0.1; Nexus 5X Build/MMB29P) AppleWebKit/537.36 (KHTML, like Gecko) Chrome/148.0.7778.96 Mobile Safari/537.36 (compatible; Googlebot/2.1; +http://www.google.com/bot.html)"
66.249.64.11 - - [04/Jun/2026:18:15:23 +0200] "GET /index.php/?h=29208900001100 HTTP/1.1" 301 - "-" "Mozilla/5.0 (Linux; Android 6.0.1; Nexus 5X Build/MMB29P) AppleWebKit/537.36 (KHTML, like Gecko) Chrome/148.0.7778.96 Mobile Safari/537.36 (compatible; Googlebot/2.1; +http://www.google.com/bot.html)"
66.249.64.12 - - [04/Jun/2026:18:16:44 +0200] "GET /productSearch/pictureSearch?id=16058755161100 HTTP/1.1" 301 314 "-" "Mozilla/5.0 (Linux; Android 6.0.1; Nexus 5X Build/MMB29P) AppleWebKit/537.36 (KHTML, like Gecko) Chrome/148.0.7778.96 Mobile Safari/537.36 (compatible; GoogleOther)"
66.249.64.12 - - [04/Jun/2026:18:17:41 +0200] "GET /index.php/?id=16058755161100 HTTP/1.1" 301 - "-" "Mozilla/5.0 (Linux; Android 6.0.1; Nexus 5X Build/MMB29P) AppleWebKit/537.36 (KHTML, like Gecko) Chrome/148.0.7778.96 Mobile Safari/537.36 (compatible; GoogleOther)"
185.61.219.238 - - [04/Jun/2026:18:28:51 +0200] "GET / HTTP/2.0" 301 - "-" "Mozilla/5.0 (Macintosh; Intel Mac OS X 10_15_7) AppleWebKit/537.36 (KHTML, like Gecko) Chrome/120.0.0.0 Safari/537.36"
66.249.64.10 - - [04/Jun/2026:18:32:41 +0200] "GET /?h=19415397081100 HTTP/1.1" 301 313 "-" "Mozilla/5.0 (Linux; Android 6.0.1; Nexus 5X Build/MMB29P) AppleWebKit/537.36 (KHTML, like Gecko) Chrome/148.0.7778.96 Mobile Safari/537.36 (compatible; GoogleOther)"
66.249.64.11 - - [04/Jun/2026:18:33:42 +0200] "GET /index.php/?h=19415397081100 HTTP/1.1" 301 - "-" "Mozilla/5.0 (Linux; Android 6.0.1; Nexus 5X Build/MMB29P) AppleWebKit/537.36 (KHTML, like Gecko) Chrome/148.0.7778.96 Mobile Safari/537.36 (compatible; GoogleOther)"
216.73.217.169 - - [04/Jun/2026:18:36:19 +0200] "GET /robots.txt HTTP/2.0" 200 79 "-" "Mozilla/5.0 AppleWebKit/537.36 (KHTML, like Gecko; compatible; ClaudeBot/1.0; +claudebot@anthropic.com)"
66.249.64.12 - - [04/Jun/2026:18:36:40 +0200] "GET /?h=38409676081100 HTTP/1.1" 301 313 "-" "Mozilla/5.0 (Linux; Android 6.0.1; Nexus 5X Build/MMB29P) AppleWebKit/537.36 (KHTML, like Gecko) Chrome/148.0.7778.96 Mobile Safari/537.36 (compatible; GoogleOther)"
66.249.64.11 - - [04/Jun/2026:18:36:44 +0200] "GET /?h=34794649601100 HTTP/1.1" 301 313 "-" "Mozilla/5.0 (Linux; Android 6.0.1; Nexus 5X Build/MMB29P) AppleWebKit/537.36 (KHTML, like Gecko) Chrome/148.0.7778.96 Mobile Safari/537.36 (compatible; GoogleOther)"
66.249.64.11 - - [04/Jun/2026:18:37:03 +0200] "GET /index.php/?h=38409676081100 HTTP/1.1" 301 - "-" "Mozilla/5.0 (Linux; Android 6.0.1; Nexus 5X Build/MMB29P) AppleWebKit/537.36 (KHTML, like Gecko) Chrome/148.0.7778.96 Mobile Safari/537.36 (compatible; GoogleOther)"
66.249.64.10 - - [04/Jun/2026:18:37:08 +0200] "GET /index.php/?h=34794649601100 HTTP/1.1" 301 - "-" "Mozilla/5.0 (Linux; Android 6.0.1; Nexus 5X Build/MMB29P) AppleWebKit/537.36 (KHTML, like Gecko) Chrome/148.0.7778.96 Mobile Safari/537.36 (compatible; GoogleOther)"
66.249.64.10 - - [04/Jun/2026:18:37:29 +0200] "GET /?h=30769934841100 HTTP/1.1" 301 313 "-" "Mozilla/5.0 (Linux; Android 6.0.1; Nexus 5X Build/MMB29P) AppleWebKit/537.36 (KHTML, like Gecko) Chrome/148.0.7778.96 Mobile Safari/537.36 (compatible; Googlebot/2.1; +http://www.google.com/bot.html)"
66.249.64.10 - - [04/Jun/2026:18:37:29 +0200] "GET /index.php/?h=30769934841100 HTTP/1.1" 301 - "-" "Mozilla/5.0 (Linux; Android 6.0.1; Nexus 5X Build/MMB29P) AppleWebKit/537.36 (KHTML, like Gecko) Chrome/148.0.7778.96 Mobile Safari/537.36 (compatible; Googlebot/2.1; +http://www.google.com/bot.html)"
40.77.167.25 - - [04/Jun/2026:18:41:20 +0200] "GET /sitemap_index.xml HTTP/2.0" 301 296 "-" "Mozilla/5.0 AppleWebKit/537.36 (KHTML, like Gecko; compatible; bingbot/2.0; +http://www.bing.com/bingbot.htm) Chrome/116.0.1938.76 Safari/537.36"
40.77.167.25 - - [04/Jun/2026:18:41:20 +0200] "GET /index.php/ HTTP/2.0" 301 - "-" "Mozilla/5.0 AppleWebKit/537.36 (KHTML, like Gecko; compatible; bingbot/2.0; +http://www.bing.com/bingbot.htm) Chrome/116.0.1938.76 Safari/537.36"
66.249.64.12 - - [04/Jun/2026:18:41:42 +0200] "GET /?h=15557458081100 HTTP/1.1" 301 313 "-" "Mozilla/5.0 (Linux; Android 6.0.1; Nexus 5X Build/MMB29P) AppleWebKit/537.36 (KHTML, like Gecko) Chrome/148.0.7778.96 Mobile Safari/537.36 (compatible; GoogleOther)"
216.73.217.169 - - [04/Jun/2026:18:42:14 +0200] "GET /wp-includes/js/dist/i18n.min.js HTTP/2.0" 200 2333 "-" "Mozilla/5.0 AppleWebKit/537.36 (KHTML, like Gecko; compatible; ClaudeBot/1.0; +claudebot@anthropic.com)"
65.108.235.243 - - [04/Jun/2026:18:42:17 +0200] "POST /wp-cron.php?doing_wp_cron=1780591337.5414679050445556640625 HTTP/1.1" 200 1 "-" "WordPress/7.0; https://verona.elettroservicegroup.it"
216.73.217.169 - - [04/Jun/2026:18:42:14 +0200] "GET /wp-login.php?wp_lang=en_US HTTP/2.0" 200 2329 "-" "Mozilla/5.0 AppleWebKit/537.36 (KHTML, like Gecko; compatible; ClaudeBot/1.0; +claudebot@anthropic.com)"
65.108.235.243 - - [04/Jun/2026:18:42:17 +0200] "GET / HTTP/1.1" 301 296 "-" "WP Fastest Cache Preload Bot"
65.108.235.243 - - [04/Jun/2026:18:42:17 +0200] "GET /index.php/ HTTP/1.1" 301 - "-" "WP Fastest Cache Preload Bot"
66.249.64.12 - - [04/Jun/2026:18:42:28 +0200] "GET /index.php/?h=15557458081100 HTTP/1.1" 301 - "-" "Mozilla/5.0 (Linux; Android 6.0.1; Nexus 5X Build/MMB29P) AppleWebKit/537.36 (KHTML, like Gecko) Chrome/148.0.7778.96 Mobile Safari/537.36 (compatible; GoogleOther)"
66.249.89.10 - - [04/Jun/2026:18:43:10 +0200] "GET /?h=4060523841100 HTTP/1.1" 301 312 "-" "Mozilla/5.0 (X11; Linux x86_64) AppleWebKit/537.36 (KHTML, like Gecko) Chrome/148.0.7778.96 Safari/537.36"
66.249.89.11 - - [04/Jun/2026:18:43:10 +0200] "GET /index.php/?h=4060523841100 HTTP/1.1" 301 - "-" "Mozilla/5.0 (X11; Linux x86_64) AppleWebKit/537.36 (KHTML, like Gecko) Chrome/148.0.7778.96 Safari/537.36"
216.73.217.169 - - [04/Jun/2026:18:43:22 +0200] "GET /wp-content/plugins/elementor/assets/lib/eicons/fonts/eicons.ttf HTTP/2.0" 200 125822 "-" "Mozilla/5.0 AppleWebKit/537.36 (KHTML, like Gecko; compatible; ClaudeBot/1.0; +claudebot@anthropic.com)"
216.73.217.169 - - [04/Jun/2026:18:44:09 +0200] "GET /?h=8303533121100 HTTP/2.0" 301 312 "-" "Mozilla/5.0 AppleWebKit/537.36 (KHTML, like Gecko; compatible; ClaudeBot/1.0; +claudebot@anthropic.com)"
216.73.217.169 - - [04/Jun/2026:18:44:09 +0200] "GET /?h=11707889201100 HTTP/2.0" 301 313 "-" "Mozilla/5.0 AppleWebKit/537.36 (KHTML, like Gecko; compatible; ClaudeBot/1.0; +claudebot@anthropic.com)"
216.73.217.169 - - [04/Jun/2026:18:44:09 +0200] "GET /?h=23760354721100 HTTP/2.0" 301 313 "-" "Mozilla/5.0 AppleWebKit/537.36 (KHTML, like Gecko; compatible; ClaudeBot/1.0; +claudebot@anthropic.com)"
216.73.217.169 - - [04/Jun/2026:18:44:09 +0200] "GET /?h=1421906921100 HTTP/2.0" 301 312 "-" "Mozilla/5.0 AppleWebKit/537.36 (KHTML, like Gecko; compatible; ClaudeBot/1.0; +claudebot@anthropic.com)"
216.73.217.169 - - [04/Jun/2026:18:44:09 +0200] "GET /?h=42665770201100 HTTP/2.0" 301 313 "-" "Mozilla/5.0 AppleWebKit/537.36 (KHTML, like Gecko; compatible; ClaudeBot/1.0; +claudebot@anthropic.com)"
216.73.217.169 - - [04/Jun/2026:18:44:09 +0200] "GET /index.php/?h=23760354721100 HTTP/2.0" 301 - "https://verona.elettroservicegroup.it/?h=23760354721100" "Mozilla/5.0 AppleWebKit/537.36 (KHTML, like Gecko; compatible; ClaudeBot/1.0; +claudebot@anthropic.com)"
216.73.217.169 - - [04/Jun/2026:18:44:09 +0200] "GET /index.php/?h=8303533121100 HTTP/2.0" 301 - "https://verona.elettroservicegroup.it/?h=8303533121100" "Mozilla/5.0 AppleWebKit/537.36 (KHTML, like Gecko; compatible; ClaudeBot/1.0; +claudebot@anthropic.com)"
216.73.217.169 - - [04/Jun/2026:18:44:09 +0200] "GET /index.php/?h=11707889201100 HTTP/2.0" 301 - "https://verona.elettroservicegroup.it/?h=11707889201100" "Mozilla/5.0 AppleWebKit/537.36 (KHTML, like Gecko; compatible; ClaudeBot/1.0; +claudebot@anthropic.com)"
216.73.217.169 - - [04/Jun/2026:18:44:10 +0200] "GET /index.php/?h=1421906921100 HTTP/2.0" 301 - "https://verona.elettroservicegroup.it/?h=1421906921100" "Mozilla/5.0 AppleWebKit/537.36 (KHTML, like Gecko; compatible; ClaudeBot/1.0; +claudebot@anthropic.com)"
216.73.217.169 - - [04/Jun/2026:18:44:10 +0200] "GET /index.php/?h=42665770201100 HTTP/2.0" 301 - "https://verona.elettroservicegroup.it/?h=42665770201100" "Mozilla/5.0 AppleWebKit/537.36 (KHTML, like Gecko; compatible; ClaudeBot/1.0; +claudebot@anthropic.com)"
216.73.217.169 - - [04/Jun/2026:18:44:10 +0200] "GET /?h=42365654401100 HTTP/2.0" 301 313 "-" "Mozilla/5.0 AppleWebKit/537.36 (KHTML, like Gecko; compatible; ClaudeBot/1.0; +claudebot@anthropic.com)"
216.73.217.169 - - [04/Jun/2026:18:44:10 +0200] "GET /?h=33539206201100 HTTP/2.0" 301 313 "-" "Mozilla/5.0 AppleWebKit/537.36 (KHTML, like Gecko; compatible; ClaudeBot/1.0; +claudebot@anthropic.com)"
216.73.217.169 - - [04/Jun/2026:18:44:10 +0200] "GET /index.php/?h=42365654401100 HTTP/2.0" 301 - "https://verona.elettroservicegroup.it/?h=42365654401100" "Mozilla/5.0 AppleWebKit/537.36 (KHTML, like Gecko; compatible; ClaudeBot/1.0; +claudebot@anthropic.com)"
216.73.217.169 - - [04/Jun/2026:18:44:11 +0200] "GET /index.php/?h=33539206201100 HTTP/2.0" 301 - "https://verona.elettroservicegroup.it/?h=33539206201100" "Mozilla/5.0 AppleWebKit/537.36 (KHTML, like Gecko; compatible; ClaudeBot/1.0; +claudebot@anthropic.com)"
216.73.217.169 - - [04/Jun/2026:18:44:18 +0200] "GET /?h=13399071201100 HTTP/2.0" 301 313 "-" "Mozilla/5.0 AppleWebKit/537.36 (KHTML, like Gecko; compatible; ClaudeBot/1.0; +claudebot@anthropic.com)"
216.73.217.169 - - [04/Jun/2026:18:44:19 +0200] "GET /index.php/?h=13399071201100 HTTP/2.0" 301 - "https://verona.elettroservicegroup.it/?h=13399071201100" "Mozilla/5.0 AppleWebKit/537.36 (KHTML, like Gecko; compatible; ClaudeBot/1.0; +claudebot@anthropic.com)"
20.113.225.118 - - [04/Jun/2026:18:44:57 +0200] "GET /?h=1360063521100 HTTP/2.0" 301 312 "-" "Mozilla/5.0 AppleWebKit/537.36 (KHTML, like Gecko); compatible; ChatGPT-User/1.0; +https://openai.com/bot"
20.113.225.118 - - [04/Jun/2026:18:44:58 +0200] "GET /index.php/?h=1360063521100 HTTP/2.0" 301 - "-" "Mozilla/5.0 AppleWebKit/537.36 (KHTML, like Gecko); compatible; ChatGPT-User/1.0; +https://openai.com/bot"
74.7.228.245 - - [04/Jun/2026:18:45:17 +0200] "GET /?h=1360063521100 HTTP/2.0" 301 - "-" "Mozilla/5.0 (Macintosh; Intel Mac OS X 10_15_7) AppleWebKit/537.36 (KHTML, like Gecko) Chrome/131.0.0.0 Safari/537.36; compatible; OAI-SearchBot/1.4; +https://openai.com/searchbot"
74.7.244.1 - - [04/Jun/2026:18:45:17 +0200] "GET /robots.txt HTTP/2.0" 200 79 "-" "Mozilla/5.0 (Macintosh; Intel Mac OS X 10_15_7) AppleWebKit/537.36 (KHTML, like Gecko) Chrome/131.0.0.0 Safari/537.36; compatible; OAI-SearchBot/1.4; robots.txt; +https://openai.com/searchbot"
66.249.64.11 - - [04/Jun/2026:18:46:55 +0200] "GET /productSearch/pictureSearch?id=17871609761100 HTTP/1.1" 301 314 "-" "Mozilla/5.0 (Linux; Android 6.0.1; Nexus 5X Build/MMB29P) AppleWebKit/537.36 (KHTML, like Gecko) Chrome/148.0.7778.96 Mobile Safari/537.36 (compatible; GoogleOther)"
66.249.64.11 - - [04/Jun/2026:18:47:45 +0200] "GET /index.php/?id=17871609761100 HTTP/1.1" 301 - "-" "Mozilla/5.0 (Linux; Android 6.0.1; Nexus 5X Build/MMB29P) AppleWebKit/537.36 (KHTML, like Gecko) Chrome/148.0.7778.96 Mobile Safari/537.36 (compatible; GoogleOther)"
216.73.217.169 - - [04/Jun/2026:18:49:12 +0200] "GET /?h=21111189361100 HTTP/2.0" 301 313 "-" "Mozilla/5.0 AppleWebKit/537.36 (KHTML, like Gecko; compatible; ClaudeBot/1.0; +claudebot@anthropic.com)"
216.73.217.169 - - [04/Jun/2026:18:49:12 +0200] "GET /?h=15484350081100 HTTP/2.0" 301 313 "-" "Mozilla/5.0 AppleWebKit/537.36 (KHTML, like Gecko; compatible; ClaudeBot/1.0; +claudebot@anthropic.com)"
216.73.217.169 - - [04/Jun/2026:18:49:12 +0200] "GET /?h=33718022401100 HTTP/2.0" 301 313 "-" "Mozilla/5.0 AppleWebKit/537.36 (KHTML, like Gecko; compatible; ClaudeBot/1.0; +claudebot@anthropic.com)"
216.73.217.169 - - [04/Jun/2026:18:49:12 +0200] "GET /index.php/?h=21111189361100 HTTP/2.0" 301 - "https://verona.elettroservicegroup.it/?h=21111189361100" "Mozilla/5.0 AppleWebKit/537.36 (KHTML, like Gecko; compatible; ClaudeBot/1.0; +claudebot@anthropic.com)"
216.73.217.169 - - [04/Jun/2026:18:49:12 +0200] "GET /index.php/?h=33718022401100 HTTP/2.0" 301 - "https://verona.elettroservicegroup.it/?h=33718022401100" "Mozilla/5.0 AppleWebKit/537.36 (KHTML, like Gecko; compatible; ClaudeBot/1.0; +claudebot@anthropic.com)"
216.73.217.169 - - [04/Jun/2026:18:49:12 +0200] "GET /index.php/?h=15484350081100 HTTP/2.0" 301 - "https://verona.elettroservicegroup.it/?h=15484350081100" "Mozilla/5.0 AppleWebKit/537.36 (KHTML, like Gecko; compatible; ClaudeBot/1.0; +claudebot@anthropic.com)"
31.188.178.111 - - [04/Jun/2026:18:51:30 +0200] "GET /?h=29823439881100 HTTP/2.0" 301 313 "https://www.google.com/" "Mozilla/5.0 (iPhone; CPU iPhone OS 18_7 like Mac OS X) AppleWebKit/605.1.15 (KHTML, like Gecko) Version/26.5 Mobile/15E148 Safari/604.1"
31.188.178.111 - - [04/Jun/2026:18:51:31 +0200] "GET /index.php/?h=29823439881100 HTTP/2.0" 301 - "https://www.google.com/" "Mozilla/5.0 (iPhone; CPU iPhone OS 18_7 like Mac OS X) AppleWebKit/605.1.15 (KHTML, like Gecko) Version/26.5 Mobile/15E148 Safari/604.1"
31.188.178.111 - - [04/Jun/2026:18:51:31 +0200] "GET /favicon.ico HTTP/2.0" 301 296 "https://verona.elettroservicegroup.it/index.php/?h=29823439881100" "Mozilla/5.0 (iPhone; CPU iPhone OS 18_7 like Mac OS X) AppleWebKit/605.1.15 (KHTML, like Gecko) Version/26.5 Mobile/15E148 Safari/604.1"
31.188.178.111 - - [04/Jun/2026:18:51:32 +0200] "GET /index.php/ HTTP/2.0" 301 - "https://verona.elettroservicegroup.it/index.php/?h=29823439881100" "Mozilla/5.0 (iPhone; CPU iPhone OS 18_7 like Mac OS X) AppleWebKit/605.1.15 (KHTML, like Gecko) Version/26.5 Mobile/15E148 Safari/604.1"
216.73.217.169 - - [04/Jun/2026:18:55:12 +0200] "GET /?h=11645120761100 HTTP/2.0" 301 313 "-" "Mozilla/5.0 AppleWebKit/537.36 (KHTML, like Gecko; compatible; ClaudeBot/1.0; +claudebot@anthropic.com)"
216.73.217.169 - - [04/Jun/2026:18:55:12 +0200] "GET /index.php/?h=11645120761100 HTTP/2.0" 301 - "https://verona.elettroservicegroup.it/?h=11645120761100" "Mozilla/5.0 AppleWebKit/537.36 (KHTML, like Gecko; compatible; ClaudeBot/1.0; +claudebot@anthropic.com)"
216.73.217.169 - - [04/Jun/2026:18:55:28 +0200] "GET /?h=23027529081100 HTTP/2.0" 301 313 "-" "Mozilla/5.0 AppleWebKit/537.36 (KHTML, like Gecko; compatible; ClaudeBot/1.0; +claudebot@anthropic.com)"
216.73.217.169 - - [04/Jun/2026:18:55:28 +0200] "GET /index.php/?h=23027529081100 HTTP/2.0" 301 - "https://verona.elettroservicegroup.it/?h=23027529081100" "Mozilla/5.0 AppleWebKit/537.36 (KHTML, like Gecko; compatible; ClaudeBot/1.0; +claudebot@anthropic.com)"
216.73.217.169 - - [04/Jun/2026:18:56:00 +0200] "GET /?h=24771990401100 HTTP/2.0" 301 313 "-" "Mozilla/5.0 AppleWebKit/537.36 (KHTML, like Gecko; compatible; ClaudeBot/1.0; +claudebot@anthropic.com)"
216.73.217.169 - - [04/Jun/2026:18:56:00 +0200] "GET /index.php/?h=24771990401100 HTTP/2.0" 301 - "https://verona.elettroservicegroup.it/?h=24771990401100" "Mozilla/5.0 AppleWebKit/537.36 (KHTML, like Gecko; compatible; ClaudeBot/1.0; +claudebot@anthropic.com)"
188.95.159.38 - - [04/Jun/2026:18:56:12 +0200] "GET /?h=21988574881100 HTTP/1.1" 301 313 "-" "Mozilla/5.0 (X11; Linux x86_64; rv:141.0) Gecko/20100101 Firefox/141.0"
188.95.159.38 - - [04/Jun/2026:18:56:12 +0200] "GET /index.php/?h=21988574881100 HTTP/1.1" 301 - "-" "Mozilla/5.0 (X11; Linux x86_64; rv:141.0) Gecko/20100101 Firefox/141.0"
31.204.54.148 - - [04/Jun/2026:18:56:15 +0200] "GET /?h=21988574881100 HTTP/2.0" 301 313 "https://www.google.com/" "Mozilla/5.0 (Windows NT 10.0; Win64; x64; rv:151.0) Gecko/20100101 Firefox/151.0"
188.95.153.105 - - [04/Jun/2026:18:56:15 +0200] "GET /?h=21988574881100 HTTP/2.0" 301 313 "https://www.google.com/" "Mozilla/5.0 (Windows NT 10.0; Win64; x64; rv:151.0) Gecko/20100101 Firefox/151.0"
194.0.133.233 - - [04/Jun/2026:18:56:15 +0200] "GET /?h=21988574881100 HTTP/2.0" 301 313 "-" "Mozilla/5.0 (Windows NT 10.0; Win64; x64) AppleWebKit/537.36 (KHTML, like Gecko) Chrome/148.0.0.0 Safari/537.36"
91.239.64.151 - - [04/Jun/2026:18:56:15 +0200] "GET / HTTP/2.0" 200 17436 "-" "Mozilla/5.0 (Windows NT 10.0; Win64; x64) AppleWebKit/537.36 (KHTML, like Gecko) Chrome/148.0.0.0 Safari/537.36 Edg/148.0.0.0"
31.204.54.148 - - [04/Jun/2026:18:56:15 +0200] "GET /index.php/?h=21988574881100 HTTP/2.0" 301 - "https://verona.elettroservicegroup.it/?h=21988574881100" "Mozilla/5.0 (Windows NT 10.0; Win64; x64; rv:151.0) Gecko/20100101 Firefox/151.0"
80.96.90.108 - - [04/Jun/2026:18:56:15 +0200] "GET / HTTP/2.0" 200 17436 "-" "Mozilla/5.0 (Windows NT 10.0; Win64; x64; rv:151.0) Gecko/20100101 Firefox/151.0"
188.95.153.105 - - [04/Jun/2026:18:56:15 +0200] "GET /index.php/?h=21988574881100 HTTP/2.0" 301 - "https://verona.elettroservicegroup.it/?h=21988574881100" "Mozilla/5.0 (Windows NT 10.0; Win64; x64; rv:151.0) Gecko/20100101 Firefox/151.0"
194.0.133.233 - - [04/Jun/2026:18:56:15 +0200] "GET /index.php/?h=21988574881100 HTTP/2.0" 301 - "https://verona.elettroservicegroup.it/?h=21988574881100" "Mozilla/5.0 (Windows NT 10.0; Win64; x64) AppleWebKit/537.36 (KHTML, like Gecko) Chrome/148.0.0.0 Safari/537.36"
204.217.153.243 - - [04/Jun/2026:18:56:15 +0200] "GET /?h=21988574881100 HTTP/2.0" 301 313 "https://www.google.com/" "Mozilla/5.0 (Macintosh; Intel Mac OS X 10_15_7) AppleWebKit/537.36 (KHTML, like Gecko) Chrome/148.0.0.0 Safari/537.36"
176.113.108.97 - - [04/Jun/2026:18:56:15 +0200] "GET /?h=21988574881100 HTTP/2.0" 301 313 "-" "Mozilla/5.0 (Windows NT 10.0; Win64; x64) AppleWebKit/537.36 (KHTML, like Gecko) Chrome/148.0.0.0 Safari/537.36"
212.70.246.200 - - [04/Jun/2026:18:56:15 +0200] "GET / HTTP/2.0" 200 17436 "-" "Mozilla/5.0 (Windows NT 10.0; Win64; x64; rv:151.0) Gecko/20100101 Firefox/151.0"
91.239.64.151 - - [04/Jun/2026:18:56:15 +0200] "GET /?h=21988574881100 HTTP/2.0" 301 313 "https://verona.elettroservicegroup.it/" "Mozilla/5.0 (Windows NT 10.0; Win64; x64) AppleWebKit/537.36 (KHTML, like Gecko) Chrome/148.0.0.0 Safari/537.36 Edg/148.0.0.0"
81.180.95.222 - - [04/Jun/2026:18:56:15 +0200] "GET /?h=21988574881100 HTTP/2.0" 301 313 "https://www.google.com/" "Mozilla/5.0 (Macintosh; Intel Mac OS X 10_15_7) AppleWebKit/537.36 (KHTML, like Gecko) Chrome/148.0.0.0 Safari/537.36"
82.52.133.70 - - [04/Jun/2026:18:56:15 +0200] "GET / HTTP/2.0" 200 17436 "-" "Mozilla/5.0 (Windows NT 10.0; Win64; x64; rv:151.0) Gecko/20100101 Firefox/151.0"
158.47.230.30 - - [04/Jun/2026:18:56:15 +0200] "GET /?h=21988574881100 HTTP/2.0" 301 313 "https://www.google.com/" "Mozilla/5.0 (Macintosh; Intel Mac OS X 10_15_7) AppleWebKit/537.36 (KHTML, like Gecko) Chrome/148.0.0.0 Safari/537.36"
91.239.64.151 - - [04/Jun/2026:18:56:15 +0200] "GET /index.php/?h=21988574881100 HTTP/2.0" 301 - "https://verona.elettroservicegroup.it/?h=21988574881100" "Mozilla/5.0 (Windows NT 10.0; Win64; x64) AppleWebKit/537.36 (KHTML, like Gecko) Chrome/148.0.0.0 Safari/537.36 Edg/148.0.0.0"
204.217.153.243 - - [04/Jun/2026:18:56:15 +0200] "GET /index.php/?h=21988574881100 HTTP/2.0" 301 - "https://verona.elettroservicegroup.it/?h=21988574881100" "Mozilla/5.0 (Macintosh; Intel Mac OS X 10_15_7) AppleWebKit/537.36 (KHTML, like Gecko) Chrome/148.0.0.0 Safari/537.36"
176.113.108.97 - - [04/Jun/2026:18:56:15 +0200] "GET /index.php/?h=21988574881100 HTTP/2.0" 301 - "https://verona.elettroservicegroup.it/?h=21988574881100" "Mozilla/5.0 (Windows NT 10.0; Win64; x64) AppleWebKit/537.36 (KHTML, like Gecko) Chrome/148.0.0.0 Safari/537.36"
81.180.94.142 - - [04/Jun/2026:18:56:15 +0200] "GET / HTTP/2.0" 200 17436 "-" "Mozilla/5.0 (Windows NT 10.0; Win64; x64) AppleWebKit/537.36 (KHTML, like Gecko) Chrome/148.0.0.0 Safari/537.36 Edg/148.0.0.0"
80.96.90.108 - - [04/Jun/2026:18:56:15 +0200] "GET /?h=21988574881100 HTTP/2.0" 301 313 "https://verona.elettroservicegroup.it/" "Mozilla/5.0 (Windows NT 10.0; Win64; x64; rv:151.0) Gecko/20100101 Firefox/151.0"
81.180.95.222 - - [04/Jun/2026:18:56:15 +0200] "GET /index.php/?h=21988574881100 HTTP/2.0" 301 - "https://verona.elettroservicegroup.it/?h=21988574881100" "Mozilla/5.0 (Macintosh; Intel Mac OS X 10_15_7) AppleWebKit/537.36 (KHTML, like Gecko) Chrome/148.0.0.0 Safari/537.36"
91.187.217.224 - - [04/Jun/2026:18:56:15 +0200] "GET /?h=21988574881100 HTTP/2.0" 301 313 "https://www.google.com/" "Mozilla/5.0 (Windows NT 10.0; Win64; x64; rv:151.0) Gecko/20100101 Firefox/151.0"
212.70.246.200 - - [04/Jun/2026:18:56:15 +0200] "GET /?h=21988574881100 HTTP/2.0" 301 313 "https://verona.elettroservicegroup.it/" "Mozilla/5.0 (Windows NT 10.0; Win64; x64; rv:151.0) Gecko/20100101 Firefox/151.0"
158.47.230.30 - - [04/Jun/2026:18:56:15 +0200] "GET /index.php/?h=21988574881100 HTTP/2.0" 301 - "https://verona.elettroservicegroup.it/?h=21988574881100" "Mozilla/5.0 (Macintosh; Intel Mac OS X 10_15_7) AppleWebKit/537.36 (KHTML, like Gecko) Chrome/148.0.0.0 Safari/537.36"
80.96.90.108 - - [04/Jun/2026:18:56:15 +0200] "GET /index.php/?h=21988574881100 HTTP/2.0" 301 - "https://verona.elettroservicegroup.it/?h=21988574881100" "Mozilla/5.0 (Windows NT 10.0; Win64; x64; rv:151.0) Gecko/20100101 Firefox/151.0"
176.242.24.1 - - [04/Jun/2026:18:56:15 +0200] "GET /?h=21988574881100 HTTP/2.0" 301 313 "-" "Mozilla/5.0 (Windows NT 10.0; Win64; x64) AppleWebKit/537.36 (KHTML, like Gecko) Chrome/148.0.0.0 Safari/537.36"
212.70.246.200 - - [04/Jun/2026:18:56:15 +0200] "GET /index.php/?h=21988574881100 HTTP/2.0" 301 - "https://verona.elettroservicegroup.it/?h=21988574881100" "Mozilla/5.0 (Windows NT 10.0; Win64; x64; rv:151.0) Gecko/20100101 Firefox/151.0"
82.52.133.70 - - [04/Jun/2026:18:56:15 +0200] "GET /?h=21988574881100 HTTP/2.0" 301 313 "https://verona.elettroservicegroup.it/" "Mozilla/5.0 (Windows NT 10.0; Win64; x64; rv:151.0) Gecko/20100101 Firefox/151.0"
81.180.94.142 - - [04/Jun/2026:18:56:15 +0200] "GET /?h=21988574881100 HTTP/2.0" 301 313 "https://verona.elettroservicegroup.it/" "Mozilla/5.0 (Windows NT 10.0; Win64; x64) AppleWebKit/537.36 (KHTML, like Gecko) Chrome/148.0.0.0 Safari/537.36 Edg/148.0.0.0"
95.233.89.58 - - [04/Jun/2026:18:56:16 +0200] "GET / HTTP/2.0" 200 17436 "-" "Mozilla/5.0 (Windows NT 10.0; Win64; x64) AppleWebKit/537.36 (KHTML, like Gecko) Chrome/148.0.0.0 Safari/537.36 Edg/148.0.0.0"
91.187.217.224 - - [04/Jun/2026:18:56:16 +0200] "GET /index.php/?h=21988574881100 HTTP/2.0" 301 - "https://verona.elettroservicegroup.it/?h=21988574881100" "Mozilla/5.0 (Windows NT 10.0; Win64; x64; rv:151.0) Gecko/20100101 Firefox/151.0"
81.180.94.142 - - [04/Jun/2026:18:56:16 +0200] "GET /index.php/?h=21988574881100 HTTP/2.0" 301 - "https://verona.elettroservicegroup.it/?h=21988574881100" "Mozilla/5.0 (Windows NT 10.0; Win64; x64) AppleWebKit/537.36 (KHTML, like Gecko) Chrome/148.0.0.0 Safari/537.36 Edg/148.0.0.0"
82.52.133.70 - - [04/Jun/2026:18:56:16 +0200] "GET /index.php/?h=21988574881100 HTTP/2.0" 301 - "https://verona.elettroservicegroup.it/?h=21988574881100" "Mozilla/5.0 (Windows NT 10.0; Win64; x64; rv:151.0) Gecko/20100101 Firefox/151.0"
176.242.24.1 - - [04/Jun/2026:18:56:16 +0200] "GET /index.php/?h=21988574881100 HTTP/2.0" 301 - "https://verona.elettroservicegroup.it/?h=21988574881100" "Mozilla/5.0 (Windows NT 10.0; Win64; x64) AppleWebKit/537.36 (KHTML, like Gecko) Chrome/148.0.0.0 Safari/537.36"
95.233.89.58 - - [04/Jun/2026:18:56:17 +0200] "GET /?h=21988574881100 HTTP/2.0" 301 313 "https://verona.elettroservicegroup.it/" "Mozilla/5.0 (Windows NT 10.0; Win64; x64) AppleWebKit/537.36 (KHTML, like Gecko) Chrome/148.0.0.0 Safari/537.36 Edg/148.0.0.0"
95.233.89.58 - - [04/Jun/2026:18:56:17 +0200] "GET /index.php/?h=21988574881100 HTTP/2.0" 301 - "https://verona.elettroservicegroup.it/?h=21988574881100" "Mozilla/5.0 (Windows NT 10.0; Win64; x64) AppleWebKit/537.36 (KHTML, like Gecko) Chrome/148.0.0.0 Safari/537.36 Edg/148.0.0.0"
93.34.81.160 - - [04/Jun/2026:18:56:19 +0200] "GET / HTTP/2.0" 200 17436 "-" "Mozilla/5.0 (Windows NT 10.0; Win64; x64) AppleWebKit/537.36 (KHTML, like Gecko) Chrome/149.0.0.0 Safari/537.36"
93.34.81.160 - - [04/Jun/2026:18:56:19 +0200] "GET /wp-content/uploads/elementor/css/post-14146.css?ver=1780266487 HTTP/2.0" 301 311 "https://verona.elettroservicegroup.it/" "Mozilla/5.0 (Windows NT 10.0; Win64; x64) AppleWebKit/537.36 (KHTML, like Gecko) Chrome/149.0.0.0 Safari/537.36"
93.34.81.160 - - [04/Jun/2026:18:56:19 +0200] "GET /wp-content/cache/wpfc-minified/7nurcgsz/4bjg3.css HTTP/2.0" 200 11331 "https://verona.elettroservicegroup.it/" "Mozilla/5.0 (Windows NT 10.0; Win64; x64) AppleWebKit/537.36 (KHTML, like Gecko) Chrome/149.0.0.0 Safari/537.36"
93.34.81.160 - - [04/Jun/2026:18:56:19 +0200] "GET /wp-content/cache/wpfc-minified/78qpxw46/4bjg3.css HTTP/2.0" 200 15846 "https://verona.elettroservicegroup.it/" "Mozilla/5.0 (Windows NT 10.0; Win64; x64) AppleWebKit/537.36 (KHTML, like Gecko) Chrome/149.0.0.0 Safari/537.36"
93.34.81.160 - - [04/Jun/2026:18:56:19 +0200] "GET /wp-content/uploads/2021/10/cropped-logo_white_background.png HTTP/2.0" 200 7840 "https://verona.elettroservicegroup.it/" "Mozilla/5.0 (Windows NT 10.0; Win64; x64) AppleWebKit/537.36 (KHTML, like Gecko) Chrome/149.0.0.0 Safari/537.36"
93.34.81.160 - - [04/Jun/2026:18:56:19 +0200] "GET /wp-content/uploads/2021/10/cropped-cropped-cropped-logo_white_background.png HTTP/2.0" 200 7840 "https://verona.elettroservicegroup.it/" "Mozilla/5.0 (Windows NT 10.0; Win64; x64) AppleWebKit/537.36 (KHTML, like Gecko) Chrome/149.0.0.0 Safari/537.36"
93.34.81.160 - - [04/Jun/2026:18:56:19 +0200] "GET /wp-content/uploads/elementor/css/post-14366.css?ver=1780266487 HTTP/2.0" 301 311 "https://verona.elettroservicegroup.it/" "Mozilla/5.0 (Windows NT 10.0; Win64; x64) AppleWebKit/537.36 (KHTML, like Gecko) Chrome/149.0.0.0 Safari/537.36"
93.34.81.160 - - [04/Jun/2026:18:56:19 +0200] "GET /wp-content/plugins/gp-premium/menu-plus/functions/js/sticky.min.js?ver=2.5.5 HTTP/2.0" 200 2670 "https://verona.elettroservicegroup.it/" "Mozilla/5.0 (Windows NT 10.0; Win64; x64) AppleWebKit/537.36 (KHTML, like Gecko) Chrome/149.0.0.0 Safari/537.36"
93.34.81.160 - - [04/Jun/2026:18:56:19 +0200] "GET /wp-content/cache/wpfc-minified/mn4hh930/4bjg3.css HTTP/2.0" 200 4410 "https://verona.elettroservicegroup.it/" "Mozilla/5.0 (Windows NT 10.0; Win64; x64) AppleWebKit/537.36 (KHTML, like Gecko) Chrome/149.0.0.0 Safari/537.36"
93.34.81.160 - - [04/Jun/2026:18:56:19 +0200] "GET /wp-content/cache/wpfc-minified/eg1ykon9/4bjg2.css HTTP/2.0" 200 2039 "https://verona.elettroservicegroup.it/" "Mozilla/5.0 (Windows NT 10.0; Win64; x64) AppleWebKit/537.36 (KHTML, like Gecko) Chrome/149.0.0.0 Safari/537.36"
93.34.81.160 - - [04/Jun/2026:18:56:19 +0200] "GET /wp-content/cache/wpfc-minified/l12cdv0q/4bjg3.css HTTP/2.0" 200 19913 "https://verona.elettroservicegroup.it/" "Mozilla/5.0 (Windows NT 10.0; Win64; x64) AppleWebKit/537.36 (KHTML, like Gecko) Chrome/149.0.0.0 Safari/537.36"
93.34.81.160 - - [04/Jun/2026:18:56:19 +0200] "GET /wp-content/cache/wpfc-minified/46rx6gy/4bjg3.css HTTP/2.0" 200 23329 "https://verona.elettroservicegroup.it/" "Mozilla/5.0 (Windows NT 10.0; Win64; x64) AppleWebKit/537.36 (KHTML, like Gecko) Chrome/149.0.0.0 Safari/537.36"
93.34.81.160 - - [04/Jun/2026:18:56:19 +0200] "GET /wp-content/cache/wpfc-minified/fs9xez6n/4bjg3.js HTTP/2.0" 200 37590 "https://verona.elettroservicegroup.it/" "Mozilla/5.0 (Windows NT 10.0; Win64; x64) AppleWebKit/537.36 (KHTML, like Gecko) Chrome/149.0.0.0 Safari/537.36"
93.34.81.160 - - [04/Jun/2026:18:56:19 +0200] "GET /index.php/?ver=1780266487 HTTP/2.0" 301 - "https://verona.elettroservicegroup.it/" "Mozilla/5.0 (Windows NT 10.0; Win64; x64) AppleWebKit/537.36 (KHTML, like Gecko) Chrome/149.0.0.0 Safari/537.36"
93.34.81.160 - - [04/Jun/2026:18:56:19 +0200] "GET /wp-content/themes/generatepress/assets/js/menu.min.js?ver=3.6.1 HTTP/2.0" 200 1688 "https://verona.elettroservicegroup.it/" "Mozilla/5.0 (Windows NT 10.0; Win64; x64) AppleWebKit/537.36 (KHTML, like Gecko) Chrome/149.0.0.0 Safari/537.36"
93.34.81.160 - - [04/Jun/2026:18:56:19 +0200] "GET /wp-content/themes/generatepress/assets/js/back-to-top.min.js?ver=3.6.1 HTTP/2.0" 200 336 "https://verona.elettroservicegroup.it/" "Mozilla/5.0 (Windows NT 10.0; Win64; x64) AppleWebKit/537.36 (KHTML, like Gecko) Chrome/149.0.0.0 Safari/537.36"
93.34.81.160 - - [04/Jun/2026:18:56:19 +0200] "GET /index.php/?ver=1780266487 HTTP/2.0" 301 - "https://verona.elettroservicegroup.it/" "Mozilla/5.0 (Windows NT 10.0; Win64; x64) AppleWebKit/537.36 (KHTML, like Gecko) Chrome/149.0.0.0 Safari/537.36"
93.34.81.160 - - [04/Jun/2026:18:56:19 +0200] "GET /wp-content/plugins/elementor/assets/js/webpack.runtime.min.js?ver=4.1.1 HTTP/2.0" 200 2340 "https://verona.elettroservicegroup.it/" "Mozilla/5.0 (Windows NT 10.0; Win64; x64) AppleWebKit/537.36 (KHTML, like Gecko) Chrome/149.0.0.0 Safari/537.36"
93.34.81.160 - - [04/Jun/2026:18:56:19 +0200] "GET /wp-content/plugins/elementor/assets/js/frontend-modules.min.js?ver=4.1.1 HTTP/2.0" 200 15454 "https://verona.elettroservicegroup.it/" "Mozilla/5.0 (Windows NT 10.0; Win64; x64) AppleWebKit/537.36 (KHTML, like Gecko) Chrome/149.0.0.0 Safari/537.36"
93.34.81.160 - - [04/Jun/2026:18:56:19 +0200] "GET /wp-content/plugins/elementor/assets/js/frontend.min.js?ver=4.1.1 HTTP/2.0" 200 10776 "https://verona.elettroservicegroup.it/" "Mozilla/5.0 (Windows NT 10.0; Win64; x64) AppleWebKit/537.36 (KHTML, like Gecko) Chrome/149.0.0.0 Safari/537.36"
93.34.81.160 - - [04/Jun/2026:18:56:19 +0200] "GET /wp-includes/js/jquery/ui/core.min.js?ver=1.13.3 HTTP/2.0" 200 6820 "https://verona.elettroservicegroup.it/" "Mozilla/5.0 (Windows NT 10.0; Win64; x64) AppleWebKit/537.36 (KHTML, like Gecko) Chrome/149.0.0.0 Safari/537.36"
93.34.81.160 - - [04/Jun/2026:18:56:19 +0200] "GET /wp-content/plugins/complianz-gdpr-premium/cookiebanner/js/complianz.min.js?ver=1775575108 HTTP/2.0" 200 10708 "https://verona.elettroservicegroup.it/" "Mozilla/5.0 (Windows NT 10.0; Win64; x64) AppleWebKit/537.36 (KHTML, like Gecko) Chrome/149.0.0.0 Safari/537.36"
93.34.81.160 - - [04/Jun/2026:18:56:19 +0200] "GET /wp-content/uploads/2018/02/post-10-150x150.jpg HTTP/2.0" 200 6673 "https://verona.elettroservicegroup.it/" "Mozilla/5.0 (Windows NT 10.0; Win64; x64) AppleWebKit/537.36 (KHTML, like Gecko) Chrome/149.0.0.0 Safari/537.36"
93.34.81.160 - - [04/Jun/2026:18:56:19 +0200] "GET /wp-content/uploads/2018/02/post-4-150x150.jpg HTTP/2.0" 200 5859 "https://verona.elettroservicegroup.it/" "Mozilla/5.0 (Windows NT 10.0; Win64; x64) AppleWebKit/537.36 (KHTML, like Gecko) Chrome/149.0.0.0 Safari/537.36"
93.34.81.160 - - [04/Jun/2026:18:56:19 +0200] "GET /wp-content/uploads/2018/02/post-3-150x150.jpg HTTP/2.0" 200 6050 "https://verona.elettroservicegroup.it/" "Mozilla/5.0 (Windows NT 10.0; Win64; x64) AppleWebKit/537.36 (KHTML, like Gecko) Chrome/149.0.0.0 Safari/537.36"
93.34.81.160 - - [04/Jun/2026:18:56:19 +0200] "GET /wp-content/uploads/2018/02/post-9-150x150.jpg HTTP/2.0" 200 5362 "https://verona.elettroservicegroup.it/" "Mozilla/5.0 (Windows NT 10.0; Win64; x64) AppleWebKit/537.36 (KHTML, like Gecko) Chrome/149.0.0.0 Safari/537.36"
93.34.81.160 - - [04/Jun/2026:18:56:19 +0200] "GET /wp-content/uploads/2018/02/post-8-150x150.jpg HTTP/2.0" 200 5029 "https://verona.elettroservicegroup.it/" "Mozilla/5.0 (Windows NT 10.0; Win64; x64) AppleWebKit/537.36 (KHTML, like Gecko) Chrome/149.0.0.0 Safari/537.36"
93.34.81.160 - - [04/Jun/2026:18:56:19 +0200] "GET /wp-content/uploads/2018/02/post-7-150x150.jpg HTTP/2.0" 200 5628 "https://verona.elettroservicegroup.it/" "Mozilla/5.0 (Windows NT 10.0; Win64; x64) AppleWebKit/537.36 (KHTML, like Gecko) Chrome/149.0.0.0 Safari/537.36"
93.34.81.160 - - [04/Jun/2026:18:56:19 +0200] "GET /wp-content/uploads/2018/02/post-6-150x150.jpg HTTP/2.0" 200 7418 "https://verona.elettroservicegroup.it/" "Mozilla/5.0 (Windows NT 10.0; Win64; x64) AppleWebKit/537.36 (KHTML, like Gecko) Chrome/149.0.0.0 Safari/537.36"
93.34.81.160 - - [04/Jun/2026:18:56:19 +0200] "GET /wp-content/uploads/2018/02/post-5-150x150.jpg HTTP/2.0" 200 6659 "https://verona.elettroservicegroup.it/" "Mozilla/5.0 (Windows NT 10.0; Win64; x64) AppleWebKit/537.36 (KHTML, like Gecko) Chrome/149.0.0.0 Safari/537.36"
93.34.81.160 - - [04/Jun/2026:18:56:19 +0200] "GET /wp-content/uploads/2018/02/post-2-150x150.jpg HTTP/2.0" 200 5344 "https://verona.elettroservicegroup.it/" "Mozilla/5.0 (Windows NT 10.0; Win64; x64) AppleWebKit/537.36 (KHTML, like Gecko) Chrome/149.0.0.0 Safari/537.36"
93.34.81.160 - - [04/Jun/2026:18:56:19 +0200] "GET /wp-content/uploads/elementor/google-fonts/fonts/robotoslab-bngmuxzytxpivibgjjsb6ufn5qu.woff2 HTTP/2.0" 200 34328 "https://verona.elettroservicegroup.it/wp-content/cache/wpfc-minified/eg1ykon9/4bjg2.css" "Mozilla/5.0 (Windows NT 10.0; Win64; x64) AppleWebKit/537.36 (KHTML, like Gecko) Chrome/149.0.0.0 Safari/537.36"
93.34.81.160 - - [04/Jun/2026:18:56:19 +0200] "GET /wp-json/complianz/v1/banner?lang=it&locale=it_IT&token=ldcft HTTP/2.0" 301 337 "https://verona.elettroservicegroup.it/" "Mozilla/5.0 (Windows NT 10.0; Win64; x64) AppleWebKit/537.36 (KHTML, like Gecko) Chrome/149.0.0.0 Safari/537.36"
93.34.81.160 - - [04/Jun/2026:18:56:19 +0200] "GET /wp-content/plugins/elementor/assets/js/section-frontend-handlers.d85ab872da118940910d.bundle.min.js HTTP/2.0" 200 230 "https://verona.elettroservicegroup.it/" "Mozilla/5.0 (Windows NT 10.0; Win64; x64) AppleWebKit/537.36 (KHTML, like Gecko) Chrome/149.0.0.0 Safari/537.36"
93.34.81.160 - - [04/Jun/2026:18:56:19 +0200] "GET /wp-content/plugins/elementor/assets/js/text-editor.45609661e409413f1cef.bundle.min.js HTTP/2.0" 200 592 "https://verona.elettroservicegroup.it/" "Mozilla/5.0 (Windows NT 10.0; Win64; x64) AppleWebKit/537.36 (KHTML, like Gecko) Chrome/149.0.0.0 Safari/537.36"
93.34.81.160 - - [04/Jun/2026:18:56:19 +0200] "GET /wp-content/plugins/elementor/assets/js/shared-frontend-handlers.03caa53373b56d3bab67.bundle.min.js HTTP/2.0" 200 2515 "https://verona.elettroservicegroup.it/" "Mozilla/5.0 (Windows NT 10.0; Win64; x64) AppleWebKit/537.36 (KHTML, like Gecko) Chrome/149.0.0.0 Safari/537.36"
93.34.81.160 - - [04/Jun/2026:18:56:19 +0200] "GET /index.php/?lang=it&locale=it_IT&token=ldcft HTTP/2.0" 301 - "https://verona.elettroservicegroup.it/" "Mozilla/5.0 (Windows NT 10.0; Win64; x64) AppleWebKit/537.36 (KHTML, like Gecko) Chrome/149.0.0.0 Safari/537.36"
93.34.81.160 - - [04/Jun/2026:18:56:23 +0200] "POST /wp-json/complianz/v1/track HTTP/2.0" 301 296 "https://verona.elettroservicegroup.it/" "Mozilla/5.0 (Windows NT 10.0; Win64; x64) AppleWebKit/537.36 (KHTML, like Gecko) Chrome/149.0.0.0 Safari/537.36"
93.34.81.160 - - [04/Jun/2026:18:56:23 +0200] "GET /?h=21988574881100 HTTP/2.0" 301 313 "-" "Mozilla/5.0 (Windows NT 10.0; Win64; x64) AppleWebKit/537.36 (KHTML, like Gecko) Chrome/149.0.0.0 Safari/537.36"
93.34.81.160 - - [04/Jun/2026:18:56:23 +0200] "GET /index.php/ HTTP/2.0" 301 - "https://verona.elettroservicegroup.it/" "Mozilla/5.0 (Windows NT 10.0; Win64; x64) AppleWebKit/537.36 (KHTML, like Gecko) Chrome/149.0.0.0 Safari/537.36"
93.34.81.160 - - [04/Jun/2026:18:56:23 +0200] "GET /index.php/?h=21988574881100 HTTP/2.0" 301 - "-" "Mozilla/5.0 (Windows NT 10.0; Win64; x64) AppleWebKit/537.36 (KHTML, like Gecko) Chrome/149.0.0.0 Safari/537.36"
93.34.81.160 - - [04/Jun/2026:18:56:23 +0200] "GET /favicon.ico HTTP/2.0" 301 296 "https://verona.elettroservicegroup.it/index.php/?h=21988574881100" "Mozilla/5.0 (Windows NT 10.0; Win64; x64) AppleWebKit/537.36 (KHTML, like Gecko) Chrome/149.0.0.0 Safari/537.36"
93.34.81.160 - - [04/Jun/2026:18:56:23 +0200] "GET /index.php/ HTTP/2.0" 301 - "https://verona.elettroservicegroup.it/index.php/?h=21988574881100" "Mozilla/5.0 (Windows NT 10.0; Win64; x64) AppleWebKit/537.36 (KHTML, like Gecko) Chrome/149.0.0.0 Safari/537.36"
66.249.64.11 - - [04/Jun/2026:18:56:32 +0200] "GET /?h=1356497641100 HTTP/1.1" 301 312 "-" "Mozilla/5.0 (Linux; Android 6.0.1; Nexus 5X Build/MMB29P) AppleWebKit/537.36 (KHTML, like Gecko) Chrome/148.0.7778.96 Mobile Safari/537.36 (compatible; Googlebot/2.1; +http://www.google.com/bot.html)"
66.249.64.10 - - [04/Jun/2026:18:56:33 +0200] "GET /index.php/?h=1356497641100 HTTP/1.1" 301 - "-" "Mozilla/5.0 (Linux; Android 6.0.1; Nexus 5X Build/MMB29P) AppleWebKit/537.36 (KHTML, like Gecko) Chrome/148.0.7778.96 Mobile Safari/537.36 (compatible; Googlebot/2.1; +http://www.google.com/bot.html)"
216.73.217.169 - - [04/Jun/2026:18:57:36 +0200] "GET /?h=44394252201100 HTTP/2.0" 301 313 "-" "Mozilla/5.0 AppleWebKit/537.36 (KHTML, like Gecko; compatible; ClaudeBot/1.0; +claudebot@anthropic.com)"
216.73.217.169 - - [04/Jun/2026:18:57:37 +0200] "GET /index.php/?h=44394252201100 HTTP/2.0" 301 - "https://verona.elettroservicegroup.it/?h=44394252201100" "Mozilla/5.0 AppleWebKit/537.36 (KHTML, like Gecko; compatible; ClaudeBot/1.0; +claudebot@anthropic.com)"
66.249.64.12 - - [04/Jun/2026:18:59:56 +0200] "GET /?h=26327489921100 HTTP/1.1" 301 313 "-" "Mozilla/5.0 (Linux; Android 6.0.1; Nexus 5X Build/MMB29P) AppleWebKit/537.36 (KHTML, like Gecko) Chrome/148.0.7778.96 Mobile Safari/537.36 (compatible; GoogleOther)"
66.249.64.11 - - [04/Jun/2026:19:00:41 +0200] "GET /index.php/?h=26327489921100 HTTP/1.1" 301 - "-" "Mozilla/5.0 (Linux; Android 6.0.1; Nexus 5X Build/MMB29P) AppleWebKit/537.36 (KHTML, like Gecko) Chrome/148.0.7778.96 Mobile Safari/537.36 (compatible; GoogleOther)"
66.249.64.10 - - [04/Jun/2026:19:01:15 +0200] "GET /?h=15357186921100 HTTP/1.1" 301 313 "-" "Mozilla/5.0 (Linux; Android 6.0.1; Nexus 5X Build/MMB29P) AppleWebKit/537.36 (KHTML, like Gecko) Chrome/148.0.7778.96 Mobile Safari/537.36 (compatible; GoogleOther)"
66.249.64.11 - - [04/Jun/2026:19:01:39 +0200] "GET /index.php/?h=15357186921100 HTTP/1.1" 301 - "-" "Mozilla/5.0 (Linux; Android 6.0.1; Nexus 5X Build/MMB29P) AppleWebKit/537.36 (KHTML, like Gecko) Chrome/148.0.7778.96 Mobile Safari/537.36 (compatible; GoogleOther)"
66.249.64.10 - - [04/Jun/2026:19:01:40 +0200] "GET /?h=15365124361100 HTTP/1.1" 301 313 "-" "Mozilla/5.0 (Linux; Android 6.0.1; Nexus 5X Build/MMB29P) AppleWebKit/537.36 (KHTML, like Gecko) Chrome/148.0.7778.96 Mobile Safari/537.36 (compatible; GoogleOther)"
66.249.64.11 - - [04/Jun/2026:19:01:41 +0200] "GET /index.php/?h=15365124361100 HTTP/1.1" 301 - "-" "Mozilla/5.0 (Linux; Android 6.0.1; Nexus 5X Build/MMB29P) AppleWebKit/537.36 (KHTML, like Gecko) Chrome/148.0.7778.96 Mobile Safari/537.36 (compatible; GoogleOther)"
66.249.64.10 - - [04/Jun/2026:19:01:50 +0200] "GET /?h=27601762361100 HTTP/1.1" 301 313 "-" "Mozilla/5.0 (Linux; Android 6.0.1; Nexus 5X Build/MMB29P) AppleWebKit/537.36 (KHTML, like Gecko) Chrome/148.0.7778.96 Mobile Safari/537.36 (compatible; Googlebot/2.1; +http://www.google.com/bot.html)"
66.249.64.10 - - [04/Jun/2026:19:01:50 +0200] "GET /index.php/?h=27601762361100 HTTP/1.1" 301 - "-" "Mozilla/5.0 (Linux; Android 6.0.1; Nexus 5X Build/MMB29P) AppleWebKit/537.36 (KHTML, like Gecko) Chrome/148.0.7778.96 Mobile Safari/537.36 (compatible; Googlebot/2.1; +http://www.google.com/bot.html)"
66.249.64.10 - - [04/Jun/2026:19:01:58 +0200] "GET /?h=29795763281100 HTTP/1.1" 301 313 "-" "Mozilla/5.0 (Linux; Android 6.0.1; Nexus 5X Build/MMB29P) AppleWebKit/537.36 (KHTML, like Gecko) Chrome/148.0.7778.96 Mobile Safari/537.36 (compatible; GoogleOther)"
66.249.64.12 - - [04/Jun/2026:19:02:02 +0200] "GET /index.php/?h=29795763281100 HTTP/1.1" 301 - "-" "Mozilla/5.0 (Linux; Android 6.0.1; Nexus 5X Build/MMB29P) AppleWebKit/537.36 (KHTML, like Gecko) Chrome/148.0.7778.96 Mobile Safari/537.36 (compatible; GoogleOther)"
66.249.64.10 - - [04/Jun/2026:19:02:05 +0200] "GET /?h=29844820241100 HTTP/1.1" 301 313 "-" "Mozilla/5.0 (Linux; Android 6.0.1; Nexus 5X Build/MMB29P) AppleWebKit/537.36 (KHTML, like Gecko) Chrome/148.0.7778.96 Mobile Safari/537.36 (compatible; GoogleOther)"
66.249.64.11 - - [04/Jun/2026:19:02:07 +0200] "GET /index.php/?h=29844820241100 HTTP/1.1" 301 - "-" "Mozilla/5.0 (Linux; Android 6.0.1; Nexus 5X Build/MMB29P) AppleWebKit/537.36 (KHTML, like Gecko) Chrome/148.0.7778.96 Mobile Safari/537.36 (compatible; GoogleOther)"
66.249.64.10 - - [04/Jun/2026:19:02:14 +0200] "GET /?h=7054415801100 HTTP/1.1" 301 312 "-" "Mozilla/5.0 (Linux; Android 6.0.1; Nexus 5X Build/MMB29P) AppleWebKit/537.36 (KHTML, like Gecko) Chrome/148.0.7778.96 Mobile Safari/537.36 (compatible; GoogleOther)"
47.82.11.191 - - [04/Jun/2026:19:02:15 +0200] "GET /robots.txt HTTP/1.1" 200 79 "-" "Mozilla/5.0 (Macintosh; Intel Mac OS X 10_15_7) AppleWebKit/537.36 (KHTML, like Gecko) Chrome/128.0.0.0 Safari/537.36"
66.249.64.10 - - [04/Jun/2026:19:02:16 +0200] "GET /index.php/?h=7054415801100 HTTP/1.1" 301 - "-" "Mozilla/5.0 (Linux; Android 6.0.1; Nexus 5X Build/MMB29P) AppleWebKit/537.36 (KHTML, like Gecko) Chrome/148.0.7778.96 Mobile Safari/537.36 (compatible; GoogleOther)"
66.249.64.10 - - [04/Jun/2026:19:02:26 +0200] "GET /?h=16123299081100 HTTP/1.1" 301 313 "-" "Mozilla/5.0 (Linux; Android 6.0.1; Nexus 5X Build/MMB29P) AppleWebKit/537.36 (KHTML, like Gecko) Chrome/148.0.7778.96 Mobile Safari/537.36 (compatible; GoogleOther)"
66.249.64.10 - - [04/Jun/2026:19:02:28 +0200] "GET /index.php/?h=16123299081100 HTTP/1.1" 301 - "-" "Mozilla/5.0 (Linux; Android 6.0.1; Nexus 5X Build/MMB29P) AppleWebKit/537.36 (KHTML, like Gecko) Chrome/148.0.7778.96 Mobile Safari/537.36 (compatible; GoogleOther)"
47.82.11.191 - - [04/Jun/2026:19:02:30 +0200] "GET /sitemap.txt HTTP/1.1" 301 296 "-" "Mozilla/5.0 (Macintosh; Intel Mac OS X 10_15_7) AppleWebKit/537.36 (KHTML, like Gecko) Chrome/128.0.0.0 Safari/537.36"
172.213.21.18 - - [04/Jun/2026:19:02:32 +0200] "GET /?h=9168922961100 HTTP/2.0" 301 312 "-" "Mozilla/5.0 AppleWebKit/537.36 (KHTML, like Gecko); compatible; ChatGPT-User/1.0; +https://openai.com/bot"
172.213.21.18 - - [04/Jun/2026:19:02:32 +0200] "GET /index.php/?h=9168922961100 HTTP/2.0" 301 - "-" "Mozilla/5.0 AppleWebKit/537.36 (KHTML, like Gecko); compatible; ChatGPT-User/1.0; +https://openai.com/bot"
66.249.64.10 - - [04/Jun/2026:19:02:36 +0200] "GET /?h=35796602201100 HTTP/1.1" 301 313 "-" "Mozilla/5.0 (Linux; Android 6.0.1; Nexus 5X Build/MMB29P) AppleWebKit/537.36 (KHTML, like Gecko) Chrome/148.0.7778.96 Mobile Safari/537.36 (compatible; Googlebot/2.1; +http://www.google.com/bot.html)"
66.249.64.10 - - [04/Jun/2026:19:02:36 +0200] "GET /index.php/?h=35796602201100 HTTP/1.1" 301 - "-" "Mozilla/5.0 (Linux; Android 6.0.1; Nexus 5X Build/MMB29P) AppleWebKit/537.36 (KHTML, like Gecko) Chrome/148.0.7778.96 Mobile Safari/537.36 (compatible; Googlebot/2.1; +http://www.google.com/bot.html)"
66.249.64.10 - - [04/Jun/2026:19:02:37 +0200] "GET /?h=15527991081100 HTTP/1.1" 301 313 "-" "Mozilla/5.0 (Linux; Android 6.0.1; Nexus 5X Build/MMB29P) AppleWebKit/537.36 (KHTML, like Gecko) Chrome/148.0.7778.96 Mobile Safari/537.36 (compatible; GoogleOther)"
66.249.64.10 - - [04/Jun/2026:19:02:39 +0200] "GET /index.php/?h=15527991081100 HTTP/1.1" 301 - "-" "Mozilla/5.0 (Linux; Android 6.0.1; Nexus 5X Build/MMB29P) AppleWebKit/537.36 (KHTML, like Gecko) Chrome/148.0.7778.96 Mobile Safari/537.36 (compatible; GoogleOther)"
66.249.64.10 - - [04/Jun/2026:19:02:49 +0200] "GET /?h=15972383281100 HTTP/1.1" 301 313 "-" "Mozilla/5.0 (Linux; Android 6.0.1; Nexus 5X Build/MMB29P) AppleWebKit/537.36 (KHTML, like Gecko) Chrome/148.0.7778.96 Mobile Safari/537.36 (compatible; GoogleOther)"
66.249.64.10 - - [04/Jun/2026:19:02:50 +0200] "GET /index.php/?h=15972383281100 HTTP/1.1" 301 - "-" "Mozilla/5.0 (Linux; Android 6.0.1; Nexus 5X Build/MMB29P) AppleWebKit/537.36 (KHTML, like Gecko) Chrome/148.0.7778.96 Mobile Safari/537.36 (compatible; GoogleOther)"
74.7.228.204 - - [04/Jun/2026:19:02:52 +0200] "GET /?h=9168922961100 HTTP/2.0" 301 - "-" "Mozilla/5.0 (Macintosh; Intel Mac OS X 10_15_7) AppleWebKit/537.36 (KHTML, like Gecko) Chrome/131.0.0.0 Safari/537.36; compatible; OAI-SearchBot/1.4; +https://openai.com/searchbot"
66.249.64.11 - - [04/Jun/2026:19:03:12 +0200] "GET /?h=33714919041100 HTTP/1.1" 301 313 "-" "Mozilla/5.0 (Linux; Android 6.0.1; Nexus 5X Build/MMB29P) AppleWebKit/537.36 (KHTML, like Gecko) Chrome/148.0.7778.96 Mobile Safari/537.36 (compatible; GoogleOther)"
66.249.64.12 - - [04/Jun/2026:19:03:13 +0200] "GET /index.php/?h=33714919041100 HTTP/1.1" 301 - "-" "Mozilla/5.0 (Linux; Android 6.0.1; Nexus 5X Build/MMB29P) AppleWebKit/537.36 (KHTML, like Gecko) Chrome/148.0.7778.96 Mobile Safari/537.36 (compatible; GoogleOther)"
66.249.64.10 - - [04/Jun/2026:19:03:15 +0200] "GET /?h=37957048041100 HTTP/1.1" 301 313 "-" "Mozilla/5.0 (Linux; Android 6.0.1; Nexus 5X Build/MMB29P) AppleWebKit/537.36 (KHTML, like Gecko) Chrome/148.0.7778.96 Mobile Safari/537.36 (compatible; Googlebot/2.1; +http://www.google.com/bot.html)"
66.249.64.10 - - [04/Jun/2026:19:03:15 +0200] "GET /index.php/?h=37957048041100 HTTP/1.1" 301 - "-" "Mozilla/5.0 (Linux; Android 6.0.1; Nexus 5X Build/MMB29P) AppleWebKit/537.36 (KHTML, like Gecko) Chrome/148.0.7778.96 Mobile Safari/537.36 (compatible; Googlebot/2.1; +http://www.google.com/bot.html)"
66.249.64.10 - - [04/Jun/2026:19:03:36 +0200] "GET /?h=14562637241100 HTTP/1.1" 301 313 "-" "Mozilla/5.0 (Linux; Android 6.0.1; Nexus 5X Build/MMB29P) AppleWebKit/537.36 (KHTML, like Gecko) Chrome/148.0.7778.96 Mobile Safari/537.36 (compatible; GoogleOther)"
66.249.64.10 - - [04/Jun/2026:19:03:40 +0200] "GET /index.php/?h=14562637241100 HTTP/1.1" 301 - "-" "Mozilla/5.0 (Linux; Android 6.0.1; Nexus 5X Build/MMB29P) AppleWebKit/537.36 (KHTML, like Gecko) Chrome/148.0.7778.96 Mobile Safari/537.36 (compatible; GoogleOther)"
66.249.64.10 - - [04/Jun/2026:19:03:57 +0200] "GET /?h=29635268841100 HTTP/1.1" 301 313 "-" "Mozilla/5.0 (Linux; Android 6.0.1; Nexus 5X Build/MMB29P) AppleWebKit/537.36 (KHTML, like Gecko) Chrome/148.0.7778.96 Mobile Safari/537.36 (compatible; GoogleOther)"
66.249.64.10 - - [04/Jun/2026:19:04:00 +0200] "GET /index.php/?h=29635268841100 HTTP/1.1" 301 - "-" "Mozilla/5.0 (Linux; Android 6.0.1; Nexus 5X Build/MMB29P) AppleWebKit/537.36 (KHTML, like Gecko) Chrome/148.0.7778.96 Mobile Safari/537.36 (compatible; GoogleOther)"
216.73.217.169 - - [04/Jun/2026:19:04:08 +0200] "GET /?h=7683830921100 HTTP/2.0" 301 312 "-" "Mozilla/5.0 AppleWebKit/537.36 (KHTML, like Gecko; compatible; ClaudeBot/1.0; +claudebot@anthropic.com)"
216.73.217.169 - - [04/Jun/2026:19:04:08 +0200] "GET /?h=11632602881100 HTTP/2.0" 301 313 "-" "Mozilla/5.0 AppleWebKit/537.36 (KHTML, like Gecko; compatible; ClaudeBot/1.0; +claudebot@anthropic.com)"
216.73.217.169 - - [04/Jun/2026:19:04:08 +0200] "GET /index.php/?h=7683830921100 HTTP/2.0" 301 - "https://verona.elettroservicegroup.it/?h=7683830921100" "Mozilla/5.0 AppleWebKit/537.36 (KHTML, like Gecko; compatible; ClaudeBot/1.0; +claudebot@anthropic.com)"
216.73.217.169 - - [04/Jun/2026:19:04:08 +0200] "GET /index.php/?h=11632602881100 HTTP/2.0" 301 - "https://verona.elettroservicegroup.it/?h=11632602881100" "Mozilla/5.0 AppleWebKit/537.36 (KHTML, like Gecko; compatible; ClaudeBot/1.0; +claudebot@anthropic.com)"
66.249.64.10 - - [04/Jun/2026:19:04:20 +0200] "GET /?h=37335764321100 HTTP/1.1" 301 313 "-" "Mozilla/5.0 (Linux; Android 6.0.1; Nexus 5X Build/MMB29P) AppleWebKit/537.36 (KHTML, like Gecko) Chrome/148.0.7778.96 Mobile Safari/537.36 (compatible; GoogleOther)"
66.249.64.10 - - [04/Jun/2026:19:04:23 +0200] "GET /index.php/?h=37335764321100 HTTP/1.1" 301 - "-" "Mozilla/5.0 (Linux; Android 6.0.1; Nexus 5X Build/MMB29P) AppleWebKit/537.36 (KHTML, like Gecko) Chrome/148.0.7778.96 Mobile Safari/537.36 (compatible; GoogleOther)"
66.249.64.10 - - [04/Jun/2026:19:05:34 +0200] "GET /?h=39883399081100 HTTP/1.1" 301 313 "-" "Mozilla/5.0 (Linux; Android 6.0.1; Nexus 5X Build/MMB29P) AppleWebKit/537.36 (KHTML, like Gecko) Chrome/148.0.7778.96 Mobile Safari/537.36 (compatible; GoogleOther)"
66.249.64.12 - - [04/Jun/2026:19:06:13 +0200] "GET /index.php/?h=39883399081100 HTTP/1.1" 301 - "-" "Mozilla/5.0 (Linux; Android 6.0.1; Nexus 5X Build/MMB29P) AppleWebKit/537.36 (KHTML, like Gecko) Chrome/148.0.7778.96 Mobile Safari/537.36 (compatible; GoogleOther)"
66.249.64.11 - - [04/Jun/2026:19:07:10 +0200] "GET /productSearch/pictureSearch?id=16109751721100 HTTP/1.1" 301 314 "-" "Mozilla/5.0 (Linux; Android 6.0.1; Nexus 5X Build/MMB29P) AppleWebKit/537.36 (KHTML, like Gecko) Chrome/148.0.7778.96 Mobile Safari/537.36 (compatible; Googlebot/2.1; +http://www.google.com/bot.html)"
