78.4.136.150 - - [04/Jun/2026:15:24:43 +0200] "GET /wp-content/uploads/elementor/google-fonts/css/robotoslab.css?ver=1742280362 HTTP/2.0" 200 715 "https://parma.elettroservicegroup.it/assistenza-aeg-parma/?gad_source=1&gad_campaignid=23795906066&gbraid=0AAAABDgs-LSsBB5Sz3mJmgQ1KAVKobiy-&gclid=CjwKCAjwxITRBhBYEiwA6mZm7bgWF39jeLjqfNWNjVQRuFMv2aR2VjoJyuoizlFq3UAPqOUDEzHgLxoCdRMQAvD_BwE" "Mozilla/5.0 (Windows NT 10.0; Win64; x64) AppleWebKit/537.36 (KHTML, like Gecko) Chrome/148.0.0.0 Safari/537.36"
78.4.136.150 - - [04/Jun/2026:15:24:43 +0200] "GET /wp-content/themes/generatepress/assets/css/main.min.css?ver=3.6.1 HTTP/2.0" 200 4410 "https://parma.elettroservicegroup.it/assistenza-aeg-parma/?gad_source=1&gad_campaignid=23795906066&gbraid=0AAAABDgs-LSsBB5Sz3mJmgQ1KAVKobiy-&gclid=CjwKCAjwxITRBhBYEiwA6mZm7bgWF39jeLjqfNWNjVQRuFMv2aR2VjoJyuoizlFq3UAPqOUDEzHgLxoCdRMQAvD_BwE" "Mozilla/5.0 (Windows NT 10.0; Win64; x64) AppleWebKit/537.36 (KHTML, like Gecko) Chrome/148.0.0.0 Safari/537.36"
78.4.136.150 - - [04/Jun/2026:15:24:43 +0200] "GET /wp-content/plugins/elementor/assets/lib/font-awesome/css/brands.css?ver=5.15.3 HTTP/2.0" 200 298 "https://parma.elettroservicegroup.it/assistenza-aeg-parma/?gad_source=1&gad_campaignid=23795906066&gbraid=0AAAABDgs-LSsBB5Sz3mJmgQ1KAVKobiy-&gclid=CjwKCAjwxITRBhBYEiwA6mZm7bgWF39jeLjqfNWNjVQRuFMv2aR2VjoJyuoizlFq3UAPqOUDEzHgLxoCdRMQAvD_BwE" "Mozilla/5.0 (Windows NT 10.0; Win64; x64) AppleWebKit/537.36 (KHTML, like Gecko) Chrome/148.0.0.0 Safari/537.36"
78.4.136.150 - - [04/Jun/2026:15:24:43 +0200] "GET /wp-content/plugins/elementor/assets/lib/font-awesome/css/solid.min.css?ver=5.15.3 HTTP/2.0" 200 286 "https://parma.elettroservicegroup.it/assistenza-aeg-parma/?gad_source=1&gad_campaignid=23795906066&gbraid=0AAAABDgs-LSsBB5Sz3mJmgQ1KAVKobiy-&gclid=CjwKCAjwxITRBhBYEiwA6mZm7bgWF39jeLjqfNWNjVQRuFMv2aR2VjoJyuoizlFq3UAPqOUDEzHgLxoCdRMQAvD_BwE" "Mozilla/5.0 (Windows NT 10.0; Win64; x64) AppleWebKit/537.36 (KHTML, like Gecko) Chrome/148.0.0.0 Safari/537.36"
78.4.136.150 - - [04/Jun/2026:15:24:43 +0200] "GET /wp-content/uploads/elementor/google-fonts/css/roboto.css?ver=1742280360 HTTP/2.0" 200 1880 "https://parma.elettroservicegroup.it/assistenza-aeg-parma/?gad_source=1&gad_campaignid=23795906066&gbraid=0AAAABDgs-LSsBB5Sz3mJmgQ1KAVKobiy-&gclid=CjwKCAjwxITRBhBYEiwA6mZm7bgWF39jeLjqfNWNjVQRuFMv2aR2VjoJyuoizlFq3UAPqOUDEzHgLxoCdRMQAvD_BwE" "Mozilla/5.0 (Windows NT 10.0; Win64; x64) AppleWebKit/537.36 (KHTML, like Gecko) Chrome/148.0.0.0 Safari/537.36"
78.4.136.150 - - [04/Jun/2026:15:24:43 +0200] "GET /wp-content/plugins/elementor/assets/lib/font-awesome/css/regular.min.css?ver=5.15.3 HTTP/2.0" 200 282 "https://parma.elettroservicegroup.it/assistenza-aeg-parma/?gad_source=1&gad_campaignid=23795906066&gbraid=0AAAABDgs-LSsBB5Sz3mJmgQ1KAVKobiy-&gclid=CjwKCAjwxITRBhBYEiwA6mZm7bgWF39jeLjqfNWNjVQRuFMv2aR2VjoJyuoizlFq3UAPqOUDEzHgLxoCdRMQAvD_BwE" "Mozilla/5.0 (Windows NT 10.0; Win64; x64) AppleWebKit/537.36 (KHTML, like Gecko) Chrome/148.0.0.0 Safari/537.36"
78.4.136.150 - - [04/Jun/2026:15:24:43 +0200] "GET /wp-content/plugins/elementor/assets/lib/font-awesome/js/v4-shims.min.js?ver=4.1.1 HTTP/2.0" 200 4043 "https://parma.elettroservicegroup.it/assistenza-aeg-parma/?gad_source=1&gad_campaignid=23795906066&gbraid=0AAAABDgs-LSsBB5Sz3mJmgQ1KAVKobiy-&gclid=CjwKCAjwxITRBhBYEiwA6mZm7bgWF39jeLjqfNWNjVQRuFMv2aR2VjoJyuoizlFq3UAPqOUDEzHgLxoCdRMQAvD_BwE" "Mozilla/5.0 (Windows NT 10.0; Win64; x64) AppleWebKit/537.36 (KHTML, like Gecko) Chrome/148.0.0.0 Safari/537.36"
78.4.136.150 - - [04/Jun/2026:15:24:43 +0200] "GET /wp-content/uploads/2021/10/cropped-cropped-cropped-logo_white_background.png HTTP/2.0" 200 38971 "https://parma.elettroservicegroup.it/assistenza-aeg-parma/?gad_source=1&gad_campaignid=23795906066&gbraid=0AAAABDgs-LSsBB5Sz3mJmgQ1KAVKobiy-&gclid=CjwKCAjwxITRBhBYEiwA6mZm7bgWF39jeLjqfNWNjVQRuFMv2aR2VjoJyuoizlFq3UAPqOUDEzHgLxoCdRMQAvD_BwE" "Mozilla/5.0 (Windows NT 10.0; Win64; x64) AppleWebKit/537.36 (KHTML, like Gecko) Chrome/148.0.0.0 Safari/537.36"
78.4.136.150 - - [04/Jun/2026:15:24:43 +0200] "GET /wp-content/plugins/elementor/assets/lib/font-awesome/css/fontawesome.css?ver=5.15.3 HTTP/2.0" 200 12535 "https://parma.elettroservicegroup.it/assistenza-aeg-parma/?gad_source=1&gad_campaignid=23795906066&gbraid=0AAAABDgs-LSsBB5Sz3mJmgQ1KAVKobiy-&gclid=CjwKCAjwxITRBhBYEiwA6mZm7bgWF39jeLjqfNWNjVQRuFMv2aR2VjoJyuoizlFq3UAPqOUDEzHgLxoCdRMQAvD_BwE" "Mozilla/5.0 (Windows NT 10.0; Win64; x64) AppleWebKit/537.36 (KHTML, like Gecko) Chrome/148.0.0.0 Safari/537.36"
78.4.136.150 - - [04/Jun/2026:15:24:43 +0200] "GET /wp-content/plugins/elementor/assets/lib/font-awesome/css/fontawesome.min.css?ver=5.15.3 HTTP/2.0" 200 12179 "https://parma.elettroservicegroup.it/assistenza-aeg-parma/?gad_source=1&gad_campaignid=23795906066&gbraid=0AAAABDgs-LSsBB5Sz3mJmgQ1KAVKobiy-&gclid=CjwKCAjwxITRBhBYEiwA6mZm7bgWF39jeLjqfNWNjVQRuFMv2aR2VjoJyuoizlFq3UAPqOUDEzHgLxoCdRMQAvD_BwE" "Mozilla/5.0 (Windows NT 10.0; Win64; x64) AppleWebKit/537.36 (KHTML, like Gecko) Chrome/148.0.0.0 Safari/537.36"
78.4.136.150 - - [04/Jun/2026:15:24:43 +0200] "GET /wp-includes/js/jquery/jquery.min.js?ver=3.7.1 HTTP/2.0" 200 29769 "https://parma.elettroservicegroup.it/assistenza-aeg-parma/?gad_source=1&gad_campaignid=23795906066&gbraid=0AAAABDgs-LSsBB5Sz3mJmgQ1KAVKobiy-&gclid=CjwKCAjwxITRBhBYEiwA6mZm7bgWF39jeLjqfNWNjVQRuFMv2aR2VjoJyuoizlFq3UAPqOUDEzHgLxoCdRMQAvD_BwE" "Mozilla/5.0 (Windows NT 10.0; Win64; x64) AppleWebKit/537.36 (KHTML, like Gecko) Chrome/148.0.0.0 Safari/537.36"
78.4.136.150 - - [04/Jun/2026:15:24:43 +0200] "GET /wp-includes/js/jquery/jquery-migrate.min.js?ver=3.4.1 HTTP/2.0" 200 4685 "https://parma.elettroservicegroup.it/assistenza-aeg-parma/?gad_source=1&gad_campaignid=23795906066&gbraid=0AAAABDgs-LSsBB5Sz3mJmgQ1KAVKobiy-&gclid=CjwKCAjwxITRBhBYEiwA6mZm7bgWF39jeLjqfNWNjVQRuFMv2aR2VjoJyuoizlFq3UAPqOUDEzHgLxoCdRMQAvD_BwE" "Mozilla/5.0 (Windows NT 10.0; Win64; x64) AppleWebKit/537.36 (KHTML, like Gecko) Chrome/148.0.0.0 Safari/537.36"
78.4.136.150 - - [04/Jun/2026:15:24:43 +0200] "GET /wp-content/plugins/gp-premium/menu-plus/functions/js/sticky.min.js?ver=2.5.5 HTTP/2.0" 200 2670 "https://parma.elettroservicegroup.it/assistenza-aeg-parma/?gad_source=1&gad_campaignid=23795906066&gbraid=0AAAABDgs-LSsBB5Sz3mJmgQ1KAVKobiy-&gclid=CjwKCAjwxITRBhBYEiwA6mZm7bgWF39jeLjqfNWNjVQRuFMv2aR2VjoJyuoizlFq3UAPqOUDEzHgLxoCdRMQAvD_BwE" "Mozilla/5.0 (Windows NT 10.0; Win64; x64) AppleWebKit/537.36 (KHTML, like Gecko) Chrome/148.0.0.0 Safari/537.36"
78.4.136.150 - - [04/Jun/2026:15:24:43 +0200] "GET /wp-content/uploads/2021/10/cropped-logo_white_background.png HTTP/2.0" 200 16623 "https://parma.elettroservicegroup.it/assistenza-aeg-parma/?gad_source=1&gad_campaignid=23795906066&gbraid=0AAAABDgs-LSsBB5Sz3mJmgQ1KAVKobiy-&gclid=CjwKCAjwxITRBhBYEiwA6mZm7bgWF39jeLjqfNWNjVQRuFMv2aR2VjoJyuoizlFq3UAPqOUDEzHgLxoCdRMQAvD_BwE" "Mozilla/5.0 (Windows NT 10.0; Win64; x64) AppleWebKit/537.36 (KHTML, like Gecko) Chrome/148.0.0.0 Safari/537.36"
78.4.136.150 - - [04/Jun/2026:15:24:43 +0200] "GET /wp-content/plugins/elementor/assets/js/webpack.runtime.min.js?ver=4.1.1 HTTP/2.0" 200 2340 "https://parma.elettroservicegroup.it/assistenza-aeg-parma/?gad_source=1&gad_campaignid=23795906066&gbraid=0AAAABDgs-LSsBB5Sz3mJmgQ1KAVKobiy-&gclid=CjwKCAjwxITRBhBYEiwA6mZm7bgWF39jeLjqfNWNjVQRuFMv2aR2VjoJyuoizlFq3UAPqOUDEzHgLxoCdRMQAvD_BwE" "Mozilla/5.0 (Windows NT 10.0; Win64; x64) AppleWebKit/537.36 (KHTML, like Gecko) Chrome/148.0.0.0 Safari/537.36"
78.4.136.150 - - [04/Jun/2026:15:24:43 +0200] "GET /wp-content/plugins/elementor/assets/js/frontend-modules.min.js?ver=4.1.1 HTTP/2.0" 200 15454 "https://parma.elettroservicegroup.it/assistenza-aeg-parma/?gad_source=1&gad_campaignid=23795906066&gbraid=0AAAABDgs-LSsBB5Sz3mJmgQ1KAVKobiy-&gclid=CjwKCAjwxITRBhBYEiwA6mZm7bgWF39jeLjqfNWNjVQRuFMv2aR2VjoJyuoizlFq3UAPqOUDEzHgLxoCdRMQAvD_BwE" "Mozilla/5.0 (Windows NT 10.0; Win64; x64) AppleWebKit/537.36 (KHTML, like Gecko) Chrome/148.0.0.0 Safari/537.36"
78.4.136.150 - - [04/Jun/2026:15:24:43 +0200] "GET /wp-content/themes/generatepress/assets/js/menu.min.js?ver=3.6.1 HTTP/2.0" 200 1688 "https://parma.elettroservicegroup.it/assistenza-aeg-parma/?gad_source=1&gad_campaignid=23795906066&gbraid=0AAAABDgs-LSsBB5Sz3mJmgQ1KAVKobiy-&gclid=CjwKCAjwxITRBhBYEiwA6mZm7bgWF39jeLjqfNWNjVQRuFMv2aR2VjoJyuoizlFq3UAPqOUDEzHgLxoCdRMQAvD_BwE" "Mozilla/5.0 (Windows NT 10.0; Win64; x64) AppleWebKit/537.36 (KHTML, like Gecko) Chrome/148.0.0.0 Safari/537.36"
78.4.136.150 - - [04/Jun/2026:15:24:43 +0200] "GET /wp-content/plugins/burst-statistics/assets/js/timeme/timeme.min.js?ver=1780499187 HTTP/2.0" 200 1835 "https://parma.elettroservicegroup.it/assistenza-aeg-parma/?gad_source=1&gad_campaignid=23795906066&gbraid=0AAAABDgs-LSsBB5Sz3mJmgQ1KAVKobiy-&gclid=CjwKCAjwxITRBhBYEiwA6mZm7bgWF39jeLjqfNWNjVQRuFMv2aR2VjoJyuoizlFq3UAPqOUDEzHgLxoCdRMQAvD_BwE" "Mozilla/5.0 (Windows NT 10.0; Win64; x64) AppleWebKit/537.36 (KHTML, like Gecko) Chrome/148.0.0.0 Safari/537.36"
78.4.136.150 - - [04/Jun/2026:15:24:43 +0200] "GET /wp-content/uploads/burst/js/burst.min.js?ver=1780567443 HTTP/2.0" 200 3381 "https://parma.elettroservicegroup.it/assistenza-aeg-parma/?gad_source=1&gad_campaignid=23795906066&gbraid=0AAAABDgs-LSsBB5Sz3mJmgQ1KAVKobiy-&gclid=CjwKCAjwxITRBhBYEiwA6mZm7bgWF39jeLjqfNWNjVQRuFMv2aR2VjoJyuoizlFq3UAPqOUDEzHgLxoCdRMQAvD_BwE" "Mozilla/5.0 (Windows NT 10.0; Win64; x64) AppleWebKit/537.36 (KHTML, like Gecko) Chrome/148.0.0.0 Safari/537.36"
78.4.136.150 - - [04/Jun/2026:15:24:43 +0200] "GET /wp-content/themes/generatepress/assets/js/back-to-top.min.js?ver=3.6.1 HTTP/2.0" 200 336 "https://parma.elettroservicegroup.it/assistenza-aeg-parma/?gad_source=1&gad_campaignid=23795906066&gbraid=0AAAABDgs-LSsBB5Sz3mJmgQ1KAVKobiy-&gclid=CjwKCAjwxITRBhBYEiwA6mZm7bgWF39jeLjqfNWNjVQRuFMv2aR2VjoJyuoizlFq3UAPqOUDEzHgLxoCdRMQAvD_BwE" "Mozilla/5.0 (Windows NT 10.0; Win64; x64) AppleWebKit/537.36 (KHTML, like Gecko) Chrome/148.0.0.0 Safari/537.36"
78.4.136.150 - - [04/Jun/2026:15:24:43 +0200] "GET /wp-includes/js/jquery/ui/core.min.js?ver=1.13.3 HTTP/2.0" 200 6820 "https://parma.elettroservicegroup.it/assistenza-aeg-parma/?gad_source=1&gad_campaignid=23795906066&gbraid=0AAAABDgs-LSsBB5Sz3mJmgQ1KAVKobiy-&gclid=CjwKCAjwxITRBhBYEiwA6mZm7bgWF39jeLjqfNWNjVQRuFMv2aR2VjoJyuoizlFq3UAPqOUDEzHgLxoCdRMQAvD_BwE" "Mozilla/5.0 (Windows NT 10.0; Win64; x64) AppleWebKit/537.36 (KHTML, like Gecko) Chrome/148.0.0.0 Safari/537.36"
78.4.136.150 - - [04/Jun/2026:15:24:43 +0200] "GET /wp-content/plugins/elementor/assets/js/frontend.min.js?ver=4.1.1 HTTP/2.0" 200 10140 "https://parma.elettroservicegroup.it/assistenza-aeg-parma/?gad_source=1&gad_campaignid=23795906066&gbraid=0AAAABDgs-LSsBB5Sz3mJmgQ1KAVKobiy-&gclid=CjwKCAjwxITRBhBYEiwA6mZm7bgWF39jeLjqfNWNjVQRuFMv2aR2VjoJyuoizlFq3UAPqOUDEzHgLxoCdRMQAvD_BwE" "Mozilla/5.0 (Windows NT 10.0; Win64; x64) AppleWebKit/537.36 (KHTML, like Gecko) Chrome/148.0.0.0 Safari/537.36"
78.4.136.150 - - [04/Jun/2026:15:24:43 +0200] "GET /wp-content/plugins/complianz-gdpr-premium/cookiebanner/js/complianz.min.js?ver=1780326315 HTTP/2.0" 200 10708 "https://parma.elettroservicegroup.it/assistenza-aeg-parma/?gad_source=1&gad_campaignid=23795906066&gbraid=0AAAABDgs-LSsBB5Sz3mJmgQ1KAVKobiy-&gclid=CjwKCAjwxITRBhBYEiwA6mZm7bgWF39jeLjqfNWNjVQRuFMv2aR2VjoJyuoizlFq3UAPqOUDEzHgLxoCdRMQAvD_BwE" "Mozilla/5.0 (Windows NT 10.0; Win64; x64) AppleWebKit/537.36 (KHTML, like Gecko) Chrome/148.0.0.0 Safari/537.36"
78.4.136.150 - - [04/Jun/2026:15:24:43 +0200] "GET /wp-content/uploads/2022/10/COPERTINA-9.png HTTP/2.0" 200 238875 "https://parma.elettroservicegroup.it/wp-content/uploads/elementor/css/post-17266.css?ver=1780501872" "Mozilla/5.0 (Windows NT 10.0; Win64; x64) AppleWebKit/537.36 (KHTML, like Gecko) Chrome/148.0.0.0 Safari/537.36"
78.4.136.150 - - [04/Jun/2026:15:24:44 +0200] "GET /wp-content/uploads/2022/10/COPERTINA-9-300x150.png HTTP/2.0" 200 30285 "https://parma.elettroservicegroup.it/assistenza-aeg-parma/?gad_source=1&gad_campaignid=23795906066&gbraid=0AAAABDgs-LSsBB5Sz3mJmgQ1KAVKobiy-&gclid=CjwKCAjwxITRBhBYEiwA6mZm7bgWF39jeLjqfNWNjVQRuFMv2aR2VjoJyuoizlFq3UAPqOUDEzHgLxoCdRMQAvD_BwE" "Mozilla/5.0 (Windows NT 10.0; Win64; x64) AppleWebKit/537.36 (KHTML, like Gecko) Chrome/148.0.0.0 Safari/537.36"
78.4.136.150 - - [04/Jun/2026:15:24:44 +0200] "GET /wp-content/uploads/elementor/google-fonts/fonts/roboto-kfo7cnqeu92fr1me7ksn66agldtyluama3yuba.woff2 HTTP/2.0" 200 40132 "https://parma.elettroservicegroup.it/wp-content/uploads/elementor/google-fonts/css/roboto.css?ver=1742280360" "Mozilla/5.0 (Windows NT 10.0; Win64; x64) AppleWebKit/537.36 (KHTML, like Gecko) Chrome/148.0.0.0 Safari/537.36"
78.4.136.150 - - [04/Jun/2026:15:24:44 +0200] "GET /wp-content/plugins/elementor/assets/lib/font-awesome/webfonts/fa-regular-400.woff2 HTTP/2.0" 200 13277 "https://parma.elettroservicegroup.it/wp-content/plugins/elementor/assets/lib/font-awesome/css/all.min.css?ver=4.1.1" "Mozilla/5.0 (Windows NT 10.0; Win64; x64) AppleWebKit/537.36 (KHTML, like Gecko) Chrome/148.0.0.0 Safari/537.36"
78.4.136.150 - - [04/Jun/2026:15:24:44 +0200] "GET /wp-content/plugins/elementor/assets/lib/font-awesome/webfonts/fa-solid-900.woff2 HTTP/2.0" 200 78201 "https://parma.elettroservicegroup.it/wp-content/plugins/elementor/assets/lib/font-awesome/css/all.min.css?ver=4.1.1" "Mozilla/5.0 (Windows NT 10.0; Win64; x64) AppleWebKit/537.36 (KHTML, like Gecko) Chrome/148.0.0.0 Safari/537.36"
78.4.136.150 - - [04/Jun/2026:15:24:44 +0200] "GET /wp-content/plugins/elementor/assets/js/section-frontend-handlers.d85ab872da118940910d.bundle.min.js HTTP/2.0" 200 230 "https://parma.elettroservicegroup.it/assistenza-aeg-parma/?gad_source=1&gad_campaignid=23795906066&gbraid=0AAAABDgs-LSsBB5Sz3mJmgQ1KAVKobiy-&gclid=CjwKCAjwxITRBhBYEiwA6mZm7bgWF39jeLjqfNWNjVQRuFMv2aR2VjoJyuoizlFq3UAPqOUDEzHgLxoCdRMQAvD_BwE" "Mozilla/5.0 (Windows NT 10.0; Win64; x64) AppleWebKit/537.36 (KHTML, like Gecko) Chrome/148.0.0.0 Safari/537.36"
78.4.136.150 - - [04/Jun/2026:15:24:44 +0200] "GET /wp-content/plugins/elementor/assets/js/shared-frontend-handlers.03caa53373b56d3bab67.bundle.min.js HTTP/2.0" 200 2515 "https://parma.elettroservicegroup.it/assistenza-aeg-parma/?gad_source=1&gad_campaignid=23795906066&gbraid=0AAAABDgs-LSsBB5Sz3mJmgQ1KAVKobiy-&gclid=CjwKCAjwxITRBhBYEiwA6mZm7bgWF39jeLjqfNWNjVQRuFMv2aR2VjoJyuoizlFq3UAPqOUDEzHgLxoCdRMQAvD_BwE" "Mozilla/5.0 (Windows NT 10.0; Win64; x64) AppleWebKit/537.36 (KHTML, like Gecko) Chrome/148.0.0.0 Safari/537.36"
78.4.136.150 - - [04/Jun/2026:15:24:44 +0200] "GET /wp-content/plugins/elementor/assets/js/text-editor.45609661e409413f1cef.bundle.min.js HTTP/2.0" 200 592 "https://parma.elettroservicegroup.it/assistenza-aeg-parma/?gad_source=1&gad_campaignid=23795906066&gbraid=0AAAABDgs-LSsBB5Sz3mJmgQ1KAVKobiy-&gclid=CjwKCAjwxITRBhBYEiwA6mZm7bgWF39jeLjqfNWNjVQRuFMv2aR2VjoJyuoizlFq3UAPqOUDEzHgLxoCdRMQAvD_BwE" "Mozilla/5.0 (Windows NT 10.0; Win64; x64) AppleWebKit/537.36 (KHTML, like Gecko) Chrome/148.0.0.0 Safari/537.36"
78.4.136.150 - - [04/Jun/2026:15:24:44 +0200] "POST /wp-content/plugins/burst-statistics/endpoint.php HTTP/2.0" 200 1 "https://parma.elettroservicegroup.it/assistenza-aeg-parma/?gad_source=1&gad_campaignid=23795906066&gbraid=0AAAABDgs-LSsBB5Sz3mJmgQ1KAVKobiy-&gclid=CjwKCAjwxITRBhBYEiwA6mZm7bgWF39jeLjqfNWNjVQRuFMv2aR2VjoJyuoizlFq3UAPqOUDEzHgLxoCdRMQAvD_BwE" "Mozilla/5.0 (Windows NT 10.0; Win64; x64) AppleWebKit/537.36 (KHTML, like Gecko) Chrome/148.0.0.0 Safari/537.36"
78.4.136.150 - - [04/Jun/2026:15:24:44 +0200] "GET /wp-content/uploads/2021/10/cropped-cropped-cropped-cropped-logo_white_background-32x32.png HTTP/2.0" 200 1525 "https://parma.elettroservicegroup.it/assistenza-aeg-parma/?gad_source=1&gad_campaignid=23795906066&gbraid=0AAAABDgs-LSsBB5Sz3mJmgQ1KAVKobiy-&gclid=CjwKCAjwxITRBhBYEiwA6mZm7bgWF39jeLjqfNWNjVQRuFMv2aR2VjoJyuoizlFq3UAPqOUDEzHgLxoCdRMQAvD_BwE" "Mozilla/5.0 (Windows NT 10.0; Win64; x64) AppleWebKit/537.36 (KHTML, like Gecko) Chrome/148.0.0.0 Safari/537.36"
78.4.136.150 - - [04/Jun/2026:15:24:44 +0200] "GET /wp-json/complianz/v1/banner?lang=it&locale=it_IT&token=omrst HTTP/2.0" 200 84 "https://parma.elettroservicegroup.it/assistenza-aeg-parma/?gad_source=1&gad_campaignid=23795906066&gbraid=0AAAABDgs-LSsBB5Sz3mJmgQ1KAVKobiy-&gclid=CjwKCAjwxITRBhBYEiwA6mZm7bgWF39jeLjqfNWNjVQRuFMv2aR2VjoJyuoizlFq3UAPqOUDEzHgLxoCdRMQAvD_BwE" "Mozilla/5.0 (Windows NT 10.0; Win64; x64) AppleWebKit/537.36 (KHTML, like Gecko) Chrome/148.0.0.0 Safari/537.36"
78.4.136.150 - - [04/Jun/2026:15:24:46 +0200] "GET /wp-content/uploads/complianz/css/banner-1-optin.css?v=46 HTTP/2.0" 200 2617 "https://parma.elettroservicegroup.it/assistenza-aeg-parma/?gad_source=1&gad_campaignid=23795906066&gbraid=0AAAABDgs-LSsBB5Sz3mJmgQ1KAVKobiy-&gclid=CjwKCAjwxITRBhBYEiwA6mZm7bgWF39jeLjqfNWNjVQRuFMv2aR2VjoJyuoizlFq3UAPqOUDEzHgLxoCdRMQAvD_BwE" "Mozilla/5.0 (Windows NT 10.0; Win64; x64) AppleWebKit/537.36 (KHTML, like Gecko) Chrome/148.0.0.0 Safari/537.36"
78.4.136.150 - - [04/Jun/2026:15:24:46 +0200] "GET /wp-json/complianz/v1/cookie_data HTTP/2.0" 200 81 "https://parma.elettroservicegroup.it/assistenza-aeg-parma/?gad_source=1&gad_campaignid=23795906066&gbraid=0AAAABDgs-LSsBB5Sz3mJmgQ1KAVKobiy-&gclid=CjwKCAjwxITRBhBYEiwA6mZm7bgWF39jeLjqfNWNjVQRuFMv2aR2VjoJyuoizlFq3UAPqOUDEzHgLxoCdRMQAvD_BwE" "Mozilla/5.0 (Windows NT 10.0; Win64; x64) AppleWebKit/537.36 (KHTML, like Gecko) Chrome/148.0.0.0 Safari/537.36"
78.4.136.150 - - [04/Jun/2026:15:24:48 +0200] "POST /wp-content/plugins/burst-statistics/endpoint.php HTTP/2.0" 200 1 "https://parma.elettroservicegroup.it/assistenza-aeg-parma/?gad_source=1&gad_campaignid=23795906066&gbraid=0AAAABDgs-LSsBB5Sz3mJmgQ1KAVKobiy-&gclid=CjwKCAjwxITRBhBYEiwA6mZm7bgWF39jeLjqfNWNjVQRuFMv2aR2VjoJyuoizlFq3UAPqOUDEzHgLxoCdRMQAvD_BwE" "Mozilla/5.0 (Windows NT 10.0; Win64; x64) AppleWebKit/537.36 (KHTML, like Gecko) Chrome/148.0.0.0 Safari/537.36"
78.4.136.150 - - [04/Jun/2026:15:24:48 +0200] "POST /wp-content/plugins/burst-statistics/endpoint.php HTTP/2.0" 200 1 "https://parma.elettroservicegroup.it/assistenza-aeg-parma/?gad_source=1&gad_campaignid=23795906066&gbraid=0AAAABDgs-LSsBB5Sz3mJmgQ1KAVKobiy-&gclid=CjwKCAjwxITRBhBYEiwA6mZm7bgWF39jeLjqfNWNjVQRuFMv2aR2VjoJyuoizlFq3UAPqOUDEzHgLxoCdRMQAvD_BwE" "Mozilla/5.0 (Windows NT 10.0; Win64; x64) AppleWebKit/537.36 (KHTML, like Gecko) Chrome/148.0.0.0 Safari/537.36"
78.4.136.150 - - [04/Jun/2026:15:24:48 +0200] "POST /wp-content/plugins/burst-statistics/endpoint.php HTTP/2.0" 200 1 "https://parma.elettroservicegroup.it/assistenza-aeg-parma/?gad_source=1&gad_campaignid=23795906066&gbraid=0AAAABDgs-LSsBB5Sz3mJmgQ1KAVKobiy-&gclid=CjwKCAjwxITRBhBYEiwA6mZm7bgWF39jeLjqfNWNjVQRuFMv2aR2VjoJyuoizlFq3UAPqOUDEzHgLxoCdRMQAvD_BwE" "Mozilla/5.0 (Windows NT 10.0; Win64; x64) AppleWebKit/537.36 (KHTML, like Gecko) Chrome/148.0.0.0 Safari/537.36"
78.4.136.150 - - [04/Jun/2026:15:24:49 +0200] "GET /wp-content/uploads/2021/11/TECNIC-LAVATRICE-768x432.jpg HTTP/2.0" 200 50994 "https://parma.elettroservicegroup.it/assistenza-aeg-parma/?gad_source=1&gad_campaignid=23795906066&gbraid=0AAAABDgs-LSsBB5Sz3mJmgQ1KAVKobiy-&gclid=CjwKCAjwxITRBhBYEiwA6mZm7bgWF39jeLjqfNWNjVQRuFMv2aR2VjoJyuoizlFq3UAPqOUDEzHgLxoCdRMQAvD_BwE" "Mozilla/5.0 (Windows NT 10.0; Win64; x64) AppleWebKit/537.36 (KHTML, like Gecko) Chrome/148.0.0.0 Safari/537.36"
78.4.136.150 - - [04/Jun/2026:15:24:48 +0200] "POST /wp-json/complianz/v1/track HTTP/2.0" 200 20 "https://parma.elettroservicegroup.it/assistenza-aeg-parma/?gad_source=1&gad_campaignid=23795906066&gbraid=0AAAABDgs-LSsBB5Sz3mJmgQ1KAVKobiy-&gclid=CjwKCAjwxITRBhBYEiwA6mZm7bgWF39jeLjqfNWNjVQRuFMv2aR2VjoJyuoizlFq3UAPqOUDEzHgLxoCdRMQAvD_BwE" "Mozilla/5.0 (Windows NT 10.0; Win64; x64) AppleWebKit/537.36 (KHTML, like Gecko) Chrome/148.0.0.0 Safari/537.36"
78.4.136.150 - - [04/Jun/2026:15:24:53 +0200] "GET /wp-content/uploads/2026/05/logo.png HTTP/2.0" 200 48185 "https://parma.elettroservicegroup.it/assistenza-aeg-parma/?gad_source=1&gad_campaignid=23795906066&gbraid=0AAAABDgs-LSsBB5Sz3mJmgQ1KAVKobiy-&gclid=CjwKCAjwxITRBhBYEiwA6mZm7bgWF39jeLjqfNWNjVQRuFMv2aR2VjoJyuoizlFq3UAPqOUDEzHgLxoCdRMQAvD_BwE" "Mozilla/5.0 (Windows NT 10.0; Win64; x64) AppleWebKit/537.36 (KHTML, like Gecko) Chrome/148.0.0.0 Safari/537.36"
78.4.136.150 - - [04/Jun/2026:15:25:16 +0200] "POST /wp-content/plugins/burst-statistics/endpoint.php HTTP/2.0" 200 1 "https://parma.elettroservicegroup.it/assistenza-aeg-parma/?gad_source=1&gad_campaignid=23795906066&gbraid=0AAAABDgs-LSsBB5Sz3mJmgQ1KAVKobiy-&gclid=CjwKCAjwxITRBhBYEiwA6mZm7bgWF39jeLjqfNWNjVQRuFMv2aR2VjoJyuoizlFq3UAPqOUDEzHgLxoCdRMQAvD_BwE" "Mozilla/5.0 (Windows NT 10.0; Win64; x64) AppleWebKit/537.36 (KHTML, like Gecko) Chrome/148.0.0.0 Safari/537.36"
65.108.235.243 - - [04/Jun/2026:15:30:35 +0200] "POST /wp-cron.php?doing_wp_cron=1780579835.7132899761199951171875 HTTP/1.1" 200 1 "-" "WordPress/7.0; https://parma.elettroservicegroup.it"
40.77.167.8 - - [04/Jun/2026:15:30:34 +0200] "GET /sitemap.rss HTTP/2.0" 200 1350 "-" "Mozilla/5.0 AppleWebKit/537.36 (KHTML, like Gecko; compatible; bingbot/2.0; +http://www.bing.com/bingbot.htm) Chrome/116.0.1938.76 Safari/537.36"
65.108.235.243 - - [04/Jun/2026:15:33:30 +0200] "POST /wp-cron.php?doing_wp_cron=1780580010.5414969921112060546875 HTTP/1.1" 200 1 "-" "WordPress/7.0; https://parma.elettroservicegroup.it"
82.21.49.171 - - [04/Jun/2026:15:33:30 +0200] "GET /pourquoi-choisir-casino-770-pour-vos-jeux-en-ligne-en-2024/ HTTP/1.1" 404 86935 "-" "Python/3.13 aiohttp/3.13.3"
74.7.243.225 - - [04/Jun/2026:15:53:54 +0200] "GET /sitemap.rss HTTP/2.0" 200 1348 "-" "Mozilla/5.0 AppleWebKit/537.36 (KHTML, like Gecko; compatible; GPTBot/1.4; +https://openai.com/gptbot)"
65.108.235.243 - - [04/Jun/2026:15:53:58 +0200] "POST /wp-cron.php?doing_wp_cron=1780581237.9683380126953125000000 HTTP/1.1" 200 1 "-" "WordPress/7.0; https://parma.elettroservicegroup.it"
74.7.230.33 - - [04/Jun/2026:15:53:54 +0200] "GET /robots.txt HTTP/2.0" 200 104 "-" "Mozilla/5.0 (Macintosh; Intel Mac OS X 10_15_7) AppleWebKit/537.36 (KHTML, like Gecko) Chrome/131.0.0.0 Safari/537.36; compatible; OAI-SearchBot/1.4; robots.txt; +https://openai.com/searchbot"
82.21.49.171 - - [04/Jun/2026:15:56:29 +0200] "GET /mobile-casino-compatibility-and-apps-for-incognito-casino-users/ HTTP/1.1" 507 559 "-" "Python/3.13 aiohttp/3.13.3"
82.21.49.171 - - [04/Jun/2026:15:56:29 +0200] "GET /amunra-casino-como-funciona-la-verificacion-de-identidad-segura/ HTTP/1.1" 507 559 "-" "Python/3.13 aiohttp/3.13.3"
82.21.49.171 - - [04/Jun/2026:15:56:29 +0200] "GET /total-casino-est-il-compatible-avec-les-appareils-apple-et-android/ HTTP/1.1" 507 559 "-" "Python/3.13 aiohttp/3.13.3"
82.21.49.171 - - [04/Jun/2026:15:56:29 +0200] "GET /basswin-casino-user-reviews-on-bonuses-and-game-selection/ HTTP/1.1" 507 559 "-" "Python/3.13 aiohttp/3.13.3"
82.21.49.171 - - [04/Jun/2026:15:56:29 +0200] "GET /comment-desactiver-son-compte-instant-casino-temporairement-ou-definitivement/ HTTP/1.1" 507 559 "-" "Python/3.13 aiohttp/3.13.3"
82.21.49.171 - - [04/Jun/2026:15:56:29 +0200] "GET /les-particularites-des-jeux-avec-croupier-en-direct-sur-betzino-casino/ HTTP/1.1" 507 559 "-" "Python/3.13 aiohttp/3.13.3"
82.21.49.171 - - [04/Jun/2026:15:56:29 +0200] "GET /les-etapes-pour-recuperer-un-bonus-non-utilise-sur-dublinbet-casino/ HTTP/1.1" 507 559 "-" "Python/3.13 aiohttp/3.13.3"
82.21.49.171 - - [04/Jun/2026:15:56:29 +0200] "GET /como-se-gestionan-los-limites-diarios-para-depositos-y-apuestas-en-national-casino/ HTTP/1.1" 507 559 "-" "Python/3.13 aiohttp/3.13.3"
82.21.49.171 - - [04/Jun/2026:15:56:30 +0200] "GET /comment-participer-aux-tournois-exclusifs-sur-casino-together-avec-succes/ HTTP/1.1" 507 559 "-" "Python/3.13 aiohttp/3.13.3"
82.21.49.171 - - [04/Jun/2026:15:56:30 +0200] "GET /comment-eviter-les-pieges-lors-de-la-verification-didentite-sur-touch-casino/ HTTP/1.1" 507 559 "-" "Python/3.13 aiohttp/3.13.3"
82.21.49.171 - - [04/Jun/2026:15:56:30 +0200] "GET /fatboss-casino-un-casino-digne-de-confiance-pour-les-novices/ HTTP/1.1" 507 559 "-" "Python/3.13 aiohttp/3.13.3"
82.21.49.171 - - [04/Jun/2026:15:56:30 +0200] "GET /payment-limits-and-swift-cashouts-at-lucky-mister-casino-explained/ HTTP/1.1" 507 559 "-" "Python/3.13 aiohttp/3.13.3"
82.21.49.171 - - [04/Jun/2026:15:56:30 +0200] "GET /les-methodes-de-paiement-rapides-sur-spinsy-casino-en-detail/ HTTP/1.1" 507 559 "-" "Python/3.13 aiohttp/3.13.3"
82.21.49.171 - - [04/Jun/2026:15:56:30 +0200] "GET /decouvrir-le-tableau-des-limites-de-depot-et-de-retrait-spinbara-casino/ HTTP/1.1" 507 559 "-" "Python/3.13 aiohttp/3.13.3"
82.21.49.171 - - [04/Jun/2026:15:56:31 +0200] "GET /los-mejores-proveedores-de-juegos-con-licencia-en-gratogana-casino/ HTTP/1.1" 507 559 "-" "Python/3.13 aiohttp/3.13.3"
82.21.49.171 - - [04/Jun/2026:15:56:31 +0200] "GET /how-to-unlock-and-use-vave-casino-promo-codes-for-bonuses/ HTTP/1.1" 507 559 "-" "Python/3.13 aiohttp/3.13.3"
82.21.49.171 - - [04/Jun/2026:15:56:31 +0200] "GET /comment-recuperer-un-bonus-expire-sur-olympe-casino-est-ce-possible/ HTTP/1.1" 507 559 "-" "Python/3.13 aiohttp/3.13.3"
82.21.49.171 - - [04/Jun/2026:15:56:31 +0200] "GET /nevadawin-casino-le-top-des-strategies-pour-exploiter-les-promotions/ HTTP/1.1" 507 559 "-" "Python/3.13 aiohttp/3.13.3"
82.21.49.171 - - [04/Jun/2026:15:56:31 +0200] "GET /comment-se-deroule-la-selection-des-joueurs-pour-les-tournois-instant-casino/ HTTP/1.1" 507 559 "-" "Python/3.13 aiohttp/3.13.3"
82.21.49.171 - - [04/Jun/2026:15:56:31 +0200] "GET /applications-mobiles-casino-770-pour-jouer-partout-en-toute-simplicite/ HTTP/1.1" 507 559 "-" "Python/3.13 aiohttp/3.13.3"
82.21.49.171 - - [04/Jun/2026:15:56:32 +0200] "GET /what-makes-ocean-breeze-casino-a-secure-gaming-site/ HTTP/1.1" 507 559 "-" "Python/3.13 aiohttp/3.13.3"
82.21.49.171 - - [04/Jun/2026:15:56:32 +0200] "GET /todas-las-ofertas-de-bonos-y-promociones-actuales-en-wazamba-casino-espana/ HTTP/1.1" 507 559 "-" "Python/3.13 aiohttp/3.13.3"
82.21.49.171 - - [04/Jun/2026:15:56:32 +0200] "GET /les-retours-dexperience-des-joueurs-sur-posido-casino/ HTTP/1.1" 507 559 "-" "Python/3.13 aiohttp/3.13.3"
82.21.49.171 - - [04/Jun/2026:15:56:32 +0200] "GET /mobile-gaming-experience-wild-dice-casino-features-and-benefits/ HTTP/1.1" 507 559 "-" "Python/3.13 aiohttp/3.13.3"
82.21.49.171 - - [04/Jun/2026:15:56:32 +0200] "GET /comment-personnaliser-son-compte-joueur-sur-dreams-casino/ HTTP/1.1" 507 559 "-" "Python/3.13 aiohttp/3.13.3"
82.21.49.171 - - [04/Jun/2026:15:56:33 +0200] "GET /latest-bonus-codes-and-tournament-details-at-ocean-breeze-casino/ HTTP/1.1" 507 559 "-" "Python/3.13 aiohttp/3.13.3"
82.21.49.171 - - [04/Jun/2026:15:56:33 +0200] "GET /amon-casino-propose-t-il-des-bonus-sans-depot-en-2026/ HTTP/1.1" 507 559 "-" "Python/3.13 aiohttp/3.13.3"
82.21.49.171 - - [04/Jun/2026:15:56:33 +0200] "GET /love-casino-real-user-reviews-about-fairness-and-payouts/ HTTP/1.1" 507 559 "-" "Python/3.13 aiohttp/3.13.3"
82.21.49.171 - - [04/Jun/2026:15:56:33 +0200] "GET /les-etapes-pour-cloturer-un-compte-sg-casino-en-toute-securite/ HTTP/1.1" 507 559 "-" "Python/3.13 aiohttp/3.13.3"
82.21.49.171 - - [04/Jun/2026:15:56:33 +0200] "GET /pourquoi-choisir-spin-million-casino-pour-jouer-en-ligne/ HTTP/1.1" 507 559 "-" "Python/3.13 aiohttp/3.13.3"
82.21.49.171 - - [04/Jun/2026:15:56:34 +0200] "GET /donde-encontrar-el-mejor-bono-sin-deposito-de-my-empire-casino-hoy/ HTTP/1.1" 507 559 "-" "Python/3.13 aiohttp/3.13.3"
82.21.49.171 - - [04/Jun/2026:15:56:34 +0200] "GET /seamless-gaming-accessing-xl-casino-via-mirror-servers-for-uninterrupted-play/ HTTP/1.1" 507 559 "-" "Python/3.13 aiohttp/3.13.3"
82.21.49.171 - - [04/Jun/2026:15:56:34 +0200] "GET /comment-verifier-la-licence-officielle-de-talismania-casino/ HTTP/1.1" 507 559 "-" "Python/3.13 aiohttp/3.13.3"
82.21.49.171 - - [04/Jun/2026:15:56:34 +0200] "GET /333-casino-player-testimonials-on-game-fairness/ HTTP/1.1" 507 559 "-" "Python/3.13 aiohttp/3.13.3"
82.21.49.171 - - [04/Jun/2026:15:56:34 +0200] "GET /quelles-sont-les-conditions-pour-annuler-un-bonus-sur-la-riviera-casino/ HTTP/1.1" 507 559 "-" "Python/3.13 aiohttp/3.13.3"
82.21.49.171 - - [04/Jun/2026:15:56:34 +0200] "GET /solutions-de-paiement-securisees-et-rapides-chez-1win-casino/ HTTP/1.1" 507 559 "-" "Python/3.13 aiohttp/3.13.3"
82.21.49.171 - - [04/Jun/2026:15:56:35 +0200] "GET /fortunica-mobile-casino-review-features-and-benefits/ HTTP/1.1" 507 559 "-" "Python/3.13 aiohttp/3.13.3"
82.21.49.171 - - [04/Jun/2026:15:56:35 +0200] "GET /how-to-reset-your-jaak-casino-password-quickly/ HTTP/1.1" 507 559 "-" "Python/3.13 aiohttp/3.13.3"
82.21.49.171 - - [04/Jun/2026:15:56:28 +0200] "GET /beneficios-de-registrarte-en-gratogana-casino-antes-de-fin-de-ano/ HTTP/1.1" 404 86878 "-" "Python/3.13 aiohttp/3.13.3"
82.21.49.171 - - [04/Jun/2026:15:56:26 +0200] "GET /comment-choisir-ses-jeux-preferes-sur-total-casino-selon-votre-style/ HTTP/1.1" 404 86896 "-" "Python/3.13 aiohttp/3.13.3"
82.21.49.171 - - [04/Jun/2026:15:56:28 +0200] "GET /paso-a-paso-para-activar-promociones-en-fortuna-casino-sin-errores/ HTTP/1.1" 404 86884 "-" "Python/3.13 aiohttp/3.13.3"
82.21.49.171 - - [04/Jun/2026:15:56:26 +0200] "GET /black-label-casino-est-il-adapte-aux-joueurs-francais/ HTTP/1.1" 404 86806 "-" "Python/3.13 aiohttp/3.13.3"
82.21.49.171 - - [04/Jun/2026:15:56:27 +0200] "GET /bassbet-casino-quels-moyens-de-contact-pour-un-support-efficace/ HTTP/1.1" 404 86866 "-" "Python/3.13 aiohttp/3.13.3"
82.21.49.171 - - [04/Jun/2026:15:56:27 +0200] "GET /what-to-expect-from-lucky-mister-casino-account-verification/ HTTP/1.1" 404 86848 "-" "Python/3.13 aiohttp/3.13.3"
82.21.49.171 - - [04/Jun/2026:15:56:28 +0200] "GET /quels-criteres-pour-choisir-bet-on-red-casino-comme-casino-en-ligne/ HTTP/1.1" 404 86890 "-" "Python/3.13 aiohttp/3.13.3"
82.21.49.171 - - [04/Jun/2026:15:56:27 +0200] "GET /pourquoi-choisir-casino-770-pour-vos-jeux-en-ligne-en-2024/ HTTP/1.1" 404 86836 "-" "Python/3.13 aiohttp/3.13.3"
82.21.49.171 - - [04/Jun/2026:15:56:28 +0200] "GET /est-il-difficile-de-se-connecter-a-friday-roll-casino-en-mobilite/ HTTP/1.1" 404 86878 "-" "Python/3.13 aiohttp/3.13.3"
82.21.49.171 - - [04/Jun/2026:15:56:27 +0200] "GET /quel-cashback-choisir-chez-joker-8-casino-pour-maximiser-ses-gains/ HTTP/1.1" 404 86884 "-" "Python/3.13 aiohttp/3.13.3"
82.21.49.171 - - [04/Jun/2026:15:56:27 +0200] "GET /comment-fatboss-casino-protege-t-il-les-transactions-financieres/ HTTP/1.1" 404 86872 "-" "Python/3.13 aiohttp/3.13.3"
82.21.49.171 - - [04/Jun/2026:15:56:26 +0200] "GET /prive-casino-como-asegurar-tu-cuenta-y-evitar-bloqueos-inesperados/ HTTP/1.1" 404 86884 "-" "Python/3.13 aiohttp/3.13.3"
82.21.49.171 - - [04/Jun/2026:15:56:26 +0200] "GET /joy-casino-promotions-loyalty-and-tournament-insights/ HTTP/1.1" 404 86806 "-" "Python/3.13 aiohttp/3.13.3"
82.21.49.171 - - [04/Jun/2026:15:56:29 +0200] "GET /new-game-releases-and-top-providers-featured-at-r2pbet-casino/ HTTP/1.1" 404 86854 "-" "Python/3.13 aiohttp/3.13.3"
82.21.49.171 - - [04/Jun/2026:15:56:28 +0200] "GET /how-to-maximise-your-wins-with-winomania-casino-tips-and-tricks/ HTTP/1.1" 404 86866 "-" "Python/3.13 aiohttp/3.13.3"
82.21.49.171 - - [04/Jun/2026:15:56:26 +0200] "GET /how-to-register-at-queen-win-casino-easy-step-by-step-guide/ HTTP/1.1" 404 86842 "-" "Python/3.13 aiohttp/3.13.3"
82.21.49.171 - - [04/Jun/2026:15:56:28 +0200] "GET /ra-casino-est-il-adapte-aux-joueurs-francais-et-leurs-attentes-actuelles/ HTTP/1.1" 404 86920 "-" "Python/3.13 aiohttp/3.13.3"
82.21.49.171 - - [04/Jun/2026:15:56:26 +0200] "GET /ultimos-cambios-en-terminos-de-promociones-en-monster-win-casino-2026/ HTTP/1.1" 404 86902 "-" "Python/3.13 aiohttp/3.13.3"
82.21.49.171 - - [04/Jun/2026:15:56:27 +0200] "GET /bizzo-casino-beneficios-de-su-atencion-al-cliente-en-tiempo-real/ HTTP/1.1" 404 86872 "-" "Python/3.13 aiohttp/3.13.3"
82.21.49.171 - - [04/Jun/2026:15:56:27 +0200] "GET /access-your-red-lion-casino-profile-easily-from-any-device/ HTTP/1.1" 404 86836 "-" "Python/3.13 aiohttp/3.13.3"
65.108.235.243 - - [04/Jun/2026:15:56:43 +0200] "POST /wp-cron.php?doing_wp_cron=1780581403.1702239513397216796875 HTTP/1.1" 200 1 "-" "WordPress/7.0; https://parma.elettroservicegroup.it"
82.21.49.171 - - [04/Jun/2026:15:56:28 +0200] "GET /deposit-securely-at-nv-casino-using-your-preferred-payment-method/ HTTP/1.1" 404 86878 "-" "Python/3.13 aiohttp/3.13.3"
65.108.235.243 - - [04/Jun/2026:15:57:12 +0200] "POST /wp-cron.php?doing_wp_cron=1780581432.0791809558868408203125 HTTP/1.1" 200 1 "-" "WordPress/7.0; https://parma.elettroservicegroup.it"
82.21.49.171 - - [04/Jun/2026:15:57:09 +0200] "GET /peut-on-jouer-gratuitement-aux-machines-sur-casino-770/ HTTP/1.1" 404 86812 "-" "Python/3.13 aiohttp/3.13.3"
65.108.235.243 - - [04/Jun/2026:15:58:27 +0200] "POST /wp-cron.php?doing_wp_cron=1780581507.1480710506439208984375 HTTP/1.1" 200 1 "-" "WordPress/7.0; https://parma.elettroservicegroup.it"
74.7.243.225 - - [04/Jun/2026:15:58:25 +0200] "GET /sitemap.xml HTTP/2.0" 200 312 "-" "Mozilla/5.0 AppleWebKit/537.36 (KHTML, like Gecko; compatible; GPTBot/1.4; +https://openai.com/gptbot)"
65.108.235.243 - - [04/Jun/2026:16:01:09 +0200] "POST /wp-cron.php?doing_wp_cron=1780581669.0276830196380615234375 HTTP/1.1" 200 1 "-" "WordPress/7.0; https://parma.elettroservicegroup.it"
216.73.217.169 - - [04/Jun/2026:16:01:07 +0200] "GET /robots.txt HTTP/2.0" 200 104 "-" "Mozilla/5.0 AppleWebKit/537.36 (KHTML, like Gecko; compatible; ClaudeBot/1.0; +claudebot@anthropic.com)"
216.73.217.169 - - [04/Jun/2026:16:01:09 +0200] "GET /wp-content/uploads/2022/08/COPERTINA-2.png HTTP/2.0" 200 238875 "-" "Mozilla/5.0 AppleWebKit/537.36 (KHTML, like Gecko; compatible; ClaudeBot/1.0; +claudebot@anthropic.com)"
216.73.217.169 - - [04/Jun/2026:16:01:09 +0200] "GET /wp-content/cache/wpfc-minified/qucz2j0m/a6ylt.css HTTP/2.0" 200 4741 "-" "Mozilla/5.0 AppleWebKit/537.36 (KHTML, like Gecko; compatible; ClaudeBot/1.0; +claudebot@anthropic.com)"
216.73.217.169 - - [04/Jun/2026:16:01:09 +0200] "GET /wp-content/cache/wpfc-minified/fsuxdim0/4lhf9.css HTTP/2.0" 200 15846 "-" "Mozilla/5.0 AppleWebKit/537.36 (KHTML, like Gecko; compatible; ClaudeBot/1.0; +claudebot@anthropic.com)"
216.73.217.169 - - [04/Jun/2026:16:01:09 +0200] "GET /?p=17297 HTTP/2.0" 301 1 "-" "Mozilla/5.0 AppleWebKit/537.36 (KHTML, like Gecko; compatible; ClaudeBot/1.0; +claudebot@anthropic.com)"
216.73.217.169 - - [04/Jun/2026:16:01:09 +0200] "GET /wp-content/cache/wpfc-minified/dvg77qlx/4lc9s.css HTTP/2.0" 200 16435 "-" "Mozilla/5.0 AppleWebKit/537.36 (KHTML, like Gecko; compatible; ClaudeBot/1.0; +claudebot@anthropic.com)"
216.73.217.169 - - [04/Jun/2026:16:01:09 +0200] "GET /?p=17313 HTTP/2.0" 301 1 "-" "Mozilla/5.0 AppleWebKit/537.36 (KHTML, like Gecko; compatible; ClaudeBot/1.0; +claudebot@anthropic.com)"
216.73.217.169 - - [04/Jun/2026:16:01:09 +0200] "GET /assistenza-lavastoviglie-ariston-collecchio/ HTTP/2.0" 200 22622 "https://parma.elettroservicegroup.it/?p=17297" "Mozilla/5.0 AppleWebKit/537.36 (KHTML, like Gecko; compatible; ClaudeBot/1.0; +claudebot@anthropic.com)"
216.73.217.169 - - [04/Jun/2026:16:01:09 +0200] "GET /?p=17305 HTTP/2.0" 301 1 "-" "Mozilla/5.0 AppleWebKit/537.36 (KHTML, like Gecko; compatible; ClaudeBot/1.0; +claudebot@anthropic.com)"
216.73.217.169 - - [04/Jun/2026:16:01:09 +0200] "GET /?p=17326 HTTP/2.0" 301 1 "-" "Mozilla/5.0 AppleWebKit/537.36 (KHTML, like Gecko; compatible; ClaudeBot/1.0; +claudebot@anthropic.com)"
216.73.217.169 - - [04/Jun/2026:16:01:10 +0200] "GET /assistenza-lavastoviglie-indesit-collecchio/ HTTP/2.0" 200 22232 "https://parma.elettroservicegroup.it/?p=17305" "Mozilla/5.0 AppleWebKit/537.36 (KHTML, like Gecko; compatible; ClaudeBot/1.0; +claudebot@anthropic.com)"
216.73.217.169 - - [04/Jun/2026:16:01:09 +0200] "GET /?p=17336 HTTP/2.0" 301 1 "-" "Mozilla/5.0 AppleWebKit/537.36 (KHTML, like Gecko; compatible; ClaudeBot/1.0; +claudebot@anthropic.com)"
216.73.217.169 - - [04/Jun/2026:16:01:10 +0200] "GET /assistenza-lavatrici-ariston-busseto/ HTTP/2.0" 200 22580 "https://parma.elettroservicegroup.it/?p=17326" "Mozilla/5.0 AppleWebKit/537.36 (KHTML, like Gecko; compatible; ClaudeBot/1.0; +claudebot@anthropic.com)"
216.73.217.169 - - [04/Jun/2026:16:01:10 +0200] "GET /?p=17310 HTTP/2.0" 301 1 "-" "Mozilla/5.0 AppleWebKit/537.36 (KHTML, like Gecko; compatible; ClaudeBot/1.0; +claudebot@anthropic.com)"
216.73.217.169 - - [04/Jun/2026:16:01:10 +0200] "GET /?p=17308 HTTP/2.0" 301 1 "-" "Mozilla/5.0 AppleWebKit/537.36 (KHTML, like Gecko; compatible; ClaudeBot/1.0; +claudebot@anthropic.com)"
216.73.217.169 - - [04/Jun/2026:16:01:10 +0200] "GET /assistenza-lavatrici-indesit-busseto/ HTTP/2.0" 200 22594 "https://parma.elettroservicegroup.it/?p=17336" "Mozilla/5.0 AppleWebKit/537.36 (KHTML, like Gecko; compatible; ClaudeBot/1.0; +claudebot@anthropic.com)"
216.73.217.169 - - [04/Jun/2026:16:01:10 +0200] "GET /?p=14240 HTTP/2.0" 301 1 "-" "Mozilla/5.0 AppleWebKit/537.36 (KHTML, like Gecko; compatible; ClaudeBot/1.0; +claudebot@anthropic.com)"
216.73.217.169 - - [04/Jun/2026:16:01:10 +0200] "GET /?p=17346 HTTP/2.0" 301 1 "-" "Mozilla/5.0 AppleWebKit/537.36 (KHTML, like Gecko; compatible; ClaudeBot/1.0; +claudebot@anthropic.com)"
216.73.217.169 - - [04/Jun/2026:16:01:10 +0200] "GET /?p=17290 HTTP/2.0" 301 1 "-" "Mozilla/5.0 AppleWebKit/537.36 (KHTML, like Gecko; compatible; ClaudeBot/1.0; +claudebot@anthropic.com)"
216.73.217.169 - - [04/Jun/2026:16:01:10 +0200] "GET /assistenza-lavastoviglie-whirlpool-parma/ HTTP/2.0" 200 22625 "https://parma.elettroservicegroup.it/?p=17310" "Mozilla/5.0 AppleWebKit/537.36 (KHTML, like Gecko; compatible; ClaudeBot/1.0; +claudebot@anthropic.com)"
216.73.217.169 - - [04/Jun/2026:16:01:10 +0200] "GET /?p=14812 HTTP/2.0" 301 1 "-" "Mozilla/5.0 AppleWebKit/537.36 (KHTML, like Gecko; compatible; ClaudeBot/1.0; +claudebot@anthropic.com)"
216.73.217.169 - - [04/Jun/2026:16:01:10 +0200] "GET /assistenza-lavastoviglie-rex-electrolux-busseto/ HTTP/2.0" 200 22540 "https://parma.elettroservicegroup.it/?p=17308" "Mozilla/5.0 AppleWebKit/537.36 (KHTML, like Gecko; compatible; ClaudeBot/1.0; +claudebot@anthropic.com)"
216.73.217.169 - - [04/Jun/2026:16:01:09 +0200] "GET /assistenza-lavastoviglie-whirlpool-collecchio/ HTTP/2.0" 200 22657 "https://parma.elettroservicegroup.it/?p=17313" "Mozilla/5.0 AppleWebKit/537.36 (KHTML, like Gecko; compatible; ClaudeBot/1.0; +claudebot@anthropic.com)"
216.73.217.169 - - [04/Jun/2026:16:01:11 +0200] "GET /assistenza-elettrodomestici-parma/washing-drum-438358_1920/ HTTP/2.0" 200 17629 "https://parma.elettroservicegroup.it/?p=14240" "Mozilla/5.0 AppleWebKit/537.36 (KHTML, like Gecko; compatible; ClaudeBot/1.0; +claudebot@anthropic.com)"
216.73.217.169 - - [04/Jun/2026:16:01:11 +0200] "GET /assistenza-lavatrici-whirlpool-parma/ HTTP/2.0" 200 22690 "https://parma.elettroservicegroup.it/?p=17346" "Mozilla/5.0 AppleWebKit/537.36 (KHTML, like Gecko; compatible; ClaudeBot/1.0; +claudebot@anthropic.com)"
216.73.217.169 - - [04/Jun/2026:16:01:11 +0200] "GET /assistenza-lavastoviglie-aeg-parma/ HTTP/2.0" 200 22581 "https://parma.elettroservicegroup.it/?p=17290" "Mozilla/5.0 AppleWebKit/537.36 (KHTML, like Gecko; compatible; ClaudeBot/1.0; +claudebot@anthropic.com)"
216.73.217.169 - - [04/Jun/2026:16:01:11 +0200] "GET /assistenza-elettrodomestici-parma/forno-c/ HTTP/2.0" 200 17645 "https://parma.elettroservicegroup.it/?p=14812" "Mozilla/5.0 AppleWebKit/537.36 (KHTML, like Gecko; compatible; ClaudeBot/1.0; +claudebot@anthropic.com)"
216.73.217.169 - - [04/Jun/2026:16:01:22 +0200] "GET /wp-content/cache/wpfc-minified/8uvxub4u/4lhf9.css HTTP/2.0" 200 23329 "-" "Mozilla/5.0 AppleWebKit/537.36 (KHTML, like Gecko; compatible; ClaudeBot/1.0; +claudebot@anthropic.com)"
65.108.235.243 - - [04/Jun/2026:16:02:37 +0200] "POST /wp-cron.php?doing_wp_cron=1780581757.6949350833892822265625 HTTP/1.1" 200 1 "-" "WordPress/7.0; https://parma.elettroservicegroup.it"
216.73.217.169 - - [04/Jun/2026:16:02:36 +0200] "GET /assistenza-miele-collecchio HTTP/2.0" 301 1 "-" "Mozilla/5.0 AppleWebKit/537.36 (KHTML, like Gecko; compatible; ClaudeBot/1.0; +claudebot@anthropic.com)"
216.73.217.169 - - [04/Jun/2026:16:02:37 +0200] "GET /assistenza-miele-collecchio/ HTTP/2.0" 200 22499 "https://parma.elettroservicegroup.it/assistenza-miele-collecchio" "Mozilla/5.0 AppleWebKit/537.36 (KHTML, like Gecko; compatible; ClaudeBot/1.0; +claudebot@anthropic.com)"
52.1.106.130 - - [04/Jun/2026:16:10:41 +0200] "GET /assistenza-indesit-parma/ HTTP/1.1" 200 11803 "-" "Mozilla/5.0 AppleWebKit/537.36 (KHTML, like Gecko; compatible; Amazonbot/0.1; +https://developer.amazon.com/support/amazonbot) Chrome/119.0.6045.214 Safari/537.36"
216.73.217.169 - - [04/Jun/2026:16:14:06 +0200] "GET /wp-content/uploads/2022/01/RICAMBIO-LAVATRICE-2-300x200.jpg HTTP/2.0" 200 16572 "-" "Mozilla/5.0 AppleWebKit/537.36 (KHTML, like Gecko; compatible; ClaudeBot/1.0; +claudebot@anthropic.com)"
35.225.114.218 - - [04/Jun/2026:16:18:00 +0200] "GET / HTTP/2.0" 200 161083 "http://www.parma.elettroservicegroup.it" "Mozilla/5.0 (compatible; CMS-Checker/1.0; +https://example.com)"
162.120.188.142 - - [04/Jun/2026:16:18:57 +0200] "GET /?gad_source=1&gad_campaignid=23795906066&gbraid=0AAAABDgs-LR2YvlM_3vdVruPChzTFC0KH&gclid=CjwKCAjwxITRBhBYEiwA6mZm7RVaUNyG3yEym95lpW2jo5hgfGFvakqDyEyU_DgA9mAHCOUxF8ywPBoCFTIQAvD_BwE HTTP/2.0" 200 - "https://www.google.com/" "Mozilla/5.0 (Linux; Android 10; K) AppleWebKit/537.36 (KHTML, like Gecko) Chrome/148.0.0.0 Mobile Safari/537.36"
65.108.235.243 - - [04/Jun/2026:16:19:03 +0200] "POST /wp-cron.php?doing_wp_cron=1780582743.3881180286407470703125 HTTP/1.1" 200 1 "-" "WordPress/7.0; https://parma.elettroservicegroup.it"
142.250.32.5 - - [04/Jun/2026:16:18:57 +0200] "GET /.well-known/traffic-advice HTTP/1.1" 404 16880 "-" "Chrome Privacy Preserving Prefetch Proxy"
65.108.235.243 - - [04/Jun/2026:16:26:21 +0200] "POST /wp-cron.php?doing_wp_cron=1780583181.2818160057067871093750 HTTP/1.1" 200 1 "-" "WordPress/7.0; https://parma.elettroservicegroup.it"
66.249.89.133 - - [04/Jun/2026:16:26:11 +0200] "GET /assistenza-forni-elettrici-/ HTTP/1.1" 200 20719 "-" "Mozilla/5.0 (Linux; Android 6.0.1; Nexus 5X Build/MMB29P) AppleWebKit/537.36 (KHTML, like Gecko) Chrome/148.0.7778.96 Mobile Safari/537.36 (compatible; AdsBot-Google-Mobile; +http://www.google.com/mobile/adsbot.html)"
216.73.217.169 - - [04/Jun/2026:16:39:08 +0200] "GET /wp-content/uploads/elementor/css/post-15592.css HTTP/2.0" 200 133 "-" "Mozilla/5.0 AppleWebKit/537.36 (KHTML, like Gecko; compatible; ClaudeBot/1.0; +claudebot@anthropic.com)"
216.73.217.169 - - [04/Jun/2026:16:39:08 +0200] "GET /wp-content/cache/wpfc-minified/7c59zwuk/6i8iq.css HTTP/2.0" 200 16110 "-" "Mozilla/5.0 AppleWebKit/537.36 (KHTML, like Gecko; compatible; ClaudeBot/1.0; +claudebot@anthropic.com)"
65.108.235.243 - - [04/Jun/2026:16:39:10 +0200] "POST /wp-cron.php?doing_wp_cron=1780583950.7118840217590332031250 HTTP/1.1" 200 1 "-" "WordPress/7.0; https://parma.elettroservicegroup.it"
216.73.217.169 - - [04/Jun/2026:16:39:08 +0200] "GET /?p=15592 HTTP/2.0" 301 1 "-" "Mozilla/5.0 AppleWebKit/537.36 (KHTML, like Gecko; compatible; ClaudeBot/1.0; +claudebot@anthropic.com)"
216.73.217.169 - - [04/Jun/2026:16:39:10 +0200] "GET /informativa-privacy/ HTTP/2.0" 200 20335 "https://parma.elettroservicegroup.it/?p=15592" "Mozilla/5.0 AppleWebKit/537.36 (KHTML, like Gecko; compatible; ClaudeBot/1.0; +claudebot@anthropic.com)"
65.108.235.243 - - [04/Jun/2026:16:52:20 +0200] "POST /wp-cron.php?doing_wp_cron=1780584740.7858190536499023437500 HTTP/1.1" 200 1 "-" "WordPress/7.0; https://parma.elettroservicegroup.it"
5.76.187.109 - - [04/Jun/2026:16:52:16 +0200] "POST /wp-json/wp/v2/posts HTTP/1.1" 401 121 "-" "Mozilla/5.0 (Windows NT 10.0; Win64; x64) AppleWebKit/537.36 (KHTML, like Gecko) Chrome/124.0 Safari/537.36"
5.76.187.109 - - [04/Jun/2026:16:52:21 +0200] "POST /wp-login.php HTTP/1.1" 200 10674 "-" "Mozilla/5.0 (Windows NT 10.0; Win64; x64) AppleWebKit/537.36 (KHTML, like Gecko) Chrome/124.0 Safari/537.36"
65.108.235.243 - - [04/Jun/2026:16:54:14 +0200] "POST /wp-cron.php?doing_wp_cron=1780584854.3676578998565673828125 HTTP/1.1" 200 1 "-" "WordPress/7.0; https://parma.elettroservicegroup.it"
52.167.144.179 - - [04/Jun/2026:16:54:12 +0200] "GET /page-sitemap.xml HTTP/2.0" 200 1505 "-" "Mozilla/5.0 AppleWebKit/537.36 (KHTML, like Gecko; compatible; bingbot/2.0; +http://www.bing.com/bingbot.htm) Chrome/116.0.1938.76 Safari/537.36"
65.108.235.243 - - [04/Jun/2026:17:01:32 +0200] "POST /wp-cron.php?doing_wp_cron=1780585292.0765450000762939453125 HTTP/1.1" 200 1 "-" "WordPress/7.0; https://parma.elettroservicegroup.it"
216.73.217.169 - - [04/Jun/2026:17:01:30 +0200] "GET /robots.txt HTTP/2.0" 200 104 "-" "Mozilla/5.0 AppleWebKit/537.36 (KHTML, like Gecko; compatible; ClaudeBot/1.0; +claudebot@anthropic.com)"
216.73.217.169 - - [04/Jun/2026:17:01:32 +0200] "GET /assistenza-whirlpool-busseto HTTP/2.0" 301 1 "-" "Mozilla/5.0 AppleWebKit/537.36 (KHTML, like Gecko; compatible; ClaudeBot/1.0; +claudebot@anthropic.com)"
216.73.217.169 - - [04/Jun/2026:17:01:32 +0200] "GET /assistenza-whirlpool-busseto/ HTTP/2.0" 200 22629 "https://parma.elettroservicegroup.it/assistenza-whirlpool-busseto" "Mozilla/5.0 AppleWebKit/537.36 (KHTML, like Gecko; compatible; ClaudeBot/1.0; +claudebot@anthropic.com)"
65.108.235.243 - - [04/Jun/2026:17:21:12 +0200] "POST /wp-cron.php?doing_wp_cron=1780586472.1782259941101074218750 HTTP/1.1" 200 1 "-" "WordPress/7.0; https://parma.elettroservicegroup.it"
114.119.136.243 - - [04/Jun/2026:17:21:07 +0200] "GET /robots.txt HTTP/1.1" 200 189 "-" "Mozilla/5.0 (compatible;PetalBot;+https://webmaster.petalsearch.com/site/petalbot)"
65.108.235.243 - - [04/Jun/2026:17:21:44 +0200] "POST /wp-cron.php?doing_wp_cron=1780586503.9726090431213378906250 HTTP/1.1" 200 1 "-" "WordPress/7.0; https://parma.elettroservicegroup.it"
83.211.10.24 - - [04/Jun/2026:17:21:36 +0200] "GET /?gad_source=1&gad_campaignid=23795906066&gclid=CjwKCAjwxITRBhBYEiwA6mZm7dWCFLCAyE8pT5FQhL8kXyoGY1AJvt9qhGK6NFM8iuW9yVYDjJJy3hoC170QAvD_BwE HTTP/2.0" 200 22413 "https://www.google.com/" "Mozilla/5.0 (Linux; Android 10; K) AppleWebKit/537.36 (KHTML, like Gecko) Chrome/148.0.0.0 Mobile Safari/537.36"
83.211.10.24 - - [04/Jun/2026:17:21:45 +0200] "GET /wp-content/plugins/header-footer-elementor/assets/css/header-footer-elementor.css?ver=2.8.8 HTTP/2.0" 200 260 "https://parma.elettroservicegroup.it/?gad_source=1&gad_campaignid=23795906066&gclid=CjwKCAjwxITRBhBYEiwA6mZm7dWCFLCAyE8pT5FQhL8kXyoGY1AJvt9qhGK6NFM8iuW9yVYDjJJy3hoC170QAvD_BwE" "Mozilla/5.0 (Linux; Android 10; K) AppleWebKit/537.36 (KHTML, like Gecko) Chrome/148.0.0.0 Mobile Safari/537.36"
83.211.10.24 - - [04/Jun/2026:17:21:45 +0200] "GET /wp-content/plugins/all-in-one-seo-pack/dist/Lite/assets/css/table-of-contents/global.e90f6d47.css?ver=4.9.7.2 HTTP/2.0" 200 420 "https://parma.elettroservicegroup.it/?gad_source=1&gad_campaignid=23795906066&gclid=CjwKCAjwxITRBhBYEiwA6mZm7dWCFLCAyE8pT5FQhL8kXyoGY1AJvt9qhGK6NFM8iuW9yVYDjJJy3hoC170QAvD_BwE" "Mozilla/5.0 (Linux; Android 10; K) AppleWebKit/537.36 (KHTML, like Gecko) Chrome/148.0.0.0 Mobile Safari/537.36"
83.211.10.24 - - [04/Jun/2026:17:21:45 +0200] "GET /wp-content/plugins/complianz-gdpr-premium/assets/css/cookieblocker.min.css?ver=1780326315 HTTP/2.0" 200 615 "https://parma.elettroservicegroup.it/?gad_source=1&gad_campaignid=23795906066&gclid=CjwKCAjwxITRBhBYEiwA6mZm7dWCFLCAyE8pT5FQhL8kXyoGY1AJvt9qhGK6NFM8iuW9yVYDjJJy3hoC170QAvD_BwE" "Mozilla/5.0 (Linux; Android 10; K) AppleWebKit/537.36 (KHTML, like Gecko) Chrome/148.0.0.0 Mobile Safari/537.36"
83.211.10.24 - - [04/Jun/2026:17:21:45 +0200] "GET /wp-content/plugins/elementor/assets/css/widget-heading.min.css?ver=4.1.1 HTTP/2.0" 200 127 "https://parma.elettroservicegroup.it/?gad_source=1&gad_campaignid=23795906066&gclid=CjwKCAjwxITRBhBYEiwA6mZm7dWCFLCAyE8pT5FQhL8kXyoGY1AJvt9qhGK6NFM8iuW9yVYDjJJy3hoC170QAvD_BwE" "Mozilla/5.0 (Linux; Android 10; K) AppleWebKit/537.36 (KHTML, like Gecko) Chrome/148.0.0.0 Mobile Safari/537.36"
83.211.10.24 - - [04/Jun/2026:17:21:45 +0200] "GET /wp-content/plugins/elementor/assets/lib/animations/styles/bounceIn.min.css?ver=4.1.1 HTTP/2.0" 200 186 "https://parma.elettroservicegroup.it/?gad_source=1&gad_campaignid=23795906066&gclid=CjwKCAjwxITRBhBYEiwA6mZm7dWCFLCAyE8pT5FQhL8kXyoGY1AJvt9qhGK6NFM8iuW9yVYDjJJy3hoC170QAvD_BwE" "Mozilla/5.0 (Linux; Android 10; K) AppleWebKit/537.36 (KHTML, like Gecko) Chrome/148.0.0.0 Mobile Safari/537.36"
83.211.10.24 - - [04/Jun/2026:17:21:45 +0200] "GET /wp-content/uploads/elementor/css/post-14146.css?ver=1780586499 HTTP/2.0" 200 428 "https://parma.elettroservicegroup.it/?gad_source=1&gad_campaignid=23795906066&gclid=CjwKCAjwxITRBhBYEiwA6mZm7dWCFLCAyE8pT5FQhL8kXyoGY1AJvt9qhGK6NFM8iuW9yVYDjJJy3hoC170QAvD_BwE" "Mozilla/5.0 (Linux; Android 10; K) AppleWebKit/537.36 (KHTML, like Gecko) Chrome/148.0.0.0 Mobile Safari/537.36"
83.211.10.24 - - [04/Jun/2026:17:21:45 +0200] "GET /wp-content/plugins/elementor/assets/lib/font-awesome/css/v4-shims.min.css?ver=4.1.1 HTTP/2.0" 200 3986 "https://parma.elettroservicegroup.it/?gad_source=1&gad_campaignid=23795906066&gclid=CjwKCAjwxITRBhBYEiwA6mZm7dWCFLCAyE8pT5FQhL8kXyoGY1AJvt9qhGK6NFM8iuW9yVYDjJJy3hoC170QAvD_BwE" "Mozilla/5.0 (Linux; Android 10; K) AppleWebKit/537.36 (KHTML, like Gecko) Chrome/148.0.0.0 Mobile Safari/537.36"
83.211.10.24 - - [04/Jun/2026:17:21:45 +0200] "GET /wp-content/plugins/elementor/assets/css/widget-spacer.min.css?ver=4.1.1 HTTP/2.0" 200 287 "https://parma.elettroservicegroup.it/?gad_source=1&gad_campaignid=23795906066&gclid=CjwKCAjwxITRBhBYEiwA6mZm7dWCFLCAyE8pT5FQhL8kXyoGY1AJvt9qhGK6NFM8iuW9yVYDjJJy3hoC170QAvD_BwE" "Mozilla/5.0 (Linux; Android 10; K) AppleWebKit/537.36 (KHTML, like Gecko) Chrome/148.0.0.0 Mobile Safari/537.36"
