66.249.89.133 - - [04/Jun/2026:22:27:08 +0200] "GET /wp-content/themes/generatepress/assets/js/menu.min.js?ver=3.6.1 HTTP/1.1" 200 1688 "https://parma.elettroservicegroup.it/assistenza-forni-elettrici/" "AdsBot-Google (+http://www.google.com/adsbot.html)"
66.249.89.133 - - [04/Jun/2026:22:27:09 +0200] "GET /wp-content/plugins/burst-statistics/assets/js/timeme/timeme.min.js?ver=1780499187 HTTP/1.1" 200 1835 "https://parma.elettroservicegroup.it/assistenza-forni-elettrici/" "AdsBot-Google (+http://www.google.com/adsbot.html)"
66.249.89.133 - - [04/Jun/2026:22:27:09 +0200] "GET /wp-content/themes/generatepress/assets/js/back-to-top.min.js?ver=3.6.1 HTTP/1.1" 200 336 "https://parma.elettroservicegroup.it/assistenza-forni-elettrici/" "AdsBot-Google (+http://www.google.com/adsbot.html)"
66.249.89.133 - - [04/Jun/2026:22:27:09 +0200] "GET /wp-content/plugins/elementor/assets/js/frontend.min.js?ver=4.1.1 HTTP/1.1" 200 10140 "https://parma.elettroservicegroup.it/assistenza-forni-elettrici/" "AdsBot-Google (+http://www.google.com/adsbot.html)"
66.249.89.133 - - [04/Jun/2026:22:27:10 +0200] "GET /wp-content/plugins/complianz-gdpr-premium/cookiebanner/js/complianz.min.js?ver=1780326315 HTTP/1.1" 200 10708 "https://parma.elettroservicegroup.it/assistenza-forni-elettrici/" "AdsBot-Google (+http://www.google.com/adsbot.html)"
66.249.89.133 - - [04/Jun/2026:22:27:10 +0200] "GET /wp-content/plugins/elementor/assets/lib/font-awesome/webfonts/fa-regular-400.woff2 HTTP/1.1" 304 - "https://parma.elettroservicegroup.it/wp-content/plugins/elementor/assets/lib/font-awesome/css/all.min.css?ver=4.1.1" "AdsBot-Google (+http://www.google.com/adsbot.html)"
66.249.89.133 - - [04/Jun/2026:22:27:11 +0200] "GET /wp-content/uploads/elementor/google-fonts/fonts/roboto-kfo7cnqeu92fr1me7ksn66agldtyluama3yuba.woff2 HTTP/1.1" 304 - "https://parma.elettroservicegroup.it/wp-content/uploads/elementor/google-fonts/css/roboto.css?ver=1742280360" "AdsBot-Google (+http://www.google.com/adsbot.html)"
66.249.89.133 - - [04/Jun/2026:22:27:11 +0200] "GET /wp-content/plugins/elementor/assets/lib/font-awesome/webfonts/fa-solid-900.woff2 HTTP/1.1" 304 - "https://parma.elettroservicegroup.it/wp-content/plugins/elementor/assets/lib/font-awesome/css/all.min.css?ver=4.1.1" "AdsBot-Google (+http://www.google.com/adsbot.html)"
65.108.235.243 - - [04/Jun/2026:22:27:12 +0200] "POST /wp-cron.php?doing_wp_cron=1780604832.6425859928131103515625 HTTP/1.1" 200 1 "-" "WordPress/7.0; https://parma.elettroservicegroup.it"
66.249.89.133 - - [04/Jun/2026:22:27:11 +0200] "GET /wp-json/complianz/v1/banner?lang=it&locale=it_IT&token=elxap HTTP/1.1" 200 84 "https://parma.elettroservicegroup.it/assistenza-forni-elettrici/" "AdsBot-Google (+http://www.google.com/adsbot.html)"
66.249.89.133 - - [04/Jun/2026:22:27:12 +0200] "GET /wp-content/uploads/complianz/css/banner-1-optin.css?v=46 HTTP/1.1" 200 2617 "https://parma.elettroservicegroup.it/assistenza-forni-elettrici/" "AdsBot-Google (+http://www.google.com/adsbot.html)"
66.249.89.133 - - [04/Jun/2026:22:27:13 +0200] "GET /wp-json/complianz/v1/cookie_data HTTP/1.1" 200 81 "https://parma.elettroservicegroup.it/assistenza-forni-elettrici/" "AdsBot-Google (+http://www.google.com/adsbot.html)"
66.249.89.133 - - [04/Jun/2026:22:27:13 +0200] "GET /wp-content/plugins/elementor/assets/js/section-frontend-handlers.d85ab872da118940910d.bundle.min.js HTTP/1.1" 200 230 "https://parma.elettroservicegroup.it/assistenza-forni-elettrici/" "AdsBot-Google (+http://www.google.com/adsbot.html)"
66.249.89.133 - - [04/Jun/2026:22:27:13 +0200] "GET /wp-content/plugins/elementor/assets/js/text-editor.45609661e409413f1cef.bundle.min.js HTTP/1.1" 200 592 "https://parma.elettroservicegroup.it/assistenza-forni-elettrici/" "AdsBot-Google (+http://www.google.com/adsbot.html)"
66.249.89.133 - - [04/Jun/2026:22:27:13 +0200] "GET /wp-content/plugins/elementor/assets/js/shared-frontend-handlers.03caa53373b56d3bab67.bundle.min.js HTTP/1.1" 200 2515 "https://parma.elettroservicegroup.it/assistenza-forni-elettrici/" "AdsBot-Google (+http://www.google.com/adsbot.html)"
216.73.217.47 - - [04/Jun/2026:22:29:03 +0200] "GET /wp-content/uploads/2021/10/804_lavastoviglie.jpg HTTP/2.0" 200 111183 "-" "Mozilla/5.0 AppleWebKit/537.36 (KHTML, like Gecko; compatible; ClaudeBot/1.0; +claudebot@anthropic.com)"
65.108.235.243 - - [04/Jun/2026:22:33:17 +0200] "POST /wp-cron.php?doing_wp_cron=1780605197.6755149364471435546875 HTTP/1.1" 200 1 "-" "WordPress/7.0; https://parma.elettroservicegroup.it"
216.73.217.47 - - [04/Jun/2026:22:33:16 +0200] "GET /?p=17267 HTTP/2.0" 301 1 "-" "Mozilla/5.0 AppleWebKit/537.36 (KHTML, like Gecko; compatible; ClaudeBot/1.0; +claudebot@anthropic.com)"
216.73.217.47 - - [04/Jun/2026:22:33:18 +0200] "GET /assistenza-aeg-fidenza/ HTTP/2.0" 200 22648 "https://parma.elettroservicegroup.it/?p=17267" "Mozilla/5.0 AppleWebKit/537.36 (KHTML, like Gecko; compatible; ClaudeBot/1.0; +claudebot@anthropic.com)"
65.108.235.243 - - [04/Jun/2026:22:37:18 +0200] "POST /wp-cron.php?doing_wp_cron=1780605438.9823899269104003906250 HTTP/1.1" 200 1 "-" "WordPress/7.0; https://parma.elettroservicegroup.it"
66.249.89.134 - - [04/Jun/2026:22:37:16 +0200] "GET /assistenza-aeg-parma/ HTTP/1.1" 200 23021 "-" "Mozilla/5.0 (Linux; Android 6.0.1; Nexus 5X Build/MMB29P) AppleWebKit/537.36 (KHTML, like Gecko) Chrome/148.0.7778.96 Mobile Safari/537.36 (compatible; AdsBot-Google-Mobile; +http://www.google.com/mobile/adsbot.html)"
216.73.217.47 - - [04/Jun/2026:22:40:13 +0200] "GET /wp-content/uploads/2021/10/804_lavastoviglie-300x163.jpg HTTP/2.0" 200 11379 "-" "Mozilla/5.0 AppleWebKit/537.36 (KHTML, like Gecko; compatible; ClaudeBot/1.0; +claudebot@anthropic.com)"
31.13.103.14 - - [04/Jun/2026:22:43:58 +0200] "GET /assistenza-bosch-parma/ HTTP/2.0" 200 - "-" "meta-webindexer/1.1 (+https://developers.facebook.com/docs/sharing/webmasters/crawler)"
89.183.192.50 - - [04/Jun/2026:23:11:38 +0200] "GET / HTTP/1.1" 200 161083 "-" "Mozilla/5.0 (Windows NT 10.0; Win64; x64) AppleWebKit/537.36 (KHTML, like Gecko) Chrome/124.0 Safari/537.36"
65.108.235.243 - - [04/Jun/2026:23:17:33 +0200] "POST /wp-cron.php?doing_wp_cron=1780607853.5042068958282470703125 HTTP/1.1" 200 1 "-" "WordPress/7.0; https://parma.elettroservicegroup.it"
66.249.64.69 - - [04/Jun/2026:23:17:30 +0200] "GET /page-sitemap.xml HTTP/1.1" 200 1505 "-" "Mozilla/5.0 (compatible; Googlebot/2.1; +http://www.google.com/bot.html)"
66.249.89.134 - - [04/Jun/2026:23:23:26 +0200] "GET /wp-content/uploads/elementor/css/post-17266.css?ver=1780600702 HTTP/1.1" 200 2169 "https://parma.elettroservicegroup.it/assistenza-aeg-parma/" "AdsBot-Google (+http://www.google.com/adsbot.html)"
66.249.89.135 - - [04/Jun/2026:23:23:26 +0200] "GET /wp-content/plugins/header-footer-elementor/assets/css/header-footer-elementor.css?ver=2.8.8 HTTP/1.1" 200 260 "https://parma.elettroservicegroup.it/assistenza-aeg-parma/" "AdsBot-Google (+http://www.google.com/adsbot.html)"
23.22.99.102 - - [05/Jun/2026:00:08:03 +0200] "GET /assistenza-ariston-parma/ HTTP/1.1" 200 11820 "-" "Mozilla/5.0 (Macintosh; Intel Mac OS X 10_10_1) AppleWebKit/600.2.5 (KHTML, like Gecko) Version/8.0.2 Safari/600.2.5 (Lanai)"
65.108.235.243 - - [05/Jun/2026:01:18:01 +0200] "POST /wp-cron.php?doing_wp_cron=1780615081.5367610454559326171875 HTTP/1.1" 200 1 "-" "WordPress/7.0; https://parma.elettroservicegroup.it"
216.73.216.217 - - [05/Jun/2026:01:17:58 +0200] "GET /robots.txt HTTP/2.0" 200 104 "-" "Mozilla/5.0 AppleWebKit/537.36 (KHTML, like Gecko; compatible; ClaudeBot/1.0; +claudebot@anthropic.com)"
216.73.216.217 - - [05/Jun/2026:01:18:03 +0200] "GET /wp-content/uploads/2022/01/Lavatrice-1-1-300x267.jpg HTTP/2.0" 200 11406 "-" "Mozilla/5.0 AppleWebKit/537.36 (KHTML, like Gecko; compatible; ClaudeBot/1.0; +claudebot@anthropic.com)"
199.45.155.86 - - [05/Jun/2026:01:30:01 +0200] "GET / HTTP/1.1" 415 161083 "-" "Mozilla/5.0 (compatible; CensysInspect/1.1; +https://about.censys.io/)"
199.45.155.86 - - [05/Jun/2026:01:30:31 +0200] "GET / HTTP/1.1" 421 362 "-" "Mozilla/5.0 (compatible; CensysInspect/1.1; +https://about.censys.io/)"
65.108.235.243 - - [05/Jun/2026:02:15:08 +0200] "POST /wp-cron.php?doing_wp_cron=1780618508.0711729526519775390625 HTTP/1.1" 200 1 "-" "WordPress/7.0; https://parma.elettroservicegroup.it"
172.203.190.143 - - [05/Jun/2026:02:15:06 +0200] "GET /robots.txt HTTP/2.0" 200 104 "-" "Mozilla/5.0 (Macintosh; Intel Mac OS X 10_15_7) AppleWebKit/537.36 (KHTML, like Gecko) Chrome/131.0.0.0 Safari/537.36; compatible; OAI-SearchBot/1.0; +https://openai.com/searchbot"
65.108.235.243 - - [05/Jun/2026:02:50:06 +0200] "POST /wp-cron.php?doing_wp_cron=1780620606.7431819438934326171875 HTTP/1.1" 200 1 "-" "WordPress/7.0; https://parma.elettroservicegroup.it"
216.73.216.217 - - [05/Jun/2026:02:50:02 +0200] "GET /robots.txt HTTP/2.0" 200 104 "-" "Mozilla/5.0 AppleWebKit/537.36 (KHTML, like Gecko; compatible; ClaudeBot/1.0; +claudebot@anthropic.com)"
216.73.216.217 - - [05/Jun/2026:02:50:08 +0200] "GET /wp-content/uploads/2021/10/PREVENTIVI-300x200.jpg HTTP/2.0" 200 14503 "-" "Mozilla/5.0 AppleWebKit/537.36 (KHTML, like Gecko; compatible; ClaudeBot/1.0; +claudebot@anthropic.com)"
116.212.139.132 - - [05/Jun/2026:03:01:58 +0200] "GET / HTTP/1.1" 415 161083 "-" "Mozilla/5.0 (Windows NT 10.0; Win64; x64) AppleWebKit/537.36 Chrome/119.0.0.0 Safari/537.36"
65.108.235.243 - - [05/Jun/2026:03:02:00 +0200] "POST /?wordfence_syncAttackData=1780621320.3651 HTTP/1.1" 200 1 "-" "WordPress/7.0; https://parma.elettroservicegroup.it"
65.108.235.243 - - [05/Jun/2026:03:02:00 +0200] "POST /wp-content/plugins/burst-statistics/endpoint.php HTTP/1.1" 200 1 "-" "WordPress/7.0; https://parma.elettroservicegroup.it"
116.212.139.132 - - [05/Jun/2026:03:02:02 +0200] "GET /?rest_route=%2Fburst%2Fv1%2Fmainwp-auth HTTP/1.1" 415 165231 "-" "Mozilla/5.0 (Windows NT 10.0; Win64; x64) AppleWebKit/537.36 Chrome/119.0.0.0 Safari/537.36"
116.212.139.132 - - [05/Jun/2026:03:02:05 +0200] "GET /?rest_route=%2Fwp%2Fv2%2Fusers HTTP/1.1" 415 165231 "-" "Mozilla/5.0 (Linux; Android 10) Chrome/120.0.6099.144 Mobile Safari/537.36"
116.212.139.132 - - [05/Jun/2026:03:02:10 +0200] "GET / HTTP/1.1" 415 161083 "-" "Mozilla/5.0 (X11; Linux x86_64; rv:121.0) Gecko/20100101 Firefox/121.0"
65.108.235.243 - - [05/Jun/2026:03:02:12 +0200] "POST /?wordfence_syncAttackData=1780621332.4505 HTTP/1.1" 200 1 "-" "WordPress/7.0; https://parma.elettroservicegroup.it"
116.212.139.132 - - [05/Jun/2026:03:02:12 +0200] "GET /wp-content/plugins/burst-statistics/readme.txt HTTP/1.1" 404 86867 "-" "Mozilla/5.0 (iPhone; CPU iPhone OS 17_1 like Mac OS X) Version/17.1 Mobile/15E148 Safari/604.1"
116.212.139.132 - - [05/Jun/2026:03:02:14 +0200] "POST /?rest_route=/burst/v1/mainwp-auth HTTP/1.1" 301 - "-" "Mozilla/5.0 (iPhone; CPU iPhone OS 17_1 like Mac OS X) Version/17.1 Mobile/15E148 Safari/604.1"
116.212.139.132 - - [05/Jun/2026:03:02:15 +0200] "GET /?rest_route=%2Fburst%2Fv1%2Fmainwp-auth HTTP/1.1" 415 165231 "-" "Mozilla/5.0 (iPhone; CPU iPhone OS 17_1 like Mac OS X) Version/17.1 Mobile/15E148 Safari/604.1"
65.108.235.243 - - [05/Jun/2026:03:02:17 +0200] "POST /wp-cron.php?doing_wp_cron=1780621337.6831309795379638671875 HTTP/1.1" 200 1 "-" "WordPress/7.0; https://parma.elettroservicegroup.it"
116.212.139.132 - - [05/Jun/2026:03:02:17 +0200] "GET /wp-json/wp/v2/users HTTP/1.1" 401 108 "-" "Mozilla/5.0 (Windows NT 10.0; Win64; x64; rv:121.0) Gecko/20100101 Firefox/121.0"
116.212.139.132 - - [05/Jun/2026:03:02:18 +0200] "GET /?rest_route=/wp/v2/users HTTP/1.1" 301 - "-" "Mozilla/5.0 (Macintosh; Intel Mac OS X 10_15_7) AppleWebKit/537.36 Chrome/120.0.0.0 Safari/537.36"
116.212.139.132 - - [05/Jun/2026:03:02:19 +0200] "GET /?author=1 HTTP/1.1" 415 165231 "-" "Mozilla/5.0 (Windows NT 10.0; Win64; x64) AppleWebKit/537.36 Chrome/119.0.0.0 Safari/537.36"
116.212.139.132 - - [05/Jun/2026:03:02:21 +0200] "GET /?author=2 HTTP/1.1" 415 165231 "-" "Mozilla/5.0 (Windows NT 10.0; Win64; x64; rv:121.0) Gecko/20100101 Firefox/121.0"
116.212.139.132 - - [05/Jun/2026:03:02:23 +0200] "GET /?author=3 HTTP/1.1" 415 165231 "-" "Mozilla/5.0 (X11; Linux x86_64; rv:121.0) Gecko/20100101 Firefox/121.0"
116.212.139.132 - - [05/Jun/2026:03:02:25 +0200] "GET /?author=4 HTTP/1.1" 415 165231 "-" "Mozilla/5.0 (Windows NT 10.0; Win64; x64) Chrome/120.0.0.0 Safari/537.36 Edg/120.0.0.0"
116.212.139.132 - - [05/Jun/2026:03:02:27 +0200] "GET /?author=5 HTTP/1.1" 415 165231 "-" "Mozilla/5.0 (Macintosh; Intel Mac OS X 10_15_7) AppleWebKit/605.1.15 Version/17.1 Safari/605.1.15"
116.212.139.132 - - [05/Jun/2026:03:02:29 +0200] "GET /wp-json/oembed/1.0/embed?url=https://parma.elettroservicegroup.it/ HTTP/1.1" 400 119 "-" "Mozilla/5.0 (Linux; Android 10) Chrome/120.0.6099.144 Mobile Safari/537.36"
116.212.139.132 - - [05/Jun/2026:03:02:30 +0200] "GET / HTTP/1.1" 415 161083 "-" "Mozilla/5.0 (Macintosh; Intel Mac OS X 10_15_7) AppleWebKit/605.1.15 Version/17.1 Safari/605.1.15"
65.108.235.243 - - [05/Jun/2026:03:02:32 +0200] "POST /?wordfence_syncAttackData=1780621352.1296 HTTP/1.1" 200 1 "-" "WordPress/7.0; https://parma.elettroservicegroup.it"
116.212.139.132 - - [05/Jun/2026:03:02:35 +0200] "GET /?rest_route=%2Fburst%2Fv1%2Fmainwp-auth HTTP/1.1" 415 165231 "-" "Mozilla/5.0 (iPhone; CPU iPhone OS 17_1 like Mac OS X) Version/17.1 Mobile/15E148 Safari/604.1"
65.108.235.243 - - [05/Jun/2026:03:05:31 +0200] "POST /wp-cron.php?doing_wp_cron=1780621531.1405010223388671875000 HTTP/1.1" 200 1 "-" "WordPress/7.0; https://parma.elettroservicegroup.it"
176.65.139.238 - - [05/Jun/2026:03:05:17 +0200] "GET / HTTP/1.1" 301 - "-" "Mozilla/5.0 (Windows NT 10.0; Win64; x64) AppleWebKit/537.36 (KHTML, like Gecko) Chrome/147.0.0.0 Safari/537.36"
176.65.139.234 - - [05/Jun/2026:03:06:02 +0200] "GET / HTTP/1.1" 415 161083 "-" "Mozilla/5.0 (Windows NT 10.0; Win64; x64) AppleWebKit/537.36 (KHTML, like Gecko) Chrome/147.0.0.0 Safari/537.36"
18.206.82.65 - - [05/Jun/2026:03:07:03 +0200] "GET /robots.txt HTTP/1.1" 200 11832 "-" "Mozilla/5.0 (Macintosh; Intel Mac OS X 10_10_1) AppleWebKit/600.2.5 (KHTML, like Gecko) Version/8.0.2 Safari/600.2.5 (Lanai)"
3.208.171.167 - - [05/Jun/2026:03:07:07 +0200] "GET /assistenza-indesit-parma/ HTTP/1.1" 200 11789 "-" "Mozilla/5.0 (Macintosh; Intel Mac OS X 10_10_1) AppleWebKit/600.2.5 (KHTML, like Gecko) Version/8.0.2 Safari/600.2.5 (Lanai)"
51.77.43.170 - - [05/Jun/2026:03:09:35 +0200] "GET /robots.txt HTTP/1.1" 403 - "-" "Mozilla/5.0 (compatible; MJ12bot/v1.4.8; http://mj12bot.com/)"
51.77.43.170 - - [05/Jun/2026:03:09:39 +0200] "GET /robots.txt HTTP/1.1" 403 - "-" "Mozilla/5.0 (compatible; MJ12bot/v1.4.8; http://mj12bot.com/)"
209.38.46.139 - - [05/Jun/2026:03:43:03 +0200] "GET / HTTP/1.1" 301 - "-" "Mozilla/5.0 (X11; Linux x86_64) AppleWebKit/537.36 (KHTML, like Gecko) Chrome/142.0.0.0 Safari/537.36"
209.38.46.139 - - [05/Jun/2026:03:43:06 +0200] "GET /favicon.ico HTTP/1.1" 302 - "https://www.parma.elettroservicegroup.it/" "Mozilla/5.0 (X11; Linux x86_64) AppleWebKit/537.36 (KHTML, like Gecko) Chrome/142.0.0.0 Safari/537.36"
65.108.235.243 - - [05/Jun/2026:03:58:44 +0200] "POST /wp-cron.php?doing_wp_cron=1780624724.4699490070343017578125 HTTP/1.1" 200 1 "-" "WordPress/7.0; https://parma.elettroservicegroup.it"
216.73.216.251 - - [05/Jun/2026:03:58:42 +0200] "GET /robots.txt HTTP/2.0" 200 104 "-" "Mozilla/5.0 AppleWebKit/537.36 (KHTML, like Gecko; compatible; ClaudeBot/1.0; +claudebot@anthropic.com)"
65.108.235.243 - - [05/Jun/2026:04:25:25 +0200] "POST /wp-cron.php?doing_wp_cron=1780626325.2333250045776367187500 HTTP/1.1" 200 1 "-" "WordPress/7.0; https://parma.elettroservicegroup.it"
34.87.103.236 - - [05/Jun/2026:04:25:18 +0200] "GET /wordpress/ HTTP/2.0" 404 - "-" "curl/7.83.1"
149.224.133.251 - - [05/Jun/2026:04:25:42 +0200] "GET /robots.txt HTTP/1.1" 403 - "-" "Mozilla/5.0 (compatible; MJ12bot/v1.4.8; http://mj12bot.com/)"
3.208.171.167 - - [05/Jun/2026:04:55:47 +0200] "GET /assistenza-siemens-fidenza/ HTTP/1.1" 200 11845 "-" "Mozilla/5.0 (Macintosh; Intel Mac OS X 10_10_1) AppleWebKit/600.2.5 (KHTML, like Gecko) Version/8.0.2 Safari/600.2.5 (Lanai)"
66.249.64.70 - - [05/Jun/2026:05:00:28 +0200] "GET / HTTP/1.1" 200 22278 "-" "Mozilla/5.0 (compatible; Googlebot/2.1; +http://www.google.com/bot.html)"
65.108.235.243 - - [05/Jun/2026:05:00:29 +0200] "POST /wp-cron.php?doing_wp_cron=1780628429.9830949306488037109375 HTTP/1.1" 200 1 "-" "WordPress/7.0; https://parma.elettroservicegroup.it"
66.249.64.69 - - [05/Jun/2026:05:00:29 +0200] "GET / HTTP/1.1" 200 22413 "-" "Mozilla/5.0 (Linux; Android 6.0.1; Nexus 5X Build/MMB29P) AppleWebKit/537.36 (KHTML, like Gecko) Chrome/99.0.4844.84 Mobile Safari/537.36 (compatible; Googlebot/2.1; +http://www.google.com/bot.html)"
66.249.64.71 - - [05/Jun/2026:05:00:30 +0200] "GET /wp-content/cache/wpfc-minified/mbb024jo/4bjek.css HTTP/1.1" 200 11331 "https://parma.elettroservicegroup.it/" "Mozilla/5.0 AppleWebKit/537.36 (KHTML, like Gecko; compatible; Googlebot/2.1; +http://www.google.com/bot.html) Chrome/147.0.7727.116 Safari/537.36"
66.249.64.71 - - [05/Jun/2026:05:00:30 +0200] "GET /wp-content/cache/wpfc-minified/fpvwzn7j/4bjek.css HTTP/1.1" 200 14485 "https://parma.elettroservicegroup.it/" "Mozilla/5.0 AppleWebKit/537.36 (KHTML, like Gecko; compatible; Googlebot/2.1; +http://www.google.com/bot.html) Chrome/147.0.7727.116 Safari/537.36"
66.249.64.70 - - [05/Jun/2026:05:00:31 +0200] "GET /wp-content/uploads/elementor/css/post-14227.css?ver=1778112000 HTTP/1.1" 200 2305 "https://parma.elettroservicegroup.it/" "Mozilla/5.0 AppleWebKit/537.36 (KHTML, like Gecko; compatible; Googlebot/2.1; +http://www.google.com/bot.html) Chrome/147.0.7727.116 Safari/537.36"
66.249.64.69 - - [05/Jun/2026:05:00:31 +0200] "GET /wp-content/cache/wpfc-minified/qaafat52/4bjek.css HTTP/1.1" 200 16433 "https://parma.elettroservicegroup.it/" "Mozilla/5.0 AppleWebKit/537.36 (KHTML, like Gecko; compatible; Googlebot/2.1; +http://www.google.com/bot.html) Chrome/147.0.7727.116 Safari/537.36"
66.249.64.71 - - [05/Jun/2026:05:00:31 +0200] "GET /wp-content/cache/wpfc-minified/shydqzw/4bjek.js HTTP/1.1" 200 42193 "https://parma.elettroservicegroup.it/" "Mozilla/5.0 AppleWebKit/537.36 (KHTML, like Gecko; compatible; Googlebot/2.1; +http://www.google.com/bot.html) Chrome/147.0.7727.116 Safari/537.36"
66.249.64.70 - - [05/Jun/2026:05:00:32 +0200] "GET /wp-content/cache/wpfc-minified/f4mpgdct/4bjek.css HTTP/1.1" 200 7521 "https://parma.elettroservicegroup.it/" "Mozilla/5.0 AppleWebKit/537.36 (KHTML, like Gecko; compatible; Googlebot/2.1; +http://www.google.com/bot.html) Chrome/147.0.7727.116 Safari/537.36"
66.249.64.69 - - [05/Jun/2026:05:00:32 +0200] "GET /wp-content/cache/wpfc-minified/eqzpooq2/4bjek.css HTTP/1.1" 200 4410 "https://parma.elettroservicegroup.it/" "Mozilla/5.0 AppleWebKit/537.36 (KHTML, like Gecko; compatible; Googlebot/2.1; +http://www.google.com/bot.html) Chrome/147.0.7727.116 Safari/537.36"
66.249.64.70 - - [05/Jun/2026:05:00:33 +0200] "GET /wp-content/cache/wpfc-minified/9aoba38s/4bjek.css HTTP/1.1" 200 418 "https://parma.elettroservicegroup.it/" "Mozilla/5.0 AppleWebKit/537.36 (KHTML, like Gecko; compatible; Googlebot/2.1; +http://www.google.com/bot.html) Chrome/147.0.7727.116 Safari/537.36"
66.249.64.69 - - [05/Jun/2026:05:00:33 +0200] "GET /wp-content/plugins/elementor/assets/lib/font-awesome/css/v4-shims.min.css?ver=4.1.1 HTTP/1.1" 200 3986 "https://parma.elettroservicegroup.it/" "Mozilla/5.0 (Linux; Android 6.0.1; Nexus 5X Build/MMB29P) AppleWebKit/537.36 (KHTML, like Gecko) Chrome/147.0.7727.116 Mobile Safari/537.36 (compatible; Googlebot/2.1; +http://www.google.com/bot.html)"
66.249.64.69 - - [05/Jun/2026:05:00:34 +0200] "GET /wp-content/plugins/elementor/assets/css/frontend.min.css?ver=4.1.1 HTTP/1.1" 200 6618 "https://parma.elettroservicegroup.it/" "Mozilla/5.0 (Linux; Android 6.0.1; Nexus 5X Build/MMB29P) AppleWebKit/537.36 (KHTML, like Gecko) Chrome/147.0.7727.116 Mobile Safari/537.36 (compatible; Googlebot/2.1; +http://www.google.com/bot.html)"
66.249.64.70 - - [05/Jun/2026:05:00:34 +0200] "GET /wp-content/plugins/elementor/assets/css/widget-heading.min.css?ver=4.1.1 HTTP/1.1" 200 127 "https://parma.elettroservicegroup.it/" "Mozilla/5.0 (Linux; Android 6.0.1; Nexus 5X Build/MMB29P) AppleWebKit/537.36 (KHTML, like Gecko) Chrome/147.0.7727.116 Mobile Safari/537.36 (compatible; Googlebot/2.1; +http://www.google.com/bot.html)"
66.249.64.70 - - [05/Jun/2026:05:00:35 +0200] "GET /wp-content/uploads/elementor/css/post-14227.css?ver=1778112000 HTTP/1.1" 200 2305 "https://parma.elettroservicegroup.it/" "Mozilla/5.0 (Linux; Android 6.0.1; Nexus 5X Build/MMB29P) AppleWebKit/537.36 (KHTML, like Gecko) Chrome/147.0.7727.116 Mobile Safari/537.36 (compatible; Googlebot/2.1; +http://www.google.com/bot.html)"
66.249.64.69 - - [05/Jun/2026:05:00:36 +0200] "GET /wp-content/plugins/complianz-gdpr-premium/assets/css/cookieblocker.min.css?ver=1778112000 HTTP/1.1" 200 615 "https://parma.elettroservicegroup.it/" "Mozilla/5.0 (Linux; Android 6.0.1; Nexus 5X Build/MMB29P) AppleWebKit/537.36 (KHTML, like Gecko) Chrome/147.0.7727.116 Mobile Safari/537.36 (compatible; Googlebot/2.1; +http://www.google.com/bot.html)"
66.249.64.69 - - [05/Jun/2026:05:00:36 +0200] "GET /wp-content/plugins/elementor/assets/lib/animations/styles/bounceIn.min.css?ver=4.1.1 HTTP/1.1" 200 186 "https://parma.elettroservicegroup.it/" "Mozilla/5.0 (Linux; Android 6.0.1; Nexus 5X Build/MMB29P) AppleWebKit/537.36 (KHTML, like Gecko) Chrome/147.0.7727.116 Mobile Safari/537.36 (compatible; Googlebot/2.1; +http://www.google.com/bot.html)"
66.249.64.69 - - [05/Jun/2026:05:00:36 +0200] "GET /wp-content/plugins/elementor/assets/js/webpack.runtime.min.js?ver=4.1.1 HTTP/1.1" 200 2340 "https://parma.elettroservicegroup.it/" "Mozilla/5.0 (Linux; Android 6.0.1; Nexus 5X Build/MMB29P) AppleWebKit/537.36 (KHTML, like Gecko) Chrome/147.0.7727.116 Mobile Safari/537.36 (compatible; Googlebot/2.1; +http://www.google.com/bot.html)"
66.249.64.69 - - [05/Jun/2026:05:00:37 +0200] "GET /wp-content/plugins/elementor/assets/css/widget-image.min.css?ver=4.1.1 HTTP/1.1" 200 96 "https://parma.elettroservicegroup.it/" "Mozilla/5.0 (Linux; Android 6.0.1; Nexus 5X Build/MMB29P) AppleWebKit/537.36 (KHTML, like Gecko) Chrome/147.0.7727.116 Mobile Safari/537.36 (compatible; Googlebot/2.1; +http://www.google.com/bot.html)"
66.249.64.69 - - [05/Jun/2026:05:00:38 +0200] "GET /wp-content/plugins/elementor/assets/lib/font-awesome/css/solid.min.css?ver=5.15.3 HTTP/1.1" 200 286 "https://parma.elettroservicegroup.it/" "Mozilla/5.0 (Linux; Android 6.0.1; Nexus 5X Build/MMB29P) AppleWebKit/537.36 (KHTML, like Gecko) Chrome/147.0.7727.116 Mobile Safari/537.36 (compatible; Googlebot/2.1; +http://www.google.com/bot.html)"
66.249.64.69 - - [05/Jun/2026:05:00:38 +0200] "GET /wp-content/plugins/gp-premium/menu-plus/functions/css/navigation-branding-flex.min.css?ver=2.5.5 HTTP/1.1" 200 542 "https://parma.elettroservicegroup.it/" "Mozilla/5.0 (Linux; Android 6.0.1; Nexus 5X Build/MMB29P) AppleWebKit/537.36 (KHTML, like Gecko) Chrome/147.0.7727.116 Mobile Safari/537.36 (compatible; Googlebot/2.1; +http://www.google.com/bot.html)"
66.249.64.69 - - [05/Jun/2026:05:00:39 +0200] "GET /wp-content/cache/wpfc-minified/bwue548/4bjek.css HTTP/1.1" 200 19030 "https://parma.elettroservicegroup.it/" "Mozilla/5.0 AppleWebKit/537.36 (KHTML, like Gecko; compatible; Googlebot/2.1; +http://www.google.com/bot.html) Chrome/147.0.7727.116 Safari/537.36"
66.249.64.69 - - [05/Jun/2026:05:00:39 +0200] "GET /wp-content/plugins/elementor/assets/js/webpack.runtime.min.js?ver=4.1.1 HTTP/1.1" 200 2340 "https://parma.elettroservicegroup.it/" "Mozilla/5.0 AppleWebKit/537.36 (KHTML, like Gecko; compatible; Googlebot/2.1; +http://www.google.com/bot.html) Chrome/147.0.7727.116 Safari/537.36"
65.108.235.243 - - [05/Jun/2026:05:00:40 +0200] "POST /wp-cron.php?doing_wp_cron=1780628440.4026629924774169921875 HTTP/1.1" 200 1 "-" "WordPress/7.0; https://parma.elettroservicegroup.it"
66.249.64.69 - - [05/Jun/2026:05:00:40 +0200] "GET /wp-json/complianz/v1/banner?lang=it&locale=it_IT&token=elxap HTTP/1.1" 200 84 "https://parma.elettroservicegroup.it/" "Mozilla/5.0 (Linux; Android 6.0.1; Nexus 5X Build/MMB29P) AppleWebKit/537.36 (KHTML, like Gecko) Chrome/147.0.7727.116 Mobile Safari/537.36 (compatible; Googlebot/2.1; +http://www.google.com/bot.html)"
66.249.64.69 - - [05/Jun/2026:05:00:40 +0200] "GET /wp-json/complianz/v1/banner?lang=it&locale=it_IT&token=noeog HTTP/1.1" 200 84 "https://parma.elettroservicegroup.it/" "Mozilla/5.0 AppleWebKit/537.36 (KHTML, like Gecko; compatible; Googlebot/2.1; +http://www.google.com/bot.html) Chrome/147.0.7727.116 Safari/537.36"
65.108.235.243 - - [05/Jun/2026:05:31:10 +0200] "POST /wp-cron.php?doing_wp_cron=1780630270.6729640960693359375000 HTTP/1.1" 200 1 "-" "WordPress/7.0; https://parma.elettroservicegroup.it"
216.73.216.176 - - [05/Jun/2026:05:31:09 +0200] "GET /robots.txt HTTP/2.0" 200 104 "-" "Mozilla/5.0 AppleWebKit/537.36 (KHTML, like Gecko; compatible; ClaudeBot/1.0; +claudebot@anthropic.com)"
65.108.235.243 - - [05/Jun/2026:05:46:50 +0200] "POST /wp-cron.php?doing_wp_cron=1780631210.2447369098663330078125 HTTP/1.1" 200 1 "-" "WordPress/7.0; https://parma.elettroservicegroup.it"
113.168.157.178 - - [05/Jun/2026:05:46:46 +0200] "GET /wp-content/uploads/2022/08/Assistenza-e-Riparazioni-miele-Bologna-e1660926197796.png HTTP/1.1" 404 16913 "https://google.com, https://parma.elettroservicegroup.it/assistenza-miele-parma/" "Mozilla/5.0 (Windows NT 6.0) AppleWebKit/537.36 (KHTML, like Gecko) Chrome/64.0.3282.140 Safari/537.36 OPR/50.0.2762.58"
65.108.235.243 - - [05/Jun/2026:05:47:12 +0200] "POST /wp-cron.php?doing_wp_cron=1780631232.7546789646148681640625 HTTP/1.1" 200 1 "-" "WordPress/7.0; https://parma.elettroservicegroup.it"
103.134.1.79 - - [05/Jun/2026:05:47:12 +0200] "GET /wp-content/uploads/2022/01/logo-rex-electrolux-150x150-1.jpg HTTP/1.1" 404 16896 "https://google.com, https://parma.elettroservicegroup.it/assistenza-rex-electrolux-parma/" "Mozilla/5.0 (Macintosh; Intel Mac OS X 10_12_6; rv:57.0.2) Gecko/20100101 Firefox/57.0.2"
200.124.69.190 - - [05/Jun/2026:05:47:24 +0200] "GET /wp-content/uploads/2021/11/TECNIC-LAVATRICE.jpg HTTP/1.1" 200 66105 "https://google.com, https://parma.elettroservicegroup.it/assistenza-asciugatrici/" "Mozilla/5.0 (X11; Linux i686) AppleWebKit/537.36 (KHTML, like Gecko) Chrome/66.0.3359.139 Safari/537.36 OPR/53.0.2907.106"
65.108.235.243 - - [05/Jun/2026:05:47:54 +0200] "POST /wp-cron.php?doing_wp_cron=1780631274.3404901027679443359375 HTTP/1.1" 200 1 "-" "WordPress/7.0; https://parma.elettroservicegroup.it"
38.49.134.133 - - [05/Jun/2026:05:47:46 +0200] "GET /wp-content/uploads/2022/01/Ariston_logo-1024x251.jpg HTTP/1.1" 404 16893 "https://parma.elettroservicegroup.it/assistenza-ariston-parma/" "Mozilla/5.0 (Macintosh; Intel Mac OS X 10_12_4) AppleWebKit/537.36 (KHTML, like Gecko) Chrome/64.0.3282.119 Safari/537.36"
31.58.51.24 - - [05/Jun/2026:05:52:07 +0200] "HEAD / HTTP/1.1" 415 - "-" "Mozilla/5.0 (Macintosh; Intel Mac OS X 15_7_5) AppleWebKit/605.1.15 (KHTML, like Gecko) Version/26.0 Safari/605.1.15"
31.58.51.24 - - [05/Jun/2026:05:52:13 +0200] "GET /.git/config HTTP/1.1" 404 16875 "-" "Mozilla/5.0 (Windows NT 10.0; Win64; x64; rv:149.0) Gecko/20100101 Firefox/149.0"
187.102.197.2 - - [05/Jun/2026:06:00:20 +0200] "POST /xmlrpc.php HTTP/1.1" 403 52 "-" "Mozilla/5.0 (Windows NT 10.0; Win64; x64) AppleWebKit/537.36"
190.129.197.124 - - [05/Jun/2026:06:00:24 +0200] "GET / HTTP/1.1" 200 161083 "-" "Mozilla/5.0 (Windows NT 10.0; Win64; x64) AppleWebKit/537.36 (KHTML, like Gecko) Chrome/120.0.0.0 Safari/537.36"
65.108.235.243 - - [05/Jun/2026:06:00:41 +0200] "POST /wp-cron.php?doing_wp_cron=1780632041.2484600543975830078125 HTTP/1.1" 200 1 "-" "WordPress/7.0; https://parma.elettroservicegroup.it"
45.232.197.76 - - [05/Jun/2026:06:00:38 +0200] "GET /wp-login.php HTTP/1.1" 200 12847 "-" "Mozilla/5.0 (Windows NT 10.0; Win64; x64) AppleWebKit/537.36 (KHTML, like Gecko) Chrome/120.0.0.0 Safari/537.36"
45.232.197.76 - - [05/Jun/2026:06:00:42 +0200] "GET /wp-login.php?wp_lang=en_US HTTP/1.1" 200 10089 "-" "Mozilla/5.0 (Windows NT 10.0; Win64; x64) AppleWebKit/537.36 (KHTML, like Gecko) Chrome/120.0.0.0 Safari/537.36"
190.129.197.124 - - [05/Jun/2026:06:00:47 +0200] "POST /wp-login.php HTTP/1.1" 200 10545 "https://parma.elettroservicegroup.it" "Mozilla/5.0 (Windows NT 10.0; Win64; x64) AppleWebKit/537.36 (KHTML, like Gecko) Chrome/120.0.0.0 Safari/537.36"
216.73.216.176 - - [05/Jun/2026:06:23:04 +0200] "GET /wp-content/plugins/wordfence/modules/login-security/js/login.1778685035.js HTTP/2.0" 200 5237 "-" "Mozilla/5.0 AppleWebKit/537.36 (KHTML, like Gecko; compatible; ClaudeBot/1.0; +claudebot@anthropic.com)"
65.108.235.243 - - [05/Jun/2026:06:34:11 +0200] "POST /wp-cron.php?doing_wp_cron=1780634051.6496090888977050781250 HTTP/1.1" 200 1 "-" "WordPress/7.0; https://parma.elettroservicegroup.it"
52.167.144.232 - - [05/Jun/2026:06:34:09 +0200] "GET /access-your-red-lion-casino-profile-easily-from-any-device/ HTTP/2.0" 404 16910 "-" "Mozilla/5.0 AppleWebKit/537.36 (KHTML, like Gecko; compatible; bingbot/2.0; +http://www.bing.com/bingbot.htm) Chrome/116.0.1938.76 Safari/537.36"
23.22.99.102 - - [05/Jun/2026:06:36:07 +0200] "GET /assistenza-lavatrici-parma/ HTTP/1.1" 200 11872 "-" "Mozilla/5.0 (Macintosh; Intel Mac OS X 10_10_1) AppleWebKit/600.2.5 (KHTML, like Gecko) Version/8.0.2 Safari/600.2.5 (Lanai)"
54.156.11.49 - - [05/Jun/2026:06:52:43 +0200] "GET /assistenza-ariston-parma/ HTTP/1.1" 200 11849 "-" "Mozilla/5.0 (Macintosh; Intel Mac OS X 10_10_1) AppleWebKit/600.2.5 (KHTML, like Gecko) Version/8.0.2 Safari/600.2.5 (Lanai)"
65.108.235.243 - - [05/Jun/2026:07:02:45 +0200] "POST /wp-cron.php?doing_wp_cron=1780635765.3097860813140869140625 HTTP/1.1" 200 1 "-" "WordPress/7.0; https://parma.elettroservicegroup.it"
114.119.154.115 - - [05/Jun/2026:07:02:43 +0200] "GET /ricambi-lavatrice-webp/ HTTP/1.1" 200 17770 "https://parma.elettroservicegroup.it/ricambi-lavatrice-webp" "Mozilla/5.0 (Linux; Android 7.0;) AppleWebKit/537.36 (HTML, like Gecko) Mobile Safari/537.36 (compatible; PetalBot;+https://webmaster.petalsearch.com/site/petalbot)"
65.108.235.243 - - [05/Jun/2026:07:14:21 +0200] "POST /wp-cron.php?doing_wp_cron=1780636461.0387558937072753906250 HTTP/1.1" 200 1 "-" "WordPress/7.0; https://parma.elettroservicegroup.it"
66.249.64.69 - - [05/Jun/2026:07:14:15 +0200] "GET /wp-sitemap-users-1.xml HTTP/1.1" 404 16881 "-" "Mozilla/5.0 (compatible; Googlebot/2.1; +http://www.google.com/bot.html)"
66.249.89.135 - - [05/Jun/2026:07:24:53 +0200] "GET /wp-content/plugins/elementor/assets/lib/eicons/css/elementor-icons.min.css?ver=5.49.0 HTTP/1.1" 200 4115 "https://parma.elettroservicegroup.it/assistenza-smeg-parma/" "AdsBot-Google (+http://www.google.com/adsbot.html)"
66.249.89.135 - - [05/Jun/2026:07:24:53 +0200] "GET /wp-content/plugins/elementor/assets/lib/font-awesome/js/v4-shims.min.js?ver=4.1.1 HTTP/1.1" 200 4043 "https://parma.elettroservicegroup.it/assistenza-smeg-parma/" "AdsBot-Google (+http://www.google.com/adsbot.html)"
66.249.89.135 - - [05/Jun/2026:07:24:53 +0200] "GET /wp-content/plugins/elementor/assets/css/widget-icon-list.min.css?ver=3.24.3 HTTP/1.1" 200 928 "https://parma.elettroservicegroup.it/assistenza-smeg-parma/" "AdsBot-Google (+http://www.google.com/adsbot.html)"
66.249.89.134 - - [05/Jun/2026:07:24:54 +0200] "GET /wp-includes/js/jquery/jquery.min.js?ver=3.7.1 HTTP/1.1" 200 29769 "https://parma.elettroservicegroup.it/assistenza-smeg-parma/" "AdsBot-Google (+http://www.google.com/adsbot.html)"
66.249.89.133 - - [05/Jun/2026:07:24:54 +0200] "GET /wp-content/plugins/elementor/assets/lib/font-awesome/css/solid.css?ver=5.15.3 HTTP/1.1" 200 299 "https://parma.elettroservicegroup.it/assistenza-smeg-parma/" "AdsBot-Google (+http://www.google.com/adsbot.html)"
66.249.89.133 - - [05/Jun/2026:07:24:54 +0200] "GET /wp-content/plugins/elementor/assets/js/webpack.runtime.min.js?ver=4.1.1 HTTP/1.1" 200 2340 "https://parma.elettroservicegroup.it/assistenza-smeg-parma/" "AdsBot-Google (+http://www.google.com/adsbot.html)"
66.249.89.133 - - [05/Jun/2026:07:24:55 +0200] "GET /wp-content/themes/generatepress/assets/js/back-to-top.min.js?ver=3.6.1 HTTP/1.1" 200 336 "https://parma.elettroservicegroup.it/assistenza-smeg-parma/" "AdsBot-Google (+http://www.google.com/adsbot.html)"
66.249.89.134 - - [05/Jun/2026:07:25:25 +0200] "GET /wp-content/plugins/elementor/assets/js/section-frontend-handlers.d85ab872da118940910d.bundle.min.js HTTP/1.1" 200 230 "https://parma.elettroservicegroup.it/assistenza-smeg-parma/" "AdsBot-Google (+http://www.google.com/adsbot.html)"
66.249.89.133 - - [05/Jun/2026:07:25:25 +0200] "GET /wp-content/plugins/elementor/assets/js/text-editor.45609661e409413f1cef.bundle.min.js HTTP/1.1" 200 592 "https://parma.elettroservicegroup.it/assistenza-smeg-parma/" "AdsBot-Google (+http://www.google.com/adsbot.html)"
66.249.89.133 - - [05/Jun/2026:07:25:25 +0200] "GET /wp-content/plugins/elementor/assets/js/shared-frontend-handlers.03caa53373b56d3bab67.bundle.min.js HTTP/1.1" 200 2515 "https://parma.elettroservicegroup.it/assistenza-smeg-parma/" "AdsBot-Google (+http://www.google.com/adsbot.html)"
65.108.235.243 - - [05/Jun/2026:07:28:26 +0200] "POST /wp-cron.php?doing_wp_cron=1780637306.3583400249481201171875 HTTP/1.1" 200 1 "-" "WordPress/7.0; https://parma.elettroservicegroup.it"
104.210.140.137 - - [05/Jun/2026:07:28:24 +0200] "GET /robots.txt HTTP/2.0" 200 104 "-" "Mozilla/5.0 (Macintosh; Intel Mac OS X 10_15_7) AppleWebKit/537.36 (KHTML, like Gecko) Chrome/131.0.0.0 Safari/537.36; compatible; OAI-SearchBot/1.0; +https://openai.com/searchbot"
65.108.235.243 - - [05/Jun/2026:07:30:21 +0200] "POST /wp-cron.php?doing_wp_cron=1780637421.5592780113220214843750 HTTP/1.1" 200 1 "-" "WordPress/7.0; https://parma.elettroservicegroup.it"
79.127.224.109 - - [05/Jun/2026:07:30:19 +0200] "GET /wp-login.php HTTP/1.1" 302 - "https://parma.elettroservicegroup.it/wp-login.php" "Opera/9.80 (Windows NT 5.1; MRA 6.0 (build 6005)) Presto/2.12.388 Version/12.14"
79.127.224.109 - - [05/Jun/2026:07:30:21 +0200] "GET /wp-login.php HTTP/1.1" 302 - "https://parma.elettroservicegroup.it/wp-login.php" "Opera/9.80 (Windows NT 5.1; MRA 6.0 (build 6005)) Presto/2.12.388 Version/12.14"
79.127.224.109 - - [05/Jun/2026:07:30:22 +0200] "GET /wp-login.php HTTP/1.1" 302 - "https://parma.elettroservicegroup.it/wp-login.php" "Opera/9.80 (Windows NT 5.1; MRA 6.0 (build 6005)) Presto/2.12.388 Version/12.14"
79.127.224.109 - - [05/Jun/2026:07:30:23 +0200] "GET /wp-login.php HTTP/1.1" 302 - "https://parma.elettroservicegroup.it/wp-login.php" "Opera/9.80 (Windows NT 5.1; MRA 6.0 (build 6005)) Presto/2.12.388 Version/12.14"
79.127.224.109 - - [05/Jun/2026:07:30:23 +0200] "GET /wp-login.php HTTP/1.1" 302 - "https://parma.elettroservicegroup.it/wp-login.php" "Opera/9.80 (Windows NT 5.1; MRA 6.0 (build 6005)) Presto/2.12.388 Version/12.14"
79.127.224.109 - - [05/Jun/2026:07:30:24 +0200] "GET /wp-admin/ HTTP/1.1" 302 - "https://parma.elettroservicegroup.it/wp-admin/" "Opera/9.80 (Windows NT 5.1; MRA 6.0 (build 6005)) Presto/2.12.388 Version/12.14"
79.127.224.109 - - [05/Jun/2026:07:30:24 +0200] "GET /wp-admin/ HTTP/1.1" 302 - "https://parma.elettroservicegroup.it/wp-admin/" "Opera/9.80 (Windows NT 5.1; MRA 6.0 (build 6005)) Presto/2.12.388 Version/12.14"
79.127.224.109 - - [05/Jun/2026:07:30:24 +0200] "GET /wp-admin/ HTTP/1.1" 302 - "https://parma.elettroservicegroup.it/wp-admin/" "Opera/9.80 (Windows NT 5.1; MRA 6.0 (build 6005)) Presto/2.12.388 Version/12.14"
79.127.224.109 - - [05/Jun/2026:07:30:25 +0200] "GET /wp-admin/ HTTP/1.1" 302 - "https://parma.elettroservicegroup.it/wp-admin/" "Opera/9.80 (Windows NT 5.1; MRA 6.0 (build 6005)) Presto/2.12.388 Version/12.14"
79.127.224.109 - - [05/Jun/2026:07:30:25 +0200] "GET /wp-admin/ HTTP/1.1" 302 - "https://parma.elettroservicegroup.it/wp-admin/" "Opera/9.80 (Windows NT 5.1; MRA 6.0 (build 6005)) Presto/2.12.388 Version/12.14"
79.127.224.109 - - [05/Jun/2026:07:30:25 +0200] "GET / HTTP/1.1" 415 161083 "https://parma.elettroservicegroup.it/" "Opera/9.80 (Windows NT 5.1; MRA 6.0 (build 6005)) Presto/2.12.388 Version/12.14"
37.161.95.234 - - [05/Jun/2026:07:33:10 +0200] "GET /wp-content/plugins/all-in-one-seo-pack/dist/Lite/assets/css/table-of-contents/global.e90f6d47.css?ver=4.9.7.1 HTTP/2.0" 200 420 "-" "Mozilla/5.0 (Linux; Android 10; K) AppleWebKit/537.36 (KHTML, like Gecko) Chrome/148.0.0.0 Mobile Safari/537.36"
37.161.95.234 - - [05/Jun/2026:07:33:10 +0200] "GET /wp-content/plugins/header-footer-elementor/inc/widgets-css/frontend.css?ver=2.8.7 HTTP/2.0" 200 8711 "-" "Mozilla/5.0 (Linux; Android 10; K) AppleWebKit/537.36 (KHTML, like Gecko) Chrome/148.0.0.0 Mobile Safari/537.36"
37.161.95.234 - - [05/Jun/2026:07:33:10 +0200] "GET /wp-content/plugins/complianz-gdpr-premium/assets/css/cookieblocker.min.css?ver=1775574923 HTTP/2.0" 200 615 "-" "Mozilla/5.0 (Linux; Android 10; K) AppleWebKit/537.36 (KHTML, like Gecko) Chrome/148.0.0.0 Mobile Safari/537.36"
37.161.95.234 - - [05/Jun/2026:07:33:10 +0200] "GET /wp-content/plugins/header-footer-elementor/assets/css/header-footer-elementor.css?ver=2.8.7 HTTP/2.0" 200 260 "-" "Mozilla/5.0 (Linux; Android 10; K) AppleWebKit/537.36 (KHTML, like Gecko) Chrome/148.0.0.0 Mobile Safari/537.36"
37.161.95.234 - - [05/Jun/2026:07:33:10 +0200] "GET /wp-content/plugins/elementor/assets/lib/eicons/css/elementor-icons.min.css?ver=5.48.0 HTTP/2.0" 200 4115 "-" "Mozilla/5.0 (Linux; Android 10; K) AppleWebKit/537.36 (KHTML, like Gecko) Chrome/148.0.0.0 Mobile Safari/537.36"
37.161.95.234 - - [05/Jun/2026:07:33:10 +0200] "GET /wp-content/plugins/elementor/assets/css/frontend.min.css?ver=4.0.8 HTTP/2.0" 200 6618 "-" "Mozilla/5.0 (Linux; Android 10; K) AppleWebKit/537.36 (KHTML, like Gecko) Chrome/148.0.0.0 Mobile Safari/537.36"
37.161.95.234 - - [05/Jun/2026:07:33:10 +0200] "GET /wp-content/uploads/elementor/css/post-14146.css?ver=1778865429 HTTP/2.0" 200 428 "-" "Mozilla/5.0 (Linux; Android 10; K) AppleWebKit/537.36 (KHTML, like Gecko) Chrome/148.0.0.0 Mobile Safari/537.36"
37.161.95.234 - - [05/Jun/2026:07:33:10 +0200] "GET /wp-content/plugins/elementor/assets/lib/font-awesome/css/v4-shims.min.css?ver=4.0.8 HTTP/2.0" 200 3986 "-" "Mozilla/5.0 (Linux; Android 10; K) AppleWebKit/537.36 (KHTML, like Gecko) Chrome/148.0.0.0 Mobile Safari/537.36"
37.161.95.234 - - [05/Jun/2026:07:33:10 +0200] "GET /wp-content/plugins/elementor/assets/lib/font-awesome/css/all.min.css?ver=4.0.8 HTTP/2.0" 200 12402 "-" "Mozilla/5.0 (Linux; Android 10; K) AppleWebKit/537.36 (KHTML, like Gecko) Chrome/148.0.0.0 Mobile Safari/537.36"
65.108.235.243 - - [05/Jun/2026:07:33:13 +0200] "POST /wp-cron.php?doing_wp_cron=1780637593.3347110748291015625000 HTTP/1.1" 200 1 "-" "WordPress/7.0; https://parma.elettroservicegroup.it"
37.161.95.234 - - [05/Jun/2026:07:33:10 +0200] "GET /assistenza-ariston-parma/ HTTP/2.0" 200 22810 "https://www.google.com/" "Mozilla/5.0 (Linux; Android 10; K) AppleWebKit/537.36 (KHTML, like Gecko) Chrome/148.0.0.0 Mobile Safari/537.36"
37.161.95.234 - - [05/Jun/2026:07:33:13 +0200] "GET /wp-content/plugins/header-footer-elementor/inc/widgets-css/frontend.css?ver=2.8.8 HTTP/2.0" 200 8711 "https://parma.elettroservicegroup.it/assistenza-ariston-parma/" "Mozilla/5.0 (Linux; Android 10; K) AppleWebKit/537.36 (KHTML, like Gecko) Chrome/148.0.0.0 Mobile Safari/537.36"
37.161.95.234 - - [05/Jun/2026:07:33:13 +0200] "GET /wp-content/plugins/elementor/assets/css/widget-heading.min.css?ver=4.1.1 HTTP/2.0" 200 127 "https://parma.elettroservicegroup.it/assistenza-ariston-parma/" "Mozilla/5.0 (Linux; Android 10; K) AppleWebKit/537.36 (KHTML, like Gecko) Chrome/148.0.0.0 Mobile Safari/537.36"
37.161.95.234 - - [05/Jun/2026:07:33:13 +0200] "GET /wp-content/plugins/all-in-one-seo-pack/dist/Lite/assets/css/table-of-contents/global.e90f6d47.css?ver=4.9.7.2 HTTP/2.0" 200 420 "https://parma.elettroservicegroup.it/assistenza-ariston-parma/" "Mozilla/5.0 (Linux; Android 10; K) AppleWebKit/537.36 (KHTML, like Gecko) Chrome/148.0.0.0 Mobile Safari/537.36"
37.161.95.234 - - [05/Jun/2026:07:33:13 +0200] "GET /wp-content/plugins/complianz-gdpr-premium/assets/css/cookieblocker.min.css?ver=1780326315 HTTP/2.0" 200 615 "https://parma.elettroservicegroup.it/assistenza-ariston-parma/" "Mozilla/5.0 (Linux; Android 10; K) AppleWebKit/537.36 (KHTML, like Gecko) Chrome/148.0.0.0 Mobile Safari/537.36"
37.161.95.234 - - [05/Jun/2026:07:33:13 +0200] "GET /wp-content/plugins/header-footer-elementor/assets/css/header-footer-elementor.css?ver=2.8.8 HTTP/2.0" 200 260 "https://parma.elettroservicegroup.it/assistenza-ariston-parma/" "Mozilla/5.0 (Linux; Android 10; K) AppleWebKit/537.36 (KHTML, like Gecko) Chrome/148.0.0.0 Mobile Safari/537.36"
37.161.95.234 - - [05/Jun/2026:07:33:13 +0200] "GET /wp-content/uploads/elementor/css/post-14146.css?ver=1780586499 HTTP/2.0" 200 428 "https://parma.elettroservicegroup.it/assistenza-ariston-parma/" "Mozilla/5.0 (Linux; Android 10; K) AppleWebKit/537.36 (KHTML, like Gecko) Chrome/148.0.0.0 Mobile Safari/537.36"
37.161.95.234 - - [05/Jun/2026:07:33:13 +0200] "GET /wp-content/plugins/elementor/assets/css/widget-spacer.min.css?ver=4.1.1 HTTP/2.0" 200 287 "https://parma.elettroservicegroup.it/assistenza-ariston-parma/" "Mozilla/5.0 (Linux; Android 10; K) AppleWebKit/537.36 (KHTML, like Gecko) Chrome/148.0.0.0 Mobile Safari/537.36"
37.161.95.234 - - [05/Jun/2026:07:33:13 +0200] "GET /wp-content/plugins/elementor/assets/lib/eicons/css/elementor-icons.min.css?ver=5.49.0 HTTP/2.0" 200 4115 "https://parma.elettroservicegroup.it/assistenza-ariston-parma/" "Mozilla/5.0 (Linux; Android 10; K) AppleWebKit/537.36 (KHTML, like Gecko) Chrome/148.0.0.0 Mobile Safari/537.36"
37.161.95.234 - - [05/Jun/2026:07:33:13 +0200] "GET /wp-content/plugins/elementor/assets/lib/font-awesome/css/v4-shims.min.css?ver=4.1.1 HTTP/2.0" 200 3986 "https://parma.elettroservicegroup.it/assistenza-ariston-parma/" "Mozilla/5.0 (Linux; Android 10; K) AppleWebKit/537.36 (KHTML, like Gecko) Chrome/148.0.0.0 Mobile Safari/537.36"
37.161.95.234 - - [05/Jun/2026:07:33:13 +0200] "GET /wp-content/plugins/elementor/assets/css/frontend.min.css?ver=4.1.1 HTTP/2.0" 200 6618 "https://parma.elettroservicegroup.it/assistenza-ariston-parma/" "Mozilla/5.0 (Linux; Android 10; K) AppleWebKit/537.36 (KHTML, like Gecko) Chrome/148.0.0.0 Mobile Safari/537.36"
37.161.95.234 - - [05/Jun/2026:07:33:13 +0200] "GET /wp-content/plugins/elementor/assets/lib/font-awesome/css/all.min.css?ver=4.1.1 HTTP/2.0" 200 12402 "https://parma.elettroservicegroup.it/assistenza-ariston-parma/" "Mozilla/5.0 (Linux; Android 10; K) AppleWebKit/537.36 (KHTML, like Gecko) Chrome/148.0.0.0 Mobile Safari/537.36"
37.161.95.234 - - [05/Jun/2026:07:33:13 +0200] "GET /wp-content/plugins/elementor/assets/lib/animations/styles/bounceIn.min.css?ver=4.1.1 HTTP/2.0" 200 186 "https://parma.elettroservicegroup.it/assistenza-ariston-parma/" "Mozilla/5.0 (Linux; Android 10; K) AppleWebKit/537.36 (KHTML, like Gecko) Chrome/148.0.0.0 Mobile Safari/537.36"
37.161.95.234 - - [05/Jun/2026:07:33:13 +0200] "GET /wp-content/plugins/elementor/assets/css/widget-image.min.css?ver=4.1.1 HTTP/2.0" 200 96 "https://parma.elettroservicegroup.it/assistenza-ariston-parma/" "Mozilla/5.0 (Linux; Android 10; K) AppleWebKit/537.36 (KHTML, like Gecko) Chrome/148.0.0.0 Mobile Safari/537.36"
37.161.95.234 - - [05/Jun/2026:07:33:13 +0200] "GET /wp-content/plugins/elementor/assets/lib/animations/styles/zoomIn.min.css?ver=4.1.1 HTTP/2.0" 200 87 "https://parma.elettroservicegroup.it/assistenza-ariston-parma/" "Mozilla/5.0 (Linux; Android 10; K) AppleWebKit/537.36 (KHTML, like Gecko) Chrome/148.0.0.0 Mobile Safari/537.36"
37.161.95.234 - - [05/Jun/2026:07:33:13 +0200] "GET /wp-content/plugins/elementor/assets/css/widget-icon-list.min.css?ver=3.24.3 HTTP/2.0" 200 928 "https://parma.elettroservicegroup.it/assistenza-ariston-parma/" "Mozilla/5.0 (Linux; Android 10; K) AppleWebKit/537.36 (KHTML, like Gecko) Chrome/148.0.0.0 Mobile Safari/537.36"
37.161.95.234 - - [05/Jun/2026:07:33:13 +0200] "GET /wp-content/plugins/elementor/assets/lib/font-awesome/css/brands.css?ver=5.15.3 HTTP/2.0" 200 298 "https://parma.elettroservicegroup.it/assistenza-ariston-parma/" "Mozilla/5.0 (Linux; Android 10; K) AppleWebKit/537.36 (KHTML, like Gecko) Chrome/148.0.0.0 Mobile Safari/537.36"
37.161.95.234 - - [05/Jun/2026:07:33:13 +0200] "GET /wp-content/plugins/elementor/assets/lib/font-awesome/css/solid.css?ver=5.15.3 HTTP/2.0" 200 299 "https://parma.elettroservicegroup.it/assistenza-ariston-parma/" "Mozilla/5.0 (Linux; Android 10; K) AppleWebKit/537.36 (KHTML, like Gecko) Chrome/148.0.0.0 Mobile Safari/537.36"
37.161.95.234 - - [05/Jun/2026:07:33:13 +0200] "GET /wp-content/plugins/gp-premium/menu-plus/functions/css/navigation-branding-flex.min.css?ver=2.5.5 HTTP/2.0" 200 542 "https://parma.elettroservicegroup.it/assistenza-ariston-parma/" "Mozilla/5.0 (Linux; Android 10; K) AppleWebKit/537.36 (KHTML, like Gecko) Chrome/148.0.0.0 Mobile Safari/537.36"
37.161.95.234 - - [05/Jun/2026:07:33:13 +0200] "GET /wp-content/plugins/elementor/assets/lib/font-awesome/css/regular.min.css?ver=5.15.3 HTTP/2.0" 200 282 "https://parma.elettroservicegroup.it/assistenza-ariston-parma/" "Mozilla/5.0 (Linux; Android 10; K) AppleWebKit/537.36 (KHTML, like Gecko) Chrome/148.0.0.0 Mobile Safari/537.36"
37.161.95.234 - - [05/Jun/2026:07:33:13 +0200] "GET /wp-content/uploads/elementor/css/post-14366.css?ver=1780586501 HTTP/2.0" 200 302 "https://parma.elettroservicegroup.it/assistenza-ariston-parma/" "Mozilla/5.0 (Linux; Android 10; K) AppleWebKit/537.36 (KHTML, like Gecko) Chrome/148.0.0.0 Mobile Safari/537.36"
37.161.95.234 - - [05/Jun/2026:07:33:13 +0200] "GET /wp-content/plugins/elementor/assets/css/widget-social-icons.min.css?ver=3.24.0 HTTP/2.0" 200 1039 "https://parma.elettroservicegroup.it/assistenza-ariston-parma/" "Mozilla/5.0 (Linux; Android 10; K) AppleWebKit/537.36 (KHTML, like Gecko) Chrome/148.0.0.0 Mobile Safari/537.36"
37.161.95.234 - - [05/Jun/2026:07:33:13 +0200] "GET /wp-content/uploads/elementor/google-fonts/css/robotoslab.css?ver=1742280362 HTTP/2.0" 200 715 "https://parma.elettroservicegroup.it/assistenza-ariston-parma/" "Mozilla/5.0 (Linux; Android 10; K) AppleWebKit/537.36 (KHTML, like Gecko) Chrome/148.0.0.0 Mobile Safari/537.36"
37.161.95.234 - - [05/Jun/2026:07:33:13 +0200] "GET /wp-content/plugins/elementor/assets/lib/font-awesome/css/solid.min.css?ver=5.15.3 HTTP/2.0" 200 286 "https://parma.elettroservicegroup.it/assistenza-ariston-parma/" "Mozilla/5.0 (Linux; Android 10; K) AppleWebKit/537.36 (KHTML, like Gecko) Chrome/148.0.0.0 Mobile Safari/537.36"
37.161.95.234 - - [05/Jun/2026:07:33:13 +0200] "GET /wp-content/uploads/elementor/css/post-17270.css?ver=1780594550 HTTP/2.0" 200 2155 "https://parma.elettroservicegroup.it/assistenza-ariston-parma/" "Mozilla/5.0 (Linux; Android 10; K) AppleWebKit/537.36 (KHTML, like Gecko) Chrome/148.0.0.0 Mobile Safari/537.36"
37.161.95.234 - - [05/Jun/2026:07:33:13 +0200] "GET /wp-content/plugins/elementor/assets/lib/eicons/css/elementor-icons.min.css?ver=5.34.0 HTTP/2.0" 200 4115 "https://parma.elettroservicegroup.it/assistenza-ariston-parma/" "Mozilla/5.0 (Linux; Android 10; K) AppleWebKit/537.36 (KHTML, like Gecko) Chrome/148.0.0.0 Mobile Safari/537.36"
37.161.95.234 - - [05/Jun/2026:07:33:13 +0200] "GET /wp-content/plugins/elementor/assets/lib/font-awesome/js/v4-shims.min.js?ver=4.1.1 HTTP/2.0" 200 4043 "https://parma.elettroservicegroup.it/assistenza-ariston-parma/" "Mozilla/5.0 (Linux; Android 10; K) AppleWebKit/537.36 (KHTML, like Gecko) Chrome/148.0.0.0 Mobile Safari/537.36"
37.161.95.234 - - [05/Jun/2026:07:33:13 +0200] "GET /wp-content/themes/generatepress/assets/css/main.min.css?ver=3.6.1 HTTP/2.0" 200 4410 "https://parma.elettroservicegroup.it/assistenza-ariston-parma/" "Mozilla/5.0 (Linux; Android 10; K) AppleWebKit/537.36 (KHTML, like Gecko) Chrome/148.0.0.0 Mobile Safari/537.36"
37.161.95.234 - - [05/Jun/2026:07:33:13 +0200] "GET /wp-content/uploads/elementor/google-fonts/css/roboto.css?ver=1742280360 HTTP/2.0" 200 1880 "https://parma.elettroservicegroup.it/assistenza-ariston-parma/" "Mozilla/5.0 (Linux; Android 10; K) AppleWebKit/537.36 (KHTML, like Gecko) Chrome/148.0.0.0 Mobile Safari/537.36"
37.161.95.234 - - [05/Jun/2026:07:33:13 +0200] "GET /wp-content/plugins/elementor/assets/lib/font-awesome/css/fontawesome.css?ver=5.15.3 HTTP/2.0" 200 12535 "https://parma.elettroservicegroup.it/assistenza-ariston-parma/" "Mozilla/5.0 (Linux; Android 10; K) AppleWebKit/537.36 (KHTML, like Gecko) Chrome/148.0.0.0 Mobile Safari/537.36"
37.161.95.234 - - [05/Jun/2026:07:33:13 +0200] "GET /wp-content/plugins/elementor/assets/lib/font-awesome/css/fontawesome.min.css?ver=5.15.3 HTTP/2.0" 200 12179 "https://parma.elettroservicegroup.it/assistenza-ariston-parma/" "Mozilla/5.0 (Linux; Android 10; K) AppleWebKit/537.36 (KHTML, like Gecko) Chrome/148.0.0.0 Mobile Safari/537.36"
37.161.95.234 - - [05/Jun/2026:07:33:13 +0200] "GET /wp-includes/js/jquery/jquery.min.js?ver=3.7.1 HTTP/2.0" 200 29769 "https://parma.elettroservicegroup.it/assistenza-ariston-parma/" "Mozilla/5.0 (Linux; Android 10; K) AppleWebKit/537.36 (KHTML, like Gecko) Chrome/148.0.0.0 Mobile Safari/537.36"
37.161.95.234 - - [05/Jun/2026:07:33:14 +0200] "GET /wp-content/uploads/2021/10/cropped-cropped-cropped-logo_white_background.png HTTP/2.0" 200 38971 "https://parma.elettroservicegroup.it/assistenza-ariston-parma/" "Mozilla/5.0 (Linux; Android 10; K) AppleWebKit/537.36 (KHTML, like Gecko) Chrome/148.0.0.0 Mobile Safari/537.36"
37.161.95.234 - - [05/Jun/2026:07:33:14 +0200] "GET /wp-content/uploads/2021/10/cropped-logo_white_background.png HTTP/2.0" 200 16623 "https://parma.elettroservicegroup.it/assistenza-ariston-parma/" "Mozilla/5.0 (Linux; Android 10; K) AppleWebKit/537.36 (KHTML, like Gecko) Chrome/148.0.0.0 Mobile Safari/537.36"
