101.57.106.193 - - [04/Jun/2026:20:29:34 +0200] "GET /wp-content/uploads/elementor/google-fonts/fonts/roboto-kfo7cnqeu92fr1me7ksn66agldtyluama3yuba.woff2 HTTP/2.0" 200 40132 "https://parma.elettroservicegroup.it/wp-content/uploads/elementor/google-fonts/css/roboto.css?ver=1742280360" "Mozilla/5.0 (Linux; Android 10; K) AppleWebKit/537.36 (KHTML, like Gecko) SamsungBrowser/30.0 Chrome/143.0.0.0 Mobile Safari/537.36"
101.57.106.193 - - [04/Jun/2026:20:29:34 +0200] "GET /wp-content/plugins/elementor/assets/lib/font-awesome/webfonts/fa-solid-900.woff2 HTTP/2.0" 200 78201 "https://parma.elettroservicegroup.it/wp-content/plugins/elementor/assets/lib/font-awesome/css/all.min.css?ver=4.1.1" "Mozilla/5.0 (Linux; Android 10; K) AppleWebKit/537.36 (KHTML, like Gecko) SamsungBrowser/30.0 Chrome/143.0.0.0 Mobile Safari/537.36"
101.57.106.193 - - [04/Jun/2026:20:29:34 +0200] "GET /wp-content/uploads/2022/10/COPERTINA-9.png HTTP/2.0" 200 238875 "https://parma.elettroservicegroup.it/assistenza-lavastoviglie-parma/" "Mozilla/5.0 (Linux; Android 10; K) AppleWebKit/537.36 (KHTML, like Gecko) SamsungBrowser/30.0 Chrome/143.0.0.0 Mobile Safari/537.36"
101.57.106.193 - - [04/Jun/2026:20:29:34 +0200] "GET /wp-content/uploads/2022/01/copertina-Riparazione_Lavastoviglie-.jpg HTTP/2.0" 200 35425 "https://parma.elettroservicegroup.it/assistenza-lavastoviglie-parma/" "Mozilla/5.0 (Linux; Android 10; K) AppleWebKit/537.36 (KHTML, like Gecko) SamsungBrowser/30.0 Chrome/143.0.0.0 Mobile Safari/537.36"
101.57.106.193 - - [04/Jun/2026:20:29:34 +0200] "GET /wp-content/uploads/2022/01/lavastoviglie2-2-1536x1024.jpg HTTP/2.0" 200 227346 "https://parma.elettroservicegroup.it/assistenza-lavastoviglie-parma/" "Mozilla/5.0 (Linux; Android 10; K) AppleWebKit/537.36 (KHTML, like Gecko) SamsungBrowser/30.0 Chrome/143.0.0.0 Mobile Safari/537.36"
101.57.106.193 - - [04/Jun/2026:20:29:34 +0200] "POST /wp-content/plugins/burst-statistics/endpoint.php HTTP/2.0" 200 1 "https://parma.elettroservicegroup.it/assistenza-lavastoviglie-parma/" "Mozilla/5.0 (Linux; Android 10; K) AppleWebKit/537.36 (KHTML, like Gecko) SamsungBrowser/30.0 Chrome/143.0.0.0 Mobile Safari/537.36"
101.57.106.193 - - [04/Jun/2026:20:29:34 +0200] "GET /wp-content/plugins/elementor/assets/js/section-frontend-handlers.d85ab872da118940910d.bundle.min.js HTTP/2.0" 200 230 "https://parma.elettroservicegroup.it/assistenza-lavastoviglie-parma/" "Mozilla/5.0 (Linux; Android 10; K) AppleWebKit/537.36 (KHTML, like Gecko) SamsungBrowser/30.0 Chrome/143.0.0.0 Mobile Safari/537.36"
101.57.106.193 - - [04/Jun/2026:20:29:34 +0200] "GET /wp-content/plugins/elementor/assets/js/text-editor.45609661e409413f1cef.bundle.min.js HTTP/2.0" 200 592 "https://parma.elettroservicegroup.it/assistenza-lavastoviglie-parma/" "Mozilla/5.0 (Linux; Android 10; K) AppleWebKit/537.36 (KHTML, like Gecko) SamsungBrowser/30.0 Chrome/143.0.0.0 Mobile Safari/537.36"
101.57.106.193 - - [04/Jun/2026:20:29:34 +0200] "GET /wp-content/plugins/elementor/assets/js/shared-frontend-handlers.03caa53373b56d3bab67.bundle.min.js HTTP/2.0" 200 2515 "https://parma.elettroservicegroup.it/assistenza-lavastoviglie-parma/" "Mozilla/5.0 (Linux; Android 10; K) AppleWebKit/537.36 (KHTML, like Gecko) SamsungBrowser/30.0 Chrome/143.0.0.0 Mobile Safari/537.36"
101.57.106.193 - - [04/Jun/2026:20:29:34 +0200] "GET /wp-json/complianz/v1/banner?lang=it&locale=it_IT&token=kxrro HTTP/2.0" 200 84 "https://parma.elettroservicegroup.it/assistenza-lavastoviglie-parma/" "Mozilla/5.0 (Linux; Android 10; K) AppleWebKit/537.36 (KHTML, like Gecko) SamsungBrowser/30.0 Chrome/143.0.0.0 Mobile Safari/537.36"
101.57.106.193 - - [04/Jun/2026:20:29:35 +0200] "GET /wp-content/uploads/complianz/css/banner-1-optin.css?v=46 HTTP/2.0" 200 2617 "https://parma.elettroservicegroup.it/assistenza-lavastoviglie-parma/" "Mozilla/5.0 (Linux; Android 10; K) AppleWebKit/537.36 (KHTML, like Gecko) SamsungBrowser/30.0 Chrome/143.0.0.0 Mobile Safari/537.36"
101.57.106.193 - - [04/Jun/2026:20:29:35 +0200] "GET /wp-content/uploads/2021/10/cropped-cropped-cropped-cropped-logo_white_background-192x192.png HTTP/2.0" 200 19089 "https://parma.elettroservicegroup.it/assistenza-lavastoviglie-parma/" "Mozilla/5.0 (Linux; Android 10; K) AppleWebKit/537.36 (KHTML, like Gecko) SamsungBrowser/30.0 Chrome/143.0.0.0 Mobile Safari/537.36"
101.57.106.193 - - [04/Jun/2026:20:29:35 +0200] "GET /wp-content/uploads/2021/10/cropped-cropped-cropped-cropped-logo_white_background-180x180.png HTTP/2.0" 200 21353 "https://parma.elettroservicegroup.it/assistenza-lavastoviglie-parma/" "Mozilla/5.0 (Linux; Android 10; K) AppleWebKit/537.36 (KHTML, like Gecko) SamsungBrowser/30.0 Chrome/143.0.0.0 Mobile Safari/537.36"
101.57.106.193 - - [04/Jun/2026:20:29:35 +0200] "GET /wp-json/complianz/v1/cookie_data HTTP/2.0" 200 81 "https://parma.elettroservicegroup.it/assistenza-lavastoviglie-parma/" "Mozilla/5.0 (Linux; Android 10; K) AppleWebKit/537.36 (KHTML, like Gecko) SamsungBrowser/30.0 Chrome/143.0.0.0 Mobile Safari/537.36"
101.57.106.193 - - [04/Jun/2026:20:29:51 +0200] "POST /wp-content/plugins/burst-statistics/endpoint.php HTTP/2.0" 200 1 "https://parma.elettroservicegroup.it/assistenza-lavastoviglie-parma/" "Mozilla/5.0 (Linux; Android 10; K) AppleWebKit/537.36 (KHTML, like Gecko) SamsungBrowser/30.0 Chrome/143.0.0.0 Mobile Safari/537.36"
65.108.235.243 - - [04/Jun/2026:20:29:51 +0200] "POST /wp-cron.php?doing_wp_cron=1780597791.4177129268646240234375 HTTP/1.1" 200 1 "-" "WordPress/7.0; https://parma.elettroservicegroup.it"
101.57.106.193 - - [04/Jun/2026:20:29:51 +0200] "POST /wp-json/complianz/v1/track HTTP/2.0" 200 20 "https://parma.elettroservicegroup.it/assistenza-lavastoviglie-parma/" "Mozilla/5.0 (Linux; Android 10; K) AppleWebKit/537.36 (KHTML, like Gecko) SamsungBrowser/30.0 Chrome/143.0.0.0 Mobile Safari/537.36"
66.249.89.133 - - [04/Jun/2026:20:35:37 +0200] "GET /wp-content/plugins/gp-premium/menu-plus/functions/css/navigation-branding-flex.min.css?ver=2.5.5 HTTP/1.1" 200 542 "https://parma.elettroservicegroup.it/assistenza-indesit-parma/" "AdsBot-Google (+http://www.google.com/adsbot.html)"
66.249.89.134 - - [04/Jun/2026:20:35:38 +0200] "GET /wp-content/uploads/elementor/google-fonts/css/robotoslab.css?ver=1742280362 HTTP/1.1" 200 715 "https://parma.elettroservicegroup.it/assistenza-indesit-parma/" "AdsBot-Google (+http://www.google.com/adsbot.html)"
66.249.89.134 - - [04/Jun/2026:20:35:39 +0200] "GET /wp-content/plugins/elementor/assets/css/widget-social-icons.min.css?ver=3.24.0 HTTP/1.1" 200 1039 "https://parma.elettroservicegroup.it/assistenza-indesit-parma/" "AdsBot-Google (+http://www.google.com/adsbot.html)"
66.249.89.134 - - [04/Jun/2026:20:35:40 +0200] "GET /wp-content/plugins/header-footer-elementor/inc/widgets-css/frontend.css?ver=2.8.8 HTTP/1.1" 200 8711 "https://parma.elettroservicegroup.it/assistenza-indesit-parma/" "AdsBot-Google (+http://www.google.com/adsbot.html)"
66.249.89.134 - - [04/Jun/2026:20:35:41 +0200] "GET /wp-content/plugins/elementor/assets/lib/font-awesome/css/fontawesome.min.css?ver=5.15.3 HTTP/1.1" 200 12179 "https://parma.elettroservicegroup.it/assistenza-indesit-parma/" "AdsBot-Google (+http://www.google.com/adsbot.html)"
66.249.89.134 - - [04/Jun/2026:20:35:42 +0200] "GET /wp-includes/js/jquery/jquery-migrate.min.js?ver=3.4.1 HTTP/1.1" 200 4685 "https://parma.elettroservicegroup.it/assistenza-indesit-parma/" "AdsBot-Google (+http://www.google.com/adsbot.html)"
66.249.89.134 - - [04/Jun/2026:20:35:44 +0200] "GET /wp-content/plugins/all-in-one-seo-pack/dist/Lite/assets/css/table-of-contents/global.e90f6d47.css?ver=4.9.7.2 HTTP/1.1" 200 420 "https://parma.elettroservicegroup.it/assistenza-indesit-parma/" "AdsBot-Google (+http://www.google.com/adsbot.html)"
66.249.89.134 - - [04/Jun/2026:20:35:44 +0200] "GET /wp-content/uploads/elementor/css/post-14366.css?ver=1780586501 HTTP/1.1" 200 302 "https://parma.elettroservicegroup.it/assistenza-indesit-parma/" "AdsBot-Google (+http://www.google.com/adsbot.html)"
66.249.89.134 - - [04/Jun/2026:20:35:45 +0200] "GET /wp-content/uploads/elementor/css/post-14146.css?ver=1780586499 HTTP/1.1" 200 428 "https://parma.elettroservicegroup.it/assistenza-indesit-parma/" "AdsBot-Google (+http://www.google.com/adsbot.html)"
66.249.89.133 - - [04/Jun/2026:20:35:46 +0200] "GET /wp-content/plugins/elementor/assets/css/widget-image.min.css?ver=4.1.1 HTTP/1.1" 200 96 "https://parma.elettroservicegroup.it/assistenza-indesit-parma/" "AdsBot-Google (+http://www.google.com/adsbot.html)"
66.249.89.133 - - [04/Jun/2026:20:35:47 +0200] "GET /wp-content/uploads/elementor/css/post-17282.css?ver=1780592678 HTTP/1.1" 200 2152 "https://parma.elettroservicegroup.it/assistenza-indesit-parma/" "AdsBot-Google (+http://www.google.com/adsbot.html)"
66.249.89.133 - - [04/Jun/2026:20:35:48 +0200] "GET /wp-content/plugins/elementor/assets/css/widget-heading.min.css?ver=4.1.1 HTTP/1.1" 200 127 "https://parma.elettroservicegroup.it/assistenza-indesit-parma/" "AdsBot-Google (+http://www.google.com/adsbot.html)"
66.249.89.133 - - [04/Jun/2026:20:35:49 +0200] "GET /wp-content/plugins/elementor/assets/lib/eicons/css/elementor-icons.min.css?ver=5.34.0 HTTP/1.1" 200 4115 "https://parma.elettroservicegroup.it/assistenza-indesit-parma/" "AdsBot-Google (+http://www.google.com/adsbot.html)"
66.249.89.133 - - [04/Jun/2026:20:35:50 +0200] "GET /wp-content/plugins/elementor/assets/css/widget-spacer.min.css?ver=4.1.1 HTTP/1.1" 200 287 "https://parma.elettroservicegroup.it/assistenza-indesit-parma/" "AdsBot-Google (+http://www.google.com/adsbot.html)"
66.249.89.133 - - [04/Jun/2026:20:35:51 +0200] "GET /wp-content/plugins/elementor/assets/lib/font-awesome/css/brands.css?ver=5.15.3 HTTP/1.1" 200 298 "https://parma.elettroservicegroup.it/assistenza-indesit-parma/" "AdsBot-Google (+http://www.google.com/adsbot.html)"
66.249.89.133 - - [04/Jun/2026:20:35:52 +0200] "GET /wp-content/plugins/elementor/assets/lib/font-awesome/css/solid.min.css?ver=5.15.3 HTTP/1.1" 200 286 "https://parma.elettroservicegroup.it/assistenza-indesit-parma/" "AdsBot-Google (+http://www.google.com/adsbot.html)"
66.249.89.133 - - [04/Jun/2026:20:35:53 +0200] "GET /wp-content/plugins/elementor/assets/lib/animations/styles/bounceIn.min.css?ver=4.1.1 HTTP/1.1" 200 186 "https://parma.elettroservicegroup.it/assistenza-indesit-parma/" "AdsBot-Google (+http://www.google.com/adsbot.html)"
66.249.89.133 - - [04/Jun/2026:20:35:54 +0200] "GET /wp-content/plugins/elementor/assets/js/webpack.runtime.min.js?ver=4.1.1 HTTP/1.1" 200 2340 "https://parma.elettroservicegroup.it/assistenza-indesit-parma/" "AdsBot-Google (+http://www.google.com/adsbot.html)"
66.249.89.133 - - [04/Jun/2026:20:35:55 +0200] "GET /wp-content/uploads/elementor/google-fonts/css/roboto.css?ver=1742280360 HTTP/1.1" 200 1880 "https://parma.elettroservicegroup.it/assistenza-indesit-parma/" "AdsBot-Google (+http://www.google.com/adsbot.html)"
66.249.89.133 - - [04/Jun/2026:20:35:56 +0200] "GET /wp-content/plugins/elementor/assets/css/frontend.min.css?ver=4.1.1 HTTP/1.1" 200 6618 "https://parma.elettroservicegroup.it/assistenza-indesit-parma/" "AdsBot-Google (+http://www.google.com/adsbot.html)"
66.249.89.133 - - [04/Jun/2026:20:35:57 +0200] "GET /wp-content/plugins/elementor/assets/lib/font-awesome/css/regular.min.css?ver=5.15.3 HTTP/1.1" 200 282 "https://parma.elettroservicegroup.it/assistenza-indesit-parma/" "AdsBot-Google (+http://www.google.com/adsbot.html)"
66.249.89.133 - - [04/Jun/2026:20:35:58 +0200] "GET /wp-content/plugins/elementor/assets/lib/font-awesome/js/v4-shims.min.js?ver=4.1.1 HTTP/1.1" 200 4043 "https://parma.elettroservicegroup.it/assistenza-indesit-parma/" "AdsBot-Google (+http://www.google.com/adsbot.html)"
66.249.89.133 - - [04/Jun/2026:20:35:58 +0200] "GET /wp-content/plugins/elementor/assets/lib/font-awesome/css/solid.css?ver=5.15.3 HTTP/1.1" 200 299 "https://parma.elettroservicegroup.it/assistenza-indesit-parma/" "AdsBot-Google (+http://www.google.com/adsbot.html)"
66.249.89.133 - - [04/Jun/2026:20:35:59 +0200] "GET /wp-content/plugins/complianz-gdpr-premium/assets/css/cookieblocker.min.css?ver=1780326315 HTTP/1.1" 200 615 "https://parma.elettroservicegroup.it/assistenza-indesit-parma/" "AdsBot-Google (+http://www.google.com/adsbot.html)"
66.249.89.133 - - [04/Jun/2026:20:36:00 +0200] "GET /wp-content/plugins/elementor/assets/lib/font-awesome/css/v4-shims.min.css?ver=4.1.1 HTTP/1.1" 200 3986 "https://parma.elettroservicegroup.it/assistenza-indesit-parma/" "AdsBot-Google (+http://www.google.com/adsbot.html)"
66.249.89.133 - - [04/Jun/2026:20:36:01 +0200] "GET /wp-content/plugins/gp-premium/menu-plus/functions/js/sticky.min.js?ver=2.5.5 HTTP/1.1" 200 2670 "https://parma.elettroservicegroup.it/assistenza-indesit-parma/" "AdsBot-Google (+http://www.google.com/adsbot.html)"
66.249.89.133 - - [04/Jun/2026:20:36:02 +0200] "GET /wp-content/plugins/elementor/assets/lib/font-awesome/css/fontawesome.css?ver=5.15.3 HTTP/1.1" 200 12535 "https://parma.elettroservicegroup.it/assistenza-indesit-parma/" "AdsBot-Google (+http://www.google.com/adsbot.html)"
66.249.89.133 - - [04/Jun/2026:20:36:03 +0200] "GET /wp-content/plugins/elementor/assets/lib/eicons/css/elementor-icons.min.css?ver=5.49.0 HTTP/1.1" 200 4115 "https://parma.elettroservicegroup.it/assistenza-indesit-parma/" "AdsBot-Google (+http://www.google.com/adsbot.html)"
66.249.89.133 - - [04/Jun/2026:20:36:04 +0200] "GET /wp-content/plugins/elementor/assets/css/widget-icon-list.min.css?ver=3.24.3 HTTP/1.1" 200 928 "https://parma.elettroservicegroup.it/assistenza-indesit-parma/" "AdsBot-Google (+http://www.google.com/adsbot.html)"
66.249.89.133 - - [04/Jun/2026:20:36:04 +0200] "GET /wp-content/plugins/elementor/assets/lib/font-awesome/css/all.min.css?ver=4.1.1 HTTP/1.1" 200 12402 "https://parma.elettroservicegroup.it/assistenza-indesit-parma/" "AdsBot-Google (+http://www.google.com/adsbot.html)"
66.249.89.133 - - [04/Jun/2026:20:36:05 +0200] "GET /wp-content/themes/generatepress/assets/css/main.min.css?ver=3.6.1 HTTP/1.1" 200 4410 "https://parma.elettroservicegroup.it/assistenza-indesit-parma/" "AdsBot-Google (+http://www.google.com/adsbot.html)"
66.249.89.133 - - [04/Jun/2026:20:36:06 +0200] "GET /wp-includes/js/jquery/jquery.min.js?ver=3.7.1 HTTP/1.1" 200 29769 "https://parma.elettroservicegroup.it/assistenza-indesit-parma/" "AdsBot-Google (+http://www.google.com/adsbot.html)"
66.249.89.133 - - [04/Jun/2026:20:36:07 +0200] "GET /wp-content/plugins/elementor/assets/lib/animations/styles/zoomIn.min.css?ver=4.1.1 HTTP/1.1" 200 87 "https://parma.elettroservicegroup.it/assistenza-indesit-parma/" "AdsBot-Google (+http://www.google.com/adsbot.html)"
66.249.89.133 - - [04/Jun/2026:20:36:07 +0200] "GET /wp-content/plugins/header-footer-elementor/assets/css/header-footer-elementor.css?ver=2.8.8 HTTP/1.1" 200 260 "https://parma.elettroservicegroup.it/assistenza-indesit-parma/" "AdsBot-Google (+http://www.google.com/adsbot.html)"
66.249.89.133 - - [04/Jun/2026:20:36:09 +0200] "GET /wp-content/plugins/elementor/assets/js/frontend-modules.min.js?ver=4.1.1 HTTP/1.1" 200 15454 "https://parma.elettroservicegroup.it/assistenza-indesit-parma/" "AdsBot-Google (+http://www.google.com/adsbot.html)"
66.249.89.133 - - [04/Jun/2026:20:36:09 +0200] "GET /wp-includes/js/jquery/ui/core.min.js?ver=1.13.3 HTTP/1.1" 200 6820 "https://parma.elettroservicegroup.it/assistenza-indesit-parma/" "AdsBot-Google (+http://www.google.com/adsbot.html)"
66.249.89.133 - - [04/Jun/2026:20:36:10 +0200] "GET /wp-content/plugins/burst-statistics/assets/js/timeme/timeme.min.js?ver=1780499187 HTTP/1.1" 200 1835 "https://parma.elettroservicegroup.it/assistenza-indesit-parma/" "AdsBot-Google (+http://www.google.com/adsbot.html)"
66.249.89.133 - - [04/Jun/2026:20:36:11 +0200] "GET /wp-content/uploads/burst/js/burst.min.js?ver=1780567443 HTTP/1.1" 200 3381 "https://parma.elettroservicegroup.it/assistenza-indesit-parma/" "AdsBot-Google (+http://www.google.com/adsbot.html)"
66.249.89.133 - - [04/Jun/2026:20:36:11 +0200] "GET /wp-content/themes/generatepress/assets/js/back-to-top.min.js?ver=3.6.1 HTTP/1.1" 200 336 "https://parma.elettroservicegroup.it/assistenza-indesit-parma/" "AdsBot-Google (+http://www.google.com/adsbot.html)"
66.249.89.133 - - [04/Jun/2026:20:36:12 +0200] "GET /wp-content/themes/generatepress/assets/js/menu.min.js?ver=3.6.1 HTTP/1.1" 200 1688 "https://parma.elettroservicegroup.it/assistenza-indesit-parma/" "AdsBot-Google (+http://www.google.com/adsbot.html)"
66.249.89.133 - - [04/Jun/2026:20:36:13 +0200] "GET /wp-content/plugins/complianz-gdpr-premium/cookiebanner/js/complianz.min.js?ver=1780326315 HTTP/1.1" 200 10708 "https://parma.elettroservicegroup.it/assistenza-indesit-parma/" "AdsBot-Google (+http://www.google.com/adsbot.html)"
66.249.89.133 - - [04/Jun/2026:20:36:13 +0200] "GET /wp-content/plugins/elementor/assets/js/frontend.min.js?ver=4.1.1 HTTP/1.1" 200 10140 "https://parma.elettroservicegroup.it/assistenza-indesit-parma/" "AdsBot-Google (+http://www.google.com/adsbot.html)"
66.249.89.133 - - [04/Jun/2026:20:36:14 +0200] "GET /wp-content/plugins/elementor/assets/lib/font-awesome/webfonts/fa-regular-400.woff2 HTTP/1.1" 200 13277 "https://parma.elettroservicegroup.it/wp-content/plugins/elementor/assets/lib/font-awesome/css/all.min.css?ver=4.1.1" "AdsBot-Google (+http://www.google.com/adsbot.html)"
66.249.89.133 - - [04/Jun/2026:20:36:15 +0200] "GET /wp-content/uploads/elementor/google-fonts/fonts/roboto-kfo7cnqeu92fr1me7ksn66agldtyluama3yuba.woff2 HTTP/1.1" 200 40132 "https://parma.elettroservicegroup.it/wp-content/uploads/elementor/google-fonts/css/roboto.css?ver=1742280360" "AdsBot-Google (+http://www.google.com/adsbot.html)"
66.249.89.133 - - [04/Jun/2026:20:36:15 +0200] "GET /wp-content/plugins/elementor/assets/lib/font-awesome/webfonts/fa-solid-900.woff2 HTTP/1.1" 200 78201 "https://parma.elettroservicegroup.it/wp-content/plugins/elementor/assets/lib/font-awesome/css/all.min.css?ver=4.1.1" "AdsBot-Google (+http://www.google.com/adsbot.html)"
65.108.235.243 - - [04/Jun/2026:20:36:22 +0200] "POST /wp-cron.php?doing_wp_cron=1780598182.5836639404296875000000 HTTP/1.1" 200 1 "-" "WordPress/7.0; https://parma.elettroservicegroup.it"
66.249.89.133 - - [04/Jun/2026:20:36:16 +0200] "GET /wp-json/complianz/v1/banner?lang=it&locale=it_IT&token=elxap HTTP/1.1" 200 84 "https://parma.elettroservicegroup.it/assistenza-indesit-parma/" "AdsBot-Google (+http://www.google.com/adsbot.html)"
66.249.89.133 - - [04/Jun/2026:20:36:23 +0200] "GET /wp-content/uploads/complianz/css/banner-1-optin.css?v=46 HTTP/1.1" 200 2617 "https://parma.elettroservicegroup.it/assistenza-indesit-parma/" "AdsBot-Google (+http://www.google.com/adsbot.html)"
66.249.89.133 - - [04/Jun/2026:20:36:23 +0200] "GET /wp-json/complianz/v1/cookie_data HTTP/1.1" 200 81 "https://parma.elettroservicegroup.it/assistenza-indesit-parma/" "AdsBot-Google (+http://www.google.com/adsbot.html)"
66.249.89.133 - - [04/Jun/2026:20:36:24 +0200] "GET /wp-content/plugins/elementor/assets/js/shared-frontend-handlers.03caa53373b56d3bab67.bundle.min.js HTTP/1.1" 200 2515 "https://parma.elettroservicegroup.it/assistenza-indesit-parma/" "AdsBot-Google (+http://www.google.com/adsbot.html)"
66.249.89.133 - - [04/Jun/2026:20:36:25 +0200] "GET /wp-content/plugins/elementor/assets/js/section-frontend-handlers.d85ab872da118940910d.bundle.min.js HTTP/1.1" 200 230 "https://parma.elettroservicegroup.it/assistenza-indesit-parma/" "AdsBot-Google (+http://www.google.com/adsbot.html)"
66.249.89.133 - - [04/Jun/2026:20:36:25 +0200] "GET /wp-content/plugins/elementor/assets/js/text-editor.45609661e409413f1cef.bundle.min.js HTTP/1.1" 200 592 "https://parma.elettroservicegroup.it/assistenza-indesit-parma/" "AdsBot-Google (+http://www.google.com/adsbot.html)"
66.249.89.135 - - [04/Jun/2026:20:39:51 +0200] "GET /wp-content/plugins/elementor/assets/css/widget-heading.min.css?ver=4.1.1 HTTP/1.1" 200 127 "https://parma.elettroservicegroup.it/assistenza-smeg-parma/" "AdsBot-Google (+http://www.google.com/adsbot.html)"
66.249.89.134 - - [04/Jun/2026:20:39:51 +0200] "GET /wp-content/plugins/elementor/assets/lib/font-awesome/css/brands.css?ver=5.15.3 HTTP/1.1" 200 298 "https://parma.elettroservicegroup.it/assistenza-smeg-parma/" "AdsBot-Google (+http://www.google.com/adsbot.html)"
66.249.89.134 - - [04/Jun/2026:20:39:51 +0200] "GET /wp-content/plugins/elementor/assets/lib/font-awesome/css/v4-shims.min.css?ver=4.1.1 HTTP/1.1" 200 3986 "https://parma.elettroservicegroup.it/assistenza-smeg-parma/" "AdsBot-Google (+http://www.google.com/adsbot.html)"
66.249.89.133 - - [04/Jun/2026:20:39:51 +0200] "GET /wp-content/plugins/header-footer-elementor/assets/css/header-footer-elementor.css?ver=2.8.8 HTTP/1.1" 200 260 "https://parma.elettroservicegroup.it/assistenza-smeg-parma/" "AdsBot-Google (+http://www.google.com/adsbot.html)"
66.249.89.134 - - [04/Jun/2026:20:39:52 +0200] "GET /wp-content/plugins/gp-premium/menu-plus/functions/js/sticky.min.js?ver=2.5.5 HTTP/1.1" 200 2670 "https://parma.elettroservicegroup.it/assistenza-smeg-parma/" "AdsBot-Google (+http://www.google.com/adsbot.html)"
66.249.89.134 - - [04/Jun/2026:20:39:53 +0200] "GET /wp-content/plugins/elementor/assets/lib/eicons/css/elementor-icons.min.css?ver=5.34.0 HTTP/1.1" 200 4115 "https://parma.elettroservicegroup.it/assistenza-smeg-parma/" "AdsBot-Google (+http://www.google.com/adsbot.html)"
66.249.89.134 - - [04/Jun/2026:20:39:53 +0200] "GET /wp-content/uploads/elementor/css/post-17361.css?ver=1780518209 HTTP/1.1" 200 2168 "https://parma.elettroservicegroup.it/assistenza-smeg-parma/" "AdsBot-Google (+http://www.google.com/adsbot.html)"
66.249.89.133 - - [04/Jun/2026:20:39:54 +0200] "GET /wp-content/plugins/header-footer-elementor/inc/widgets-css/frontend.css?ver=2.8.8 HTTP/1.1" 200 8711 "https://parma.elettroservicegroup.it/assistenza-smeg-parma/" "AdsBot-Google (+http://www.google.com/adsbot.html)"
66.249.89.133 - - [04/Jun/2026:20:39:55 +0200] "GET /wp-content/plugins/elementor/assets/lib/font-awesome/css/regular.min.css?ver=5.15.3 HTTP/1.1" 200 282 "https://parma.elettroservicegroup.it/assistenza-smeg-parma/" "AdsBot-Google (+http://www.google.com/adsbot.html)"
66.249.89.134 - - [04/Jun/2026:20:39:56 +0200] "GET /wp-content/plugins/elementor/assets/css/widget-image.min.css?ver=4.1.1 HTTP/1.1" 200 96 "https://parma.elettroservicegroup.it/assistenza-smeg-parma/" "AdsBot-Google (+http://www.google.com/adsbot.html)"
66.249.89.134 - - [04/Jun/2026:20:39:56 +0200] "GET /wp-content/plugins/elementor/assets/lib/font-awesome/css/solid.min.css?ver=5.15.3 HTTP/1.1" 200 286 "https://parma.elettroservicegroup.it/assistenza-smeg-parma/" "AdsBot-Google (+http://www.google.com/adsbot.html)"
66.249.89.133 - - [04/Jun/2026:20:39:57 +0200] "GET /wp-content/uploads/elementor/css/post-14366.css?ver=1780499190 HTTP/1.1" 200 302 "https://parma.elettroservicegroup.it/assistenza-smeg-parma/" "AdsBot-Google (+http://www.google.com/adsbot.html)"
66.249.89.133 - - [04/Jun/2026:20:39:58 +0200] "GET /wp-content/plugins/all-in-one-seo-pack/dist/Lite/assets/css/table-of-contents/global.e90f6d47.css?ver=4.9.7.2 HTTP/1.1" 200 420 "https://parma.elettroservicegroup.it/assistenza-smeg-parma/" "AdsBot-Google (+http://www.google.com/adsbot.html)"
66.249.89.134 - - [04/Jun/2026:20:39:58 +0200] "GET /wp-content/plugins/elementor/assets/lib/font-awesome/css/fontawesome.css?ver=5.15.3 HTTP/1.1" 200 12535 "https://parma.elettroservicegroup.it/assistenza-smeg-parma/" "AdsBot-Google (+http://www.google.com/adsbot.html)"
66.249.89.133 - - [04/Jun/2026:20:39:59 +0200] "GET /wp-includes/js/jquery/jquery-migrate.min.js?ver=3.4.1 HTTP/1.1" 200 4685 "https://parma.elettroservicegroup.it/assistenza-smeg-parma/" "AdsBot-Google (+http://www.google.com/adsbot.html)"
66.249.89.133 - - [04/Jun/2026:20:40:00 +0200] "GET /wp-content/themes/generatepress/assets/css/main.min.css?ver=3.6.1 HTTP/1.1" 200 4410 "https://parma.elettroservicegroup.it/assistenza-smeg-parma/" "AdsBot-Google (+http://www.google.com/adsbot.html)"
66.249.89.133 - - [04/Jun/2026:20:40:00 +0200] "GET /wp-content/plugins/elementor/assets/lib/font-awesome/css/all.min.css?ver=4.1.1 HTTP/1.1" 200 12402 "https://parma.elettroservicegroup.it/assistenza-smeg-parma/" "AdsBot-Google (+http://www.google.com/adsbot.html)"
66.249.89.133 - - [04/Jun/2026:20:40:01 +0200] "GET /wp-content/uploads/elementor/google-fonts/css/robotoslab.css?ver=1742280362 HTTP/1.1" 200 715 "https://parma.elettroservicegroup.it/assistenza-smeg-parma/" "AdsBot-Google (+http://www.google.com/adsbot.html)"
66.249.89.133 - - [04/Jun/2026:20:40:02 +0200] "GET /wp-content/uploads/elementor/css/post-14146.css?ver=1780499189 HTTP/1.1" 200 428 "https://parma.elettroservicegroup.it/assistenza-smeg-parma/" "AdsBot-Google (+http://www.google.com/adsbot.html)"
66.249.89.133 - - [04/Jun/2026:20:40:02 +0200] "GET /wp-content/plugins/gp-premium/menu-plus/functions/css/navigation-branding-flex.min.css?ver=2.5.5 HTTP/1.1" 200 542 "https://parma.elettroservicegroup.it/assistenza-smeg-parma/" "AdsBot-Google (+http://www.google.com/adsbot.html)"
66.249.89.133 - - [04/Jun/2026:20:40:03 +0200] "GET /wp-content/plugins/complianz-gdpr-premium/assets/css/cookieblocker.min.css?ver=1780326315 HTTP/1.1" 200 615 "https://parma.elettroservicegroup.it/assistenza-smeg-parma/" "AdsBot-Google (+http://www.google.com/adsbot.html)"
66.249.89.133 - - [04/Jun/2026:20:40:04 +0200] "GET /wp-content/plugins/elementor/assets/js/frontend-modules.min.js?ver=4.1.1 HTTP/1.1" 200 15454 "https://parma.elettroservicegroup.it/assistenza-smeg-parma/" "AdsBot-Google (+http://www.google.com/adsbot.html)"
66.249.89.133 - - [04/Jun/2026:20:40:05 +0200] "GET /wp-content/plugins/elementor/assets/lib/font-awesome/css/fontawesome.min.css?ver=5.15.3 HTTP/1.1" 200 12179 "https://parma.elettroservicegroup.it/assistenza-smeg-parma/" "AdsBot-Google (+http://www.google.com/adsbot.html)"
66.249.89.133 - - [04/Jun/2026:20:40:06 +0200] "GET /wp-content/plugins/elementor/assets/css/widget-spacer.min.css?ver=4.1.1 HTTP/1.1" 200 287 "https://parma.elettroservicegroup.it/assistenza-smeg-parma/" "AdsBot-Google (+http://www.google.com/adsbot.html)"
66.249.89.133 - - [04/Jun/2026:20:40:06 +0200] "GET /wp-content/uploads/elementor/google-fonts/css/roboto.css?ver=1742280360 HTTP/1.1" 200 1880 "https://parma.elettroservicegroup.it/assistenza-smeg-parma/" "AdsBot-Google (+http://www.google.com/adsbot.html)"
66.249.89.133 - - [04/Jun/2026:20:40:07 +0200] "GET /wp-includes/js/jquery/ui/core.min.js?ver=1.13.3 HTTP/1.1" 200 6820 "https://parma.elettroservicegroup.it/assistenza-smeg-parma/" "AdsBot-Google (+http://www.google.com/adsbot.html)"
66.249.89.133 - - [04/Jun/2026:20:40:07 +0200] "GET /wp-content/plugins/elementor/assets/css/widget-social-icons.min.css?ver=3.24.0 HTTP/1.1" 200 1039 "https://parma.elettroservicegroup.it/assistenza-smeg-parma/" "AdsBot-Google (+http://www.google.com/adsbot.html)"
66.249.89.133 - - [04/Jun/2026:20:40:08 +0200] "GET /wp-content/plugins/elementor/assets/js/frontend.min.js?ver=4.1.1 HTTP/1.1" 200 10140 "https://parma.elettroservicegroup.it/assistenza-smeg-parma/" "AdsBot-Google (+http://www.google.com/adsbot.html)"
66.249.89.133 - - [04/Jun/2026:20:40:09 +0200] "GET /wp-content/themes/generatepress/assets/js/menu.min.js?ver=3.6.1 HTTP/1.1" 200 1688 "https://parma.elettroservicegroup.it/assistenza-smeg-parma/" "AdsBot-Google (+http://www.google.com/adsbot.html)"
66.249.89.133 - - [04/Jun/2026:20:40:09 +0200] "GET /wp-content/plugins/burst-statistics/assets/js/timeme/timeme.min.js?ver=1780499187 HTTP/1.1" 200 1835 "https://parma.elettroservicegroup.it/assistenza-smeg-parma/" "AdsBot-Google (+http://www.google.com/adsbot.html)"
66.249.89.133 - - [04/Jun/2026:20:40:10 +0200] "GET /wp-content/uploads/elementor/google-fonts/fonts/roboto-kfo7cnqeu92fr1me7ksn66agldtyluama3yuba.woff2 HTTP/1.1" 304 - "https://parma.elettroservicegroup.it/wp-content/uploads/elementor/google-fonts/css/roboto.css?ver=1742280360" "AdsBot-Google (+http://www.google.com/adsbot.html)"
66.249.89.133 - - [04/Jun/2026:20:40:10 +0200] "GET /wp-content/plugins/elementor/assets/lib/font-awesome/webfonts/fa-solid-900.woff2 HTTP/1.1" 304 - "https://parma.elettroservicegroup.it/wp-content/plugins/elementor/assets/lib/font-awesome/css/all.min.css?ver=4.1.1" "AdsBot-Google (+http://www.google.com/adsbot.html)"
66.249.89.133 - - [04/Jun/2026:20:40:11 +0200] "GET /wp-content/plugins/elementor/assets/lib/font-awesome/webfonts/fa-regular-400.woff2 HTTP/1.1" 304 - "https://parma.elettroservicegroup.it/wp-content/plugins/elementor/assets/lib/font-awesome/css/all.min.css?ver=4.1.1" "AdsBot-Google (+http://www.google.com/adsbot.html)"
66.249.89.133 - - [04/Jun/2026:20:40:12 +0200] "GET /wp-content/plugins/complianz-gdpr-premium/cookiebanner/js/complianz.min.js?ver=1780326315 HTTP/1.1" 200 10708 "https://parma.elettroservicegroup.it/assistenza-smeg-parma/" "AdsBot-Google (+http://www.google.com/adsbot.html)"
65.108.235.243 - - [04/Jun/2026:20:40:20 +0200] "POST /wp-cron.php?doing_wp_cron=1780598420.0732450485229492187500 HTTP/1.1" 200 1 "-" "WordPress/7.0; https://parma.elettroservicegroup.it"
66.249.89.133 - - [04/Jun/2026:20:40:12 +0200] "GET /wp-json/complianz/v1/banner?lang=it&locale=it_IT&token=ywpcn HTTP/1.1" 200 84 "https://parma.elettroservicegroup.it/assistenza-smeg-parma/" "AdsBot-Google (+http://www.google.com/adsbot.html)"
66.249.89.133 - - [04/Jun/2026:20:40:20 +0200] "GET /wp-json/complianz/v1/cookie_data HTTP/1.1" 200 81 "https://parma.elettroservicegroup.it/assistenza-smeg-parma/" "AdsBot-Google (+http://www.google.com/adsbot.html)"
66.249.89.133 - - [04/Jun/2026:20:40:37 +0200] "GET /wp-content/plugins/complianz-gdpr-premium/assets/css/cookieblocker.min.css?ver=1780326315 HTTP/1.1" 200 615 "https://parma.elettroservicegroup.it/assistenza-miele-parma/" "AdsBot-Google (+http://www.google.com/adsbot.html)"
66.249.89.133 - - [04/Jun/2026:20:40:37 +0200] "GET /wp-content/uploads/elementor/css/post-14366.css?ver=1780586501 HTTP/1.1" 200 302 "https://parma.elettroservicegroup.it/assistenza-miele-parma/" "AdsBot-Google (+http://www.google.com/adsbot.html)"
66.249.89.133 - - [04/Jun/2026:20:40:37 +0200] "GET /wp-content/uploads/elementor/css/post-14146.css?ver=1780586499 HTTP/1.1" 200 428 "https://parma.elettroservicegroup.it/assistenza-miele-parma/" "AdsBot-Google (+http://www.google.com/adsbot.html)"
66.249.89.133 - - [04/Jun/2026:20:40:38 +0200] "GET /wp-content/uploads/elementor/css/post-17350.css?ver=1780592802 HTTP/1.1" 200 2145 "https://parma.elettroservicegroup.it/assistenza-miele-parma/" "AdsBot-Google (+http://www.google.com/adsbot.html)"
66.249.89.133 - - [04/Jun/2026:20:40:38 +0200] "GET /wp-content/plugins/elementor/assets/css/widget-image.min.css?ver=4.1.1 HTTP/1.1" 200 96 "https://parma.elettroservicegroup.it/assistenza-miele-parma/" "AdsBot-Google (+http://www.google.com/adsbot.html)"
66.249.89.133 - - [04/Jun/2026:20:40:39 +0200] "GET /wp-content/uploads/burst/js/burst.min.js?ver=1780567443 HTTP/1.1" 200 3381 "https://parma.elettroservicegroup.it/assistenza-miele-parma/" "AdsBot-Google (+http://www.google.com/adsbot.html)"
66.249.89.133 - - [04/Jun/2026:20:40:39 +0200] "GET /wp-content/plugins/complianz-gdpr-premium/cookiebanner/js/complianz.min.js?ver=1780326315 HTTP/1.1" 200 10708 "https://parma.elettroservicegroup.it/assistenza-miele-parma/" "AdsBot-Google (+http://www.google.com/adsbot.html)"
66.249.89.133 - - [04/Jun/2026:20:40:40 +0200] "GET /wp-content/uploads/elementor/google-fonts/fonts/roboto-kfo7cnqeu92fr1me7ksn66agldtyluama3yuba.woff2 HTTP/1.1" 304 - "https://parma.elettroservicegroup.it/wp-content/uploads/elementor/google-fonts/css/roboto.css?ver=1742280360" "AdsBot-Google (+http://www.google.com/adsbot.html)"
65.108.235.243 - - [04/Jun/2026:20:47:28 +0200] "POST /wp-cron.php?doing_wp_cron=1780598848.2740468978881835937500 HTTP/1.1" 200 1 "-" "WordPress/7.0; https://parma.elettroservicegroup.it"
65.108.235.243 - - [04/Jun/2026:20:47:28 +0200] "POST /wp-cron.php?doing_wp_cron=1780598848.2740468978881835937500 HTTP/1.1" 200 1 "-" "WordPress/7.0; https://parma.elettroservicegroup.it"
69.171.231.14 - - [04/Jun/2026:20:47:25 +0200] "GET /robots.txt HTTP/2.0" 200 - "-" "facebookexternalhit/1.1 (+http://www.facebook.com/externalhit_uatext.php)"
69.171.231.14 - - [04/Jun/2026:20:47:26 +0200] "GET /robots.txt HTTP/2.0" 200 189 "-" "facebookexternalhit/1.1 (+http://www.facebook.com/externalhit_uatext.php)"
65.108.235.243 - - [04/Jun/2026:20:48:44 +0200] "POST /wp-cron.php?doing_wp_cron=1780598924.9308741092681884765625 HTTP/1.1" 200 1 "-" "WordPress/7.0; https://parma.elettroservicegroup.it"
65.108.235.243 - - [04/Jun/2026:20:48:44 +0200] "POST /?wordfence_syncAttackData=1780598924.6627 HTTP/1.1" 200 1 "-" "WordPress/7.0; https://parma.elettroservicegroup.it"
209.141.32.143 - - [04/Jun/2026:20:48:43 +0200] "GET /wp-content/plugins/kirki/readme.txt HTTP/1.1" 404 86825 "-" "Mozilla/5.0 (Windows NT 10.0; Win64; x64) AppleWebKit/537.36 (KHTML, like Gecko) Chrome/120.1.2.3 Safari/537.36 Edg/121.0.623.86"
65.108.235.243 - - [04/Jun/2026:20:52:54 +0200] "POST /wp-cron.php?doing_wp_cron=1780599174.0717151165008544921875 HTTP/1.1" 200 1 "-" "WordPress/7.0; https://parma.elettroservicegroup.it"
216.73.217.47 - - [04/Jun/2026:20:52:51 +0200] "GET /sitemap.xml HTTP/2.0" 200 312 "-" "Mozilla/5.0 AppleWebKit/537.36 (KHTML, like Gecko; compatible; ClaudeBot/1.0; +claudebot@anthropic.com)"
54.165.169.15 - - [04/Jun/2026:20:53:03 +0200] "GET /assistenza-rex-electrolux-parma/ HTTP/1.1" 200 11815 "-" "Mozilla/5.0 (Macintosh; Intel Mac OS X 10_10_1) AppleWebKit/600.2.5 (KHTML, like Gecko) Version/8.0.2 Safari/600.2.5 (Lanai)"
65.108.235.243 - - [04/Jun/2026:21:08:10 +0200] "POST /wp-cron.php?doing_wp_cron=1780600090.4823720455169677734375 HTTP/1.1" 200 1 "-" "WordPress/7.0; https://parma.elettroservicegroup.it"
216.73.217.47 - - [04/Jun/2026:21:08:08 +0200] "GET /assistenza-lavatrici/open-dishwasher-with-clean-dishes-at-home-kitchen HTTP/2.0" 301 1 "-" "Mozilla/5.0 AppleWebKit/537.36 (KHTML, like Gecko; compatible; ClaudeBot/1.0; +claudebot@anthropic.com)"
216.73.217.47 - - [04/Jun/2026:21:08:10 +0200] "GET /assistenza-lavatrici/open-dishwasher-with-clean-dishes-at-home-kitchen/ HTTP/2.0" 200 17688 "https://parma.elettroservicegroup.it/assistenza-lavatrici/open-dishwasher-with-clean-dishes-at-home-kitchen" "Mozilla/5.0 AppleWebKit/537.36 (KHTML, like Gecko; compatible; ClaudeBot/1.0; +claudebot@anthropic.com)"
65.108.235.243 - - [04/Jun/2026:21:08:12 +0200] "POST /wp-admin/admin-ajax.php?action=wordfence_testAjax HTTP/1.1" 200 16 "-" "WordPress/7.0; https://parma.elettroservicegroup.it"
65.108.235.243 - - [04/Jun/2026:21:08:14 +0200] "GET /wp-admin/admin-ajax.php?action=wordfence_doScan&isFork=0&scanMode=quick&cronKey=ff66f5e8c542d9fd0527e6b70da2fff0&signature=b4fdb1d6868da822f27b5035dad48b192cb507cdc78a93898209450138688073 HTTP/1.1" 200 1 "-" "WordPress/7.0; https://parma.elettroservicegroup.it"
65.108.235.243 - - [04/Jun/2026:21:09:38 +0200] "POST /wp-cron.php?doing_wp_cron=1780600178.0089399814605712890625 HTTP/1.1" 200 1 "-" "WordPress/7.0; https://parma.elettroservicegroup.it"
216.73.217.47 - - [04/Jun/2026:21:09:36 +0200] "GET /assistenza-bosch-collecchio HTTP/2.0" 301 1 "-" "Mozilla/5.0 AppleWebKit/537.36 (KHTML, like Gecko; compatible; ClaudeBot/1.0; +claudebot@anthropic.com)"
216.73.217.47 - - [04/Jun/2026:21:09:38 +0200] "GET /assistenza-bosch-collecchio/ HTTP/2.0" 200 22600 "https://parma.elettroservicegroup.it/assistenza-bosch-collecchio" "Mozilla/5.0 AppleWebKit/537.36 (KHTML, like Gecko; compatible; ClaudeBot/1.0; +claudebot@anthropic.com)"
65.108.235.243 - - [04/Jun/2026:21:18:22 +0200] "POST /wp-cron.php?doing_wp_cron=1780600702.8779010772705078125000 HTTP/1.1" 200 1 "-" "WordPress/7.0; https://parma.elettroservicegroup.it"
142.250.32.6 - - [04/Jun/2026:21:18:20 +0200] "GET /.well-known/traffic-advice HTTP/1.1" 404 16885 "-" "Chrome Privacy Preserving Prefetch Proxy"
162.120.188.12 - - [04/Jun/2026:21:18:21 +0200] "GET /assistenza-aeg-parma/ HTTP/2.0" 200 23021 "https://www.google.com/" "Mozilla/5.0 (Linux; Android 10; K) AppleWebKit/537.36 (KHTML, like Gecko) Chrome/148.0.0.0 Mobile Safari/537.36"
66.249.89.134 - - [04/Jun/2026:21:18:48 +0200] "GET /assistenza-forni-elettrici/ HTTP/1.1" 200 20727 "-" "Mozilla/5.0 (Linux; Android 6.0.1; Nexus 5X Build/MMB29P) AppleWebKit/537.36 (KHTML, like Gecko) Chrome/148.0.7778.96 Mobile Safari/537.36 (compatible; AdsBot-Google-Mobile; +http://www.google.com/mobile/adsbot.html)"
65.108.235.243 - - [04/Jun/2026:21:32:03 +0200] "POST /wp-cron.php?doing_wp_cron=1780601523.1691420078277587890625 HTTP/1.1" 200 1 "-" "WordPress/7.0; https://parma.elettroservicegroup.it"
162.120.187.9 - - [04/Jun/2026:21:31:52 +0200] "GET /assistenza-aeg-parma/ HTTP/2.0" 200 - "https://www.google.com/" "Mozilla/5.0 (Linux; Android 10; K) AppleWebKit/537.36 (KHTML, like Gecko) Chrome/148.0.0.0 Mobile Safari/537.36"
65.108.235.243 - - [04/Jun/2026:21:32:21 +0200] "POST /wp-cron.php?doing_wp_cron=1780601541.0032389163970947265625 HTTP/1.1" 200 1 "-" "WordPress/7.0; https://parma.elettroservicegroup.it"
162.120.188.143 - - [04/Jun/2026:21:32:20 +0200] "GET /assistenza-aeg-parma/ HTTP/2.0" 200 23021 "https://www.google.com/" "Mozilla/5.0 (Linux; Android 10; K) AppleWebKit/537.36 (KHTML, like Gecko) Chrome/148.0.0.0 Mobile Safari/537.36"
65.108.235.243 - - [04/Jun/2026:21:43:00 +0200] "POST /wp-cron.php?doing_wp_cron=1780602180.3961029052734375000000 HTTP/1.1" 200 1 "-" "WordPress/7.0; https://parma.elettroservicegroup.it"
216.73.217.47 - - [04/Jun/2026:21:42:57 +0200] "GET /robots.txt HTTP/2.0" 200 104 "-" "Mozilla/5.0 AppleWebKit/537.36 (KHTML, like Gecko; compatible; ClaudeBot/1.0; +claudebot@anthropic.com)"
65.108.235.243 - - [04/Jun/2026:21:49:45 +0200] "POST /wp-cron.php?doing_wp_cron=1780602585.8934919834136962890625 HTTP/1.1" 200 1 "-" "WordPress/7.0; https://parma.elettroservicegroup.it"
65.108.235.243 - - [04/Jun/2026:21:49:45 +0200] "POST /wp-cron.php?doing_wp_cron=1780602585.8934919834136962890625 HTTP/1.1" 200 1 "-" "WordPress/7.0; https://parma.elettroservicegroup.it"
69.63.184.13 - - [04/Jun/2026:21:49:44 +0200] "GET /robots.txt HTTP/2.0" 200 - "-" "facebookexternalhit/1.1 (+http://www.facebook.com/externalhit_uatext.php)"
69.63.184.38 - - [04/Jun/2026:21:49:45 +0200] "GET /robots.txt HTTP/2.0" 200 189 "-" "facebookexternalhit/1.1 (+http://www.facebook.com/externalhit_uatext.php)"
65.108.235.243 - - [04/Jun/2026:22:11:25 +0200] "POST /wp-cron.php?doing_wp_cron=1780603885.5257599353790283203125 HTTP/1.1" 200 1 "-" "WordPress/7.0; https://parma.elettroservicegroup.it"
142.129.112.227 - - [04/Jun/2026:22:11:23 +0200] "POST /wp-json/wp/v2/posts HTTP/1.1" 401 121 "-" "Mozilla/5.0 (Windows NT 10.0; Win64; x64) AppleWebKit/537.36 (KHTML, like Gecko) Chrome/124.0 Safari/537.36"
142.129.112.227 - - [04/Jun/2026:22:11:26 +0200] "POST /wp-login.php HTTP/1.1" 200 13254 "-" "Mozilla/5.0 (Windows NT 10.0; Win64; x64) AppleWebKit/537.36 (KHTML, like Gecko) Chrome/124.0 Safari/537.36"
142.129.112.227 - - [04/Jun/2026:22:11:29 +0200] "POST /wp-login.php HTTP/2.0" 200 3416 "-" "Mozilla/5.0 (Macintosh; Intel Mac OS X 10_15_7) AppleWebKit/537.36 (KHTML, like Gecko) Chrome/146.0.0.0 Safari/537.36"
65.108.235.243 - - [04/Jun/2026:22:19:45 +0200] "POST /wp-cron.php?doing_wp_cron=1780604385.9771990776062011718750 HTTP/1.1" 200 1 "-" "WordPress/7.0; https://parma.elettroservicegroup.it"
162.120.188.137 - - [04/Jun/2026:22:19:35 +0200] "GET /assistenza-aeg-parma/ HTTP/2.0" 200 - "https://www.google.com/" "Mozilla/5.0 (Linux; Android 10; K) AppleWebKit/537.36 (KHTML, like Gecko) Chrome/148.0.0.0 Mobile Safari/537.36"
142.250.32.6 - - [04/Jun/2026:22:19:35 +0200] "GET /.well-known/traffic-advice HTTP/1.1" 404 16885 "-" "Chrome Privacy Preserving Prefetch Proxy"
216.73.217.47 - - [04/Jun/2026:22:23:26 +0200] "GET /wp-content/uploads/2021/10/vicenza.jpg HTTP/2.0" 200 153380 "-" "Mozilla/5.0 AppleWebKit/537.36 (KHTML, like Gecko; compatible; ClaudeBot/1.0; +claudebot@anthropic.com)"
66.249.89.135 - - [04/Jun/2026:22:26:51 +0200] "GET /wp-content/uploads/elementor/css/post-14146.css?ver=1780586499 HTTP/1.1" 200 428 "https://parma.elettroservicegroup.it/assistenza-forni-elettrici/" "AdsBot-Google (+http://www.google.com/adsbot.html)"
66.249.89.135 - - [04/Jun/2026:22:26:51 +0200] "GET /wp-content/uploads/elementor/css/post-15288.css?ver=1780600728 HTTP/1.1" 200 1981 "https://parma.elettroservicegroup.it/assistenza-forni-elettrici/" "AdsBot-Google (+http://www.google.com/adsbot.html)"
66.249.89.135 - - [04/Jun/2026:22:26:51 +0200] "GET /wp-content/plugins/elementor/assets/css/widget-image.min.css?ver=4.1.1 HTTP/1.1" 200 96 "https://parma.elettroservicegroup.it/assistenza-forni-elettrici/" "AdsBot-Google (+http://www.google.com/adsbot.html)"
66.249.89.133 - - [04/Jun/2026:22:26:52 +0200] "GET /wp-content/plugins/elementor/assets/lib/animations/styles/bounceIn.min.css?ver=4.1.1 HTTP/1.1" 200 186 "https://parma.elettroservicegroup.it/assistenza-forni-elettrici/" "AdsBot-Google (+http://www.google.com/adsbot.html)"
66.249.89.133 - - [04/Jun/2026:22:26:52 +0200] "GET /wp-content/plugins/elementor/assets/css/widget-heading.min.css?ver=4.1.1 HTTP/1.1" 200 127 "https://parma.elettroservicegroup.it/assistenza-forni-elettrici/" "AdsBot-Google (+http://www.google.com/adsbot.html)"
66.249.89.135 - - [04/Jun/2026:22:26:52 +0200] "GET /wp-content/themes/generatepress/assets/css/main.min.css?ver=3.6.1 HTTP/1.1" 200 4410 "https://parma.elettroservicegroup.it/assistenza-forni-elettrici/" "AdsBot-Google (+http://www.google.com/adsbot.html)"
66.249.89.135 - - [04/Jun/2026:22:26:53 +0200] "GET /wp-content/plugins/elementor/assets/lib/eicons/css/elementor-icons.min.css?ver=5.34.0 HTTP/1.1" 200 4115 "https://parma.elettroservicegroup.it/assistenza-forni-elettrici/" "AdsBot-Google (+http://www.google.com/adsbot.html)"
66.249.89.134 - - [04/Jun/2026:22:26:54 +0200] "GET /wp-content/uploads/elementor/css/post-14366.css?ver=1780586501 HTTP/1.1" 200 302 "https://parma.elettroservicegroup.it/assistenza-forni-elettrici/" "AdsBot-Google (+http://www.google.com/adsbot.html)"
66.249.89.135 - - [04/Jun/2026:22:26:54 +0200] "GET /wp-content/uploads/elementor/google-fonts/css/roboto.css?ver=1742280360 HTTP/1.1" 200 1880 "https://parma.elettroservicegroup.it/assistenza-forni-elettrici/" "AdsBot-Google (+http://www.google.com/adsbot.html)"
66.249.89.135 - - [04/Jun/2026:22:26:55 +0200] "GET /wp-content/plugins/header-footer-elementor/assets/css/header-footer-elementor.css?ver=2.8.8 HTTP/1.1" 200 260 "https://parma.elettroservicegroup.it/assistenza-forni-elettrici/" "AdsBot-Google (+http://www.google.com/adsbot.html)"
66.249.89.133 - - [04/Jun/2026:22:26:55 +0200] "GET /wp-content/plugins/elementor/assets/js/webpack.runtime.min.js?ver=4.1.1 HTTP/1.1" 200 2340 "https://parma.elettroservicegroup.it/assistenza-forni-elettrici/" "AdsBot-Google (+http://www.google.com/adsbot.html)"
66.249.89.134 - - [04/Jun/2026:22:26:56 +0200] "GET /wp-content/plugins/all-in-one-seo-pack/dist/Lite/assets/css/table-of-contents/global.e90f6d47.css?ver=4.9.7.2 HTTP/1.1" 200 420 "https://parma.elettroservicegroup.it/assistenza-forni-elettrici/" "AdsBot-Google (+http://www.google.com/adsbot.html)"
66.249.89.133 - - [04/Jun/2026:22:26:56 +0200] "GET /wp-content/plugins/complianz-gdpr-premium/assets/css/cookieblocker.min.css?ver=1780326315 HTTP/1.1" 200 615 "https://parma.elettroservicegroup.it/assistenza-forni-elettrici/" "AdsBot-Google (+http://www.google.com/adsbot.html)"
66.249.89.133 - - [04/Jun/2026:22:26:57 +0200] "GET /wp-content/plugins/elementor/assets/lib/font-awesome/css/regular.min.css?ver=5.15.3 HTTP/1.1" 200 282 "https://parma.elettroservicegroup.it/assistenza-forni-elettrici/" "AdsBot-Google (+http://www.google.com/adsbot.html)"
66.249.89.133 - - [04/Jun/2026:22:26:57 +0200] "GET /wp-content/plugins/elementor/assets/css/widget-social-icons.min.css?ver=3.24.0 HTTP/1.1" 200 1039 "https://parma.elettroservicegroup.it/assistenza-forni-elettrici/" "AdsBot-Google (+http://www.google.com/adsbot.html)"
66.249.89.134 - - [04/Jun/2026:22:26:58 +0200] "GET /wp-content/plugins/elementor/assets/lib/animations/styles/zoomIn.min.css?ver=4.1.1 HTTP/1.1" 200 87 "https://parma.elettroservicegroup.it/assistenza-forni-elettrici/" "AdsBot-Google (+http://www.google.com/adsbot.html)"
66.249.89.133 - - [04/Jun/2026:22:26:58 +0200] "GET /wp-content/plugins/gp-premium/menu-plus/functions/css/navigation-branding-flex.min.css?ver=2.5.5 HTTP/1.1" 200 542 "https://parma.elettroservicegroup.it/assistenza-forni-elettrici/" "AdsBot-Google (+http://www.google.com/adsbot.html)"
66.249.89.134 - - [04/Jun/2026:22:26:59 +0200] "GET /wp-content/plugins/elementor/assets/css/widget-spacer.min.css?ver=4.1.1 HTTP/1.1" 200 287 "https://parma.elettroservicegroup.it/assistenza-forni-elettrici/" "AdsBot-Google (+http://www.google.com/adsbot.html)"
66.249.89.133 - - [04/Jun/2026:22:26:59 +0200] "GET /wp-content/plugins/elementor/assets/lib/font-awesome/css/all.min.css?ver=4.1.1 HTTP/1.1" 200 12402 "https://parma.elettroservicegroup.it/assistenza-forni-elettrici/" "AdsBot-Google (+http://www.google.com/adsbot.html)"
66.249.89.133 - - [04/Jun/2026:22:27:00 +0200] "GET /wp-content/plugins/elementor/assets/lib/font-awesome/js/v4-shims.min.js?ver=4.1.1 HTTP/1.1" 200 4043 "https://parma.elettroservicegroup.it/assistenza-forni-elettrici/" "AdsBot-Google (+http://www.google.com/adsbot.html)"
66.249.89.133 - - [04/Jun/2026:22:27:00 +0200] "GET /wp-content/plugins/elementor/assets/css/frontend.min.css?ver=4.1.1 HTTP/1.1" 200 6618 "https://parma.elettroservicegroup.it/assistenza-forni-elettrici/" "AdsBot-Google (+http://www.google.com/adsbot.html)"
66.249.89.133 - - [04/Jun/2026:22:27:01 +0200] "GET /wp-content/plugins/gp-premium/menu-plus/functions/js/sticky.min.js?ver=2.5.5 HTTP/1.1" 200 2670 "https://parma.elettroservicegroup.it/assistenza-forni-elettrici/" "AdsBot-Google (+http://www.google.com/adsbot.html)"
66.249.89.133 - - [04/Jun/2026:22:27:01 +0200] "GET /wp-content/plugins/elementor/assets/lib/eicons/css/elementor-icons.min.css?ver=5.49.0 HTTP/1.1" 200 4115 "https://parma.elettroservicegroup.it/assistenza-forni-elettrici/" "AdsBot-Google (+http://www.google.com/adsbot.html)"
66.249.89.133 - - [04/Jun/2026:22:27:02 +0200] "GET /wp-content/plugins/header-footer-elementor/inc/widgets-css/frontend.css?ver=2.8.8 HTTP/1.1" 200 8711 "https://parma.elettroservicegroup.it/assistenza-forni-elettrici/" "AdsBot-Google (+http://www.google.com/adsbot.html)"
66.249.89.133 - - [04/Jun/2026:22:27:02 +0200] "GET /wp-includes/js/jquery/jquery.min.js?ver=3.7.1 HTTP/1.1" 200 29769 "https://parma.elettroservicegroup.it/assistenza-forni-elettrici/" "AdsBot-Google (+http://www.google.com/adsbot.html)"
66.249.89.133 - - [04/Jun/2026:22:27:03 +0200] "GET /wp-includes/js/jquery/jquery-migrate.min.js?ver=3.4.1 HTTP/1.1" 200 4685 "https://parma.elettroservicegroup.it/assistenza-forni-elettrici/" "AdsBot-Google (+http://www.google.com/adsbot.html)"
66.249.89.133 - - [04/Jun/2026:22:27:03 +0200] "GET /wp-content/uploads/elementor/google-fonts/css/robotoslab.css?ver=1742280362 HTTP/1.1" 200 715 "https://parma.elettroservicegroup.it/assistenza-forni-elettrici/" "AdsBot-Google (+http://www.google.com/adsbot.html)"
66.249.89.133 - - [04/Jun/2026:22:27:03 +0200] "GET /wp-content/plugins/elementor/assets/css/widget-icon-list.min.css?ver=3.24.3 HTTP/1.1" 200 928 "https://parma.elettroservicegroup.it/assistenza-forni-elettrici/" "AdsBot-Google (+http://www.google.com/adsbot.html)"
66.249.89.133 - - [04/Jun/2026:22:27:04 +0200] "GET /wp-content/plugins/elementor/assets/lib/font-awesome/css/solid.min.css?ver=5.15.3 HTTP/1.1" 200 286 "https://parma.elettroservicegroup.it/assistenza-forni-elettrici/" "AdsBot-Google (+http://www.google.com/adsbot.html)"
66.249.89.133 - - [04/Jun/2026:22:27:04 +0200] "GET /wp-content/plugins/elementor/assets/lib/font-awesome/css/solid.css?ver=5.15.3 HTTP/1.1" 200 299 "https://parma.elettroservicegroup.it/assistenza-forni-elettrici/" "AdsBot-Google (+http://www.google.com/adsbot.html)"
66.249.89.133 - - [04/Jun/2026:22:27:05 +0200] "GET /wp-content/plugins/elementor/assets/lib/font-awesome/css/fontawesome.css?ver=5.15.3 HTTP/1.1" 200 12535 "https://parma.elettroservicegroup.it/assistenza-forni-elettrici/" "AdsBot-Google (+http://www.google.com/adsbot.html)"
66.249.89.133 - - [04/Jun/2026:22:27:05 +0200] "GET /wp-content/plugins/elementor/assets/lib/font-awesome/css/fontawesome.min.css?ver=5.15.3 HTTP/1.1" 200 12179 "https://parma.elettroservicegroup.it/assistenza-forni-elettrici/" "AdsBot-Google (+http://www.google.com/adsbot.html)"
66.249.89.133 - - [04/Jun/2026:22:27:06 +0200] "GET /wp-content/plugins/elementor/assets/lib/font-awesome/css/v4-shims.min.css?ver=4.1.1 HTTP/1.1" 200 3986 "https://parma.elettroservicegroup.it/assistenza-forni-elettrici/" "AdsBot-Google (+http://www.google.com/adsbot.html)"
66.249.89.133 - - [04/Jun/2026:22:27:06 +0200] "GET /wp-content/plugins/elementor/assets/lib/font-awesome/css/brands.css?ver=5.15.3 HTTP/1.1" 200 298 "https://parma.elettroservicegroup.it/assistenza-forni-elettrici/" "AdsBot-Google (+http://www.google.com/adsbot.html)"
66.249.89.133 - - [04/Jun/2026:22:27:07 +0200] "GET /wp-content/plugins/elementor/assets/js/frontend-modules.min.js?ver=4.1.1 HTTP/1.1" 200 15454 "https://parma.elettroservicegroup.it/assistenza-forni-elettrici/" "AdsBot-Google (+http://www.google.com/adsbot.html)"
66.249.89.133 - - [04/Jun/2026:22:27:07 +0200] "GET /wp-includes/js/jquery/ui/core.min.js?ver=1.13.3 HTTP/1.1" 200 6820 "https://parma.elettroservicegroup.it/assistenza-forni-elettrici/" "AdsBot-Google (+http://www.google.com/adsbot.html)"
66.249.89.133 - - [04/Jun/2026:22:27:07 +0200] "GET /wp-content/uploads/burst/js/burst.min.js?ver=1780567443 HTTP/1.1" 200 3381 "https://parma.elettroservicegroup.it/assistenza-forni-elettrici/" "AdsBot-Google (+http://www.google.com/adsbot.html)"
