95.75.27.255 - - [05/Jun/2026:08:19:01 +0200] "GET /wp-content/uploads/elementor/google-fonts/css/roboto.css?ver=1742280360 HTTP/2.0" 200 1880 "https://parma.elettroservicegroup.it/?gad_source=1&gad_campaignid=23795906066&gclid=CjwKCAjwxITRBhBYEiwA6mZm7cQT0xPfOrTmrf0zd2R8ZLU_IfEDRg9DmctDFXiaWTSA2fTwHT08VxoCg6cQAvD_BwE" "Mozilla/5.0 (Linux; Android 10; K) AppleWebKit/537.36 (KHTML, like Gecko) SamsungBrowser/30.0 Chrome/143.0.0.0 Mobile Safari/537.36"
95.75.27.255 - - [05/Jun/2026:08:19:01 +0200] "GET /wp-content/plugins/elementor/assets/lib/font-awesome/css/fontawesome.min.css?ver=5.15.3 HTTP/2.0" 200 12179 "https://parma.elettroservicegroup.it/?gad_source=1&gad_campaignid=23795906066&gclid=CjwKCAjwxITRBhBYEiwA6mZm7cQT0xPfOrTmrf0zd2R8ZLU_IfEDRg9DmctDFXiaWTSA2fTwHT08VxoCg6cQAvD_BwE" "Mozilla/5.0 (Linux; Android 10; K) AppleWebKit/537.36 (KHTML, like Gecko) SamsungBrowser/30.0 Chrome/143.0.0.0 Mobile Safari/537.36"
95.75.27.255 - - [05/Jun/2026:08:19:01 +0200] "GET /wp-includes/js/jquery/jquery.min.js?ver=3.7.1 HTTP/2.0" 200 29769 "https://parma.elettroservicegroup.it/?gad_source=1&gad_campaignid=23795906066&gclid=CjwKCAjwxITRBhBYEiwA6mZm7cQT0xPfOrTmrf0zd2R8ZLU_IfEDRg9DmctDFXiaWTSA2fTwHT08VxoCg6cQAvD_BwE" "Mozilla/5.0 (Linux; Android 10; K) AppleWebKit/537.36 (KHTML, like Gecko) SamsungBrowser/30.0 Chrome/143.0.0.0 Mobile Safari/537.36"
95.75.27.255 - - [05/Jun/2026:08:19:01 +0200] "GET /wp-content/plugins/elementor/assets/js/webpack.runtime.min.js?ver=4.1.1 HTTP/2.0" 200 2340 "https://parma.elettroservicegroup.it/?gad_source=1&gad_campaignid=23795906066&gclid=CjwKCAjwxITRBhBYEiwA6mZm7cQT0xPfOrTmrf0zd2R8ZLU_IfEDRg9DmctDFXiaWTSA2fTwHT08VxoCg6cQAvD_BwE" "Mozilla/5.0 (Linux; Android 10; K) AppleWebKit/537.36 (KHTML, like Gecko) SamsungBrowser/30.0 Chrome/143.0.0.0 Mobile Safari/537.36"
95.75.27.255 - - [05/Jun/2026:08:19:01 +0200] "GET /wp-content/plugins/elementor/assets/js/frontend-modules.min.js?ver=4.1.1 HTTP/2.0" 200 15454 "https://parma.elettroservicegroup.it/?gad_source=1&gad_campaignid=23795906066&gclid=CjwKCAjwxITRBhBYEiwA6mZm7cQT0xPfOrTmrf0zd2R8ZLU_IfEDRg9DmctDFXiaWTSA2fTwHT08VxoCg6cQAvD_BwE" "Mozilla/5.0 (Linux; Android 10; K) AppleWebKit/537.36 (KHTML, like Gecko) SamsungBrowser/30.0 Chrome/143.0.0.0 Mobile Safari/537.36"
95.75.27.255 - - [05/Jun/2026:08:19:02 +0200] "GET /wp-includes/js/jquery/ui/core.min.js?ver=1.13.3 HTTP/2.0" 200 6820 "https://parma.elettroservicegroup.it/?gad_source=1&gad_campaignid=23795906066&gclid=CjwKCAjwxITRBhBYEiwA6mZm7cQT0xPfOrTmrf0zd2R8ZLU_IfEDRg9DmctDFXiaWTSA2fTwHT08VxoCg6cQAvD_BwE" "Mozilla/5.0 (Linux; Android 10; K) AppleWebKit/537.36 (KHTML, like Gecko) SamsungBrowser/30.0 Chrome/143.0.0.0 Mobile Safari/537.36"
95.75.27.255 - - [05/Jun/2026:08:19:02 +0200] "GET /wp-content/plugins/elementor/assets/js/frontend.min.js?ver=4.1.1 HTTP/2.0" 200 10140 "https://parma.elettroservicegroup.it/?gad_source=1&gad_campaignid=23795906066&gclid=CjwKCAjwxITRBhBYEiwA6mZm7cQT0xPfOrTmrf0zd2R8ZLU_IfEDRg9DmctDFXiaWTSA2fTwHT08VxoCg6cQAvD_BwE" "Mozilla/5.0 (Linux; Android 10; K) AppleWebKit/537.36 (KHTML, like Gecko) SamsungBrowser/30.0 Chrome/143.0.0.0 Mobile Safari/537.36"
95.75.27.255 - - [05/Jun/2026:08:19:02 +0200] "GET /wp-content/themes/generatepress/assets/js/menu.min.js?ver=3.6.1 HTTP/2.0" 200 1688 "https://parma.elettroservicegroup.it/?gad_source=1&gad_campaignid=23795906066&gclid=CjwKCAjwxITRBhBYEiwA6mZm7cQT0xPfOrTmrf0zd2R8ZLU_IfEDRg9DmctDFXiaWTSA2fTwHT08VxoCg6cQAvD_BwE" "Mozilla/5.0 (Linux; Android 10; K) AppleWebKit/537.36 (KHTML, like Gecko) SamsungBrowser/30.0 Chrome/143.0.0.0 Mobile Safari/537.36"
95.75.27.255 - - [05/Jun/2026:08:19:02 +0200] "GET /wp-content/themes/generatepress/assets/js/back-to-top.min.js?ver=3.6.1 HTTP/2.0" 200 336 "https://parma.elettroservicegroup.it/?gad_source=1&gad_campaignid=23795906066&gclid=CjwKCAjwxITRBhBYEiwA6mZm7cQT0xPfOrTmrf0zd2R8ZLU_IfEDRg9DmctDFXiaWTSA2fTwHT08VxoCg6cQAvD_BwE" "Mozilla/5.0 (Linux; Android 10; K) AppleWebKit/537.36 (KHTML, like Gecko) SamsungBrowser/30.0 Chrome/143.0.0.0 Mobile Safari/537.36"
95.75.27.255 - - [05/Jun/2026:08:19:02 +0200] "GET /wp-content/plugins/burst-statistics/assets/js/timeme/timeme.min.js?ver=1780499187 HTTP/2.0" 200 1835 "https://parma.elettroservicegroup.it/?gad_source=1&gad_campaignid=23795906066&gclid=CjwKCAjwxITRBhBYEiwA6mZm7cQT0xPfOrTmrf0zd2R8ZLU_IfEDRg9DmctDFXiaWTSA2fTwHT08VxoCg6cQAvD_BwE" "Mozilla/5.0 (Linux; Android 10; K) AppleWebKit/537.36 (KHTML, like Gecko) SamsungBrowser/30.0 Chrome/143.0.0.0 Mobile Safari/537.36"
95.75.27.255 - - [05/Jun/2026:08:19:02 +0200] "GET /wp-content/uploads/burst/js/burst.min.js?ver=1780567443 HTTP/2.0" 200 3381 "https://parma.elettroservicegroup.it/?gad_source=1&gad_campaignid=23795906066&gclid=CjwKCAjwxITRBhBYEiwA6mZm7cQT0xPfOrTmrf0zd2R8ZLU_IfEDRg9DmctDFXiaWTSA2fTwHT08VxoCg6cQAvD_BwE" "Mozilla/5.0 (Linux; Android 10; K) AppleWebKit/537.36 (KHTML, like Gecko) SamsungBrowser/30.0 Chrome/143.0.0.0 Mobile Safari/537.36"
95.75.27.255 - - [05/Jun/2026:08:19:02 +0200] "GET /wp-content/plugins/elementor/assets/lib/font-awesome/webfonts/fa-regular-400.woff2 HTTP/2.0" 200 13277 "https://parma.elettroservicegroup.it/wp-content/plugins/elementor/assets/lib/font-awesome/css/all.min.css?ver=4.1.1" "Mozilla/5.0 (Linux; Android 10; K) AppleWebKit/537.36 (KHTML, like Gecko) SamsungBrowser/30.0 Chrome/143.0.0.0 Mobile Safari/537.36"
95.75.27.255 - - [05/Jun/2026:08:19:02 +0200] "GET /wp-content/uploads/elementor/google-fonts/fonts/roboto-kfo7cnqeu92fr1me7ksn66agldtyluama3yuba.woff2 HTTP/2.0" 200 40132 "https://parma.elettroservicegroup.it/wp-content/uploads/elementor/google-fonts/css/roboto.css?ver=1742280360" "Mozilla/5.0 (Linux; Android 10; K) AppleWebKit/537.36 (KHTML, like Gecko) SamsungBrowser/30.0 Chrome/143.0.0.0 Mobile Safari/537.36"
95.75.27.255 - - [05/Jun/2026:08:19:02 +0200] "GET /wp-content/plugins/elementor/assets/lib/font-awesome/webfonts/fa-solid-900.woff2 HTTP/2.0" 200 78201 "https://parma.elettroservicegroup.it/wp-content/plugins/elementor/assets/lib/font-awesome/css/all.min.css?ver=4.1.1" "Mozilla/5.0 (Linux; Android 10; K) AppleWebKit/537.36 (KHTML, like Gecko) SamsungBrowser/30.0 Chrome/143.0.0.0 Mobile Safari/537.36"
95.75.27.255 - - [05/Jun/2026:08:19:02 +0200] "GET /wp-content/plugins/complianz-gdpr-premium/cookiebanner/js/complianz.min.js?ver=1780326315 HTTP/2.0" 200 10708 "https://parma.elettroservicegroup.it/?gad_source=1&gad_campaignid=23795906066&gclid=CjwKCAjwxITRBhBYEiwA6mZm7cQT0xPfOrTmrf0zd2R8ZLU_IfEDRg9DmctDFXiaWTSA2fTwHT08VxoCg6cQAvD_BwE" "Mozilla/5.0 (Linux; Android 10; K) AppleWebKit/537.36 (KHTML, like Gecko) SamsungBrowser/30.0 Chrome/143.0.0.0 Mobile Safari/537.36"
95.75.27.255 - - [05/Jun/2026:08:19:02 +0200] "GET /wp-content/uploads/2021/10/TECNICO-ELETTRODOMESTICI.jpg HTTP/2.0" 200 24210 "https://parma.elettroservicegroup.it/?gad_source=1&gad_campaignid=23795906066&gclid=CjwKCAjwxITRBhBYEiwA6mZm7cQT0xPfOrTmrf0zd2R8ZLU_IfEDRg9DmctDFXiaWTSA2fTwHT08VxoCg6cQAvD_BwE" "Mozilla/5.0 (Linux; Android 10; K) AppleWebKit/537.36 (KHTML, like Gecko) SamsungBrowser/30.0 Chrome/143.0.0.0 Mobile Safari/537.36"
95.75.27.255 - - [05/Jun/2026:08:19:02 +0200] "GET /wp-content/uploads/2021/10/copertina-Riparazione_Lavastoviglie-.jpg HTTP/2.0" 200 35425 "https://parma.elettroservicegroup.it/?gad_source=1&gad_campaignid=23795906066&gclid=CjwKCAjwxITRBhBYEiwA6mZm7cQT0xPfOrTmrf0zd2R8ZLU_IfEDRg9DmctDFXiaWTSA2fTwHT08VxoCg6cQAvD_BwE" "Mozilla/5.0 (Linux; Android 10; K) AppleWebKit/537.36 (KHTML, like Gecko) SamsungBrowser/30.0 Chrome/143.0.0.0 Mobile Safari/537.36"
95.75.27.255 - - [05/Jun/2026:08:19:02 +0200] "GET /wp-content/uploads/2021/11/forno-c.jpg HTTP/2.0" 200 109229 "https://parma.elettroservicegroup.it/?gad_source=1&gad_campaignid=23795906066&gclid=CjwKCAjwxITRBhBYEiwA6mZm7cQT0xPfOrTmrf0zd2R8ZLU_IfEDRg9DmctDFXiaWTSA2fTwHT08VxoCg6cQAvD_BwE" "Mozilla/5.0 (Linux; Android 10; K) AppleWebKit/537.36 (KHTML, like Gecko) SamsungBrowser/30.0 Chrome/143.0.0.0 Mobile Safari/537.36"
95.75.27.255 - - [05/Jun/2026:08:19:02 +0200] "GET /wp-content/uploads/2022/01/TECNIC-LAVATRICE-5.jpg HTTP/2.0" 200 66105 "https://parma.elettroservicegroup.it/?gad_source=1&gad_campaignid=23795906066&gclid=CjwKCAjwxITRBhBYEiwA6mZm7cQT0xPfOrTmrf0zd2R8ZLU_IfEDRg9DmctDFXiaWTSA2fTwHT08VxoCg6cQAvD_BwE" "Mozilla/5.0 (Linux; Android 10; K) AppleWebKit/537.36 (KHTML, like Gecko) SamsungBrowser/30.0 Chrome/143.0.0.0 Mobile Safari/537.36"
95.75.27.255 - - [05/Jun/2026:08:19:02 +0200] "GET /wp-content/uploads/2021/11/Frigorifero-combinato-e1634459015932.jpg HTTP/2.0" 200 84397 "https://parma.elettroservicegroup.it/?gad_source=1&gad_campaignid=23795906066&gclid=CjwKCAjwxITRBhBYEiwA6mZm7cQT0xPfOrTmrf0zd2R8ZLU_IfEDRg9DmctDFXiaWTSA2fTwHT08VxoCg6cQAvD_BwE" "Mozilla/5.0 (Linux; Android 10; K) AppleWebKit/537.36 (KHTML, like Gecko) SamsungBrowser/30.0 Chrome/143.0.0.0 Mobile Safari/537.36"
95.75.27.255 - - [05/Jun/2026:08:19:02 +0200] "GET /wp-content/uploads/2021/11/asko-e1634463631713.jpg HTTP/2.0" 200 110182 "https://parma.elettroservicegroup.it/?gad_source=1&gad_campaignid=23795906066&gclid=CjwKCAjwxITRBhBYEiwA6mZm7cQT0xPfOrTmrf0zd2R8ZLU_IfEDRg9DmctDFXiaWTSA2fTwHT08VxoCg6cQAvD_BwE" "Mozilla/5.0 (Linux; Android 10; K) AppleWebKit/537.36 (KHTML, like Gecko) SamsungBrowser/30.0 Chrome/143.0.0.0 Mobile Safari/537.36"
95.75.27.255 - - [05/Jun/2026:08:19:02 +0200] "GET /wp-content/uploads/2021/11/copertina-washing-machine-2668472_1920-1536x1024.jpg HTTP/2.0" 200 204103 "https://parma.elettroservicegroup.it/?gad_source=1&gad_campaignid=23795906066&gclid=CjwKCAjwxITRBhBYEiwA6mZm7cQT0xPfOrTmrf0zd2R8ZLU_IfEDRg9DmctDFXiaWTSA2fTwHT08VxoCg6cQAvD_BwE" "Mozilla/5.0 (Linux; Android 10; K) AppleWebKit/537.36 (KHTML, like Gecko) SamsungBrowser/30.0 Chrome/143.0.0.0 Mobile Safari/537.36"
95.75.27.255 - - [05/Jun/2026:08:19:02 +0200] "GET /wp-content/uploads/2021/11/condizionatore-bonus.jpg HTTP/2.0" 200 438763 "https://parma.elettroservicegroup.it/?gad_source=1&gad_campaignid=23795906066&gclid=CjwKCAjwxITRBhBYEiwA6mZm7cQT0xPfOrTmrf0zd2R8ZLU_IfEDRg9DmctDFXiaWTSA2fTwHT08VxoCg6cQAvD_BwE" "Mozilla/5.0 (Linux; Android 10; K) AppleWebKit/537.36 (KHTML, like Gecko) SamsungBrowser/30.0 Chrome/143.0.0.0 Mobile Safari/537.36"
95.75.27.255 - - [05/Jun/2026:08:19:02 +0200] "GET /wp-content/plugins/elementor/assets/js/section-frontend-handlers.d85ab872da118940910d.bundle.min.js HTTP/2.0" 200 230 "https://parma.elettroservicegroup.it/?gad_source=1&gad_campaignid=23795906066&gclid=CjwKCAjwxITRBhBYEiwA6mZm7cQT0xPfOrTmrf0zd2R8ZLU_IfEDRg9DmctDFXiaWTSA2fTwHT08VxoCg6cQAvD_BwE" "Mozilla/5.0 (Linux; Android 10; K) AppleWebKit/537.36 (KHTML, like Gecko) SamsungBrowser/30.0 Chrome/143.0.0.0 Mobile Safari/537.36"
95.75.27.255 - - [05/Jun/2026:08:19:02 +0200] "GET /wp-content/plugins/elementor/assets/js/shared-frontend-handlers.03caa53373b56d3bab67.bundle.min.js HTTP/2.0" 200 2515 "https://parma.elettroservicegroup.it/?gad_source=1&gad_campaignid=23795906066&gclid=CjwKCAjwxITRBhBYEiwA6mZm7cQT0xPfOrTmrf0zd2R8ZLU_IfEDRg9DmctDFXiaWTSA2fTwHT08VxoCg6cQAvD_BwE" "Mozilla/5.0 (Linux; Android 10; K) AppleWebKit/537.36 (KHTML, like Gecko) SamsungBrowser/30.0 Chrome/143.0.0.0 Mobile Safari/537.36"
95.75.27.255 - - [05/Jun/2026:08:19:02 +0200] "GET /wp-content/plugins/elementor/assets/js/text-editor.45609661e409413f1cef.bundle.min.js HTTP/2.0" 200 592 "https://parma.elettroservicegroup.it/?gad_source=1&gad_campaignid=23795906066&gclid=CjwKCAjwxITRBhBYEiwA6mZm7cQT0xPfOrTmrf0zd2R8ZLU_IfEDRg9DmctDFXiaWTSA2fTwHT08VxoCg6cQAvD_BwE" "Mozilla/5.0 (Linux; Android 10; K) AppleWebKit/537.36 (KHTML, like Gecko) SamsungBrowser/30.0 Chrome/143.0.0.0 Mobile Safari/537.36"
95.75.27.255 - - [05/Jun/2026:08:19:02 +0200] "GET /wp-content/uploads/2021/10/cropped-cropped-cropped-cropped-logo_white_background-192x192.png HTTP/2.0" 200 19089 "https://parma.elettroservicegroup.it/?gad_source=1&gad_campaignid=23795906066&gclid=CjwKCAjwxITRBhBYEiwA6mZm7cQT0xPfOrTmrf0zd2R8ZLU_IfEDRg9DmctDFXiaWTSA2fTwHT08VxoCg6cQAvD_BwE" "Mozilla/5.0 (Linux; Android 10; K) AppleWebKit/537.36 (KHTML, like Gecko) SamsungBrowser/30.0 Chrome/143.0.0.0 Mobile Safari/537.36"
95.75.27.255 - - [05/Jun/2026:08:19:02 +0200] "GET /wp-content/uploads/2021/10/cropped-cropped-cropped-cropped-logo_white_background-180x180.png HTTP/2.0" 200 21353 "https://parma.elettroservicegroup.it/?gad_source=1&gad_campaignid=23795906066&gclid=CjwKCAjwxITRBhBYEiwA6mZm7cQT0xPfOrTmrf0zd2R8ZLU_IfEDRg9DmctDFXiaWTSA2fTwHT08VxoCg6cQAvD_BwE" "Mozilla/5.0 (Linux; Android 10; K) AppleWebKit/537.36 (KHTML, like Gecko) SamsungBrowser/30.0 Chrome/143.0.0.0 Mobile Safari/537.36"
95.75.27.255 - - [05/Jun/2026:08:19:02 +0200] "POST /wp-content/plugins/burst-statistics/endpoint.php HTTP/2.0" 200 1 "https://parma.elettroservicegroup.it/?gad_source=1&gad_campaignid=23795906066&gclid=CjwKCAjwxITRBhBYEiwA6mZm7cQT0xPfOrTmrf0zd2R8ZLU_IfEDRg9DmctDFXiaWTSA2fTwHT08VxoCg6cQAvD_BwE" "Mozilla/5.0 (Linux; Android 10; K) AppleWebKit/537.36 (KHTML, like Gecko) SamsungBrowser/30.0 Chrome/143.0.0.0 Mobile Safari/537.36"
95.75.27.255 - - [05/Jun/2026:08:19:02 +0200] "GET /wp-json/complianz/v1/banner?lang=it&locale=it_IT&token=ktwfz HTTP/2.0" 200 84 "https://parma.elettroservicegroup.it/?gad_source=1&gad_campaignid=23795906066&gclid=CjwKCAjwxITRBhBYEiwA6mZm7cQT0xPfOrTmrf0zd2R8ZLU_IfEDRg9DmctDFXiaWTSA2fTwHT08VxoCg6cQAvD_BwE" "Mozilla/5.0 (Linux; Android 10; K) AppleWebKit/537.36 (KHTML, like Gecko) SamsungBrowser/30.0 Chrome/143.0.0.0 Mobile Safari/537.36"
95.75.27.255 - - [05/Jun/2026:08:19:04 +0200] "POST /wp-content/plugins/burst-statistics/endpoint.php HTTP/2.0" 200 1 "https://parma.elettroservicegroup.it/?gad_source=1&gad_campaignid=23795906066&gclid=CjwKCAjwxITRBhBYEiwA6mZm7cQT0xPfOrTmrf0zd2R8ZLU_IfEDRg9DmctDFXiaWTSA2fTwHT08VxoCg6cQAvD_BwE" "Mozilla/5.0 (Linux; Android 10; K) AppleWebKit/537.36 (KHTML, like Gecko) SamsungBrowser/30.0 Chrome/143.0.0.0 Mobile Safari/537.36"
95.75.27.255 - - [05/Jun/2026:08:19:04 +0200] "POST /wp-json/complianz/v1/track HTTP/2.0" 200 20 "https://parma.elettroservicegroup.it/?gad_source=1&gad_campaignid=23795906066&gclid=CjwKCAjwxITRBhBYEiwA6mZm7cQT0xPfOrTmrf0zd2R8ZLU_IfEDRg9DmctDFXiaWTSA2fTwHT08VxoCg6cQAvD_BwE" "Mozilla/5.0 (Linux; Android 10; K) AppleWebKit/537.36 (KHTML, like Gecko) SamsungBrowser/30.0 Chrome/143.0.0.0 Mobile Safari/537.36"
176.65.139.237 - - [05/Jun/2026:08:23:59 +0200] "GET / HTTP/1.1" 415 161083 "-" "Mozilla/5.0 (Windows NT 10.0; Win64; x64) AppleWebKit/537.36 (KHTML, like Gecko) Chrome/147.0.0.0 Safari/537.36"
65.108.235.243 - - [05/Jun/2026:08:31:03 +0200] "POST /wp-cron.php?doing_wp_cron=1780641063.6365249156951904296875 HTTP/1.1" 200 1 "-" "WordPress/7.0; https://parma.elettroservicegroup.it"
37.161.190.62 - - [05/Jun/2026:08:30:54 +0200] "GET /assistenza-bosch-parma/ HTTP/2.0" 200 - "https://www.google.com/" "Mozilla/5.0 (iPhone; CPU iPhone OS 18_7 like Mac OS X) AppleWebKit/605.1.15 (KHTML, like Gecko) Version/26.5 Mobile/15E148 Safari/604.1"
65.108.235.243 - - [05/Jun/2026:08:36:04 +0200] "POST /wp-cron.php?doing_wp_cron=1780641364.5843949317932128906250 HTTP/1.1" 200 1 "-" "WordPress/7.0; https://parma.elettroservicegroup.it"
197.237.176.239 - - [05/Jun/2026:08:36:02 +0200] "GET /wp-content/uploads/2022/08/Assistenza-e-Riparazioni-miele-Bologna-e1660926197796.png HTTP/1.1" 404 16913 "https://google.com, https://parma.elettroservicegroup.it/assistenza-miele-parma/" "Mozilla/5.0 (Windows NT 6.3; rv:52.8.1) Gecko/20100101 Firefox/52.8.1"
113.181.191.49 - - [05/Jun/2026:08:36:40 +0200] "GET /wp-content/uploads/2021/11/TECNIC-LAVATRICE.jpg HTTP/1.1" 200 66105 "https://google.com, https://parma.elettroservicegroup.it/assistenza-asciugatrici/" "Mozilla/5.0 (X11; Linux i686 on x86_64; rv:67.0.2) Gecko/20100101 Firefox/67.0.2"
123.16.45.64 - - [05/Jun/2026:08:36:41 +0200] "GET /wp-content/uploads/2022/01/logo-rex-electrolux-150x150-1.jpg HTTP/1.1" 404 16896 "https://parma.elettroservicegroup.it/assistenza-rex-electrolux-parma/" "Mozilla/5.0 (Macintosh; Intel Mac OS X 10_11_5) AppleWebKit/537.36 (KHTML, like Gecko) Chrome/67.0.3396.99 Safari/537.36 OPR/54.0.2952.64"
65.108.235.243 - - [05/Jun/2026:08:37:11 +0200] "POST /wp-cron.php?doing_wp_cron=1780641431.3636269569396972656250 HTTP/1.1" 200 1 "-" "WordPress/7.0; https://parma.elettroservicegroup.it"
103.122.249.194 - - [05/Jun/2026:08:37:10 +0200] "GET /wp-content/uploads/2022/01/Ariston_logo-1024x251.jpg HTTP/1.1" 404 16893 "https://google.com, https://parma.elettroservicegroup.it/assistenza-ariston-parma/" "Mozilla/5.0 (X11; Linux x86_64) AppleWebKit/537.36 (KHTML, like Gecko) Chrome/71.0.3578.98 Safari/537.36"
65.108.235.243 - - [05/Jun/2026:09:03:35 +0200] "POST /wp-admin/admin-ajax.php?action=wordfence_testAjax HTTP/1.1" 200 16 "-" "WordPress/7.0; https://parma.elettroservicegroup.it"
65.108.235.243 - - [05/Jun/2026:09:03:36 +0200] "GET /wp-admin/admin-ajax.php?action=wordfence_doScan&isFork=0&scanMode=standard&cronKey=d43501a5972699e3b3a64e276d7153ec&signature=b8f4d6417f8cbe4a1a90cf68c42d145a6467887901cd0c04dbad3b10e200f8a3 HTTP/1.1" 200 1 "-" "WordPress/7.0; https://parma.elettroservicegroup.it"
65.108.235.243 - - [05/Jun/2026:09:04:10 +0200] "POST /wp-cron.php?doing_wp_cron=1780643050.2311921119689941406250 HTTP/1.1" 200 1 "-" "WordPress/7.0; https://parma.elettroservicegroup.it"
65.108.235.243 - - [05/Jun/2026:09:03:53 +0200] "GET /wp-admin/admin-ajax.php?action=wordfence_doScan&isFork=1&scanMode=standard&cronKey=93c642dbc593f788e770cd43049d5183&signature=39107438c1e7dcf99b8627750bb7959dd786ef3d781bf82abdca99e3b23b8cb3 HTTP/1.1" 200 1 "-" "WordPress/7.0; https://parma.elettroservicegroup.it"
65.108.235.243 - - [05/Jun/2026:09:04:10 +0200] "GET /.user.ini HTTP/1.1" 404 16881 "-" "WordPress/7.0; https://parma.elettroservicegroup.it"
65.108.235.243 - - [05/Jun/2026:09:04:26 +0200] "POST /wp-cron.php?doing_wp_cron=1780643066.7453799247741699218750 HTTP/1.1" 200 1 "-" "WordPress/7.0; https://parma.elettroservicegroup.it"
65.108.235.243 - - [05/Jun/2026:09:04:09 +0200] "GET /wp-admin/admin-ajax.php?action=wordfence_doScan&isFork=1&scanMode=standard&cronKey=71f0f7b252078fba4c8f7e71ff055d2e&signature=9919a51f2ec1435338d7851d1f1351c8fe1682e43854bca0d20f6b27f02ca960 HTTP/1.1" 200 1 "-" "WordPress/7.0; https://parma.elettroservicegroup.it"
65.108.235.243 - - [05/Jun/2026:09:04:25 +0200] "GET /wp-admin/admin-ajax.php?action=wordfence_doScan&isFork=1&scanMode=standard&cronKey=d5daab048c5c81feee096c8da32d5ac8&signature=4b99040eeec7e86b26375d2121231751b9cd6d684a10688d6eba445d8d4c4251 HTTP/1.1" 200 1 "-" "WordPress/7.0; https://parma.elettroservicegroup.it"
65.108.235.243 - - [05/Jun/2026:09:04:43 +0200] "GET /wp-admin/admin-ajax.php?action=wordfence_doScan&isFork=1&scanMode=standard&cronKey=5416a19bf58dde20201557a48a05652d&signature=75f43e61128615355297c5c03403af4c4e8974b5321dfb8d7bb3c9857ed556ae HTTP/1.1" 200 1 "-" "WordPress/7.0; https://parma.elettroservicegroup.it"
65.108.235.243 - - [05/Jun/2026:09:05:00 +0200] "GET /wp-admin/admin-ajax.php?action=wordfence_doScan&isFork=1&scanMode=standard&cronKey=c5605f597d4dfebb5eaae3b7626f89d9&signature=7f039c3df703ba5d3078178c03d20d97dc666848726e259a494f7c04fa5c9e52 HTTP/1.1" 200 1 "-" "WordPress/7.0; https://parma.elettroservicegroup.it"
65.108.235.243 - - [05/Jun/2026:09:05:37 +0200] "POST /wp-cron.php?doing_wp_cron=1780643137.2451109886169433593750 HTTP/1.1" 200 1 "-" "WordPress/7.0; https://parma.elettroservicegroup.it"
65.108.235.243 - - [05/Jun/2026:09:05:18 +0200] "GET /wp-admin/admin-ajax.php?action=wordfence_doScan&isFork=1&scanMode=standard&cronKey=b4e17731295a11aa49c6c9c095ccf452&signature=468d337e7552bad8b8b1383bfba095a048a86b6dcb5fa2c414c8f02409e4d51a HTTP/1.1" 200 1 "-" "WordPress/7.0; https://parma.elettroservicegroup.it"
65.108.235.243 - - [05/Jun/2026:09:05:53 +0200] "POST /wp-cron.php?doing_wp_cron=1780643153.1869220733642578125000 HTTP/1.1" 200 1 "-" "WordPress/7.0; https://parma.elettroservicegroup.it"
65.108.235.243 - - [05/Jun/2026:09:05:36 +0200] "GET /wp-admin/admin-ajax.php?action=wordfence_doScan&isFork=1&scanMode=standard&cronKey=78fc0bc71553821cb614583ef76907fe&signature=e050379e0f74138ee2337c74880dda1d1443cb2b54475d356779d3639fe26f96 HTTP/1.1" 200 1 "-" "WordPress/7.0; https://parma.elettroservicegroup.it"
65.108.235.243 - - [05/Jun/2026:09:06:09 +0200] "POST /wp-cron.php?doing_wp_cron=1780643169.1592218875885009765625 HTTP/1.1" 200 1 "-" "WordPress/7.0; https://parma.elettroservicegroup.it"
65.108.235.243 - - [05/Jun/2026:09:05:52 +0200] "GET /wp-admin/admin-ajax.php?action=wordfence_doScan&isFork=1&scanMode=standard&cronKey=b5b32d72258b8f3a7d78c85da91c1862&signature=ab343278d3aa0c49b9b2539df1960276adecd2091a82426af8af83472c5dc0ca HTTP/1.1" 200 1 "-" "WordPress/7.0; https://parma.elettroservicegroup.it"
65.108.235.243 - - [05/Jun/2026:09:06:25 +0200] "POST /wp-cron.php?doing_wp_cron=1780643185.5474319458007812500000 HTTP/1.1" 200 1 "-" "WordPress/7.0; https://parma.elettroservicegroup.it"
65.108.235.243 - - [05/Jun/2026:09:06:08 +0200] "GET /wp-admin/admin-ajax.php?action=wordfence_doScan&isFork=1&scanMode=standard&cronKey=cfb485cecbb251578208d919e3b7d94e&signature=a809f93867d2e3bfdcb4965d542a2677ed0d0aeabbd353324796a7cfcec51faa HTTP/1.1" 200 1 "-" "WordPress/7.0; https://parma.elettroservicegroup.it"
65.108.235.243 - - [05/Jun/2026:09:06:24 +0200] "GET /wp-admin/admin-ajax.php?action=wordfence_doScan&isFork=1&scanMode=standard&cronKey=8b39cfb3078bacfe54a298b31f44740d&signature=7dafee9ee9b0bc9ec127e9e6745840e9fa6f6ddc22be4d4ad66deac6c856f2cf HTTP/1.1" 200 1 "-" "WordPress/7.0; https://parma.elettroservicegroup.it"
65.108.235.243 - - [05/Jun/2026:09:06:42 +0200] "GET /wp-admin/admin-ajax.php?action=wordfence_doScan&isFork=1&scanMode=standard&cronKey=27d7f22ea5585644f84e29a0b2464612&signature=bc6096e1d7d70f17395051cdfc58de5a1f4bc734add9bdb976c55c2907f9f986 HTTP/1.1" 200 1 "-" "WordPress/7.0; https://parma.elettroservicegroup.it"
65.108.235.243 - - [05/Jun/2026:09:07:00 +0200] "GET /wp-admin/admin-ajax.php?action=wordfence_doScan&isFork=1&scanMode=standard&cronKey=ae31d692adca6294040fdd4a565c6259&signature=9850b1cfa4b255c9f4b52ba47f71c281be826dc2c6034ac15242a222e31e3d74 HTTP/1.1" 200 1 "-" "WordPress/7.0; https://parma.elettroservicegroup.it"
65.108.235.243 - - [05/Jun/2026:09:07:34 +0200] "POST /wp-cron.php?doing_wp_cron=1780643254.2364559173583984375000 HTTP/1.1" 200 1 "-" "WordPress/7.0; https://parma.elettroservicegroup.it"
65.108.235.243 - - [05/Jun/2026:09:07:16 +0200] "GET /wp-admin/admin-ajax.php?action=wordfence_doScan&isFork=1&scanMode=standard&cronKey=ada784484baf83612839b0f2c003c65a&signature=291c4a40d538a5c93355cdf45da1fc80ff20f75dc6ce271d3873a6d4aaa52b5a HTTP/1.1" 200 1 "-" "WordPress/7.0; https://parma.elettroservicegroup.it"
65.108.235.243 - - [05/Jun/2026:09:07:50 +0200] "POST /wp-cron.php?doing_wp_cron=1780643270.2302789688110351562500 HTTP/1.1" 200 1 "-" "WordPress/7.0; https://parma.elettroservicegroup.it"
65.108.235.243 - - [05/Jun/2026:09:07:33 +0200] "GET /wp-admin/admin-ajax.php?action=wordfence_doScan&isFork=1&scanMode=standard&cronKey=6d6444afa88530550b2a0dff3057d14f&signature=9a755369cee9615485d0685a5966f2bf06a52338f5ca2795d4ecc39641678265 HTTP/1.1" 200 1 "-" "WordPress/7.0; https://parma.elettroservicegroup.it"
65.108.235.243 - - [05/Jun/2026:09:08:06 +0200] "POST /wp-cron.php?doing_wp_cron=1780643286.2314300537109375000000 HTTP/1.1" 200 1 "-" "WordPress/7.0; https://parma.elettroservicegroup.it"
65.108.235.243 - - [05/Jun/2026:09:07:49 +0200] "GET /wp-admin/admin-ajax.php?action=wordfence_doScan&isFork=1&scanMode=standard&cronKey=1ddaabd4630c863ba85582cdefcbe4da&signature=236e732f89db4f71b5fd64219652a017d2c7474ec42927df56774dbb9b920080 HTTP/1.1" 200 1 "-" "WordPress/7.0; https://parma.elettroservicegroup.it"
65.108.235.243 - - [05/Jun/2026:09:08:22 +0200] "POST /wp-cron.php?doing_wp_cron=1780643302.1901800632476806640625 HTTP/1.1" 200 1 "-" "WordPress/7.0; https://parma.elettroservicegroup.it"
65.108.235.243 - - [05/Jun/2026:09:08:05 +0200] "GET /wp-admin/admin-ajax.php?action=wordfence_doScan&isFork=1&scanMode=standard&cronKey=ce566423a57ffec971351dea1c39ef99&signature=b37dce4628b3c1c49a71ccb366188db8881884c113e875504938488da252efc9 HTTP/1.1" 200 1 "-" "WordPress/7.0; https://parma.elettroservicegroup.it"
65.108.235.243 - - [05/Jun/2026:09:08:21 +0200] "GET /wp-admin/admin-ajax.php?action=wordfence_doScan&isFork=1&scanMode=standard&cronKey=79879bdac050f0e96407d4860eaf059c&signature=d3dd3b2d5fd284ea00112ce2d6ee4a1a8d8769c19abac2559ddf9a421a1b22a4 HTTP/1.1" 200 1 "-" "WordPress/7.0; https://parma.elettroservicegroup.it"
65.108.235.243 - - [05/Jun/2026:09:08:37 +0200] "GET /wp-admin/admin-ajax.php?action=wordfence_doScan&isFork=1&scanMode=standard&cronKey=1d4755bd53e1c4e5425407d3b5b76645&signature=0482814d59d395ae238b1419c9791c88e9b8e13488ee303c33a33f28347b3e89 HTTP/1.1" 200 1 "-" "WordPress/7.0; https://parma.elettroservicegroup.it"
65.108.235.243 - - [05/Jun/2026:09:08:55 +0200] "GET /wp-admin/admin-ajax.php?action=wordfence_doScan&isFork=1&scanMode=standard&cronKey=ed25980f6cc25f53b3a94bd269d0c3e7&signature=9bc5248bd9b197815eb5105a36fb13195dfa7066efb835a0ac2c621206dbeed0 HTTP/1.1" 200 1 "-" "WordPress/7.0; https://parma.elettroservicegroup.it"
65.108.235.243 - - [05/Jun/2026:09:09:28 +0200] "POST /wp-cron.php?doing_wp_cron=1780643368.1882290840148925781250 HTTP/1.1" 200 1 "-" "WordPress/7.0; https://parma.elettroservicegroup.it"
65.108.235.243 - - [05/Jun/2026:09:09:11 +0200] "GET /wp-admin/admin-ajax.php?action=wordfence_doScan&isFork=1&scanMode=standard&cronKey=84c4c04bafb4344ebf6e0a30ea7ce726&signature=e782f6bd17be7875efa5f23a8562422648fd479d6b75bb9e409c6c7d99a42690 HTTP/1.1" 200 1 "-" "WordPress/7.0; https://parma.elettroservicegroup.it"
65.108.235.243 - - [05/Jun/2026:09:09:44 +0200] "POST /wp-cron.php?doing_wp_cron=1780643384.5416369438171386718750 HTTP/1.1" 200 1 "-" "WordPress/7.0; https://parma.elettroservicegroup.it"
65.108.235.243 - - [05/Jun/2026:09:09:27 +0200] "GET /wp-admin/admin-ajax.php?action=wordfence_doScan&isFork=1&scanMode=standard&cronKey=d1ac4b318f028068f3b5b869c4eed397&signature=1ca5a6727c26d0bb8b2629df98b30f685f2d4a0cc2cff1af18b3c84dafa8b096 HTTP/1.1" 200 1 "-" "WordPress/7.0; https://parma.elettroservicegroup.it"
65.108.235.243 - - [05/Jun/2026:09:10:01 +0200] "POST /wp-cron.php?doing_wp_cron=1780643401.1739420890808105468750 HTTP/1.1" 200 1 "-" "WordPress/7.0; https://parma.elettroservicegroup.it"
65.108.235.243 - - [05/Jun/2026:09:09:43 +0200] "GET /wp-admin/admin-ajax.php?action=wordfence_doScan&isFork=1&scanMode=standard&cronKey=76e78db3537b8d21767bf90402127bcb&signature=4538543385dee0f0b9709d25cf654f54ad3729a75728e910b80f810d1198ea7c HTTP/1.1" 200 1 "-" "WordPress/7.0; https://parma.elettroservicegroup.it"
65.108.235.243 - - [05/Jun/2026:09:10:17 +0200] "POST /wp-cron.php?doing_wp_cron=1780643417.2592968940734863281250 HTTP/1.1" 200 1 "-" "WordPress/7.0; https://parma.elettroservicegroup.it"
65.108.235.243 - - [05/Jun/2026:09:10:00 +0200] "GET /wp-admin/admin-ajax.php?action=wordfence_doScan&isFork=1&scanMode=standard&cronKey=0a6cba628bce0eead9299326da699efd&signature=7b0c62c8fc767fa490934d14e81a6e4ccd37d38bf52e8b696f8989a04dd8bf88 HTTP/1.1" 200 1 "-" "WordPress/7.0; https://parma.elettroservicegroup.it"
65.108.235.243 - - [05/Jun/2026:09:10:16 +0200] "GET /wp-admin/admin-ajax.php?action=wordfence_doScan&isFork=1&scanMode=standard&cronKey=5d5b4a300bc5a65ffcfb31c946fa4d67&signature=54c5d716be8ead60c657f301771ade511f283d6759010d3eca21e8dbecea9320 HTTP/1.1" 200 1 "-" "WordPress/7.0; https://parma.elettroservicegroup.it"
65.108.235.243 - - [05/Jun/2026:09:10:32 +0200] "GET /wp-admin/admin-ajax.php?action=wordfence_doScan&isFork=1&scanMode=standard&cronKey=c7cf6f68d7f96ea1d69b4a6703a9cb71&signature=5b6a64d1d343bea63c05c7c8414aa8e05ede5a41530df9a5bdbcd314604a9813 HTTP/1.1" 200 1 "-" "WordPress/7.0; https://parma.elettroservicegroup.it"
65.108.235.243 - - [05/Jun/2026:09:10:49 +0200] "GET /wp-admin/admin-ajax.php?action=wordfence_doScan&isFork=1&scanMode=standard&cronKey=ebdac90b4800fce9040ffeae3be2bc72&signature=a17d8c1a927cf8ebebe38dbf1d16451d2a8a797386ecdc1cbe05199450bc5aa5 HTTP/1.1" 200 1 "-" "WordPress/7.0; https://parma.elettroservicegroup.it"
65.108.235.243 - - [05/Jun/2026:09:11:24 +0200] "POST /wp-cron.php?doing_wp_cron=1780643484.6358850002288818359375 HTTP/1.1" 200 1 "-" "WordPress/7.0; https://parma.elettroservicegroup.it"
65.108.235.243 - - [05/Jun/2026:09:11:07 +0200] "GET /wp-admin/admin-ajax.php?action=wordfence_doScan&isFork=1&scanMode=standard&cronKey=639fa306f7b0e6445f7b3e2c9df35f51&signature=7e92283e6d6bb7420314a5666609f690f79855707a0c6adcdf038a445593231c HTTP/1.1" 200 1 "-" "WordPress/7.0; https://parma.elettroservicegroup.it"
65.108.235.243 - - [05/Jun/2026:09:11:28 +0200] "POST /wp-cron.php?doing_wp_cron=1780643488.2386960983276367187500 HTTP/1.1" 200 1 "-" "WordPress/7.0; https://parma.elettroservicegroup.it"
65.108.235.243 - - [05/Jun/2026:09:11:23 +0200] "GET /wp-admin/admin-ajax.php?action=wordfence_doScan&isFork=1&scanMode=standard&cronKey=d1661c2bb76a8e25a3b4aa9b7eccd7c1&signature=4eb70db1dec12e492b2702e026f09abce05fe8abb9d467e0b5ffcb970c68b98f HTTP/1.1" 200 1 "-" "WordPress/7.0; https://parma.elettroservicegroup.it"
65.108.235.243 - - [05/Jun/2026:09:13:29 +0200] "POST /wp-cron.php?doing_wp_cron=1780643609.8021960258483886718750 HTTP/1.1" 200 1 "-" "WordPress/7.0; https://parma.elettroservicegroup.it"
216.73.216.176 - - [05/Jun/2026:09:13:28 +0200] "GET /robots.txt HTTP/2.0" 200 104 "-" "Mozilla/5.0 AppleWebKit/537.36 (KHTML, like Gecko; compatible; ClaudeBot/1.0; +claudebot@anthropic.com)"
65.108.235.243 - - [05/Jun/2026:09:24:54 +0200] "POST /wp-cron.php?doing_wp_cron=1780644294.6351499557495117187500 HTTP/1.1" 200 1 "-" "WordPress/7.0; https://parma.elettroservicegroup.it"
52.167.144.161 - - [05/Jun/2026:09:24:52 +0200] "GET /sitemap.xml.gz HTTP/2.0" 200 312 "-" "Mozilla/5.0 AppleWebKit/537.36 (KHTML, like Gecko; compatible; bingbot/2.0; +http://www.bing.com/bingbot.htm) Chrome/116.0.1938.76 Safari/537.36"
65.108.235.243 - - [05/Jun/2026:09:31:58 +0200] "POST /wp-cron.php?doing_wp_cron=1780644718.9342060089111328125000 HTTP/1.1" 200 1 "-" "WordPress/7.0; https://parma.elettroservicegroup.it"
40.77.167.154 - - [05/Jun/2026:09:31:48 +0200] "GET /les-particularites-des-jeux-avec-croupier-en-direct-sur-betzino-casino/ HTTP/2.0" 404 16933 "-" "Mozilla/5.0 AppleWebKit/537.36 (KHTML, like Gecko; compatible; bingbot/2.0; +http://www.bing.com/bingbot.htm) Chrome/116.0.1938.76 Safari/537.36"
65.108.235.243 - - [05/Jun/2026:09:48:19 +0200] "POST /wp-cron.php?doing_wp_cron=1780645699.8605630397796630859375 HTTP/1.1" 200 1 "-" "WordPress/7.0; https://parma.elettroservicegroup.it"
66.249.89.135 - - [05/Jun/2026:09:48:14 +0200] "GET /assistenza-whirlpool-parma/ HTTP/1.1" 200 22787 "-" "Mozilla/5.0 (Linux; Android 6.0.1; Nexus 5X Build/MMB29P) AppleWebKit/537.36 (KHTML, like Gecko) Chrome/148.0.7778.96 Mobile Safari/537.36 (compatible; AdsBot-Google-Mobile; +http://www.google.com/mobile/adsbot.html)"
66.249.89.133 - - [05/Jun/2026:09:51:35 +0200] "GET /wp-content/uploads/elementor/css/post-17366.css?ver=1780645699 HTTP/1.1" 200 2160 "https://parma.elettroservicegroup.it/assistenza-whirlpool-parma/" "AdsBot-Google (+http://www.google.com/adsbot.html)"
66.249.89.133 - - [05/Jun/2026:09:51:35 +0200] "GET /wp-content/uploads/elementor/css/post-14366.css?ver=1780586501 HTTP/1.1" 200 302 "https://parma.elettroservicegroup.it/assistenza-whirlpool-parma/" "AdsBot-Google (+http://www.google.com/adsbot.html)"
66.249.89.134 - - [05/Jun/2026:09:51:35 +0200] "GET /wp-content/uploads/elementor/css/post-14146.css?ver=1780586499 HTTP/1.1" 200 428 "https://parma.elettroservicegroup.it/assistenza-whirlpool-parma/" "AdsBot-Google (+http://www.google.com/adsbot.html)"
65.108.235.243 - - [05/Jun/2026:09:51:41 +0200] "POST /wp-cron.php?doing_wp_cron=1780645901.1351320743560791015625 HTTP/1.1" 200 1 "-" "WordPress/7.0; https://parma.elettroservicegroup.it"
66.249.89.134 - - [05/Jun/2026:09:51:36 +0200] "GET /wp-json/complianz/v1/banner?lang=it&locale=it_IT&token=zhsqh HTTP/1.1" 200 84 "https://parma.elettroservicegroup.it/assistenza-whirlpool-parma/" "AdsBot-Google (+http://www.google.com/adsbot.html)"
65.108.235.243 - - [05/Jun/2026:09:54:48 +0200] "POST /wp-cron.php?doing_wp_cron=1780646088.6428010463714599609375 HTTP/1.1" 200 1 "-" "WordPress/7.0; https://parma.elettroservicegroup.it"
45.3.34.40 - - [05/Jun/2026:09:54:43 +0200] "GET /wp-login.php HTTP/1.1" 200 12847 "https://parma.elettroservicegroup.it/wp-login.php" "Opera/9.80 (Windows NT 5.1; MRA 8.2 (build 6901)) Presto/2.12.388 Version/12.16"
45.3.34.40 - - [05/Jun/2026:09:54:51 +0200] "POST /wp-login.php HTTP/1.1" 200 13272 "https://parma.elettroservicegroup.it/wp-login.php" "Opera/9.80 (Windows NT 5.1; MRA 8.2 (build 6901)) Presto/2.12.388 Version/12.16"
162.120.188.11 - - [05/Jun/2026:09:56:13 +0200] "GET /assistenza-aeg-parma/ HTTP/2.0" 200 22923 "https://www.google.com/" "Mozilla/5.0 (Windows NT 10.0; Win64; x64) AppleWebKit/537.36 (KHTML, like Gecko) Chrome/148.0.0.0 Safari/537.36"
65.108.235.243 - - [05/Jun/2026:09:56:19 +0200] "POST /wp-cron.php?doing_wp_cron=1780646179.6381371021270751953125 HTTP/1.1" 200 1 "-" "WordPress/7.0; https://parma.elettroservicegroup.it"
142.250.32.6 - - [05/Jun/2026:09:56:13 +0200] "GET /.well-known/traffic-advice HTTP/1.1" 404 16883 "-" "Chrome Privacy Preserving Prefetch Proxy"
65.108.235.243 - - [05/Jun/2026:10:01:08 +0200] "POST /wp-cron.php?doing_wp_cron=1780646468.1838688850402832031250 HTTP/1.1" 200 1 "-" "WordPress/7.0; https://parma.elettroservicegroup.it"
216.73.216.176 - - [05/Jun/2026:10:01:05 +0200] "GET /feed/?attachment_id=14199 HTTP/2.0" 200 388 "-" "Mozilla/5.0 AppleWebKit/537.36 (KHTML, like Gecko; compatible; ClaudeBot/1.0; +claudebot@anthropic.com)"
72.14.201.17 - - [05/Jun/2026:10:12:25 +0200] "GET /assistenza-smeg-parma/ HTTP/2.0" 200 22668 "https://www.google.com/" "Mozilla/5.0 (Windows NT 10.0; Win64; x64) AppleWebKit/537.36 (KHTML, like Gecko) Chrome/148.0.0.0 Safari/537.36"
65.108.235.243 - - [05/Jun/2026:10:23:39 +0200] "POST /wp-cron.php?doing_wp_cron=1780647819.7511970996856689453125 HTTP/1.1" 200 1 "-" "WordPress/7.0; https://parma.elettroservicegroup.it"
216.73.216.176 - - [05/Jun/2026:10:23:31 +0200] "GET /robots.txt HTTP/2.0" 200 104 "-" "Mozilla/5.0 AppleWebKit/537.36 (KHTML, like Gecko; compatible; ClaudeBot/1.0; +claudebot@anthropic.com)"
66.249.64.70 - - [05/Jun/2026:10:30:33 +0200] "GET /wp-content/uploads/2022/01/copertina-Riparazione_Lavastoviglie-1-2-300x200.jpg HTTP/1.1" 200 13797 "-" "Googlebot-Image/1.0"
66.249.89.135 - - [05/Jun/2026:10:48:01 +0200] "GET /wp-content/uploads/elementor/google-fonts/fonts/robotoslab-bngmuxzytxpivibgjjsb6ufn5qu.woff2 HTTP/1.1" 200 34328 "https://parma.elettroservicegroup.it/wp-content/uploads/elementor/google-fonts/css/robotoslab.css?ver=1742280362" "AdsBot-Google (+http://www.google.com/adsbot.html)"