104.28.60.73 - - [04/Jun/2026:18:05:44 +0200] "GET /wp-content/plugins/header-footer-elementor/inc/widgets-css/frontend.css?ver=2.8.7 HTTP/2.0" 200 8711 "https://parma.elettroservicegroup.it/assistenza-smeg-parma/?gad_source=1&gad_campaignid=23795906066&gbraid=0AAAABDgs-LR2TAmuHwpt6fTYUf6ERDary&gclid=EAIaIQobChMIyvf_nLTWlAMVIqaDBx3pRB0IEAAYASAAEgIYZvD_BwE" "Mozilla/5.0 (iPhone; CPU iPhone OS 18_3_2 like Mac OS X) AppleWebKit/605.1.15 (KHTML, like Gecko) Version/18.3.1 Mobile/15E148 Safari/604.1"
104.28.60.73 - - [04/Jun/2026:18:05:44 +0200] "GET /wp-content/themes/generatepress/assets/js/back-to-top.min.js?ver=3.6.1 HTTP/2.0" 304 - "https://parma.elettroservicegroup.it/assistenza-smeg-parma/?gad_source=1&gad_campaignid=23795906066&gbraid=0AAAABDgs-LR2TAmuHwpt6fTYUf6ERDary&gclid=EAIaIQobChMIyvf_nLTWlAMVIqaDBx3pRB0IEAAYASAAEgIYZvD_BwE" "Mozilla/5.0 (iPhone; CPU iPhone OS 18_3_2 like Mac OS X) AppleWebKit/605.1.15 (KHTML, like Gecko) Version/18.3.1 Mobile/15E148 Safari/604.1"
104.28.60.73 - - [04/Jun/2026:18:05:44 +0200] "GET /wp-content/plugins/elementor/assets/js/text-editor.45609661e409413f1cef.bundle.min.js HTTP/2.0" 200 592 "https://parma.elettroservicegroup.it/assistenza-smeg-parma/?gad_source=1&gad_campaignid=23795906066&gbraid=0AAAABDgs-LR2TAmuHwpt6fTYUf6ERDary&gclid=EAIaIQobChMIyvf_nLTWlAMVIqaDBx3pRB0IEAAYASAAEgIYZvD_BwE" "Mozilla/5.0 (iPhone; CPU iPhone OS 18_3_2 like Mac OS X) AppleWebKit/605.1.15 (KHTML, like Gecko) Version/18.3.1 Mobile/15E148 Safari/604.1"
104.28.60.73 - - [04/Jun/2026:18:05:44 +0200] "GET /wp-content/plugins/elementor/assets/lib/font-awesome/css/fontawesome.css?ver=5.15.3 HTTP/2.0" 200 12535 "https://parma.elettroservicegroup.it/assistenza-smeg-parma/?gad_source=1&gad_campaignid=23795906066&gbraid=0AAAABDgs-LR2TAmuHwpt6fTYUf6ERDary&gclid=EAIaIQobChMIyvf_nLTWlAMVIqaDBx3pRB0IEAAYASAAEgIYZvD_BwE" "Mozilla/5.0 (iPhone; CPU iPhone OS 18_3_2 like Mac OS X) AppleWebKit/605.1.15 (KHTML, like Gecko) Version/18.3.1 Mobile/15E148 Safari/604.1"
104.28.60.73 - - [04/Jun/2026:18:05:44 +0200] "GET /wp-content/plugins/elementor/assets/lib/font-awesome/css/fontawesome.min.css?ver=5.15.3 HTTP/2.0" 200 12179 "https://parma.elettroservicegroup.it/assistenza-smeg-parma/?gad_source=1&gad_campaignid=23795906066&gbraid=0AAAABDgs-LR2TAmuHwpt6fTYUf6ERDary&gclid=EAIaIQobChMIyvf_nLTWlAMVIqaDBx3pRB0IEAAYASAAEgIYZvD_BwE" "Mozilla/5.0 (iPhone; CPU iPhone OS 18_3_2 like Mac OS X) AppleWebKit/605.1.15 (KHTML, like Gecko) Version/18.3.1 Mobile/15E148 Safari/604.1"
104.28.60.73 - - [04/Jun/2026:18:05:44 +0200] "GET /wp-content/plugins/elementor/assets/lib/font-awesome/webfonts/fa-regular-400.woff2 HTTP/2.0" 200 13277 "https://parma.elettroservicegroup.it/assistenza-smeg-parma/?gad_source=1&gad_campaignid=23795906066&gbraid=0AAAABDgs-LR2TAmuHwpt6fTYUf6ERDary&gclid=EAIaIQobChMIyvf_nLTWlAMVIqaDBx3pRB0IEAAYASAAEgIYZvD_BwE" "Mozilla/5.0 (iPhone; CPU iPhone OS 18_3_2 like Mac OS X) AppleWebKit/605.1.15 (KHTML, like Gecko) Version/18.3.1 Mobile/15E148 Safari/604.1"
104.28.60.73 - - [04/Jun/2026:18:05:44 +0200] "GET /wp-content/uploads/complianz/css/banner-1-optin.css?v=46 HTTP/2.0" 200 2617 "https://parma.elettroservicegroup.it/assistenza-smeg-parma/?gad_source=1&gad_campaignid=23795906066&gbraid=0AAAABDgs-LR2TAmuHwpt6fTYUf6ERDary&gclid=EAIaIQobChMIyvf_nLTWlAMVIqaDBx3pRB0IEAAYASAAEgIYZvD_BwE" "Mozilla/5.0 (iPhone; CPU iPhone OS 18_3_2 like Mac OS X) AppleWebKit/605.1.15 (KHTML, like Gecko) Version/18.3.1 Mobile/15E148 Safari/604.1"
104.28.60.73 - - [04/Jun/2026:18:05:44 +0200] "GET /wp-content/plugins/elementor/assets/lib/font-awesome/webfonts/fa-solid-900.woff2 HTTP/2.0" 200 78201 "https://parma.elettroservicegroup.it/assistenza-smeg-parma/?gad_source=1&gad_campaignid=23795906066&gbraid=0AAAABDgs-LR2TAmuHwpt6fTYUf6ERDary&gclid=EAIaIQobChMIyvf_nLTWlAMVIqaDBx3pRB0IEAAYASAAEgIYZvD_BwE" "Mozilla/5.0 (iPhone; CPU iPhone OS 18_3_2 like Mac OS X) AppleWebKit/605.1.15 (KHTML, like Gecko) Version/18.3.1 Mobile/15E148 Safari/604.1"
104.28.60.73 - - [04/Jun/2026:18:05:44 +0200] "GET /wp-content/plugins/elementor/assets/js/frontend-modules.min.js?ver=4.0.9 HTTP/2.0" 200 15454 "https://parma.elettroservicegroup.it/assistenza-smeg-parma/?gad_source=1&gad_campaignid=23795906066&gbraid=0AAAABDgs-LR2TAmuHwpt6fTYUf6ERDary&gclid=EAIaIQobChMIyvf_nLTWlAMVIqaDBx3pRB0IEAAYASAAEgIYZvD_BwE" "Mozilla/5.0 (iPhone; CPU iPhone OS 18_3_2 like Mac OS X) AppleWebKit/605.1.15 (KHTML, like Gecko) Version/18.3.1 Mobile/15E148 Safari/604.1"
104.28.60.73 - - [04/Jun/2026:18:05:44 +0200] "GET /wp-content/plugins/elementor/assets/js/frontend.min.js?ver=4.0.9 HTTP/2.0" 200 10140 "https://parma.elettroservicegroup.it/assistenza-smeg-parma/?gad_source=1&gad_campaignid=23795906066&gbraid=0AAAABDgs-LR2TAmuHwpt6fTYUf6ERDary&gclid=EAIaIQobChMIyvf_nLTWlAMVIqaDBx3pRB0IEAAYASAAEgIYZvD_BwE" "Mozilla/5.0 (iPhone; CPU iPhone OS 18_3_2 like Mac OS X) AppleWebKit/605.1.15 (KHTML, like Gecko) Version/18.3.1 Mobile/15E148 Safari/604.1"
104.28.60.73 - - [04/Jun/2026:18:05:44 +0200] "GET /wp-content/plugins/complianz-gdpr-premium/cookiebanner/js/complianz.min.js?ver=1775574923 HTTP/2.0" 200 10708 "https://parma.elettroservicegroup.it/assistenza-smeg-parma/?gad_source=1&gad_campaignid=23795906066&gbraid=0AAAABDgs-LR2TAmuHwpt6fTYUf6ERDary&gclid=EAIaIQobChMIyvf_nLTWlAMVIqaDBx3pRB0IEAAYASAAEgIYZvD_BwE" "Mozilla/5.0 (iPhone; CPU iPhone OS 18_3_2 like Mac OS X) AppleWebKit/605.1.15 (KHTML, like Gecko) Version/18.3.1 Mobile/15E148 Safari/604.1"
104.28.60.73 - - [04/Jun/2026:18:05:44 +0200] "GET /wp-content/plugins/elementor/assets/js/shared-frontend-handlers.03caa53373b56d3bab67.bundle.min.js HTTP/2.0" 200 2515 "https://parma.elettroservicegroup.it/assistenza-smeg-parma/?gad_source=1&gad_campaignid=23795906066&gbraid=0AAAABDgs-LR2TAmuHwpt6fTYUf6ERDary&gclid=EAIaIQobChMIyvf_nLTWlAMVIqaDBx3pRB0IEAAYASAAEgIYZvD_BwE" "Mozilla/5.0 (iPhone; CPU iPhone OS 18_3_2 like Mac OS X) AppleWebKit/605.1.15 (KHTML, like Gecko) Version/18.3.1 Mobile/15E148 Safari/604.1"
104.28.60.73 - - [04/Jun/2026:18:05:44 +0200] "GET /wp-content/plugins/burst-statistics/assets/js/timeme/timeme.min.js?ver=1779289301 HTTP/2.0" 200 1835 "https://parma.elettroservicegroup.it/assistenza-smeg-parma/?gad_source=1&gad_campaignid=23795906066&gbraid=0AAAABDgs-LR2TAmuHwpt6fTYUf6ERDary&gclid=EAIaIQobChMIyvf_nLTWlAMVIqaDBx3pRB0IEAAYASAAEgIYZvD_BwE" "Mozilla/5.0 (iPhone; CPU iPhone OS 18_3_2 like Mac OS X) AppleWebKit/605.1.15 (KHTML, like Gecko) Version/18.3.1 Mobile/15E148 Safari/604.1"
104.28.60.73 - - [04/Jun/2026:18:05:45 +0200] "GET /wp-content/plugins/header-footer-elementor/inc/widgets-css/frontend.css?ver=2.8.8 HTTP/2.0" 200 8711 "https://parma.elettroservicegroup.it/assistenza-smeg-parma/?gad_source=1&gad_campaignid=23795906066&gbraid=0AAAABDgs-LR2TAmuHwpt6fTYUf6ERDary&gclid=EAIaIQobChMIyvf_nLTWlAMVIqaDBx3pRB0IEAAYASAAEgIYZvD_BwE" "Mozilla/5.0 (iPhone; CPU iPhone OS 18_3_2 like Mac OS X) AppleWebKit/605.1.15 (KHTML, like Gecko) Version/18.3.1 Mobile/15E148 Safari/604.1"
104.28.60.73 - - [04/Jun/2026:18:05:45 +0200] "GET /wp-content/plugins/complianz-gdpr-premium/assets/css/cookieblocker.min.css?ver=1780326315 HTTP/2.0" 200 615 "https://parma.elettroservicegroup.it/assistenza-smeg-parma/?gad_source=1&gad_campaignid=23795906066&gbraid=0AAAABDgs-LR2TAmuHwpt6fTYUf6ERDary&gclid=EAIaIQobChMIyvf_nLTWlAMVIqaDBx3pRB0IEAAYASAAEgIYZvD_BwE" "Mozilla/5.0 (iPhone; CPU iPhone OS 18_3_2 like Mac OS X) AppleWebKit/605.1.15 (KHTML, like Gecko) Version/18.3.1 Mobile/15E148 Safari/604.1"
104.28.60.73 - - [04/Jun/2026:18:05:45 +0200] "GET /wp-content/plugins/all-in-one-seo-pack/dist/Lite/assets/css/table-of-contents/global.e90f6d47.css?ver=4.9.7.2 HTTP/2.0" 200 420 "https://parma.elettroservicegroup.it/assistenza-smeg-parma/?gad_source=1&gad_campaignid=23795906066&gbraid=0AAAABDgs-LR2TAmuHwpt6fTYUf6ERDary&gclid=EAIaIQobChMIyvf_nLTWlAMVIqaDBx3pRB0IEAAYASAAEgIYZvD_BwE" "Mozilla/5.0 (iPhone; CPU iPhone OS 18_3_2 like Mac OS X) AppleWebKit/605.1.15 (KHTML, like Gecko) Version/18.3.1 Mobile/15E148 Safari/604.1"
104.28.60.73 - - [04/Jun/2026:18:05:45 +0200] "GET /wp-content/plugins/elementor/assets/lib/eicons/css/elementor-icons.min.css?ver=5.49.0 HTTP/2.0" 200 4115 "https://parma.elettroservicegroup.it/assistenza-smeg-parma/?gad_source=1&gad_campaignid=23795906066&gbraid=0AAAABDgs-LR2TAmuHwpt6fTYUf6ERDary&gclid=EAIaIQobChMIyvf_nLTWlAMVIqaDBx3pRB0IEAAYASAAEgIYZvD_BwE" "Mozilla/5.0 (iPhone; CPU iPhone OS 18_3_2 like Mac OS X) AppleWebKit/605.1.15 (KHTML, like Gecko) Version/18.3.1 Mobile/15E148 Safari/604.1"
104.28.60.73 - - [04/Jun/2026:18:05:45 +0200] "GET /wp-content/plugins/header-footer-elementor/assets/css/header-footer-elementor.css?ver=2.8.8 HTTP/2.0" 200 260 "https://parma.elettroservicegroup.it/assistenza-smeg-parma/?gad_source=1&gad_campaignid=23795906066&gbraid=0AAAABDgs-LR2TAmuHwpt6fTYUf6ERDary&gclid=EAIaIQobChMIyvf_nLTWlAMVIqaDBx3pRB0IEAAYASAAEgIYZvD_BwE" "Mozilla/5.0 (iPhone; CPU iPhone OS 18_3_2 like Mac OS X) AppleWebKit/605.1.15 (KHTML, like Gecko) Version/18.3.1 Mobile/15E148 Safari/604.1"
104.28.60.73 - - [04/Jun/2026:18:05:45 +0200] "GET /wp-content/plugins/elementor/assets/css/frontend.min.css?ver=4.1.1 HTTP/2.0" 200 6618 "https://parma.elettroservicegroup.it/assistenza-smeg-parma/?gad_source=1&gad_campaignid=23795906066&gbraid=0AAAABDgs-LR2TAmuHwpt6fTYUf6ERDary&gclid=EAIaIQobChMIyvf_nLTWlAMVIqaDBx3pRB0IEAAYASAAEgIYZvD_BwE" "Mozilla/5.0 (iPhone; CPU iPhone OS 18_3_2 like Mac OS X) AppleWebKit/605.1.15 (KHTML, like Gecko) Version/18.3.1 Mobile/15E148 Safari/604.1"
104.28.60.73 - - [04/Jun/2026:18:05:45 +0200] "GET /wp-content/uploads/elementor/css/post-14146.css?ver=1780586499 HTTP/2.0" 200 428 "https://parma.elettroservicegroup.it/assistenza-smeg-parma/?gad_source=1&gad_campaignid=23795906066&gbraid=0AAAABDgs-LR2TAmuHwpt6fTYUf6ERDary&gclid=EAIaIQobChMIyvf_nLTWlAMVIqaDBx3pRB0IEAAYASAAEgIYZvD_BwE" "Mozilla/5.0 (iPhone; CPU iPhone OS 18_3_2 like Mac OS X) AppleWebKit/605.1.15 (KHTML, like Gecko) Version/18.3.1 Mobile/15E148 Safari/604.1"
104.28.60.73 - - [04/Jun/2026:18:05:45 +0200] "GET /wp-content/plugins/elementor/assets/lib/font-awesome/css/all.min.css?ver=4.1.1 HTTP/2.0" 200 12402 "https://parma.elettroservicegroup.it/assistenza-smeg-parma/?gad_source=1&gad_campaignid=23795906066&gbraid=0AAAABDgs-LR2TAmuHwpt6fTYUf6ERDary&gclid=EAIaIQobChMIyvf_nLTWlAMVIqaDBx3pRB0IEAAYASAAEgIYZvD_BwE" "Mozilla/5.0 (iPhone; CPU iPhone OS 18_3_2 like Mac OS X) AppleWebKit/605.1.15 (KHTML, like Gecko) Version/18.3.1 Mobile/15E148 Safari/604.1"
104.28.60.73 - - [04/Jun/2026:18:05:45 +0200] "GET /wp-content/plugins/elementor/assets/lib/font-awesome/css/v4-shims.min.css?ver=4.1.1 HTTP/2.0" 200 3986 "https://parma.elettroservicegroup.it/assistenza-smeg-parma/?gad_source=1&gad_campaignid=23795906066&gbraid=0AAAABDgs-LR2TAmuHwpt6fTYUf6ERDary&gclid=EAIaIQobChMIyvf_nLTWlAMVIqaDBx3pRB0IEAAYASAAEgIYZvD_BwE" "Mozilla/5.0 (iPhone; CPU iPhone OS 18_3_2 like Mac OS X) AppleWebKit/605.1.15 (KHTML, like Gecko) Version/18.3.1 Mobile/15E148 Safari/604.1"
104.28.60.73 - - [04/Jun/2026:18:05:45 +0200] "GET /wp-content/plugins/elementor/assets/css/widget-spacer.min.css?ver=4.1.1 HTTP/2.0" 200 287 "https://parma.elettroservicegroup.it/assistenza-smeg-parma/?gad_source=1&gad_campaignid=23795906066&gbraid=0AAAABDgs-LR2TAmuHwpt6fTYUf6ERDary&gclid=EAIaIQobChMIyvf_nLTWlAMVIqaDBx3pRB0IEAAYASAAEgIYZvD_BwE" "Mozilla/5.0 (iPhone; CPU iPhone OS 18_3_2 like Mac OS X) AppleWebKit/605.1.15 (KHTML, like Gecko) Version/18.3.1 Mobile/15E148 Safari/604.1"
104.28.60.73 - - [04/Jun/2026:18:05:45 +0200] "GET /wp-content/plugins/elementor/assets/css/widget-heading.min.css?ver=4.1.1 HTTP/2.0" 200 127 "https://parma.elettroservicegroup.it/assistenza-smeg-parma/?gad_source=1&gad_campaignid=23795906066&gbraid=0AAAABDgs-LR2TAmuHwpt6fTYUf6ERDary&gclid=EAIaIQobChMIyvf_nLTWlAMVIqaDBx3pRB0IEAAYASAAEgIYZvD_BwE" "Mozilla/5.0 (iPhone; CPU iPhone OS 18_3_2 like Mac OS X) AppleWebKit/605.1.15 (KHTML, like Gecko) Version/18.3.1 Mobile/15E148 Safari/604.1"
104.28.60.73 - - [04/Jun/2026:18:05:45 +0200] "GET /wp-content/plugins/elementor/assets/lib/animations/styles/bounceIn.min.css?ver=4.1.1 HTTP/2.0" 200 186 "https://parma.elettroservicegroup.it/assistenza-smeg-parma/?gad_source=1&gad_campaignid=23795906066&gbraid=0AAAABDgs-LR2TAmuHwpt6fTYUf6ERDary&gclid=EAIaIQobChMIyvf_nLTWlAMVIqaDBx3pRB0IEAAYASAAEgIYZvD_BwE" "Mozilla/5.0 (iPhone; CPU iPhone OS 18_3_2 like Mac OS X) AppleWebKit/605.1.15 (KHTML, like Gecko) Version/18.3.1 Mobile/15E148 Safari/604.1"
104.28.60.73 - - [04/Jun/2026:18:05:45 +0200] "GET /wp-content/plugins/elementor/assets/css/widget-image.min.css?ver=4.1.1 HTTP/2.0" 200 96 "https://parma.elettroservicegroup.it/assistenza-smeg-parma/?gad_source=1&gad_campaignid=23795906066&gbraid=0AAAABDgs-LR2TAmuHwpt6fTYUf6ERDary&gclid=EAIaIQobChMIyvf_nLTWlAMVIqaDBx3pRB0IEAAYASAAEgIYZvD_BwE" "Mozilla/5.0 (iPhone; CPU iPhone OS 18_3_2 like Mac OS X) AppleWebKit/605.1.15 (KHTML, like Gecko) Version/18.3.1 Mobile/15E148 Safari/604.1"
104.28.60.73 - - [04/Jun/2026:18:05:45 +0200] "GET /wp-content/plugins/elementor/assets/lib/animations/styles/zoomIn.min.css?ver=4.1.1 HTTP/2.0" 200 87 "https://parma.elettroservicegroup.it/assistenza-smeg-parma/?gad_source=1&gad_campaignid=23795906066&gbraid=0AAAABDgs-LR2TAmuHwpt6fTYUf6ERDary&gclid=EAIaIQobChMIyvf_nLTWlAMVIqaDBx3pRB0IEAAYASAAEgIYZvD_BwE" "Mozilla/5.0 (iPhone; CPU iPhone OS 18_3_2 like Mac OS X) AppleWebKit/605.1.15 (KHTML, like Gecko) Version/18.3.1 Mobile/15E148 Safari/604.1"
104.28.60.73 - - [04/Jun/2026:18:05:45 +0200] "GET /wp-content/plugins/elementor/assets/css/widget-social-icons.min.css?ver=3.24.0 HTTP/2.0" 200 1039 "https://parma.elettroservicegroup.it/assistenza-smeg-parma/?gad_source=1&gad_campaignid=23795906066&gbraid=0AAAABDgs-LR2TAmuHwpt6fTYUf6ERDary&gclid=EAIaIQobChMIyvf_nLTWlAMVIqaDBx3pRB0IEAAYASAAEgIYZvD_BwE" "Mozilla/5.0 (iPhone; CPU iPhone OS 18_3_2 like Mac OS X) AppleWebKit/605.1.15 (KHTML, like Gecko) Version/18.3.1 Mobile/15E148 Safari/604.1"
104.28.60.73 - - [04/Jun/2026:18:05:45 +0200] "GET /wp-content/uploads/elementor/css/post-14366.css?ver=1780586501 HTTP/2.0" 200 302 "https://parma.elettroservicegroup.it/assistenza-smeg-parma/?gad_source=1&gad_campaignid=23795906066&gbraid=0AAAABDgs-LR2TAmuHwpt6fTYUf6ERDary&gclid=EAIaIQobChMIyvf_nLTWlAMVIqaDBx3pRB0IEAAYASAAEgIYZvD_BwE" "Mozilla/5.0 (iPhone; CPU iPhone OS 18_3_2 like Mac OS X) AppleWebKit/605.1.15 (KHTML, like Gecko) Version/18.3.1 Mobile/15E148 Safari/604.1"
104.28.60.73 - - [04/Jun/2026:18:05:45 +0200] "GET /wp-content/uploads/elementor/css/post-17361.css?ver=1780589144 HTTP/2.0" 200 2168 "https://parma.elettroservicegroup.it/assistenza-smeg-parma/?gad_source=1&gad_campaignid=23795906066&gbraid=0AAAABDgs-LR2TAmuHwpt6fTYUf6ERDary&gclid=EAIaIQobChMIyvf_nLTWlAMVIqaDBx3pRB0IEAAYASAAEgIYZvD_BwE" "Mozilla/5.0 (iPhone; CPU iPhone OS 18_3_2 like Mac OS X) AppleWebKit/605.1.15 (KHTML, like Gecko) Version/18.3.1 Mobile/15E148 Safari/604.1"
104.28.60.73 - - [04/Jun/2026:18:05:45 +0200] "GET /wp-content/plugins/elementor/assets/js/webpack.runtime.min.js?ver=4.1.1 HTTP/2.0" 200 2340 "https://parma.elettroservicegroup.it/assistenza-smeg-parma/?gad_source=1&gad_campaignid=23795906066&gbraid=0AAAABDgs-LR2TAmuHwpt6fTYUf6ERDary&gclid=EAIaIQobChMIyvf_nLTWlAMVIqaDBx3pRB0IEAAYASAAEgIYZvD_BwE" "Mozilla/5.0 (iPhone; CPU iPhone OS 18_3_2 like Mac OS X) AppleWebKit/605.1.15 (KHTML, like Gecko) Version/18.3.1 Mobile/15E148 Safari/604.1"
104.28.60.73 - - [04/Jun/2026:18:05:45 +0200] "GET /wp-content/themes/generatepress/assets/js/menu.min.js?ver=3.6.1 HTTP/2.0" 200 1688 "https://parma.elettroservicegroup.it/assistenza-smeg-parma/?gad_source=1&gad_campaignid=23795906066&gbraid=0AAAABDgs-LR2TAmuHwpt6fTYUf6ERDary&gclid=EAIaIQobChMIyvf_nLTWlAMVIqaDBx3pRB0IEAAYASAAEgIYZvD_BwE" "Mozilla/5.0 (iPhone; CPU iPhone OS 18_3_2 like Mac OS X) AppleWebKit/605.1.15 (KHTML, like Gecko) Version/18.3.1 Mobile/15E148 Safari/604.1"
104.28.60.73 - - [04/Jun/2026:18:05:45 +0200] "GET /wp-content/plugins/burst-statistics/assets/js/timeme/timeme.min.js?ver=1780499187 HTTP/2.0" 200 1835 "https://parma.elettroservicegroup.it/assistenza-smeg-parma/?gad_source=1&gad_campaignid=23795906066&gbraid=0AAAABDgs-LR2TAmuHwpt6fTYUf6ERDary&gclid=EAIaIQobChMIyvf_nLTWlAMVIqaDBx3pRB0IEAAYASAAEgIYZvD_BwE" "Mozilla/5.0 (iPhone; CPU iPhone OS 18_3_2 like Mac OS X) AppleWebKit/605.1.15 (KHTML, like Gecko) Version/18.3.1 Mobile/15E148 Safari/604.1"
104.28.60.73 - - [04/Jun/2026:18:05:45 +0200] "GET /wp-content/plugins/elementor/assets/lib/font-awesome/js/v4-shims.min.js?ver=4.1.1 HTTP/2.0" 200 4043 "https://parma.elettroservicegroup.it/assistenza-smeg-parma/?gad_source=1&gad_campaignid=23795906066&gbraid=0AAAABDgs-LR2TAmuHwpt6fTYUf6ERDary&gclid=EAIaIQobChMIyvf_nLTWlAMVIqaDBx3pRB0IEAAYASAAEgIYZvD_BwE" "Mozilla/5.0 (iPhone; CPU iPhone OS 18_3_2 like Mac OS X) AppleWebKit/605.1.15 (KHTML, like Gecko) Version/18.3.1 Mobile/15E148 Safari/604.1"
104.28.60.73 - - [04/Jun/2026:18:05:45 +0200] "GET /wp-content/uploads/burst/js/burst.min.js?ver=1780567443 HTTP/2.0" 200 3381 "https://parma.elettroservicegroup.it/assistenza-smeg-parma/?gad_source=1&gad_campaignid=23795906066&gbraid=0AAAABDgs-LR2TAmuHwpt6fTYUf6ERDary&gclid=EAIaIQobChMIyvf_nLTWlAMVIqaDBx3pRB0IEAAYASAAEgIYZvD_BwE" "Mozilla/5.0 (iPhone; CPU iPhone OS 18_3_2 like Mac OS X) AppleWebKit/605.1.15 (KHTML, like Gecko) Version/18.3.1 Mobile/15E148 Safari/604.1"
104.28.60.73 - - [04/Jun/2026:18:05:45 +0200] "GET /wp-content/plugins/complianz-gdpr-premium/cookiebanner/js/complianz.min.js?ver=1780326315 HTTP/2.0" 200 10708 "https://parma.elettroservicegroup.it/assistenza-smeg-parma/?gad_source=1&gad_campaignid=23795906066&gbraid=0AAAABDgs-LR2TAmuHwpt6fTYUf6ERDary&gclid=EAIaIQobChMIyvf_nLTWlAMVIqaDBx3pRB0IEAAYASAAEgIYZvD_BwE" "Mozilla/5.0 (iPhone; CPU iPhone OS 18_3_2 like Mac OS X) AppleWebKit/605.1.15 (KHTML, like Gecko) Version/18.3.1 Mobile/15E148 Safari/604.1"
104.28.60.73 - - [04/Jun/2026:18:05:45 +0200] "GET /wp-content/plugins/elementor/assets/js/frontend.min.js?ver=4.1.1 HTTP/2.0" 200 10140 "https://parma.elettroservicegroup.it/assistenza-smeg-parma/?gad_source=1&gad_campaignid=23795906066&gbraid=0AAAABDgs-LR2TAmuHwpt6fTYUf6ERDary&gclid=EAIaIQobChMIyvf_nLTWlAMVIqaDBx3pRB0IEAAYASAAEgIYZvD_BwE" "Mozilla/5.0 (iPhone; CPU iPhone OS 18_3_2 like Mac OS X) AppleWebKit/605.1.15 (KHTML, like Gecko) Version/18.3.1 Mobile/15E148 Safari/604.1"
104.28.60.73 - - [04/Jun/2026:18:05:45 +0200] "GET /wp-content/plugins/elementor/assets/js/frontend-modules.min.js?ver=4.1.1 HTTP/2.0" 200 15454 "https://parma.elettroservicegroup.it/assistenza-smeg-parma/?gad_source=1&gad_campaignid=23795906066&gbraid=0AAAABDgs-LR2TAmuHwpt6fTYUf6ERDary&gclid=EAIaIQobChMIyvf_nLTWlAMVIqaDBx3pRB0IEAAYASAAEgIYZvD_BwE" "Mozilla/5.0 (iPhone; CPU iPhone OS 18_3_2 like Mac OS X) AppleWebKit/605.1.15 (KHTML, like Gecko) Version/18.3.1 Mobile/15E148 Safari/604.1"
104.28.60.73 - - [04/Jun/2026:18:05:45 +0200] "POST /wp-content/plugins/burst-statistics/endpoint.php HTTP/2.0" 200 1 "https://parma.elettroservicegroup.it/assistenza-smeg-parma/?gad_source=1&gad_campaignid=23795906066&gbraid=0AAAABDgs-LR2TAmuHwpt6fTYUf6ERDary&gclid=EAIaIQobChMIyvf_nLTWlAMVIqaDBx3pRB0IEAAYASAAEgIYZvD_BwE" "Mozilla/5.0 (iPhone; CPU iPhone OS 18_3_2 like Mac OS X) AppleWebKit/605.1.15 (KHTML, like Gecko) Version/18.3.1 Mobile/15E148 Safari/604.1"
65.108.235.243 - - [04/Jun/2026:18:05:53 +0200] "POST /wp-cron.php?doing_wp_cron=1780589153.4913969039916992187500 HTTP/1.1" 200 1 "-" "WordPress/7.0; https://parma.elettroservicegroup.it"
5.44.169.117 - - [04/Jun/2026:18:00:51 +0200] "POST /wp-json/wp/v2/posts HTTP/2.0" 408 6 "-" "Mozilla/5.0 (Macintosh; Intel Mac OS X 10_15_7) AppleWebKit/537.36 (KHTML, like Gecko) Chrome/146.0.0.0 Safari/537.36"
65.108.235.243 - - [04/Jun/2026:18:07:45 +0200] "POST /wp-cron.php?doing_wp_cron=1780589265.1924319267272949218750 HTTP/1.1" 200 1 "-" "WordPress/7.0; https://parma.elettroservicegroup.it"
216.73.217.169 - - [04/Jun/2026:18:07:43 +0200] "GET /robots.txt HTTP/2.0" 200 104 "-" "Mozilla/5.0 AppleWebKit/537.36 (KHTML, like Gecko; compatible; ClaudeBot/1.0; +claudebot@anthropic.com)"
216.73.217.169 - - [04/Jun/2026:18:07:45 +0200] "GET /wp-content/uploads/2021/10/lavatrice.jpg HTTP/2.0" 200 35338 "-" "Mozilla/5.0 AppleWebKit/537.36 (KHTML, like Gecko; compatible; ClaudeBot/1.0; +claudebot@anthropic.com)"
65.108.235.243 - - [04/Jun/2026:18:09:43 +0200] "POST /wp-cron.php?doing_wp_cron=1780589383.4853360652923583984375 HTTP/1.1" 200 1 "-" "WordPress/7.0; https://parma.elettroservicegroup.it"
216.73.217.169 - - [04/Jun/2026:18:09:41 +0200] "GET /total-casino-est-il-compatible-avec-les-appareils-apple-et-android/ HTTP/2.0" 404 16921 "-" "Mozilla/5.0 AppleWebKit/537.36 (KHTML, like Gecko; compatible; ClaudeBot/1.0; +claudebot@anthropic.com)"
216.73.217.169 - - [04/Jun/2026:18:11:34 +0200] "GET /wp-content/uploads/2021/10/washing-drum-438358_1920.jpg HTTP/2.0" 200 857690 "-" "Mozilla/5.0 AppleWebKit/537.36 (KHTML, like Gecko; compatible; ClaudeBot/1.0; +claudebot@anthropic.com)"
65.108.235.243 - - [04/Jun/2026:18:11:36 +0200] "POST /wp-cron.php?doing_wp_cron=1780589495.9915099143981933593750 HTTP/1.1" 200 1 "-" "WordPress/7.0; https://parma.elettroservicegroup.it"
216.73.217.169 - - [04/Jun/2026:18:11:34 +0200] "GET /?p=17350 HTTP/2.0" 301 1 "-" "Mozilla/5.0 AppleWebKit/537.36 (KHTML, like Gecko; compatible; ClaudeBot/1.0; +claudebot@anthropic.com)"
216.73.217.169 - - [04/Jun/2026:18:11:36 +0200] "GET /assistenza-miele-parma/ HTTP/2.0" 200 22512 "https://parma.elettroservicegroup.it/?p=17350" "Mozilla/5.0 AppleWebKit/537.36 (KHTML, like Gecko; compatible; ClaudeBot/1.0; +claudebot@anthropic.com)"
52.167.144.163 - - [04/Jun/2026:18:11:39 +0200] "GET /assistenza-bosch-parma/ HTTP/2.0" 200 22603 "-" "Mozilla/5.0 AppleWebKit/537.36 (KHTML, like Gecko; compatible; bingbot/2.0; +http://www.bing.com/bingbot.htm) Chrome/116.0.1938.76 Safari/537.36"
65.108.235.243 - - [04/Jun/2026:18:11:57 +0200] "POST /wp-cron.php?doing_wp_cron=1780589517.4286129474639892578125 HTTP/1.1" 200 1 "-" "WordPress/7.0; https://parma.elettroservicegroup.it"
52.167.144.156 - - [04/Jun/2026:18:11:57 +0200] "GET /wp-content/uploads/elementor/css/post-17274.css?ver=1780283142 HTTP/2.0" 404 18156 "https://parma.elettroservicegroup.it/assistenza-bosch-parma/" "Mozilla/5.0 AppleWebKit/537.36 (KHTML, like Gecko; compatible; bingbot/2.0; +http://www.bing.com/bingbot.htm) Chrome/136.0.0.0 Safari/537.36 AppleWebKit/537.36 (KHTML, like Gecko; compatible; bingbot/2.0; +http://www.bing.com/bingbot.htm) Chrome/116.0.1938.76 Safari/537.36"
216.73.217.169 - - [04/Jun/2026:18:18:12 +0200] "GET /wp-content/uploads/2021/10/lavatrice-300x300.jpg HTTP/2.0" 200 10904 "-" "Mozilla/5.0 AppleWebKit/537.36 (KHTML, like Gecko; compatible; ClaudeBot/1.0; +claudebot@anthropic.com)"
65.108.235.243 - - [04/Jun/2026:18:22:49 +0200] "POST /wp-cron.php?doing_wp_cron=1780590169.6860809326171875000000 HTTP/1.1" 200 1 "-" "WordPress/7.0; https://parma.elettroservicegroup.it"
66.249.64.71 - - [04/Jun/2026:18:22:43 +0200] "GET /page-sitemap.xml HTTP/1.1" 200 1505 "-" "Mozilla/5.0 (compatible; Googlebot/2.1; +http://www.google.com/bot.html)"
216.73.217.169 - - [04/Jun/2026:18:33:53 +0200] "GET /wp-content/uploads/2021/10/forno-c-300x200.jpg HTTP/2.0" 200 11755 "-" "Mozilla/5.0 AppleWebKit/537.36 (KHTML, like Gecko; compatible; ClaudeBot/1.0; +claudebot@anthropic.com)"
65.108.235.243 - - [04/Jun/2026:18:37:38 +0200] "POST /wp-cron.php?doing_wp_cron=1780591058.4775140285491943359375 HTTP/1.1" 200 1 "-" "WordPress/7.0; https://parma.elettroservicegroup.it"
216.73.217.169 - - [04/Jun/2026:18:37:33 +0200] "GET /fortunica-mobile-casino-review-features-and-benefits/ HTTP/2.0" 404 16906 "-" "Mozilla/5.0 AppleWebKit/537.36 (KHTML, like Gecko; compatible; ClaudeBot/1.0; +claudebot@anthropic.com)"
216.73.217.169 - - [04/Jun/2026:18:46:53 +0200] "GET /wp-content/uploads/2022/01/804_lavastoviglie-5-300x163.jpg HTTP/2.0" 200 11379 "-" "Mozilla/5.0 AppleWebKit/537.36 (KHTML, like Gecko; compatible; ClaudeBot/1.0; +claudebot@anthropic.com)"
101.57.106.193 - - [04/Jun/2026:18:50:20 +0200] "GET /assistenza-lavastoviglie-parma/ HTTP/2.0" 200 - "https://www.google.com/" "Mozilla/5.0 (Linux; Android 10; K) AppleWebKit/537.36 (KHTML, like Gecko) SamsungBrowser/30.0 Chrome/143.0.0.0 Mobile Safari/537.36"
65.108.235.243 - - [04/Jun/2026:18:50:27 +0200] "POST /wp-cron.php?doing_wp_cron=1780591827.9656839370727539062500 HTTP/1.1" 200 1 "-" "WordPress/7.0; https://parma.elettroservicegroup.it"
101.57.106.193 - - [04/Jun/2026:18:50:17 +0200] "GET /assistenza-lavastoviglie-parma/ HTTP/2.0" 200 - "https://www.google.com/" "Mozilla/5.0 (Linux; Android 10; K) AppleWebKit/537.36 (KHTML, like Gecko) SamsungBrowser/30.0 Chrome/143.0.0.0 Mobile Safari/537.36"
101.57.106.193 - - [04/Jun/2026:18:50:23 +0200] "GET /assistenza-lavastoviglie-parma/ HTTP/2.0" 200 22682 "https://www.google.com/" "Mozilla/5.0 (Linux; Android 10; K) AppleWebKit/537.36 (KHTML, like Gecko) SamsungBrowser/30.0 Chrome/143.0.0.0 Mobile Safari/537.36"
65.108.235.243 - - [04/Jun/2026:18:51:42 +0200] "POST /wp-cron.php?doing_wp_cron=1780591902.8855080604553222656250 HTTP/1.1" 200 1 "-" "WordPress/7.0; https://parma.elettroservicegroup.it"
156.59.198.136 - - [04/Jun/2026:18:51:34 +0200] "GET /wp-content/uploads/2021/11/copertina-washing-machine-2668472_1920-768x512.jpg HTTP/2.0" 404 - "https://parma.elettroservicegroup.it/" "Mozilla/5.0 (Linux; Android 5.0) AppleWebKit/537.36 (KHTML, like Gecko) Mobile Safari/537.36 (compatible; Bytespider; spider-feedback@bytedance.com)"
65.108.235.243 - - [04/Jun/2026:18:55:30 +0200] "POST /wp-cron.php?doing_wp_cron=1780592130.6991119384765625000000 HTTP/1.1" 200 1 "-" "WordPress/7.0; https://parma.elettroservicegroup.it"
156.59.198.136 - - [04/Jun/2026:18:55:29 +0200] "GET /wp-content/uploads/2021/11/Frigorifero-combinato-e1634459015932-768x502.jpg HTTP/2.0" 404 87047 "https://parma.elettroservicegroup.it/" "Mozilla/5.0 (Linux; Android 5.0) AppleWebKit/537.36 (KHTML, like Gecko) Mobile Safari/537.36 (compatible; Bytespider; spider-feedback@bytedance.com)"
216.73.217.169 - - [04/Jun/2026:18:59:19 +0200] "GET /wp-content/uploads/2021/10/mantova.jpg HTTP/2.0" 200 78099 "-" "Mozilla/5.0 AppleWebKit/537.36 (KHTML, like Gecko; compatible; ClaudeBot/1.0; +claudebot@anthropic.com)"
65.108.235.243 - - [04/Jun/2026:19:04:38 +0200] "POST /wp-cron.php?doing_wp_cron=1780592678.3691909313201904296875 HTTP/1.1" 200 1 "-" "WordPress/7.0; https://parma.elettroservicegroup.it"
66.249.64.70 - - [04/Jun/2026:19:04:36 +0200] "GET /robots.txt HTTP/1.1" 200 104 "-" "Mozilla/5.0 (compatible; Googlebot/2.1; +http://www.google.com/bot.html)"
65.108.235.243 - - [04/Jun/2026:19:04:39 +0200] "POST /wp-cron.php?doing_wp_cron=1780592679.1121621131896972656250 HTTP/1.1" 200 1 "-" "WordPress/7.0; https://parma.elettroservicegroup.it"
66.249.89.134 - - [04/Jun/2026:19:04:36 +0200] "GET /assistenza-indesit-parma/ HTTP/1.1" 200 22712 "-" "Mozilla/5.0 (Linux; Android 6.0.1; Nexus 5X Build/MMB29P) AppleWebKit/537.36 (KHTML, like Gecko) Chrome/148.0.7778.96 Mobile Safari/537.36 (compatible; AdsBot-Google-Mobile; +http://www.google.com/mobile/adsbot.html)"
216.73.217.169 - - [04/Jun/2026:19:04:57 +0200] "GET /wp-content/uploads/2021/10/mantova-300x169.jpg HTTP/2.0" 200 12580 "-" "Mozilla/5.0 AppleWebKit/537.36 (KHTML, like Gecko; compatible; ClaudeBot/1.0; +claudebot@anthropic.com)"
65.108.235.243 - - [04/Jun/2026:19:06:30 +0200] "POST /wp-cron.php?doing_wp_cron=1780592790.0855460166931152343750 HTTP/1.1" 200 1 "-" "WordPress/7.0; https://parma.elettroservicegroup.it"
66.249.64.69 - - [04/Jun/2026:19:06:28 +0200] "GET /robots.txt HTTP/1.1" 200 104 "-" "Mozilla/5.0 (compatible; Googlebot/2.1; +http://www.google.com/bot.html)"
65.108.235.243 - - [04/Jun/2026:19:06:42 +0200] "POST /wp-cron.php?doing_wp_cron=1780592802.8841969966888427734375 HTTP/1.1" 200 1 "-" "WordPress/7.0; https://parma.elettroservicegroup.it"
66.249.89.133 - - [04/Jun/2026:19:06:42 +0200] "GET /assistenza-miele-parma/ HTTP/1.1" 200 22651 "-" "Mozilla/5.0 (Linux; Android 6.0.1; Nexus 5X Build/MMB29P) AppleWebKit/537.36 (KHTML, like Gecko) Chrome/148.0.7778.96 Mobile Safari/537.36 (compatible; AdsBot-Google-Mobile; +http://www.google.com/mobile/adsbot.html)"
65.108.235.243 - - [04/Jun/2026:19:17:15 +0200] "POST /wp-cron.php?doing_wp_cron=1780593435.1671020984649658203125 HTTP/1.1" 200 1 "-" "WordPress/7.0; https://parma.elettroservicegroup.it"
216.73.217.169 - - [04/Jun/2026:19:17:13 +0200] "GET /robots.txt HTTP/2.0" 200 104 "-" "Mozilla/5.0 AppleWebKit/537.36 (KHTML, like Gecko; compatible; ClaudeBot/1.0; +claudebot@anthropic.com)"
216.73.217.169 - - [04/Jun/2026:19:17:15 +0200] "GET /wp-content/cache/wpfc-minified/7ingamzc/4lhf9.css HTTP/2.0" 200 19424 "-" "Mozilla/5.0 AppleWebKit/537.36 (KHTML, like Gecko; compatible; ClaudeBot/1.0; +claudebot@anthropic.com)"
216.73.217.169 - - [04/Jun/2026:19:17:15 +0200] "GET /category/uncategorized/feed/ HTTP/2.0" 200 512 "-" "Mozilla/5.0 AppleWebKit/537.36 (KHTML, like Gecko; compatible; ClaudeBot/1.0; +claudebot@anthropic.com)"
23.22.99.102 - - [04/Jun/2026:19:26:51 +0200] "GET /assistenza-forni-elettrici/ HTTP/1.1" 200 11785 "-" "Mozilla/5.0 (Macintosh; Intel Mac OS X 10_10_1) AppleWebKit/600.2.5 (KHTML, like Gecko) Version/8.0.2 Safari/600.2.5 (Lanai)"
65.108.235.243 - - [04/Jun/2026:19:26:59 +0200] "POST /wp-cron.php?doing_wp_cron=1780594019.5710020065307617187500 HTTP/1.1" 200 1 "-" "WordPress/7.0; https://parma.elettroservicegroup.it"
216.73.217.169 - - [04/Jun/2026:19:26:57 +0200] "GET /assistenza-lavatrici/preventivi HTTP/2.0" 301 1 "-" "Mozilla/5.0 AppleWebKit/537.36 (KHTML, like Gecko; compatible; ClaudeBot/1.0; +claudebot@anthropic.com)"
216.73.217.169 - - [04/Jun/2026:19:26:59 +0200] "GET /assistenza-lavatrici/preventivi/ HTTP/2.0" 200 17661 "https://parma.elettroservicegroup.it/assistenza-lavatrici/preventivi" "Mozilla/5.0 AppleWebKit/537.36 (KHTML, like Gecko; compatible; ClaudeBot/1.0; +claudebot@anthropic.com)"
65.108.235.243 - - [04/Jun/2026:19:28:27 +0200] "POST /wp-cron.php?doing_wp_cron=1780594107.4036300182342529296875 HTTP/1.1" 200 1 "-" "WordPress/7.0; https://parma.elettroservicegroup.it"
40.77.167.10 - - [04/Jun/2026:19:28:24 +0200] "GET /sitemap.xml.gz HTTP/2.0" 200 312 "-" "Mozilla/5.0 AppleWebKit/537.36 (KHTML, like Gecko; compatible; bingbot/2.0; +http://www.bing.com/bingbot.htm) Chrome/116.0.1938.76 Safari/537.36"
65.108.235.243 - - [04/Jun/2026:19:35:49 +0200] "POST /wp-cron.php?doing_wp_cron=1780594549.8789670467376708984375 HTTP/1.1" 200 1 "-" "WordPress/7.0; https://parma.elettroservicegroup.it"
142.250.32.5 - - [04/Jun/2026:19:35:43 +0200] "GET /.well-known/traffic-advice HTTP/1.1" 404 16885 "-" "Chrome Privacy Preserving Prefetch Proxy"
162.120.187.143 - - [04/Jun/2026:19:35:44 +0200] "GET /assistenza-ariston-parma/ HTTP/2.0" 200 - "https://www.google.com/" "Mozilla/5.0 (Linux; Android 10; K) AppleWebKit/537.36 (KHTML, like Gecko) Chrome/148.0.0.0 Mobile Safari/537.36"
216.73.217.169 - - [04/Jun/2026:19:50:56 +0200] "GET /wp-content/uploads/2022/01/copertina-Riparazione_Lavastoviglie-1-5-300x200.jpg HTTP/2.0" 200 13797 "-" "Mozilla/5.0 AppleWebKit/537.36 (KHTML, like Gecko; compatible; ClaudeBot/1.0; +claudebot@anthropic.com)"
34.122.16.212 - - [04/Jun/2026:19:51:06 +0200] "POST / HTTP/1.1" 200 11798 "https://www.parma.elettroservicegroup.it/" "Mozilla/5.0 (Windows NT 10.0; Win64; x64) AppleWebKit/537.36 (KHTML, like Gecko) Chrome/146.0.0.0 Safari/537.36"
65.108.235.243 - - [04/Jun/2026:19:56:04 +0200] "POST /wp-cron.php?doing_wp_cron=1780595764.8908588886260986328125 HTTP/1.1" 200 1 "-" "WordPress/7.0; https://parma.elettroservicegroup.it"
101.57.106.193 - - [04/Jun/2026:19:56:00 +0200] "GET /assistenza-lavastoviglie-parma/ HTTP/2.0" 200 22682 "https://www.google.com/" "Mozilla/5.0 (Linux; Android 10; K) AppleWebKit/537.36 (KHTML, like Gecko) SamsungBrowser/30.0 Chrome/143.0.0.0 Mobile Safari/537.36"
216.73.217.169 - - [04/Jun/2026:20:08:23 +0200] "GET /wp-content/uploads/2021/10/vicenza-300x225.jpg HTTP/2.0" 200 16310 "-" "Mozilla/5.0 AppleWebKit/537.36 (KHTML, like Gecko; compatible; ClaudeBot/1.0; +claudebot@anthropic.com)"
65.108.235.243 - - [04/Jun/2026:20:19:10 +0200] "POST /wp-cron.php?doing_wp_cron=1780597150.6227591037750244140625 HTTP/1.1" 200 1 "-" "WordPress/7.0; https://parma.elettroservicegroup.it"
216.73.217.169 - - [04/Jun/2026:20:19:09 +0200] "GET /robots.txt HTTP/2.0" 200 104 "-" "Mozilla/5.0 AppleWebKit/537.36 (KHTML, like Gecko; compatible; ClaudeBot/1.0; +claudebot@anthropic.com)"
216.73.217.169 - - [04/Jun/2026:20:19:10 +0200] "GET /?p=14496 HTTP/2.0" 301 1 "-" "Mozilla/5.0 AppleWebKit/537.36 (KHTML, like Gecko; compatible; ClaudeBot/1.0; +claudebot@anthropic.com)"
216.73.217.169 - - [04/Jun/2026:20:19:11 +0200] "GET /assistenza-lavatrici/preventivi/ HTTP/2.0" 200 17648 "https://parma.elettroservicegroup.it/?p=14496" "Mozilla/5.0 AppleWebKit/537.36 (KHTML, like Gecko; compatible; ClaudeBot/1.0; +claudebot@anthropic.com)"
216.73.217.169 - - [04/Jun/2026:20:20:00 +0200] "GET /wp-content/uploads/2021/10/PREVENTIVI.jpg HTTP/2.0" 200 88938 "-" "Mozilla/5.0 AppleWebKit/537.36 (KHTML, like Gecko; compatible; ClaudeBot/1.0; +claudebot@anthropic.com)"
65.108.235.243 - - [04/Jun/2026:20:29:33 +0200] "POST /wp-cron.php?doing_wp_cron=1780597773.6153249740600585937500 HTTP/1.1" 200 1 "-" "WordPress/7.0; https://parma.elettroservicegroup.it"
101.57.106.193 - - [04/Jun/2026:20:29:30 +0200] "GET /assistenza-lavastoviglie-parma/ HTTP/2.0" 200 22682 "https://www.google.com/" "Mozilla/5.0 (Linux; Android 10; K) AppleWebKit/537.36 (KHTML, like Gecko) SamsungBrowser/30.0 Chrome/143.0.0.0 Mobile Safari/537.36"
101.57.106.193 - - [04/Jun/2026:20:29:34 +0200] "GET /wp-content/plugins/all-in-one-seo-pack/dist/Lite/assets/css/table-of-contents/global.e90f6d47.css?ver=4.9.7.2 HTTP/2.0" 200 420 "https://parma.elettroservicegroup.it/assistenza-lavastoviglie-parma/" "Mozilla/5.0 (Linux; Android 10; K) AppleWebKit/537.36 (KHTML, like Gecko) SamsungBrowser/30.0 Chrome/143.0.0.0 Mobile Safari/537.36"
101.57.106.193 - - [04/Jun/2026:20:29:34 +0200] "GET /wp-content/plugins/complianz-gdpr-premium/assets/css/cookieblocker.min.css?ver=1780326315 HTTP/2.0" 200 615 "https://parma.elettroservicegroup.it/assistenza-lavastoviglie-parma/" "Mozilla/5.0 (Linux; Android 10; K) AppleWebKit/537.36 (KHTML, like Gecko) SamsungBrowser/30.0 Chrome/143.0.0.0 Mobile Safari/537.36"
101.57.106.193 - - [04/Jun/2026:20:29:34 +0200] "GET /wp-content/plugins/header-footer-elementor/assets/css/header-footer-elementor.css?ver=2.8.8 HTTP/2.0" 200 260 "https://parma.elettroservicegroup.it/assistenza-lavastoviglie-parma/" "Mozilla/5.0 (Linux; Android 10; K) AppleWebKit/537.36 (KHTML, like Gecko) SamsungBrowser/30.0 Chrome/143.0.0.0 Mobile Safari/537.36"
101.57.106.193 - - [04/Jun/2026:20:29:34 +0200] "GET /wp-content/uploads/elementor/css/post-14146.css?ver=1780586499 HTTP/2.0" 200 428 "https://parma.elettroservicegroup.it/assistenza-lavastoviglie-parma/" "Mozilla/5.0 (Linux; Android 10; K) AppleWebKit/537.36 (KHTML, like Gecko) SamsungBrowser/30.0 Chrome/143.0.0.0 Mobile Safari/537.36"
101.57.106.193 - - [04/Jun/2026:20:29:34 +0200] "GET /wp-content/plugins/elementor/assets/css/widget-spacer.min.css?ver=4.1.1 HTTP/2.0" 200 287 "https://parma.elettroservicegroup.it/assistenza-lavastoviglie-parma/" "Mozilla/5.0 (Linux; Android 10; K) AppleWebKit/537.36 (KHTML, like Gecko) SamsungBrowser/30.0 Chrome/143.0.0.0 Mobile Safari/537.36"
101.57.106.193 - - [04/Jun/2026:20:29:34 +0200] "GET /wp-content/plugins/elementor/assets/lib/font-awesome/css/v4-shims.min.css?ver=4.1.1 HTTP/2.0" 200 3986 "https://parma.elettroservicegroup.it/assistenza-lavastoviglie-parma/" "Mozilla/5.0 (Linux; Android 10; K) AppleWebKit/537.36 (KHTML, like Gecko) SamsungBrowser/30.0 Chrome/143.0.0.0 Mobile Safari/537.36"
101.57.106.193 - - [04/Jun/2026:20:29:34 +0200] "GET /wp-content/plugins/elementor/assets/lib/eicons/css/elementor-icons.min.css?ver=5.49.0 HTTP/2.0" 200 4115 "https://parma.elettroservicegroup.it/assistenza-lavastoviglie-parma/" "Mozilla/5.0 (Linux; Android 10; K) AppleWebKit/537.36 (KHTML, like Gecko) SamsungBrowser/30.0 Chrome/143.0.0.0 Mobile Safari/537.36"
101.57.106.193 - - [04/Jun/2026:20:29:34 +0200] "GET /wp-content/plugins/elementor/assets/css/frontend.min.css?ver=4.1.1 HTTP/2.0" 200 6618 "https://parma.elettroservicegroup.it/assistenza-lavastoviglie-parma/" "Mozilla/5.0 (Linux; Android 10; K) AppleWebKit/537.36 (KHTML, like Gecko) SamsungBrowser/30.0 Chrome/143.0.0.0 Mobile Safari/537.36"
101.57.106.193 - - [04/Jun/2026:20:29:34 +0200] "GET /wp-content/plugins/header-footer-elementor/inc/widgets-css/frontend.css?ver=2.8.8 HTTP/2.0" 200 8711 "https://parma.elettroservicegroup.it/assistenza-lavastoviglie-parma/" "Mozilla/5.0 (Linux; Android 10; K) AppleWebKit/537.36 (KHTML, like Gecko) SamsungBrowser/30.0 Chrome/143.0.0.0 Mobile Safari/537.36"
101.57.106.193 - - [04/Jun/2026:20:29:34 +0200] "GET /wp-content/plugins/elementor/assets/lib/font-awesome/css/all.min.css?ver=4.1.1 HTTP/2.0" 200 12402 "https://parma.elettroservicegroup.it/assistenza-lavastoviglie-parma/" "Mozilla/5.0 (Linux; Android 10; K) AppleWebKit/537.36 (KHTML, like Gecko) SamsungBrowser/30.0 Chrome/143.0.0.0 Mobile Safari/537.36"
101.57.106.193 - - [04/Jun/2026:20:29:34 +0200] "GET /wp-content/uploads/2021/10/cropped-cropped-cropped-logo_white_background.png HTTP/2.0" 200 38971 "https://parma.elettroservicegroup.it/assistenza-lavastoviglie-parma/" "Mozilla/5.0 (Linux; Android 10; K) AppleWebKit/537.36 (KHTML, like Gecko) SamsungBrowser/30.0 Chrome/143.0.0.0 Mobile Safari/537.36"
101.57.106.193 - - [04/Jun/2026:20:29:34 +0200] "GET /wp-content/plugins/elementor/assets/css/widget-heading.min.css?ver=4.1.1 HTTP/2.0" 200 127 "https://parma.elettroservicegroup.it/assistenza-lavastoviglie-parma/" "Mozilla/5.0 (Linux; Android 10; K) AppleWebKit/537.36 (KHTML, like Gecko) SamsungBrowser/30.0 Chrome/143.0.0.0 Mobile Safari/537.36"
101.57.106.193 - - [04/Jun/2026:20:29:34 +0200] "GET /wp-content/plugins/elementor/assets/lib/animations/styles/bounceIn.min.css?ver=4.1.1 HTTP/2.0" 200 186 "https://parma.elettroservicegroup.it/assistenza-lavastoviglie-parma/" "Mozilla/5.0 (Linux; Android 10; K) AppleWebKit/537.36 (KHTML, like Gecko) SamsungBrowser/30.0 Chrome/143.0.0.0 Mobile Safari/537.36"
101.57.106.193 - - [04/Jun/2026:20:29:34 +0200] "GET /wp-content/plugins/elementor/assets/lib/animations/styles/zoomIn.min.css?ver=4.1.1 HTTP/2.0" 200 87 "https://parma.elettroservicegroup.it/assistenza-lavastoviglie-parma/" "Mozilla/5.0 (Linux; Android 10; K) AppleWebKit/537.36 (KHTML, like Gecko) SamsungBrowser/30.0 Chrome/143.0.0.0 Mobile Safari/537.36"
101.57.106.193 - - [04/Jun/2026:20:29:34 +0200] "GET /wp-content/uploads/elementor/css/post-14366.css?ver=1780586501 HTTP/2.0" 200 302 "https://parma.elettroservicegroup.it/assistenza-lavastoviglie-parma/" "Mozilla/5.0 (Linux; Android 10; K) AppleWebKit/537.36 (KHTML, like Gecko) SamsungBrowser/30.0 Chrome/143.0.0.0 Mobile Safari/537.36"
101.57.106.193 - - [04/Jun/2026:20:29:34 +0200] "GET /wp-content/plugins/elementor/assets/css/widget-icon-list.min.css?ver=3.24.3 HTTP/2.0" 200 928 "https://parma.elettroservicegroup.it/assistenza-lavastoviglie-parma/" "Mozilla/5.0 (Linux; Android 10; K) AppleWebKit/537.36 (KHTML, like Gecko) SamsungBrowser/30.0 Chrome/143.0.0.0 Mobile Safari/537.36"
101.57.106.193 - - [04/Jun/2026:20:29:34 +0200] "GET /wp-content/plugins/elementor/assets/lib/font-awesome/css/brands.css?ver=5.15.3 HTTP/2.0" 200 298 "https://parma.elettroservicegroup.it/assistenza-lavastoviglie-parma/" "Mozilla/5.0 (Linux; Android 10; K) AppleWebKit/537.36 (KHTML, like Gecko) SamsungBrowser/30.0 Chrome/143.0.0.0 Mobile Safari/537.36"
101.57.106.193 - - [04/Jun/2026:20:29:34 +0200] "GET /wp-content/plugins/gp-premium/menu-plus/functions/css/navigation-branding-flex.min.css?ver=2.5.5 HTTP/2.0" 200 542 "https://parma.elettroservicegroup.it/assistenza-lavastoviglie-parma/" "Mozilla/5.0 (Linux; Android 10; K) AppleWebKit/537.36 (KHTML, like Gecko) SamsungBrowser/30.0 Chrome/143.0.0.0 Mobile Safari/537.36"
101.57.106.193 - - [04/Jun/2026:20:29:34 +0200] "GET /wp-content/plugins/elementor/assets/lib/font-awesome/css/solid.min.css?ver=5.15.3 HTTP/2.0" 200 286 "https://parma.elettroservicegroup.it/assistenza-lavastoviglie-parma/" "Mozilla/5.0 (Linux; Android 10; K) AppleWebKit/537.36 (KHTML, like Gecko) SamsungBrowser/30.0 Chrome/143.0.0.0 Mobile Safari/537.36"
101.57.106.193 - - [04/Jun/2026:20:29:34 +0200] "GET /wp-content/plugins/elementor/assets/lib/font-awesome/css/regular.min.css?ver=5.15.3 HTTP/2.0" 200 282 "https://parma.elettroservicegroup.it/assistenza-lavastoviglie-parma/" "Mozilla/5.0 (Linux; Android 10; K) AppleWebKit/537.36 (KHTML, like Gecko) SamsungBrowser/30.0 Chrome/143.0.0.0 Mobile Safari/537.36"
101.57.106.193 - - [04/Jun/2026:20:29:34 +0200] "GET /wp-content/uploads/2021/10/cropped-logo_white_background.png HTTP/2.0" 200 16623 "https://parma.elettroservicegroup.it/assistenza-lavastoviglie-parma/" "Mozilla/5.0 (Linux; Android 10; K) AppleWebKit/537.36 (KHTML, like Gecko) SamsungBrowser/30.0 Chrome/143.0.0.0 Mobile Safari/537.36"
101.57.106.193 - - [04/Jun/2026:20:29:34 +0200] "GET /wp-content/uploads/elementor/css/post-17286.css?ver=1780591826 HTTP/2.0" 200 2371 "https://parma.elettroservicegroup.it/assistenza-lavastoviglie-parma/" "Mozilla/5.0 (Linux; Android 10; K) AppleWebKit/537.36 (KHTML, like Gecko) SamsungBrowser/30.0 Chrome/143.0.0.0 Mobile Safari/537.36"
101.57.106.193 - - [04/Jun/2026:20:29:34 +0200] "GET /wp-content/themes/generatepress/assets/css/main.min.css?ver=3.6.1 HTTP/2.0" 200 4410 "https://parma.elettroservicegroup.it/assistenza-lavastoviglie-parma/" "Mozilla/5.0 (Linux; Android 10; K) AppleWebKit/537.36 (KHTML, like Gecko) SamsungBrowser/30.0 Chrome/143.0.0.0 Mobile Safari/537.36"
101.57.106.193 - - [04/Jun/2026:20:29:34 +0200] "GET /wp-content/plugins/elementor/assets/lib/eicons/css/elementor-icons.min.css?ver=5.34.0 HTTP/2.0" 200 4115 "https://parma.elettroservicegroup.it/assistenza-lavastoviglie-parma/" "Mozilla/5.0 (Linux; Android 10; K) AppleWebKit/537.36 (KHTML, like Gecko) SamsungBrowser/30.0 Chrome/143.0.0.0 Mobile Safari/537.36"
101.57.106.193 - - [04/Jun/2026:20:29:34 +0200] "GET /wp-content/plugins/elementor/assets/css/widget-social-icons.min.css?ver=3.24.0 HTTP/2.0" 200 1039 "https://parma.elettroservicegroup.it/assistenza-lavastoviglie-parma/" "Mozilla/5.0 (Linux; Android 10; K) AppleWebKit/537.36 (KHTML, like Gecko) SamsungBrowser/30.0 Chrome/143.0.0.0 Mobile Safari/537.36"
101.57.106.193 - - [04/Jun/2026:20:29:34 +0200] "GET /wp-content/plugins/elementor/assets/lib/font-awesome/css/fontawesome.css?ver=5.15.3 HTTP/2.0" 200 12535 "https://parma.elettroservicegroup.it/assistenza-lavastoviglie-parma/" "Mozilla/5.0 (Linux; Android 10; K) AppleWebKit/537.36 (KHTML, like Gecko) SamsungBrowser/30.0 Chrome/143.0.0.0 Mobile Safari/537.36"
101.57.106.193 - - [04/Jun/2026:20:29:34 +0200] "GET /wp-content/plugins/elementor/assets/lib/font-awesome/css/solid.css?ver=5.15.3 HTTP/2.0" 200 299 "https://parma.elettroservicegroup.it/assistenza-lavastoviglie-parma/" "Mozilla/5.0 (Linux; Android 10; K) AppleWebKit/537.36 (KHTML, like Gecko) SamsungBrowser/30.0 Chrome/143.0.0.0 Mobile Safari/537.36"
101.57.106.193 - - [04/Jun/2026:20:29:34 +0200] "GET /wp-content/uploads/elementor/google-fonts/css/roboto.css?ver=1742280360 HTTP/2.0" 200 1880 "https://parma.elettroservicegroup.it/assistenza-lavastoviglie-parma/" "Mozilla/5.0 (Linux; Android 10; K) AppleWebKit/537.36 (KHTML, like Gecko) SamsungBrowser/30.0 Chrome/143.0.0.0 Mobile Safari/537.36"
101.57.106.193 - - [04/Jun/2026:20:29:34 +0200] "GET /wp-content/uploads/elementor/google-fonts/css/robotoslab.css?ver=1742280362 HTTP/2.0" 200 715 "https://parma.elettroservicegroup.it/assistenza-lavastoviglie-parma/" "Mozilla/5.0 (Linux; Android 10; K) AppleWebKit/537.36 (KHTML, like Gecko) SamsungBrowser/30.0 Chrome/143.0.0.0 Mobile Safari/537.36"
101.57.106.193 - - [04/Jun/2026:20:29:34 +0200] "GET /wp-content/plugins/elementor/assets/lib/font-awesome/css/fontawesome.min.css?ver=5.15.3 HTTP/2.0" 200 12179 "https://parma.elettroservicegroup.it/assistenza-lavastoviglie-parma/" "Mozilla/5.0 (Linux; Android 10; K) AppleWebKit/537.36 (KHTML, like Gecko) SamsungBrowser/30.0 Chrome/143.0.0.0 Mobile Safari/537.36"
101.57.106.193 - - [04/Jun/2026:20:29:34 +0200] "GET /wp-content/plugins/elementor/assets/lib/font-awesome/js/v4-shims.min.js?ver=4.1.1 HTTP/2.0" 200 4043 "https://parma.elettroservicegroup.it/assistenza-lavastoviglie-parma/" "Mozilla/5.0 (Linux; Android 10; K) AppleWebKit/537.36 (KHTML, like Gecko) SamsungBrowser/30.0 Chrome/143.0.0.0 Mobile Safari/537.36"
101.57.106.193 - - [04/Jun/2026:20:29:34 +0200] "GET /wp-includes/js/jquery/jquery-migrate.min.js?ver=3.4.1 HTTP/2.0" 200 4685 "https://parma.elettroservicegroup.it/assistenza-lavastoviglie-parma/" "Mozilla/5.0 (Linux; Android 10; K) AppleWebKit/537.36 (KHTML, like Gecko) SamsungBrowser/30.0 Chrome/143.0.0.0 Mobile Safari/537.36"
101.57.106.193 - - [04/Jun/2026:20:29:34 +0200] "GET /wp-content/plugins/gp-premium/menu-plus/functions/js/sticky.min.js?ver=2.5.5 HTTP/2.0" 200 2670 "https://parma.elettroservicegroup.it/assistenza-lavastoviglie-parma/" "Mozilla/5.0 (Linux; Android 10; K) AppleWebKit/537.36 (KHTML, like Gecko) SamsungBrowser/30.0 Chrome/143.0.0.0 Mobile Safari/537.36"
101.57.106.193 - - [04/Jun/2026:20:29:34 +0200] "GET /wp-includes/js/jquery/jquery.min.js?ver=3.7.1 HTTP/2.0" 200 29769 "https://parma.elettroservicegroup.it/assistenza-lavastoviglie-parma/" "Mozilla/5.0 (Linux; Android 10; K) AppleWebKit/537.36 (KHTML, like Gecko) SamsungBrowser/30.0 Chrome/143.0.0.0 Mobile Safari/537.36"
101.57.106.193 - - [04/Jun/2026:20:29:34 +0200] "GET /wp-content/plugins/elementor/assets/js/webpack.runtime.min.js?ver=4.1.1 HTTP/2.0" 200 2340 "https://parma.elettroservicegroup.it/assistenza-lavastoviglie-parma/" "Mozilla/5.0 (Linux; Android 10; K) AppleWebKit/537.36 (KHTML, like Gecko) SamsungBrowser/30.0 Chrome/143.0.0.0 Mobile Safari/537.36"
101.57.106.193 - - [04/Jun/2026:20:29:34 +0200] "GET /wp-content/plugins/elementor/assets/js/frontend-modules.min.js?ver=4.1.1 HTTP/2.0" 200 15454 "https://parma.elettroservicegroup.it/assistenza-lavastoviglie-parma/" "Mozilla/5.0 (Linux; Android 10; K) AppleWebKit/537.36 (KHTML, like Gecko) SamsungBrowser/30.0 Chrome/143.0.0.0 Mobile Safari/537.36"
101.57.106.193 - - [04/Jun/2026:20:29:34 +0200] "GET /wp-content/themes/generatepress/assets/js/back-to-top.min.js?ver=3.6.1 HTTP/2.0" 200 336 "https://parma.elettroservicegroup.it/assistenza-lavastoviglie-parma/" "Mozilla/5.0 (Linux; Android 10; K) AppleWebKit/537.36 (KHTML, like Gecko) SamsungBrowser/30.0 Chrome/143.0.0.0 Mobile Safari/537.36"
101.57.106.193 - - [04/Jun/2026:20:29:34 +0200] "GET /wp-content/themes/generatepress/assets/js/menu.min.js?ver=3.6.1 HTTP/2.0" 200 1688 "https://parma.elettroservicegroup.it/assistenza-lavastoviglie-parma/" "Mozilla/5.0 (Linux; Android 10; K) AppleWebKit/537.36 (KHTML, like Gecko) SamsungBrowser/30.0 Chrome/143.0.0.0 Mobile Safari/537.36"
101.57.106.193 - - [04/Jun/2026:20:29:34 +0200] "GET /wp-content/plugins/burst-statistics/assets/js/timeme/timeme.min.js?ver=1780499187 HTTP/2.0" 200 1835 "https://parma.elettroservicegroup.it/assistenza-lavastoviglie-parma/" "Mozilla/5.0 (Linux; Android 10; K) AppleWebKit/537.36 (KHTML, like Gecko) SamsungBrowser/30.0 Chrome/143.0.0.0 Mobile Safari/537.36"
101.57.106.193 - - [04/Jun/2026:20:29:34 +0200] "GET /wp-content/uploads/burst/js/burst.min.js?ver=1780567443 HTTP/2.0" 200 3381 "https://parma.elettroservicegroup.it/assistenza-lavastoviglie-parma/" "Mozilla/5.0 (Linux; Android 10; K) AppleWebKit/537.36 (KHTML, like Gecko) SamsungBrowser/30.0 Chrome/143.0.0.0 Mobile Safari/537.36"
101.57.106.193 - - [04/Jun/2026:20:29:34 +0200] "GET /wp-includes/js/jquery/ui/core.min.js?ver=1.13.3 HTTP/2.0" 200 6820 "https://parma.elettroservicegroup.it/assistenza-lavastoviglie-parma/" "Mozilla/5.0 (Linux; Android 10; K) AppleWebKit/537.36 (KHTML, like Gecko) SamsungBrowser/30.0 Chrome/143.0.0.0 Mobile Safari/537.36"
101.57.106.193 - - [04/Jun/2026:20:29:34 +0200] "GET /wp-content/plugins/elementor/assets/js/frontend.min.js?ver=4.1.1 HTTP/2.0" 200 10140 "https://parma.elettroservicegroup.it/assistenza-lavastoviglie-parma/" "Mozilla/5.0 (Linux; Android 10; K) AppleWebKit/537.36 (KHTML, like Gecko) SamsungBrowser/30.0 Chrome/143.0.0.0 Mobile Safari/537.36"
101.57.106.193 - - [04/Jun/2026:20:29:34 +0200] "GET /wp-content/plugins/complianz-gdpr-premium/cookiebanner/js/complianz.min.js?ver=1780326315 HTTP/2.0" 200 10708 "https://parma.elettroservicegroup.it/assistenza-lavastoviglie-parma/" "Mozilla/5.0 (Linux; Android 10; K) AppleWebKit/537.36 (KHTML, like Gecko) SamsungBrowser/30.0 Chrome/143.0.0.0 Mobile Safari/537.36"
101.57.106.193 - - [04/Jun/2026:20:29:34 +0200] "GET /wp-content/uploads/2022/01/804_lavastoviglie.jpg HTTP/2.0" 200 111183 "https://parma.elettroservicegroup.it/wp-content/uploads/elementor/css/post-17286.css?ver=1780591826" "Mozilla/5.0 (Linux; Android 10; K) AppleWebKit/537.36 (KHTML, like Gecko) SamsungBrowser/30.0 Chrome/143.0.0.0 Mobile Safari/537.36"
101.57.106.193 - - [04/Jun/2026:20:29:34 +0200] "GET /wp-content/plugins/elementor/assets/lib/font-awesome/webfonts/fa-regular-400.woff2 HTTP/2.0" 200 13277 "https://parma.elettroservicegroup.it/wp-content/plugins/elementor/assets/lib/font-awesome/css/all.min.css?ver=4.1.1" "Mozilla/5.0 (Linux; Android 10; K) AppleWebKit/537.36 (KHTML, like Gecko) SamsungBrowser/30.0 Chrome/143.0.0.0 Mobile Safari/537.36"
