216.73.217.169 - - [04/Jun/2026:20:19:58 +0200] "GET /wp-content/uploads/2021/10/siemens.png HTTP/2.0" 200 27259 "-" "Mozilla/5.0 AppleWebKit/537.36 (KHTML, like Gecko; compatible; ClaudeBot/1.0; +claudebot@anthropic.com)"
65.108.235.243 - - [04/Jun/2026:20:41:34 +0200] "POST /wp-cron.php?doing_wp_cron=1780598494.7993969917297363281250 HTTP/1.1" 200 1 "-" "WordPress/7.0; https://mantova.elettroservicegroup.it"
52.167.144.175 - - [04/Jun/2026:20:41:33 +0200] "GET /addl-sitemap.xml HTTP/2.0" 200 370 "-" "Mozilla/5.0 AppleWebKit/537.36 (KHTML, like Gecko; compatible; bingbot/2.0; +http://www.bing.com/bingbot.htm) Chrome/116.0.1938.76 Safari/537.36"
65.108.235.243 - - [04/Jun/2026:20:42:59 +0200] "POST /wp-cron.php?doing_wp_cron=1780598579.6338798999786376953125 HTTP/1.1" 200 1 "-" "WordPress/7.0; https://mantova.elettroservicegroup.it"
216.73.217.47 - - [04/Jun/2026:20:42:58 +0200] "GET /?p=15571 HTTP/2.0" 301 1 "-" "Mozilla/5.0 AppleWebKit/537.36 (KHTML, like Gecko; compatible; ClaudeBot/1.0; +claudebot@anthropic.com)"
216.73.217.47 - - [04/Jun/2026:20:43:00 +0200] "GET /vavada-kod-jak-zdobyc-bonusy-i-nagrody/ HTTP/2.0" 200 22712 "https://mantova.elettroservicegroup.it/?p=15571" "Mozilla/5.0 AppleWebKit/537.36 (KHTML, like Gecko; compatible; ClaudeBot/1.0; +claudebot@anthropic.com)"
216.73.217.47 - - [04/Jun/2026:20:52:51 +0200] "GET /sitemap.xml HTTP/2.0" 200 339 "-" "Mozilla/5.0 AppleWebKit/537.36 (KHTML, like Gecko; compatible; ClaudeBot/1.0; +claudebot@anthropic.com)"
65.108.235.243 - - [04/Jun/2026:20:52:52 +0200] "POST /wp-cron.php?doing_wp_cron=1780599172.5672988891601562500000 HTTP/1.1" 200 1 "-" "WordPress/7.0; https://mantova.elettroservicegroup.it"
216.73.217.47 - - [04/Jun/2026:20:52:51 +0200] "GET /sitemap.rss HTTP/2.0" 404 386 "-" "Mozilla/5.0 AppleWebKit/537.36 (KHTML, like Gecko; compatible; ClaudeBot/1.0; +claudebot@anthropic.com)"
65.108.235.243 - - [04/Jun/2026:20:59:03 +0200] "POST /wp-cron.php?doing_wp_cron=1780599543.2761530876159667968750 HTTP/1.1" 200 1 "-" "WordPress/7.0; https://mantova.elettroservicegroup.it"
66.249.64.72 - - [04/Jun/2026:20:59:01 +0200] "GET /addl-sitemap.xml HTTP/1.1" 200 370 "-" "Mozilla/5.0 (compatible; Googlebot/2.1; +http://www.google.com/bot.html)"
65.108.235.243 - - [04/Jun/2026:21:15:28 +0200] "POST /wp-cron.php?doing_wp_cron=1780600528.3881790637969970703125 HTTP/1.1" 200 1 "-" "WordPress/7.0; https://mantova.elettroservicegroup.it"
40.77.167.3 - - [04/Jun/2026:21:15:26 +0200] "GET /sitemaps.xml HTTP/2.0" 302 1 "-" "Mozilla/5.0 AppleWebKit/537.36 (KHTML, like Gecko; compatible; bingbot/2.0; +http://www.bing.com/bingbot.htm) Chrome/116.0.1938.76 Safari/537.36"
40.77.167.3 - - [04/Jun/2026:21:15:29 +0200] "GET /sitemap.xml HTTP/2.0" 200 339 "-" "Mozilla/5.0 AppleWebKit/537.36 (KHTML, like Gecko; compatible; bingbot/2.0; +http://www.bing.com/bingbot.htm) Chrome/116.0.1938.76 Safari/537.36"
65.108.235.243 - - [04/Jun/2026:21:20:18 +0200] "POST /wp-cron.php?doing_wp_cron=1780600818.6378409862518310546875 HTTP/1.1" 200 1 "-" "WordPress/7.0; https://mantova.elettroservicegroup.it"
40.77.167.3 - - [04/Jun/2026:21:20:17 +0200] "GET /addl-sitemap.xml HTTP/2.0" 200 370 "-" "Mozilla/5.0 AppleWebKit/537.36 (KHTML, like Gecko; compatible; bingbot/2.0; +http://www.bing.com/bingbot.htm) Chrome/116.0.1938.76 Safari/537.36"
40.77.167.46 - - [04/Jun/2026:21:20:56 +0200] "GET /assistenza-lavatrici/ HTTP/2.0" 404 17920 "-" "Mozilla/5.0 AppleWebKit/537.36 (KHTML, like Gecko; compatible; bingbot/2.0; +http://www.bing.com/bingbot.htm) Chrome/116.0.1938.76 Safari/537.36"
65.108.235.243 - - [04/Jun/2026:21:33:41 +0200] "POST /wp-cron.php?doing_wp_cron=1780601621.6780450344085693359375 HTTP/1.1" 200 1 "-" "WordPress/7.0; https://mantova.elettroservicegroup.it"
216.73.217.47 - - [04/Jun/2026:21:33:40 +0200] "GET /robots.txt HTTP/2.0" 200 107 "-" "Mozilla/5.0 AppleWebKit/537.36 (KHTML, like Gecko; compatible; ClaudeBot/1.0; +claudebot@anthropic.com)"
216.73.217.47 - - [04/Jun/2026:21:54:12 +0200] "GET /wp-content/uploads/2021/10/Ariston_Thermo_Group_Logo.jpg HTTP/2.0" 200 80259 "-" "Mozilla/5.0 AppleWebKit/537.36 (KHTML, like Gecko; compatible; ClaudeBot/1.0; +claudebot@anthropic.com)"
65.108.235.243 - - [04/Jun/2026:22:02:58 +0200] "POST /wp-cron.php?doing_wp_cron=1780603378.2680659294128417968750 HTTP/1.1" 200 1 "-" "WordPress/7.0; https://mantova.elettroservicegroup.it"
216.73.217.47 - - [04/Jun/2026:22:02:53 +0200] "GET /feed/?attachment_id=44 HTTP/2.0" 200 388 "-" "Mozilla/5.0 AppleWebKit/537.36 (KHTML, like Gecko; compatible; ClaudeBot/1.0; +claudebot@anthropic.com)"
65.108.235.243 - - [04/Jun/2026:22:02:58 +0200] "POST /wp-cron.php?doing_wp_cron=1780603378.2678740024566650390625 HTTP/1.1" 200 1 "-" "WordPress/7.0; https://mantova.elettroservicegroup.it"
216.73.217.47 - - [04/Jun/2026:22:02:53 +0200] "GET /?p=44 HTTP/2.0" 301 1 "-" "Mozilla/5.0 AppleWebKit/537.36 (KHTML, like Gecko; compatible; ClaudeBot/1.0; +claudebot@anthropic.com)"
216.73.217.47 - - [04/Jun/2026:22:02:58 +0200] "GET /1-2/ HTTP/2.0" 200 18708 "https://mantova.elettroservicegroup.it/?p=44" "Mozilla/5.0 AppleWebKit/537.36 (KHTML, like Gecko; compatible; ClaudeBot/1.0; +claudebot@anthropic.com)"
216.73.217.47 - - [04/Jun/2026:22:04:11 +0200] "GET /wp-content/uploads/2021/10/1-1-e1633598181981.jpg HTTP/2.0" 200 7971 "-" "Mozilla/5.0 AppleWebKit/537.36 (KHTML, like Gecko; compatible; ClaudeBot/1.0; +claudebot@anthropic.com)"
216.73.217.47 - - [04/Jun/2026:22:25:20 +0200] "GET /wp-content/uploads/2018/02/post-2.jpg HTTP/2.0" 200 64157 "-" "Mozilla/5.0 AppleWebKit/537.36 (KHTML, like Gecko; compatible; ClaudeBot/1.0; +claudebot@anthropic.com)"
65.108.235.243 - - [04/Jun/2026:22:37:58 +0200] "POST /wp-cron.php?doing_wp_cron=1780605478.0897619724273681640625 HTTP/1.1" 200 1 "-" "WordPress/7.0; https://mantova.elettroservicegroup.it"
216.73.217.47 - - [04/Jun/2026:22:37:55 +0200] "GET /robots.txt HTTP/2.0" 200 107 "-" "Mozilla/5.0 AppleWebKit/537.36 (KHTML, like Gecko; compatible; ClaudeBot/1.0; +claudebot@anthropic.com)"
216.73.217.47 - - [04/Jun/2026:22:43:52 +0200] "GET /feed/?attachment_id=14438 HTTP/2.0" 200 392 "-" "Mozilla/5.0 AppleWebKit/537.36 (KHTML, like Gecko; compatible; ClaudeBot/1.0; +claudebot@anthropic.com)"
65.108.235.243 - - [04/Jun/2026:22:43:56 +0200] "POST /wp-cron.php?doing_wp_cron=1780605836.6868839263916015625000 HTTP/1.1" 200 1 "-" "WordPress/7.0; https://mantova.elettroservicegroup.it"
216.73.217.47 - - [04/Jun/2026:22:43:52 +0200] "GET /feed/?attachment_id=14419 HTTP/2.0" 200 418 "-" "Mozilla/5.0 AppleWebKit/537.36 (KHTML, like Gecko; compatible; ClaudeBot/1.0; +claudebot@anthropic.com)"
216.73.217.47 - - [04/Jun/2026:22:54:09 +0200] "GET /?p=13829 HTTP/2.0" 301 1 "-" "Mozilla/5.0 AppleWebKit/537.36 (KHTML, like Gecko; compatible; ClaudeBot/1.0; +claudebot@anthropic.com)"
65.108.235.243 - - [04/Jun/2026:22:54:10 +0200] "POST /wp-cron.php?doing_wp_cron=1780606450.8967850208282470703125 HTTP/1.1" 200 1 "-" "WordPress/7.0; https://mantova.elettroservicegroup.it"
65.108.235.243 - - [04/Jun/2026:22:54:10 +0200] "POST /wp-cron.php?doing_wp_cron=1780606450.8967959880828857421875 HTTP/1.1" 200 1 "-" "WordPress/7.0; https://mantova.elettroservicegroup.it"
216.73.217.47 - - [04/Jun/2026:22:54:09 +0200] "GET /?p=13834 HTTP/2.0" 301 1 "-" "Mozilla/5.0 AppleWebKit/537.36 (KHTML, like Gecko; compatible; ClaudeBot/1.0; +claudebot@anthropic.com)"
216.73.217.47 - - [04/Jun/2026:22:54:09 +0200] "GET /?p=13830 HTTP/2.0" 301 1 "-" "Mozilla/5.0 AppleWebKit/537.36 (KHTML, like Gecko; compatible; ClaudeBot/1.0; +claudebot@anthropic.com)"
216.73.217.47 - - [04/Jun/2026:22:54:09 +0200] "GET /author/andrea/feed/ HTTP/2.0" 200 15405 "-" "Mozilla/5.0 AppleWebKit/537.36 (KHTML, like Gecko; compatible; ClaudeBot/1.0; +claudebot@anthropic.com)"
216.73.217.47 - - [04/Jun/2026:22:54:09 +0200] "GET /?p=13832 HTTP/2.0" 301 1 "-" "Mozilla/5.0 AppleWebKit/537.36 (KHTML, like Gecko; compatible; ClaudeBot/1.0; +claudebot@anthropic.com)"
216.73.217.47 - - [04/Jun/2026:22:54:09 +0200] "GET /wp-login.php?wp_lang=en_US HTTP/2.0" 200 1935 "-" "Mozilla/5.0 AppleWebKit/537.36 (KHTML, like Gecko; compatible; ClaudeBot/1.0; +claudebot@anthropic.com)"
216.73.217.47 - - [04/Jun/2026:22:54:11 +0200] "GET /post-5-2/ HTTP/2.0" 200 18733 "https://mantova.elettroservicegroup.it/?p=13829" "Mozilla/5.0 AppleWebKit/537.36 (KHTML, like Gecko; compatible; ClaudeBot/1.0; +claudebot@anthropic.com)"
216.73.217.47 - - [04/Jun/2026:22:54:11 +0200] "GET /post-6-2/ HTTP/2.0" 200 18731 "https://mantova.elettroservicegroup.it/?p=13830" "Mozilla/5.0 AppleWebKit/537.36 (KHTML, like Gecko; compatible; ClaudeBot/1.0; +claudebot@anthropic.com)"
216.73.217.47 - - [04/Jun/2026:22:54:11 +0200] "GET /post-10-2/ HTTP/2.0" 200 18730 "https://mantova.elettroservicegroup.it/?p=13834" "Mozilla/5.0 AppleWebKit/537.36 (KHTML, like Gecko; compatible; ClaudeBot/1.0; +claudebot@anthropic.com)"
65.108.235.243 - - [04/Jun/2026:22:54:11 +0200] "POST /wp-cron.php?doing_wp_cron=1780606451.9694800376892089843750 HTTP/1.1" 200 1 "-" "WordPress/7.0; https://mantova.elettroservicegroup.it"
216.73.217.47 - - [04/Jun/2026:22:54:09 +0200] "GET /vavada-novoe/ HTTP/2.0" 200 22398 "-" "Mozilla/5.0 AppleWebKit/537.36 (KHTML, like Gecko; compatible; ClaudeBot/1.0; +claudebot@anthropic.com)"
216.73.217.47 - - [04/Jun/2026:22:54:11 +0200] "GET /post-8-2/ HTTP/2.0" 200 18737 "https://mantova.elettroservicegroup.it/?p=13832" "Mozilla/5.0 AppleWebKit/537.36 (KHTML, like Gecko; compatible; ClaudeBot/1.0; +claudebot@anthropic.com)"
65.108.235.243 - - [04/Jun/2026:23:11:43 +0200] "POST /wp-cron.php?doing_wp_cron=1780607503.9094688892364501953125 HTTP/1.1" 200 1 "-" "WordPress/7.0; https://mantova.elettroservicegroup.it"
180.74.68.123 - - [04/Jun/2026:23:11:40 +0200] "GET / HTTP/1.1" 415 111403 "-" "Mozilla/5.0 (Windows NT 10.0; Win64; x64) AppleWebKit/537.36 (KHTML, like Gecko) Chrome/124.0 Safari/537.36"
216.73.217.47 - - [04/Jun/2026:23:20:34 +0200] "GET /wp-content/uploads/2021/10/1-1-300x290.jpg HTTP/2.0" 200 10797 "-" "Mozilla/5.0 AppleWebKit/537.36 (KHTML, like Gecko; compatible; ClaudeBot/1.0; +claudebot@anthropic.com)"
216.73.217.47 - - [04/Jun/2026:23:33:13 +0200] "GET /feed/?attachment_id=13831 HTTP/2.0" 200 391 "-" "Mozilla/5.0 AppleWebKit/537.36 (KHTML, like Gecko; compatible; ClaudeBot/1.0; +claudebot@anthropic.com)"
65.108.235.243 - - [04/Jun/2026:23:33:15 +0200] "POST /wp-cron.php?doing_wp_cron=1780608795.6764810085296630859375 HTTP/1.1" 200 1 "-" "WordPress/7.0; https://mantova.elettroservicegroup.it"
65.108.235.243 - - [04/Jun/2026:23:33:15 +0200] "POST /wp-cron.php?doing_wp_cron=1780608795.6764829158782958984375 HTTP/1.1" 200 1 "-" "WordPress/7.0; https://mantova.elettroservicegroup.it"
216.73.217.47 - - [04/Jun/2026:23:33:13 +0200] "GET /feed/?attachment_id=13827 HTTP/2.0" 200 391 "-" "Mozilla/5.0 AppleWebKit/537.36 (KHTML, like Gecko; compatible; ClaudeBot/1.0; +claudebot@anthropic.com)"
216.73.217.47 - - [04/Jun/2026:23:33:13 +0200] "GET /feed/?attachment_id=13826 HTTP/2.0" 200 391 "-" "Mozilla/5.0 AppleWebKit/537.36 (KHTML, like Gecko; compatible; ClaudeBot/1.0; +claudebot@anthropic.com)"
65.108.235.243 - - [04/Jun/2026:23:45:17 +0200] "POST /wp-cron.php?doing_wp_cron=1780609516.9897649288177490234375 HTTP/1.1" 200 1 "-" "WordPress/7.0; https://mantova.elettroservicegroup.it"
216.73.217.47 - - [04/Jun/2026:23:45:13 +0200] "GET /robots.txt HTTP/2.0" 200 107 "-" "Mozilla/5.0 AppleWebKit/537.36 (KHTML, like Gecko; compatible; ClaudeBot/1.0; +claudebot@anthropic.com)"
65.108.235.243 - - [05/Jun/2026:00:11:18 +0200] "POST /wp-cron.php?doing_wp_cron=1780611078.2006359100341796875000 HTTP/1.1" 200 1 "-" "WordPress/7.0; https://mantova.elettroservicegroup.it"
104.210.140.138 - - [05/Jun/2026:00:11:16 +0200] "GET /robots.txt HTTP/2.0" 200 107 "-" "Mozilla/5.0 (Macintosh; Intel Mac OS X 10_15_7) AppleWebKit/537.36 (KHTML, like Gecko) Chrome/131.0.0.0 Safari/537.36; compatible; OAI-SearchBot/1.0; +https://openai.com/searchbot"
216.73.217.47 - - [05/Jun/2026:00:43:00 +0200] "GET /wp-includes/js/dist/dom-ready.min.js HTTP/2.0" 200 398 "-" "Mozilla/5.0 AppleWebKit/537.36 (KHTML, like Gecko; compatible; ClaudeBot/1.0; +claudebot@anthropic.com)"
216.73.217.47 - - [05/Jun/2026:00:43:00 +0200] "GET /wp-includes/js/wp-util.min.js HTTP/2.0" 200 693 "-" "Mozilla/5.0 AppleWebKit/537.36 (KHTML, like Gecko; compatible; ClaudeBot/1.0; +claudebot@anthropic.com)"
216.73.217.47 - - [05/Jun/2026:00:43:00 +0200] "GET /wp-includes/js/dist/a11y.min.js HTTP/2.0" 200 915 "-" "Mozilla/5.0 AppleWebKit/537.36 (KHTML, like Gecko; compatible; ClaudeBot/1.0; +claudebot@anthropic.com)"
216.73.217.47 - - [05/Jun/2026:00:43:00 +0200] "GET /wp-includes/js/underscore.min.js HTTP/2.0" 200 7243 "-" "Mozilla/5.0 AppleWebKit/537.36 (KHTML, like Gecko; compatible; ClaudeBot/1.0; +claudebot@anthropic.com)"
216.73.217.47 - - [05/Jun/2026:00:43:00 +0200] "GET /category/uncategorized/feed/ HTTP/2.0" 200 15409 "-" "Mozilla/5.0 AppleWebKit/537.36 (KHTML, like Gecko; compatible; ClaudeBot/1.0; +claudebot@anthropic.com)"
65.108.235.243 - - [05/Jun/2026:00:43:00 +0200] "POST /wp-cron.php?doing_wp_cron=1780612980.2779150009155273437500 HTTP/1.1" 200 1 "-" "WordPress/7.0; https://mantova.elettroservicegroup.it"
216.73.217.47 - - [05/Jun/2026:00:43:00 +0200] "GET /wp-login.php?action=lostpassword HTTP/2.0" 200 1269 "-" "Mozilla/5.0 AppleWebKit/537.36 (KHTML, like Gecko; compatible; ClaudeBot/1.0; +claudebot@anthropic.com)"
65.108.235.243 - - [05/Jun/2026:00:46:52 +0200] "POST /wp-cron.php?doing_wp_cron=1780613212.8692970275878906250000 HTTP/1.1" 200 1 "-" "WordPress/7.0; https://mantova.elettroservicegroup.it"
216.73.217.47 - - [05/Jun/2026:00:46:50 +0200] "GET /robots.txt HTTP/2.0" 200 107 "-" "Mozilla/5.0 AppleWebKit/537.36 (KHTML, like Gecko; compatible; ClaudeBot/1.0; +claudebot@anthropic.com)"
216.73.216.217 - - [05/Jun/2026:01:13:13 +0200] "GET /wp-content/uploads/2018/02/post-2-300x200.jpg HTTP/2.0" 200 13102 "-" "Mozilla/5.0 AppleWebKit/537.36 (KHTML, like Gecko; compatible; ClaudeBot/1.0; +claudebot@anthropic.com)"
216.73.216.217 - - [05/Jun/2026:01:13:53 +0200] "GET /wp-content/uploads/2018/02/post-4-300x200.jpg HTTP/2.0" 200 14245 "-" "Mozilla/5.0 AppleWebKit/537.36 (KHTML, like Gecko; compatible; ClaudeBot/1.0; +claudebot@anthropic.com)"
216.73.216.217 - - [05/Jun/2026:01:13:59 +0200] "GET /wp-content/uploads/2018/02/post-9-300x200.jpg HTTP/2.0" 200 13293 "-" "Mozilla/5.0 AppleWebKit/537.36 (KHTML, like Gecko; compatible; ClaudeBot/1.0; +claudebot@anthropic.com)"
167.94.146.62 - - [05/Jun/2026:01:21:11 +0200] "GET /wp-content/uploads/2021/10/cropped-cropped-cropped-cropped-logo_white_background-32x32.png HTTP/1.1" 200 1525 "http://mantova.elettroservicegroup.it/favicon.ico" "Mozilla/5.0 (compatible; CensysInspect/1.1; +https://about.censys.io/)"
216.73.216.217 - - [05/Jun/2026:01:26:27 +0200] "GET /?p=13834 HTTP/2.0" 301 1 "-" "Mozilla/5.0 AppleWebKit/537.36 (KHTML, like Gecko; compatible; ClaudeBot/1.0; +claudebot@anthropic.com)"
216.73.216.217 - - [05/Jun/2026:01:26:27 +0200] "GET /?p=13830 HTTP/2.0" 301 1 "-" "Mozilla/5.0 AppleWebKit/537.36 (KHTML, like Gecko; compatible; ClaudeBot/1.0; +claudebot@anthropic.com)"
216.73.216.217 - - [05/Jun/2026:01:26:27 +0200] "GET /?p=13829 HTTP/2.0" 301 1 "-" "Mozilla/5.0 AppleWebKit/537.36 (KHTML, like Gecko; compatible; ClaudeBot/1.0; +claudebot@anthropic.com)"
65.108.235.243 - - [05/Jun/2026:01:26:29 +0200] "POST /wp-cron.php?doing_wp_cron=1780615589.3441069126129150390625 HTTP/1.1" 200 1 "-" "WordPress/7.0; https://mantova.elettroservicegroup.it"
216.73.216.217 - - [05/Jun/2026:01:26:27 +0200] "GET /wp-login.php?wp_lang=en_US HTTP/2.0" 200 1935 "-" "Mozilla/5.0 AppleWebKit/537.36 (KHTML, like Gecko; compatible; ClaudeBot/1.0; +claudebot@anthropic.com)"
216.73.216.217 - - [05/Jun/2026:01:26:29 +0200] "GET /post-5-2/ HTTP/2.0" 200 18774 "https://mantova.elettroservicegroup.it/?p=13829" "Mozilla/5.0 AppleWebKit/537.36 (KHTML, like Gecko; compatible; ClaudeBot/1.0; +claudebot@anthropic.com)"
216.73.216.217 - - [05/Jun/2026:01:26:29 +0200] "GET /post-6-2/ HTTP/2.0" 200 18772 "https://mantova.elettroservicegroup.it/?p=13830" "Mozilla/5.0 AppleWebKit/537.36 (KHTML, like Gecko; compatible; ClaudeBot/1.0; +claudebot@anthropic.com)"
216.73.216.217 - - [05/Jun/2026:01:26:29 +0200] "GET /post-10-2/ HTTP/2.0" 200 18770 "https://mantova.elettroservicegroup.it/?p=13834" "Mozilla/5.0 AppleWebKit/537.36 (KHTML, like Gecko; compatible; ClaudeBot/1.0; +claudebot@anthropic.com)"
65.108.235.243 - - [05/Jun/2026:01:26:31 +0200] "POST /wp-cron.php?doing_wp_cron=1780615591.4349770545959472656250 HTTP/1.1" 200 1 "-" "WordPress/7.0; https://mantova.elettroservicegroup.it"
216.73.216.217 - - [05/Jun/2026:01:26:27 +0200] "GET /vavada-novoe/ HTTP/2.0" 200 22430 "-" "Mozilla/5.0 AppleWebKit/537.36 (KHTML, like Gecko; compatible; ClaudeBot/1.0; +claudebot@anthropic.com)"
65.108.235.243 - - [05/Jun/2026:01:33:20 +0200] "POST /wp-cron.php?doing_wp_cron=1780616000.6361699104309082031250 HTTP/1.1" 200 1 "-" "WordPress/7.0; https://mantova.elettroservicegroup.it"
199.45.154.140 - - [05/Jun/2026:01:33:16 +0200] "GET / HTTP/1.1" 415 111403 "-" "Mozilla/5.0 (compatible; CensysInspect/1.1; +https://about.censys.io/)"
199.45.154.140 - - [05/Jun/2026:01:33:49 +0200] "GET / HTTP/1.1" 421 362 "-" "Mozilla/5.0 (compatible; CensysInspect/1.1; +https://about.censys.io/)"
65.108.235.243 - - [05/Jun/2026:02:12:31 +0200] "POST /wp-cron.php?doing_wp_cron=1780618351.5106120109558105468750 HTTP/1.1" 200 1 "-" "WordPress/7.0; https://mantova.elettroservicegroup.it"
216.73.216.217 - - [05/Jun/2026:02:12:30 +0200] "GET /robots.txt HTTP/2.0" 200 107 "-" "Mozilla/5.0 AppleWebKit/537.36 (KHTML, like Gecko; compatible; ClaudeBot/1.0; +claudebot@anthropic.com)"
216.73.216.217 - - [05/Jun/2026:02:12:31 +0200] "GET /?p=14438 HTTP/2.0" 301 1 "-" "Mozilla/5.0 AppleWebKit/537.36 (KHTML, like Gecko; compatible; ClaudeBot/1.0; +claudebot@anthropic.com)"
216.73.216.217 - - [05/Jun/2026:02:12:31 +0200] "GET /?p=15573 HTTP/2.0" 301 1 "-" "Mozilla/5.0 AppleWebKit/537.36 (KHTML, like Gecko; compatible; ClaudeBot/1.0; +claudebot@anthropic.com)"
216.73.216.217 - - [05/Jun/2026:02:12:32 +0200] "GET /kod-promocyjny-vavada-dla-graczy-bez-zasad/ HTTP/2.0" 200 22313 "https://mantova.elettroservicegroup.it/?p=15573" "Mozilla/5.0 AppleWebKit/537.36 (KHTML, like Gecko; compatible; ClaudeBot/1.0; +claudebot@anthropic.com)"
216.73.216.217 - - [05/Jun/2026:02:12:31 +0200] "GET /smeg-png/ HTTP/2.0" 200 18743 "https://mantova.elettroservicegroup.it/?p=14438" "Mozilla/5.0 AppleWebKit/537.36 (KHTML, like Gecko; compatible; ClaudeBot/1.0; +claudebot@anthropic.com)"
156.238.13.74 - - [05/Jun/2026:02:33:39 +0200] "GET /wp-content/uploads/2021/10/RICAMBI-LAVATRICE-300x116.webp HTTP/1.1" 200 6330 "-" "Mozilla/5.0 (compatible; crawler)"
65.108.235.243 - - [05/Jun/2026:02:43:02 +0200] "POST /wp-cron.php?doing_wp_cron=1780620182.8514668941497802734375 HTTP/1.1" 200 1 "-" "WordPress/7.0; https://mantova.elettroservicegroup.it"
216.73.216.217 - - [05/Jun/2026:02:43:01 +0200] "GET /?p=15578 HTTP/2.0" 301 1 "-" "Mozilla/5.0 AppleWebKit/537.36 (KHTML, like Gecko; compatible; ClaudeBot/1.0; +claudebot@anthropic.com)"
216.73.216.217 - - [05/Jun/2026:02:43:03 +0200] "GET /vavada-novoe/ HTTP/2.0" 200 22397 "https://mantova.elettroservicegroup.it/?p=15578" "Mozilla/5.0 AppleWebKit/537.36 (KHTML, like Gecko; compatible; ClaudeBot/1.0; +claudebot@anthropic.com)"
216.73.216.251 - - [05/Jun/2026:03:00:05 +0200] "GET /wp-content/uploads/2018/02/post-7.jpg HTTP/2.0" 200 62669 "-" "Mozilla/5.0 AppleWebKit/537.36 (KHTML, like Gecko; compatible; ClaudeBot/1.0; +claudebot@anthropic.com)"
65.108.235.243 - - [05/Jun/2026:03:05:33 +0200] "POST /wp-cron.php?doing_wp_cron=1780621533.2337470054626464843750 HTTP/1.1" 200 1 "-" "WordPress/7.0; https://mantova.elettroservicegroup.it"
176.65.139.232 - - [05/Jun/2026:03:05:17 +0200] "GET / HTTP/1.1" 415 111403 "-" "Mozilla/5.0 (Windows NT 10.0; Win64; x64) AppleWebKit/537.36 (KHTML, like Gecko) Chrome/147.0.0.0 Safari/537.36"
216.73.216.141 - - [05/Jun/2026:03:10:57 +0200] "GET /wp-content/uploads/2021/10/smeg.png HTTP/2.0" 200 19392 "-" "Mozilla/5.0 AppleWebKit/537.36 (KHTML, like Gecko; compatible; ClaudeBot/1.0; +claudebot@anthropic.com)"
74.7.175.184 - - [05/Jun/2026:03:11:23 +0200] "GET /robots.txt HTTP/2.0" 200 107 "-" "Mozilla/5.0 (Macintosh; Intel Mac OS X 10_15_7) AppleWebKit/537.36 (KHTML, like Gecko) Chrome/131.0.0.0 Safari/537.36; compatible; OAI-SearchBot/1.4; robots.txt; +https://openai.com/searchbot"
65.108.235.243 - - [05/Jun/2026:03:11:25 +0200] "POST /wp-cron.php?doing_wp_cron=1780621885.9109869003295898437500 HTTP/1.1" 200 1 "-" "WordPress/7.0; https://mantova.elettroservicegroup.it"
74.7.242.23 - - [05/Jun/2026:03:11:23 +0200] "GET /sitemap.rss HTTP/2.0" 404 383 "-" "Mozilla/5.0 AppleWebKit/537.36 (KHTML, like Gecko; compatible; GPTBot/1.4; +https://openai.com/gptbot)"
65.108.235.243 - - [05/Jun/2026:03:14:31 +0200] "POST /wp-cron.php?doing_wp_cron=1780622071.8861150741577148437500 HTTP/1.1" 200 1 "-" "WordPress/7.0; https://mantova.elettroservicegroup.it"
74.7.242.23 - - [05/Jun/2026:03:14:30 +0200] "GET /sitemap.xml HTTP/2.0" 415 339 "-" "Mozilla/5.0 AppleWebKit/537.36 (KHTML, like Gecko; compatible; GPTBot/1.4; +https://openai.com/gptbot)"
65.108.235.243 - - [05/Jun/2026:03:15:39 +0200] "POST /wp-cron.php?doing_wp_cron=1780622139.5372929573059082031250 HTTP/1.1" 200 1 "-" "WordPress/7.0; https://mantova.elettroservicegroup.it"
141.11.62.125 - - [05/Jun/2026:03:15:33 +0200] "HEAD / HTTP/1.1" 415 - "-" "Mozilla/5.0 (Macintosh; Intel Mac OS X 10_15_7) AppleWebKit/537.36 (KHTML, like Gecko) Chrome/147.0.0.0 Safari/537.36"
65.108.235.243 - - [05/Jun/2026:03:15:39 +0200] "POST /wp-cron.php?doing_wp_cron=1780622139.8485910892486572265625 HTTP/1.1" 200 1 "-" "WordPress/7.0; https://mantova.elettroservicegroup.it"
141.11.62.125 - - [05/Jun/2026:03:15:39 +0200] "GET /.git/HEAD HTTP/1.1" 404 17966 "-" "Mozilla/5.0 (Macintosh; Intel Mac OS X 15.7; rv:149.0) Gecko/20100101 Firefox/149.0"
141.11.62.125 - - [05/Jun/2026:03:15:39 +0200] "GET /.git/config HTTP/1.1" 404 17965 "-" "Mozilla/5.0 (Macintosh; Intel Mac OS X 15_7_5) AppleWebKit/605.1.15 (KHTML, like Gecko) Version/26.0 Safari/605.1.15"
65.108.235.243 - - [05/Jun/2026:04:03:20 +0200] "POST /wp-cron.php?doing_wp_cron=1780625000.0510239601135253906250 HTTP/1.1" 200 1 "-" "WordPress/7.0; https://mantova.elettroservicegroup.it"
216.73.216.251 - - [05/Jun/2026:04:03:17 +0200] "GET /robots.txt HTTP/2.0" 200 107 "-" "Mozilla/5.0 AppleWebKit/537.36 (KHTML, like Gecko; compatible; ClaudeBot/1.0; +claudebot@anthropic.com)"
216.73.216.251 - - [05/Jun/2026:04:03:20 +0200] "GET /wp-content/uploads/2018/02/post-4.jpg HTTP/2.0" 200 85314 "-" "Mozilla/5.0 AppleWebKit/537.36 (KHTML, like Gecko; compatible; ClaudeBot/1.0; +claudebot@anthropic.com)"
216.73.216.31 - - [05/Jun/2026:04:40:54 +0200] "GET /author/andrea/feed/ HTTP/2.0" 200 15405 "-" "Mozilla/5.0 AppleWebKit/537.36 (KHTML, like Gecko; compatible; ClaudeBot/1.0; +claudebot@anthropic.com)"
65.108.235.243 - - [05/Jun/2026:04:40:55 +0200] "POST /wp-cron.php?doing_wp_cron=1780627255.2892689704895019531250 HTTP/1.1" 200 1 "-" "WordPress/7.0; https://mantova.elettroservicegroup.it"
216.73.216.31 - - [05/Jun/2026:04:40:54 +0200] "GET /?p=13832 HTTP/2.0" 301 1 "-" "Mozilla/5.0 AppleWebKit/537.36 (KHTML, like Gecko; compatible; ClaudeBot/1.0; +claudebot@anthropic.com)"
216.73.216.31 - - [05/Jun/2026:04:40:55 +0200] "GET /post-8-2/ HTTP/2.0" 200 18739 "https://mantova.elettroservicegroup.it/?p=13832" "Mozilla/5.0 AppleWebKit/537.36 (KHTML, like Gecko; compatible; ClaudeBot/1.0; +claudebot@anthropic.com)"
216.73.216.176 - - [05/Jun/2026:05:33:07 +0200] "GET /robots.txt HTTP/2.0" 200 107 "-" "Mozilla/5.0 AppleWebKit/537.36 (KHTML, like Gecko; compatible; ClaudeBot/1.0; +claudebot@anthropic.com)"
65.108.235.243 - - [05/Jun/2026:05:40:18 +0200] "POST /wp-cron.php?doing_wp_cron=1780630818.6508390903472900390625 HTTP/1.1" 200 1 "-" "WordPress/7.0; https://mantova.elettroservicegroup.it"
216.73.216.176 - - [05/Jun/2026:05:40:17 +0200] "GET /sitemap.rss HTTP/2.0" 404 383 "-" "Mozilla/5.0 AppleWebKit/537.36 (KHTML, like Gecko; compatible; ClaudeBot/1.0; +claudebot@anthropic.com)"
216.73.216.176 - - [05/Jun/2026:05:54:40 +0200] "GET /wp-content/uploads/2018/02/post-9.jpg HTTP/2.0" 200 68192 "-" "Mozilla/5.0 AppleWebKit/537.36 (KHTML, like Gecko; compatible; ClaudeBot/1.0; +claudebot@anthropic.com)"
196.178.43.28 - - [05/Jun/2026:06:00:19 +0200] "POST /xmlrpc.php HTTP/1.1" 200 11844 "-" "Mozilla/5.0 (Windows NT 10.0; Win64; x64) AppleWebKit/537.36"
65.108.235.243 - - [05/Jun/2026:06:08:18 +0200] "POST /wp-cron.php?doing_wp_cron=1780632498.8367860317230224609375 HTTP/1.1" 200 1 "-" "WordPress/7.0; https://mantova.elettroservicegroup.it"
17.241.227.219 - - [05/Jun/2026:06:08:15 +0200] "GET /robots.txt HTTP/2.0" 200 193 "-" "Mozilla/5.0 (Macintosh; Intel Mac OS X 10_15_7) AppleWebKit/605.1.15 (KHTML, like Gecko) Version/17.4 Safari/605.1.15 (Applebot/0.1; +http://www.apple.com/go/applebot)"
17.241.227.219 - - [05/Jun/2026:06:08:19 +0200] "GET /feed/?attachment_id=13522 HTTP/2.0" 200 810 "-" "Mozilla/5.0 (Macintosh; Intel Mac OS X 10_15_7) AppleWebKit/605.1.15 (KHTML, like Gecko) Version/17.4 Safari/605.1.15 (Applebot/0.1; +http://www.apple.com/go/applebot)"
216.73.216.176 - - [05/Jun/2026:06:22:21 +0200] "GET /wp-includes/js/dist/i18n.min.js HTTP/2.0" 200 2333 "-" "Mozilla/5.0 AppleWebKit/537.36 (KHTML, like Gecko; compatible; ClaudeBot/1.0; +claudebot@anthropic.com)"
65.108.235.243 - - [05/Jun/2026:06:22:23 +0200] "POST /wp-cron.php?doing_wp_cron=1780633343.6334910392761230468750 HTTP/1.1" 200 1 "-" "WordPress/7.0; https://mantova.elettroservicegroup.it"
216.73.216.176 - - [05/Jun/2026:06:22:21 +0200] "GET /?p=15577 HTTP/2.0" 301 1 "-" "Mozilla/5.0 AppleWebKit/537.36 (KHTML, like Gecko; compatible; ClaudeBot/1.0; +claudebot@anthropic.com)"
216.73.216.176 - - [05/Jun/2026:06:22:23 +0200] "GET /vavada/ HTTP/2.0" 200 22668 "https://mantova.elettroservicegroup.it/?p=15577" "Mozilla/5.0 AppleWebKit/537.36 (KHTML, like Gecko; compatible; ClaudeBot/1.0; +claudebot@anthropic.com)"
65.108.235.243 - - [05/Jun/2026:06:22:24 +0200] "POST /wp-cron.php?doing_wp_cron=1780633344.8396720886230468750000 HTTP/1.1" 200 1 "-" "WordPress/7.0; https://mantova.elettroservicegroup.it"
216.73.216.176 - - [05/Jun/2026:06:22:21 +0200] "GET /?p=13833 HTTP/2.0" 503 21227 "-" "Mozilla/5.0 AppleWebKit/537.36 (KHTML, like Gecko; compatible; ClaudeBot/1.0; +claudebot@anthropic.com)"
65.108.235.243 - - [05/Jun/2026:06:44:29 +0200] "POST /wp-cron.php?doing_wp_cron=1780634669.2420039176940917968750 HTTP/1.1" 200 1 "-" "WordPress/7.0; https://mantova.elettroservicegroup.it"
216.73.216.176 - - [05/Jun/2026:06:44:26 +0200] "GET /robots.txt HTTP/2.0" 200 107 "-" "Mozilla/5.0 AppleWebKit/537.36 (KHTML, like Gecko; compatible; ClaudeBot/1.0; +claudebot@anthropic.com)"
216.73.216.176 - - [05/Jun/2026:06:44:29 +0200] "GET /sitemap.rss HTTP/2.0" 404 384 "-" "Mozilla/5.0 AppleWebKit/537.36 (KHTML, like Gecko; compatible; ClaudeBot/1.0; +claudebot@anthropic.com)"