216.73.217.47 - - [04/Jun/2026:22:55:53 +0200] "GET /feed/?attachment_id=14157 HTTP/2.0" 200 412 "-" "Mozilla/5.0 AppleWebKit/537.36 (KHTML, like Gecko; compatible; ClaudeBot/1.0; +claudebot@anthropic.com)"
65.108.235.243 - - [04/Jun/2026:23:01:47 +0200] "POST /wp-cron.php?doing_wp_cron=1780606907.4755721092224121093750 HTTP/1.1" 200 1 "-" "WordPress/7.0; https://brescia.elettroservicegroup.it"
216.73.217.47 - - [04/Jun/2026:23:01:41 +0200] "GET /sitemap.xml HTTP/2.0" 200 340 "-" "Mozilla/5.0 AppleWebKit/537.36 (KHTML, like Gecko; compatible; ClaudeBot/1.0; +claudebot@anthropic.com)"
65.108.235.243 - - [04/Jun/2026:23:07:39 +0200] "POST /wp-cron.php?doing_wp_cron=1780607259.5775380134582519531250 HTTP/1.1" 200 1 "-" "WordPress/7.0; https://brescia.elettroservicegroup.it"
66.249.70.1 - - [04/Jun/2026:23:07:30 +0200] "GET / HTTP/1.1" 200 19892 "-" "Mozilla/5.0 (compatible; Googlebot/2.1; +http://www.google.com/bot.html)"
65.108.235.243 - - [04/Jun/2026:23:08:34 +0200] "POST /wp-cron.php?doing_wp_cron=1780607314.3853559494018554687500 HTTP/1.1" 200 1 "-" "WordPress/7.0; https://brescia.elettroservicegroup.it"
52.167.144.159 - - [04/Jun/2026:23:08:28 +0200] "GET / HTTP/2.0" 200 19892 "-" "Mozilla/5.0 AppleWebKit/537.36 (KHTML, like Gecko; compatible; bingbot/2.0; +http://www.bing.com/bingbot.htm) Chrome/116.0.1938.76 Safari/537.36"
65.108.235.243 - - [04/Jun/2026:23:11:26 +0200] "POST /wp-cron.php?doing_wp_cron=1780607486.3340721130371093750000 HTTP/1.1" 200 1 "-" "WordPress/7.0; https://brescia.elettroservicegroup.it"
216.73.217.47 - - [04/Jun/2026:23:11:25 +0200] "GET /sitemap.xml HTTP/2.0" 200 339 "-" "Mozilla/5.0 AppleWebKit/537.36 (KHTML, like Gecko; compatible; ClaudeBot/1.0; +claudebot@anthropic.com)"
65.108.235.243 - - [04/Jun/2026:23:11:42 +0200] "POST /wp-cron.php?doing_wp_cron=1780607502.1721789836883544921875 HTTP/1.1" 200 1 "-" "WordPress/7.0; https://brescia.elettroservicegroup.it"
187.61.247.197 - - [04/Jun/2026:23:11:41 +0200] "GET / HTTP/1.1" 200 102080 "-" "Mozilla/5.0 (Windows NT 10.0; Win64; x64) AppleWebKit/537.36 (KHTML, like Gecko) Chrome/124.0 Safari/537.36"
216.73.217.47 - - [04/Jun/2026:23:24:30 +0200] "GET /wp-content/uploads/2021/10/IMG-20211006-WA0012.jpg HTTP/2.0" 200 60229 "-" "Mozilla/5.0 AppleWebKit/537.36 (KHTML, like Gecko; compatible; ClaudeBot/1.0; +claudebot@anthropic.com)"
216.73.217.47 - - [04/Jun/2026:23:39:15 +0200] "GET /wp-content/uploads/2021/10/TECNICO-ELETTRODOMESTICI.jpg HTTP/2.0" 200 24210 "-" "Mozilla/5.0 AppleWebKit/537.36 (KHTML, like Gecko; compatible; ClaudeBot/1.0; +claudebot@anthropic.com)"
216.73.217.47 - - [04/Jun/2026:23:39:15 +0200] "GET /wp-content/uploads/2021/10/TECNICO-ELETTRODOMESTICI-300x211.jpg HTTP/2.0" 200 11180 "-" "Mozilla/5.0 AppleWebKit/537.36 (KHTML, like Gecko; compatible; ClaudeBot/1.0; +claudebot@anthropic.com)"
216.73.217.47 - - [04/Jun/2026:23:39:15 +0200] "GET /feed/?attachment_id=14158 HTTP/2.0" 200 415 "-" "Mozilla/5.0 AppleWebKit/537.36 (KHTML, like Gecko; compatible; ClaudeBot/1.0; +claudebot@anthropic.com)"
65.108.235.243 - - [04/Jun/2026:23:39:19 +0200] "POST /wp-cron.php?doing_wp_cron=1780609159.1867189407348632812500 HTTP/1.1" 200 1 "-" "WordPress/7.0; https://brescia.elettroservicegroup.it"
216.73.217.47 - - [04/Jun/2026:23:39:15 +0200] "GET /?p=14158 HTTP/2.0" 301 1 "-" "Mozilla/5.0 AppleWebKit/537.36 (KHTML, like Gecko; compatible; ClaudeBot/1.0; +claudebot@anthropic.com)"
216.73.217.47 - - [04/Jun/2026:23:39:19 +0200] "GET /tecnico-elettrodomestici/ HTTP/2.0" 200 18649 "https://brescia.elettroservicegroup.it/?p=14158" "Mozilla/5.0 AppleWebKit/537.36 (KHTML, like Gecko; compatible; ClaudeBot/1.0; +claudebot@anthropic.com)"
65.108.235.243 - - [04/Jun/2026:23:49:01 +0200] "POST /wp-cron.php?doing_wp_cron=1780609741.4996120929718017578125 HTTP/1.1" 200 1 "-" "WordPress/7.0; https://brescia.elettroservicegroup.it"
66.249.70.1 - - [04/Jun/2026:23:48:57 +0200] "GET /attachment-sitemap.xml HTTP/1.1" 200 2434 "-" "Mozilla/5.0 (compatible; Googlebot/2.1; +http://www.google.com/bot.html)"
65.108.235.243 - - [04/Jun/2026:23:56:23 +0200] "POST /wp-cron.php?doing_wp_cron=1780610183.1701760292053222656250 HTTP/1.1" 200 1 "-" "WordPress/7.0; https://brescia.elettroservicegroup.it"
216.73.217.47 - - [04/Jun/2026:23:56:21 +0200] "GET /robots.txt HTTP/2.0" 200 106 "-" "Mozilla/5.0 AppleWebKit/537.36 (KHTML, like Gecko; compatible; ClaudeBot/1.0; +claudebot@anthropic.com)"
216.73.217.47 - - [04/Jun/2026:23:56:52 +0200] "GET /wp-content/uploads/2021/11/TECNICO-ELETTRODOMESTICI-1-1-300x211.jpg HTTP/2.0" 200 11180 "-" "Mozilla/5.0 AppleWebKit/537.36 (KHTML, like Gecko; compatible; ClaudeBot/1.0; +claudebot@anthropic.com)"
65.108.235.243 - - [05/Jun/2026:00:03:59 +0200] "POST /wp-cron.php?doing_wp_cron=1780610639.4729409217834472656250 HTTP/1.1" 200 1 "-" "WordPress/7.0; https://brescia.elettroservicegroup.it"
216.73.217.47 - - [05/Jun/2026:00:03:58 +0200] "GET /?p=14157 HTTP/2.0" 301 1 "-" "Mozilla/5.0 AppleWebKit/537.36 (KHTML, like Gecko; compatible; ClaudeBot/1.0; +claudebot@anthropic.com)"
216.73.217.47 - - [05/Jun/2026:00:03:59 +0200] "GET /home-copertina-2/ HTTP/2.0" 200 18657 "https://brescia.elettroservicegroup.it/?p=14157" "Mozilla/5.0 AppleWebKit/537.36 (KHTML, like Gecko; compatible; ClaudeBot/1.0; +claudebot@anthropic.com)"
216.73.217.47 - - [05/Jun/2026:00:15:58 +0200] "GET /wp-content/uploads/2021/10/HOME-COPERTINA-2-300x121.jpg HTTP/2.0" 200 6810 "-" "Mozilla/5.0 AppleWebKit/537.36 (KHTML, like Gecko; compatible; ClaudeBot/1.0; +claudebot@anthropic.com)"
65.108.235.243 - - [05/Jun/2026:00:28:35 +0200] "POST /wp-cron.php?doing_wp_cron=1780612115.4419300556182861328125 HTTP/1.1" 200 1 "-" "WordPress/7.0; https://brescia.elettroservicegroup.it"
216.73.217.47 - - [05/Jun/2026:00:28:34 +0200] "GET /feed/?attachment_id=13791 HTTP/2.0" 200 390 "-" "Mozilla/5.0 AppleWebKit/537.36 (KHTML, like Gecko; compatible; ClaudeBot/1.0; +claudebot@anthropic.com)"
65.108.235.243 - - [05/Jun/2026:00:43:02 +0200] "POST /wp-cron.php?doing_wp_cron=1780612982.4179549217224121093750 HTTP/1.1" 200 1 "-" "WordPress/7.0; https://brescia.elettroservicegroup.it"
216.73.217.47 - - [05/Jun/2026:00:43:01 +0200] "GET /4-1-png HTTP/2.0" 301 1 "-" "Mozilla/5.0 AppleWebKit/537.36 (KHTML, like Gecko; compatible; ClaudeBot/1.0; +claudebot@anthropic.com)"
216.73.217.47 - - [05/Jun/2026:00:43:02 +0200] "GET /4-1-png/ HTTP/2.0" 200 18548 "https://brescia.elettroservicegroup.it/4-1-png" "Mozilla/5.0 AppleWebKit/537.36 (KHTML, like Gecko; compatible; ClaudeBot/1.0; +claudebot@anthropic.com)"
65.108.235.243 - - [05/Jun/2026:01:05:41 +0200] "POST /wp-cron.php?doing_wp_cron=1780614341.3368020057678222656250 HTTP/1.1" 200 1 "-" "WordPress/7.0; https://brescia.elettroservicegroup.it"
216.73.216.44 - - [05/Jun/2026:01:05:37 +0200] "GET /robots.txt HTTP/2.0" 200 106 "-" "Mozilla/5.0 AppleWebKit/537.36 (KHTML, like Gecko; compatible; ClaudeBot/1.0; +claudebot@anthropic.com)"
216.73.216.44 - - [05/Jun/2026:01:05:44 +0200] "GET /?p=14440 HTTP/2.0" 301 1 "-" "Mozilla/5.0 AppleWebKit/537.36 (KHTML, like Gecko; compatible; ClaudeBot/1.0; +claudebot@anthropic.com)"
216.73.216.44 - - [05/Jun/2026:01:05:44 +0200] "GET /?p=15475 HTTP/2.0" 301 1 "-" "Mozilla/5.0 AppleWebKit/537.36 (KHTML, like Gecko; compatible; ClaudeBot/1.0; +claudebot@anthropic.com)"
216.73.216.44 - - [05/Jun/2026:01:05:45 +0200] "GET /elettrodomestici-zoppas-jpg/ HTTP/2.0" 200 18636 "https://brescia.elettroservicegroup.it/?p=14440" "Mozilla/5.0 AppleWebKit/537.36 (KHTML, like Gecko; compatible; ClaudeBot/1.0; +claudebot@anthropic.com)"
216.73.216.44 - - [05/Jun/2026:01:05:45 +0200] "GET /tecnico-elettrodomestici-1-jpg-2/ HTTP/2.0" 200 18706 "https://brescia.elettroservicegroup.it/?p=15475" "Mozilla/5.0 AppleWebKit/537.36 (KHTML, like Gecko; compatible; ClaudeBot/1.0; +claudebot@anthropic.com)"
65.108.235.243 - - [05/Jun/2026:01:35:25 +0200] "POST /wp-cron.php?doing_wp_cron=1780616125.7606780529022216796875 HTTP/1.1" 200 1 "-" "WordPress/7.0; https://brescia.elettroservicegroup.it"
65.108.235.243 - - [05/Jun/2026:01:35:25 +0200] "POST /wp-cron.php?doing_wp_cron=1780616125.7606968879699707031250 HTTP/1.1" 200 1 "-" "WordPress/7.0; https://brescia.elettroservicegroup.it"
173.252.87.12 - - [05/Jun/2026:01:35:25 +0200] "GET /robots.txt HTTP/2.0" 200 193 "-" "facebookexternalhit/1.1 (+http://www.facebook.com/externalhit_uatext.php)"
173.252.87.43 - - [05/Jun/2026:01:35:24 +0200] "GET /robots.txt HTTP/2.0" 200 - "-" "facebookexternalhit/1.1 (+http://www.facebook.com/externalhit_uatext.php)"
65.108.235.243 - - [05/Jun/2026:01:52:47 +0200] "POST /wp-cron.php?doing_wp_cron=1780617167.4927809238433837890625 HTTP/1.1" 200 1 "-" "WordPress/7.0; https://brescia.elettroservicegroup.it"
216.73.216.217 - - [05/Jun/2026:01:52:46 +0200] "GET /feed/?attachment_id=14425 HTTP/2.0" 200 396 "-" "Mozilla/5.0 AppleWebKit/537.36 (KHTML, like Gecko; compatible; ClaudeBot/1.0; +claudebot@anthropic.com)"
65.108.235.243 - - [05/Jun/2026:02:03:16 +0200] "POST /wp-cron.php?doing_wp_cron=1780617796.2482140064239501953125 HTTP/1.1" 200 1 "-" "WordPress/7.0; https://brescia.elettroservicegroup.it"
216.73.216.217 - - [05/Jun/2026:02:03:14 +0200] "GET /feed/?attachment_id=15443 HTTP/2.0" 200 430 "-" "Mozilla/5.0 AppleWebKit/537.36 (KHTML, like Gecko; compatible; ClaudeBot/1.0; +claudebot@anthropic.com)"
65.108.235.243 - - [05/Jun/2026:02:58:13 +0200] "POST /wp-cron.php?doing_wp_cron=1780621093.5424408912658691406250 HTTP/1.1" 200 1 "-" "WordPress/7.0; https://brescia.elettroservicegroup.it"
216.73.216.44 - - [05/Jun/2026:02:58:10 +0200] "GET /robots.txt HTTP/2.0" 200 106 "-" "Mozilla/5.0 AppleWebKit/537.36 (KHTML, like Gecko; compatible; ClaudeBot/1.0; +claudebot@anthropic.com)"
65.108.235.243 - - [05/Jun/2026:03:05:28 +0200] "POST /wp-cron.php?doing_wp_cron=1780621528.6312839984893798828125 HTTP/1.1" 200 1 "-" "WordPress/7.0; https://brescia.elettroservicegroup.it"
176.65.139.233 - - [05/Jun/2026:03:05:17 +0200] "GET / HTTP/1.1" 301 - "-" "Mozilla/5.0 (Windows NT 10.0; Win64; x64) AppleWebKit/537.36 (KHTML, like Gecko) Chrome/147.0.0.0 Safari/537.36"
176.65.139.235 - - [05/Jun/2026:03:05:29 +0200] "GET / HTTP/1.1" 415 102080 "-" "Mozilla/5.0 (Windows NT 10.0; Win64; x64) AppleWebKit/537.36 (KHTML, like Gecko) Chrome/147.0.0.0 Safari/537.36"
65.108.235.243 - - [05/Jun/2026:03:29:23 +0200] "POST /wp-cron.php?doing_wp_cron=1780622963.8983440399169921875000 HTTP/1.1" 200 1 "-" "WordPress/7.0; https://brescia.elettroservicegroup.it"
216.73.216.141 - - [05/Jun/2026:03:29:22 +0200] "GET /wp-content/plugins/maintenance/load/js/jquery.frontend.js HTTP/2.0" 404 17880 "-" "Mozilla/5.0 AppleWebKit/537.36 (KHTML, like Gecko; compatible; ClaudeBot/1.0; +claudebot@anthropic.com)"
65.108.235.243 - - [05/Jun/2026:03:43:48 +0200] "POST /wp-cron.php?doing_wp_cron=1780623828.4445440769195556640625 HTTP/1.1" 200 1 "-" "WordPress/7.0; https://brescia.elettroservicegroup.it"
66.249.70.1 - - [05/Jun/2026:03:43:44 +0200] "GET /robots.txt HTTP/1.1" 200 106 "-" "Mozilla/5.0 (compatible; Googlebot/2.1; +http://www.google.com/bot.html)"
66.249.70.8 - - [05/Jun/2026:03:43:49 +0200] "GET /page-sitemap.xml HTTP/1.1" 404 282 "-" "Mozilla/5.0 (compatible; Googlebot/2.1; +http://www.google.com/bot.html)"
65.108.235.243 - - [05/Jun/2026:03:59:05 +0200] "POST /wp-cron.php?doing_wp_cron=1780624745.5465419292449951171875 HTTP/1.1" 200 1 "-" "WordPress/7.0; https://brescia.elettroservicegroup.it"
216.73.216.209 - - [05/Jun/2026:03:59:01 +0200] "GET /robots.txt HTTP/2.0" 200 106 "-" "Mozilla/5.0 AppleWebKit/537.36 (KHTML, like Gecko; compatible; ClaudeBot/1.0; +claudebot@anthropic.com)"
65.108.235.243 - - [05/Jun/2026:04:25:49 +0200] "POST /wp-cron.php?doing_wp_cron=1780626349.5750470161437988281250 HTTP/1.1" 200 1 "-" "WordPress/7.0; https://brescia.elettroservicegroup.it"
87.250.224.19 - - [05/Jun/2026:04:25:48 +0200] "GET /robots.txt HTTP/1.1" 200 193 "-" "Mozilla/5.0 (compatible; YandexBot/3.0; +http://yandex.com/bots)"
87.250.224.132 - - [05/Jun/2026:04:25:50 +0200] "GET /sitemap.xml HTTP/2.0" 200 719 "-" "Mozilla/5.0 (compatible; YandexBot/3.0; +http://yandex.com/bots)"
65.108.235.243 - - [05/Jun/2026:04:36:02 +0200] "POST /wp-cron.php?doing_wp_cron=1780626962.6314880847930908203125 HTTP/1.1" 200 1 "-" "WordPress/7.0; https://brescia.elettroservicegroup.it"
213.180.203.133 - - [05/Jun/2026:04:35:58 +0200] "GET /addl-sitemap.xml HTTP/2.0" 200 708 "-" "Mozilla/5.0 (compatible; YandexBot/3.0; +http://yandex.com/bots)"
65.108.235.243 - - [05/Jun/2026:05:17:44 +0200] "POST /wp-cron.php?doing_wp_cron=1780629464.2744779586791992187500 HTTP/1.1" 200 1 "-" "WordPress/7.0; https://brescia.elettroservicegroup.it"
216.73.216.176 - - [05/Jun/2026:05:17:43 +0200] "GET /robots.txt HTTP/2.0" 200 106 "-" "Mozilla/5.0 AppleWebKit/537.36 (KHTML, like Gecko; compatible; ClaudeBot/1.0; +claudebot@anthropic.com)"
216.73.216.176 - - [05/Jun/2026:05:17:44 +0200] "GET /sitemap.rss HTTP/2.0" 404 382 "-" "Mozilla/5.0 AppleWebKit/537.36 (KHTML, like Gecko; compatible; ClaudeBot/1.0; +claudebot@anthropic.com)"
65.108.235.243 - - [05/Jun/2026:05:25:19 +0200] "POST /wp-cron.php?doing_wp_cron=1780629919.6499879360198974609375 HTTP/1.1" 200 1 "-" "WordPress/7.0; https://brescia.elettroservicegroup.it"
104.210.140.143 - - [05/Jun/2026:05:25:18 +0200] "GET /robots.txt HTTP/2.0" 200 106 "-" "Mozilla/5.0 (Macintosh; Intel Mac OS X 10_15_7) AppleWebKit/537.36 (KHTML, like Gecko) Chrome/131.0.0.0 Safari/537.36; compatible; OAI-SearchBot/1.0; +https://openai.com/searchbot"
216.73.216.176 - - [05/Jun/2026:05:41:11 +0200] "GET /wp-content/uploads/2021/10/4-1.png HTTP/2.0" 200 6460 "-" "Mozilla/5.0 AppleWebKit/537.36 (KHTML, like Gecko; compatible; ClaudeBot/1.0; +claudebot@anthropic.com)"
216.73.216.176 - - [05/Jun/2026:05:42:32 +0200] "GET /wp-content/uploads/2021/10/Webp.net-resizeimage-1.png HTTP/2.0" 200 1558 "-" "Mozilla/5.0 AppleWebKit/537.36 (KHTML, like Gecko; compatible; ClaudeBot/1.0; +claudebot@anthropic.com)"
65.108.235.243 - - [05/Jun/2026:05:45:28 +0200] "POST /wp-cron.php?doing_wp_cron=1780631128.9538869857788085937500 HTTP/1.1" 200 1 "-" "WordPress/7.0; https://brescia.elettroservicegroup.it"
216.73.216.176 - - [05/Jun/2026:05:45:27 +0200] "GET /feed/?attachment_id=23 HTTP/2.0" 200 394 "-" "Mozilla/5.0 AppleWebKit/537.36 (KHTML, like Gecko; compatible; ClaudeBot/1.0; +claudebot@anthropic.com)"
190.20.64.107 - - [05/Jun/2026:06:00:17 +0200] "POST /xmlrpc.php HTTP/1.1" 200 11795 "-" "Mozilla/5.0 (Windows NT 10.0; Win64; x64) AppleWebKit/537.36"
65.108.235.243 - - [05/Jun/2026:06:07:16 +0200] "POST /wp-cron.php?doing_wp_cron=1780632436.8574199676513671875000 HTTP/1.1" 200 1 "-" "WordPress/7.0; https://brescia.elettroservicegroup.it"
17.241.219.72 - - [05/Jun/2026:06:07:13 +0200] "GET /robots.txt HTTP/2.0" 200 193 "-" "Mozilla/5.0 (Macintosh; Intel Mac OS X 10_15_7) AppleWebKit/605.1.15 (KHTML, like Gecko) Version/17.4 Safari/605.1.15 (Applebot/0.1; +http://www.apple.com/go/applebot)"
17.241.219.72 - - [05/Jun/2026:06:07:17 +0200] "GET /feed/?attachment_id=15385 HTTP/2.0" 200 834 "-" "Mozilla/5.0 (Macintosh; Intel Mac OS X 10_15_7) AppleWebKit/605.1.15 (KHTML, like Gecko) Version/17.4 Safari/605.1.15 (Applebot/0.1; +http://www.apple.com/go/applebot)"
65.108.235.243 - - [05/Jun/2026:06:21:09 +0200] "POST /wp-cron.php?doing_wp_cron=1780633269.7531878948211669921875 HTTP/1.1" 200 1 "-" "WordPress/7.0; https://brescia.elettroservicegroup.it"
216.73.216.176 - - [05/Jun/2026:06:21:08 +0200] "GET /robots.txt HTTP/2.0" 200 106 "-" "Mozilla/5.0 AppleWebKit/537.36 (KHTML, like Gecko; compatible; ClaudeBot/1.0; +claudebot@anthropic.com)"
65.108.235.243 - - [05/Jun/2026:06:27:16 +0200] "POST /wp-cron.php?doing_wp_cron=1780633636.9130630493164062500000 HTTP/1.1" 200 1 "-" "WordPress/7.0; https://brescia.elettroservicegroup.it"
216.73.216.176 - - [05/Jun/2026:06:27:15 +0200] "GET /feed/?attachment_id=15475 HTTP/2.0" 200 421 "-" "Mozilla/5.0 AppleWebKit/537.36 (KHTML, like Gecko; compatible; ClaudeBot/1.0; +claudebot@anthropic.com)"
65.108.235.243 - - [05/Jun/2026:06:45:20 +0200] "POST /wp-cron.php?doing_wp_cron=1780634720.2624740600585937500000 HTTP/1.1" 200 1 "-" "WordPress/7.0; https://brescia.elettroservicegroup.it"
216.73.216.176 - - [05/Jun/2026:06:45:18 +0200] "GET /sitemap.xml HTTP/2.0" 200 338 "-" "Mozilla/5.0 AppleWebKit/537.36 (KHTML, like Gecko; compatible; ClaudeBot/1.0; +claudebot@anthropic.com)"
65.108.235.243 - - [05/Jun/2026:06:57:41 +0200] "POST /wp-cron.php?doing_wp_cron=1780635461.9857790470123291015625 HTTP/1.1" 200 1 "-" "WordPress/7.0; https://brescia.elettroservicegroup.it"
216.73.216.176 - - [05/Jun/2026:06:57:40 +0200] "GET /feed/?attachment_id=14433 HTTP/2.0" 200 397 "-" "Mozilla/5.0 AppleWebKit/537.36 (KHTML, like Gecko; compatible; ClaudeBot/1.0; +claudebot@anthropic.com)"
65.108.235.243 - - [05/Jun/2026:07:00:50 +0200] "POST /wp-cron.php?doing_wp_cron=1780635650.2241010665893554687500 HTTP/1.1" 200 1 "-" "WordPress/7.0; https://brescia.elettroservicegroup.it"
79.127.224.109 - - [05/Jun/2026:07:00:47 +0200] "GET /wp-login.php HTTP/1.1" 200 9036 "https://brescia.elettroservicegroup.it/wp-login.php" "Opera/9.80 (Windows NT 6.1; WOW64; MRA 8.0 (build 5880)) Presto/2.12.388 Version/12.12"
79.127.224.109 - - [05/Jun/2026:07:00:52 +0200] "POST /wp-login.php HTTP/1.1" 200 9485 "https://brescia.elettroservicegroup.it/wp-login.php" "Opera/9.80 (Windows NT 6.1; WOW64; MRA 8.0 (build 5880)) Presto/2.12.388 Version/12.12"
103.110.161.173 - - [05/Jun/2026:07:11:42 +0200] "GET /wp-content/uploads/2021/11/copertina-Riparazione_Lavastoviglie-1-1.jpg HTTP/2.0" 200 35425 "https://brescia.elettroservicegroup.it/" "Mozilla/5.0 (Macintosh; Intel Mac OS X 10_15_7) AppleWebKit/537.36 (KHTML, like Gecko) Chrome/130.0.0.0 Safari/537.36"
65.108.235.243 - - [05/Jun/2026:07:42:54 +0200] "POST /wp-cron.php?doing_wp_cron=1780638174.3503310680389404296875 HTTP/1.1" 200 1 "-" "WordPress/7.0; https://brescia.elettroservicegroup.it"
216.73.216.176 - - [05/Jun/2026:07:42:53 +0200] "GET /robots.txt HTTP/2.0" 200 106 "-" "Mozilla/5.0 AppleWebKit/537.36 (KHTML, like Gecko; compatible; ClaudeBot/1.0; +claudebot@anthropic.com)"
216.73.216.176 - - [05/Jun/2026:07:42:54 +0200] "GET /?p=15443 HTTP/2.0" 301 1 "-" "Mozilla/5.0 AppleWebKit/537.36 (KHTML, like Gecko; compatible; ClaudeBot/1.0; +claudebot@anthropic.com)"
216.73.216.176 - - [05/Jun/2026:07:42:54 +0200] "GET /tecnico-elettrodomestici-3-jpg/ HTTP/2.0" 200 18602 "https://brescia.elettroservicegroup.it/?p=15443" "Mozilla/5.0 AppleWebKit/537.36 (KHTML, like Gecko; compatible; ClaudeBot/1.0; +claudebot@anthropic.com)"
65.108.235.243 - - [05/Jun/2026:08:11:29 +0200] "POST /wp-cron.php?doing_wp_cron=1780639889.3536269664764404296875 HTTP/1.1" 200 1 "-" "WordPress/7.0; https://brescia.elettroservicegroup.it"
66.249.70.8 - - [05/Jun/2026:08:11:27 +0200] "GET /addl-sitemap.xml HTTP/1.1" 200 370 "-" "Mozilla/5.0 (compatible; Googlebot/2.1; +http://www.google.com/bot.html)"
65.108.235.243 - - [05/Jun/2026:08:24:08 +0200] "POST /wp-cron.php?doing_wp_cron=1780640648.4390950202941894531250 HTTP/1.1" 200 1 "-" "WordPress/7.0; https://brescia.elettroservicegroup.it"
176.65.139.233 - - [05/Jun/2026:08:23:59 +0200] "GET / HTTP/1.1" 415 102080 "-" "Mozilla/5.0 (Windows NT 10.0; Win64; x64) AppleWebKit/537.36 (KHTML, like Gecko) Chrome/147.0.0.0 Safari/537.36"
65.108.235.243 - - [05/Jun/2026:08:24:11 +0200] "POST /wp-cron.php HTTP/1.1" 200 1 "-" "WordPress/7.0; https://brescia.elettroservicegroup.it"
65.108.235.243 - - [05/Jun/2026:08:24:12 +0200] "GET / HTTP/1.1" 200 19893 "-" "WordPress/7.0; https://brescia.elettroservicegroup.it"
65.108.235.243 - - [05/Jun/2026:08:24:13 +0200] "GET / HTTP/1.1" 200 19893 "-" "WordPress/7.0; https://brescia.elettroservicegroup.it"
65.108.235.243 - - [05/Jun/2026:08:24:15 +0200] "GET / HTTP/1.1" 200 19893 "-" "WordPress/7.0; https://brescia.elettroservicegroup.it"
65.108.235.243 - - [05/Jun/2026:08:24:18 +0200] "GET / HTTP/1.1" 200 19893 "-" "WordPress/7.0; https://brescia.elettroservicegroup.it"
65.108.235.243 - - [05/Jun/2026:09:24:48 +0200] "POST /wp-cron.php?doing_wp_cron=1780644288.3632829189300537109375 HTTP/1.1" 200 1 "-" "WordPress/7.0; https://brescia.elettroservicegroup.it"
216.73.216.176 - - [05/Jun/2026:09:24:42 +0200] "GET /robots.txt HTTP/2.0" 200 106 "-" "Mozilla/5.0 AppleWebKit/537.36 (KHTML, like Gecko; compatible; ClaudeBot/1.0; +claudebot@anthropic.com)"
65.108.235.243 - - [05/Jun/2026:09:43:26 +0200] "POST /wp-cron.php?doing_wp_cron=1780645406.7414588928222656250000 HTTP/1.1" 200 1 "-" "WordPress/7.0; https://brescia.elettroservicegroup.it"
209.50.165.52 - - [05/Jun/2026:09:43:23 +0200] "GET /wp-login.php HTTP/1.1" 302 - "https://brescia.elettroservicegroup.it/wp-login.php" "Mozilla/5.0 (Windows NT 6.3; WOW64) AppleWebKit/537.36 (KHTML, like Gecko) Chrome/33.0.1750.154 YaBrowser/14.4.1750.13664 Safari/537.36"
209.50.165.52 - - [05/Jun/2026:09:43:27 +0200] "GET /wp-login.php HTTP/1.1" 302 - "https://brescia.elettroservicegroup.it/wp-login.php" "Mozilla/5.0 (Windows NT 6.3; WOW64) AppleWebKit/537.36 (KHTML, like Gecko) Chrome/33.0.1750.154 YaBrowser/14.4.1750.13664 Safari/537.36"
209.50.165.52 - - [05/Jun/2026:09:43:28 +0200] "GET /wp-login.php HTTP/1.1" 302 - "https://brescia.elettroservicegroup.it/wp-login.php" "Mozilla/5.0 (Windows NT 6.3; WOW64) AppleWebKit/537.36 (KHTML, like Gecko) Chrome/33.0.1750.154 YaBrowser/14.4.1750.13664 Safari/537.36"
209.50.165.52 - - [05/Jun/2026:09:43:29 +0200] "GET /wp-login.php HTTP/1.1" 302 - "https://brescia.elettroservicegroup.it/wp-login.php" "Mozilla/5.0 (Windows NT 6.3; WOW64) AppleWebKit/537.36 (KHTML, like Gecko) Chrome/33.0.1750.154 YaBrowser/14.4.1750.13664 Safari/537.36"
209.50.165.52 - - [05/Jun/2026:09:43:30 +0200] "GET /wp-login.php HTTP/1.1" 302 - "https://brescia.elettroservicegroup.it/wp-login.php" "Mozilla/5.0 (Windows NT 6.3; WOW64) AppleWebKit/537.36 (KHTML, like Gecko) Chrome/33.0.1750.154 YaBrowser/14.4.1750.13664 Safari/537.36"
45.3.43.11 - - [05/Jun/2026:09:43:31 +0200] "GET /wp-login.php HTTP/1.1" 200 9036 "https://brescia.elettroservicegroup.it/wp-login.php" "Mozilla/5.0 (Windows NT 6.3; WOW64) AppleWebKit/537.36 (KHTML, like Gecko) Chrome/33.0.1750.154 YaBrowser/14.4.1750.13664 Safari/537.36"
45.3.43.11 - - [05/Jun/2026:09:43:34 +0200] "POST /wp-login.php HTTP/1.1" 200 9485 "https://brescia.elettroservicegroup.it/wp-login.php" "Mozilla/5.0 (Windows NT 6.3; WOW64) AppleWebKit/537.36 (KHTML, like Gecko) Chrome/33.0.1750.154 YaBrowser/14.4.1750.13664 Safari/537.36"
65.108.235.243 - - [05/Jun/2026:09:50:22 +0200] "POST /wp-cron.php?doing_wp_cron=1780645822.3428540229797363281250 HTTP/1.1" 200 1 "-" "WordPress/7.0; https://brescia.elettroservicegroup.it"
52.167.144.57 - - [05/Jun/2026:09:50:15 +0200] "GET /robots.txt HTTP/2.0" 200 106 "-" "Mozilla/5.0 AppleWebKit/537.36 (KHTML, like Gecko; compatible; bingbot/2.0; +http://www.bing.com/bingbot.htm) Chrome/116.0.1938.76 Safari/537.36"
65.108.235.243 - - [05/Jun/2026:09:50:28 +0200] "POST /wp-cron.php?doing_wp_cron=1780645828.7339510917663574218750 HTTP/1.1" 200 1 "-" "WordPress/7.0; https://brescia.elettroservicegroup.it"
52.167.144.193 - - [05/Jun/2026:09:50:27 +0200] "GET /addl-sitemap.xml HTTP/2.0" 200 370 "-" "Mozilla/5.0 AppleWebKit/537.36 (KHTML, like Gecko; compatible; bingbot/2.0; +http://www.bing.com/bingbot.htm) Chrome/116.0.1938.76 Safari/537.36"
65.108.235.243 - - [05/Jun/2026:09:52:21 +0200] "POST /wp-cron.php?doing_wp_cron=1780645941.7370049953460693359375 HTTP/1.1" 200 1 "-" "WordPress/7.0; https://brescia.elettroservicegroup.it"
216.73.216.176 - - [05/Jun/2026:09:52:18 +0200] "GET /sitemap.rss HTTP/2.0" 404 382 "-" "Mozilla/5.0 AppleWebKit/537.36 (KHTML, like Gecko; compatible; ClaudeBot/1.0; +claudebot@anthropic.com)"
65.108.235.243 - - [05/Jun/2026:10:00:14 +0200] "POST /wp-cron.php?doing_wp_cron=1780646414.1442921161651611328125 HTTP/1.1" 200 1 "-" "WordPress/7.0; https://brescia.elettroservicegroup.it"
216.73.216.176 - - [05/Jun/2026:10:00:12 +0200] "GET /?p=23 HTTP/2.0" 301 1 "-" "Mozilla/5.0 AppleWebKit/537.36 (KHTML, like Gecko; compatible; ClaudeBot/1.0; +claudebot@anthropic.com)"
216.73.216.176 - - [05/Jun/2026:10:00:14 +0200] "GET /4-1-png/ HTTP/2.0" 200 18549 "https://brescia.elettroservicegroup.it/?p=23" "Mozilla/5.0 AppleWebKit/537.36 (KHTML, like Gecko; compatible; ClaudeBot/1.0; +claudebot@anthropic.com)"
65.108.235.243 - - [05/Jun/2026:10:52:59 +0200] "POST /wp-cron.php?doing_wp_cron=1780649579.7360010147094726562500 HTTP/1.1" 200 1 "-" "WordPress/7.0; https://brescia.elettroservicegroup.it"
216.73.216.176 - - [05/Jun/2026:10:52:53 +0200] "GET /robots.txt HTTP/2.0" 200 106 "-" "Mozilla/5.0 AppleWebKit/537.36 (KHTML, like Gecko; compatible; ClaudeBot/1.0; +claudebot@anthropic.com)"