65.108.235.243 - - [20/Jun/2026:14:52:45 +0200] "POST /wp-cron.php?doing_wp_cron=1781959965.5817809104919433593750 HTTP/1.1" 200 1 "-" "WordPress/7.0; https://parma.elettroservicegroup.it"
104.210.140.141 - - [20/Jun/2026:14:52:43 +0200] "GET /robots.txt HTTP/2.0" 200 104 "-" "Mozilla/5.0 (Macintosh; Intel Mac OS X 10_15_7) AppleWebKit/537.36 (KHTML, like Gecko) Chrome/131.0.0.0 Safari/537.36; compatible; OAI-SearchBot/1.0; +https://openai.com/searchbot"
65.108.235.243 - - [20/Jun/2026:14:54:20 +0200] "POST /wp-content/plugins/burst-statistics/endpoint.php HTTP/1.1" 200 1 "-" "WordPress/7.0; https://parma.elettroservicegroup.it"
65.108.235.243 - - [20/Jun/2026:14:54:20 +0200] "POST /wp-content/plugins/burst-statistics/endpoint.php HTTP/1.1" 200 1 "-" "WordPress/7.0; https://parma.elettroservicegroup.it"
65.108.235.243 - - [20/Jun/2026:14:54:22 +0200] "POST /wp-cron.php?doing_wp_cron=1781960062.5859239101409912109375 HTTP/1.1" 200 1 "-" "WordPress/7.0; https://parma.elettroservicegroup.it"
142.250.32.101 - - [20/Jun/2026:14:54:12 +0200] "GET /.well-known/traffic-advice HTTP/1.1" 404 16983 "-" "Chrome Privacy Preserving Prefetch Proxy"
72.14.201.20 - - [20/Jun/2026:14:54:13 +0200] "GET /assistenza-rex-electrolux-parma/ HTTP/2.0" 200 - "https://www.google.com/" "Mozilla/5.0 (Linux; Android 10; K) AppleWebKit/537.36 (KHTML, like Gecko) Chrome/149.0.0.0 Mobile Safari/537.36"
40.77.167.43 - - [20/Jun/2026:14:57:46 +0200] "GET /privacy-statement-eu/ HTTP/2.0" 200 20293 "-" "Mozilla/5.0 AppleWebKit/537.36 (KHTML, like Gecko; compatible; bingbot/2.0; +http://www.bing.com/bingbot.htm) Chrome/116.0.1938.76 Safari/537.36"
20.215.220.103 - - [20/Jun/2026:15:03:22 +0200] "GET / HTTP/2.0" 200 22283 "-" "Mozilla/5.0 AppleWebKit/537.36 (KHTML, like Gecko); compatible; ChatGPT-User/1.0; +https://openai.com/bot"
74.7.229.116 - - [20/Jun/2026:15:03:55 +0200] "GET / HTTP/2.0" 415 22283 "-" "Mozilla/5.0 (Macintosh; Intel Mac OS X 10_15_7) AppleWebKit/537.36 (KHTML, like Gecko) Chrome/131.0.0.0 Safari/537.36; compatible; OAI-SearchBot/1.4; +https://openai.com/searchbot"
65.108.235.243 - - [20/Jun/2026:15:03:57 +0200] "POST /wp-cron.php?doing_wp_cron=1781960637.6780679225921630859375 HTTP/1.1" 200 1 "-" "WordPress/7.0; https://parma.elettroservicegroup.it"
74.7.241.180 - - [20/Jun/2026:15:03:55 +0200] "GET /robots.txt HTTP/2.0" 200 104 "-" "Mozilla/5.0 (Macintosh; Intel Mac OS X 10_15_7) AppleWebKit/537.36 (KHTML, like Gecko) Chrome/131.0.0.0 Safari/537.36; compatible; OAI-SearchBot/1.4; robots.txt; +https://openai.com/searchbot"
65.108.235.243 - - [20/Jun/2026:15:04:00 +0200] "POST /wp-json/complianz/v1/wsc-scan HTTP/1.1" 400 88 "-" "WordPress/7.0; https://parma.elettroservicegroup.it"
20.215.220.107 - - [20/Jun/2026:15:04:19 +0200] "GET / HTTP/2.0" 200 22283 "-" "Mozilla/5.0 AppleWebKit/537.36 (KHTML, like Gecko); compatible; ChatGPT-User/1.0; +https://openai.com/bot"
65.108.235.243 - - [20/Jun/2026:15:07:01 +0200] "POST /wp-cron.php?doing_wp_cron=1781960821.5203049182891845703125 HTTP/1.1" 200 1 "-" "WordPress/7.0; https://parma.elettroservicegroup.it"
46.100.175.179 - - [20/Jun/2026:15:06:59 +0200] "GET /wp-json/ HTTP/1.1" 200 16808 "-" "Mozilla/5.0 (compatible; MSIE 5.0; Windows NT 5.1; Trident/5.0)"
179.9.160.148 - - [20/Jun/2026:15:17:58 +0200] "GET /wp-content/uploads/2021/10/TECNICO-ELETTRODOMESTICI-10.jpg HTTP/1.1" 200 24210 "https://parma.elettroservicegroup.it/assistenza-whirlpool-fidenza/" "Mozilla/5.0 (X11; Linux i686 on x86_64) AppleWebKit/537.36 (KHTML, like Gecko) Chrome/66.0.3359.170 Safari/537.36 OPR/52.0.2871.64"
52.167.144.161 - - [20/Jun/2026:15:40:58 +0200] "GET /wp-content/uploads/2022/01/tecnico-elettro-300x200-1.jpg HTTP/2.0" 200 15134 "-" "Mozilla/5.0 AppleWebKit/537.36 (KHTML, like Gecko; compatible; bingbot/2.0; +http://www.bing.com/bingbot.htm) Chrome/116.0.1938.76 Safari/537.36"
65.108.235.243 - - [20/Jun/2026:16:32:39 +0200] "POST /wp-cron.php?doing_wp_cron=1781965959.9859030246734619140625 HTTP/1.1" 200 1 "-" "WordPress/7.0; https://parma.elettroservicegroup.it"
74.7.243.245 - - [20/Jun/2026:16:32:33 +0200] "GET /sitemap.rss HTTP/2.0" 415 1348 "-" "Mozilla/5.0 AppleWebKit/537.36 (KHTML, like Gecko; compatible; GPTBot/1.4; +https://openai.com/gptbot)"
65.108.235.243 - - [20/Jun/2026:16:32:41 +0200] "POST /wp-json/complianz/v1/wsc-scan HTTP/1.1" 400 88 "-" "WordPress/7.0; https://parma.elettroservicegroup.it"
193.186.4.96 - - [20/Jun/2026:16:33:58 +0200] "GET /assistenza-ariston-parma/ HTTP/2.0" 200 - "https://www.google.com/" "Mozilla/5.0 (Windows NT 10.0; Win64; x64) AppleWebKit/537.36 (KHTML, like Gecko) Chrome/147.0.0.0 Safari/537.36"
65.108.235.243 - - [20/Jun/2026:16:34:07 +0200] "POST /wp-cron.php?doing_wp_cron=1781966047.4764480590820312500000 HTTP/1.1" 200 1 "-" "WordPress/7.0; https://parma.elettroservicegroup.it"
142.250.32.102 - - [20/Jun/2026:16:33:58 +0200] "GET /.well-known/traffic-advice HTTP/1.1" 404 17002 "-" "Chrome Privacy Preserving Prefetch Proxy"
93.36.218.34 - - [20/Jun/2026:16:34:14 +0200] "GET /assistenza-ariston-parma/ HTTP/2.0" 200 22750 "https://www.google.com/" "Mozilla/5.0 (Windows NT 10.0; Win64; x64) AppleWebKit/537.36 (KHTML, like Gecko) Chrome/147.0.0.0 Safari/537.36"
93.36.218.34 - - [20/Jun/2026:16:34:15 +0200] "GET /wp-content/uploads/elementor/css/post-14146.css?ver=1781190898 HTTP/2.0" 200 428 "https://parma.elettroservicegroup.it/assistenza-ariston-parma/" "Mozilla/5.0 (Windows NT 10.0; Win64; x64) AppleWebKit/537.36 (KHTML, like Gecko) Chrome/147.0.0.0 Safari/537.36"
93.36.218.34 - - [20/Jun/2026:16:34:15 +0200] "GET /wp-content/cache/wpfc-minified/9aoba38s/2riv0.css HTTP/2.0" 200 418 "https://parma.elettroservicegroup.it/assistenza-ariston-parma/" "Mozilla/5.0 (Windows NT 10.0; Win64; x64) AppleWebKit/537.36 (KHTML, like Gecko) Chrome/147.0.0.0 Safari/537.36"
93.36.218.34 - - [20/Jun/2026:16:34:15 +0200] "GET /wp-content/uploads/elementor/css/post-17270.css?ver=1781267628 HTTP/2.0" 200 2155 "https://parma.elettroservicegroup.it/assistenza-ariston-parma/" "Mozilla/5.0 (Windows NT 10.0; Win64; x64) AppleWebKit/537.36 (KHTML, like Gecko) Chrome/147.0.0.0 Safari/537.36"
93.36.218.34 - - [20/Jun/2026:16:34:15 +0200] "GET /wp-content/cache/wpfc-minified/f4mpgdct/2riv0.css HTTP/2.0" 200 7521 "https://parma.elettroservicegroup.it/assistenza-ariston-parma/" "Mozilla/5.0 (Windows NT 10.0; Win64; x64) AppleWebKit/537.36 (KHTML, like Gecko) Chrome/147.0.0.0 Safari/537.36"
93.36.218.34 - - [20/Jun/2026:16:34:15 +0200] "GET /wp-content/uploads/2021/10/cropped-logo_white_background.png HTTP/2.0" 200 16623 "https://parma.elettroservicegroup.it/assistenza-ariston-parma/" "Mozilla/5.0 (Windows NT 10.0; Win64; x64) AppleWebKit/537.36 (KHTML, like Gecko) Chrome/147.0.0.0 Safari/537.36"
93.36.218.34 - - [20/Jun/2026:16:34:15 +0200] "GET /wp-content/uploads/elementor/css/post-14366.css?ver=1781190898 HTTP/2.0" 200 302 "https://parma.elettroservicegroup.it/assistenza-ariston-parma/" "Mozilla/5.0 (Windows NT 10.0; Win64; x64) AppleWebKit/537.36 (KHTML, like Gecko) Chrome/147.0.0.0 Safari/537.36"
93.36.218.34 - - [20/Jun/2026:16:34:15 +0200] "GET /wp-content/uploads/2021/10/cropped-cropped-cropped-logo_white_background.png HTTP/2.0" 200 38971 "https://parma.elettroservicegroup.it/assistenza-ariston-parma/" "Mozilla/5.0 (Windows NT 10.0; Win64; x64) AppleWebKit/537.36 (KHTML, like Gecko) Chrome/147.0.0.0 Safari/537.36"
93.36.218.34 - - [20/Jun/2026:16:34:15 +0200] "GET /wp-content/cache/wpfc-minified/mbb024jo/2riv0.css HTTP/2.0" 200 11331 "https://parma.elettroservicegroup.it/assistenza-ariston-parma/" "Mozilla/5.0 (Windows NT 10.0; Win64; x64) AppleWebKit/537.36 (KHTML, like Gecko) Chrome/147.0.0.0 Safari/537.36"
93.36.218.34 - - [20/Jun/2026:16:34:15 +0200] "GET /wp-content/plugins/gp-premium/menu-plus/functions/js/sticky.min.js?ver=2.5.5 HTTP/2.0" 200 2670 "https://parma.elettroservicegroup.it/assistenza-ariston-parma/" "Mozilla/5.0 (Windows NT 10.0; Win64; x64) AppleWebKit/537.36 (KHTML, like Gecko) Chrome/147.0.0.0 Safari/537.36"
93.36.218.34 - - [20/Jun/2026:16:34:15 +0200] "GET /wp-content/cache/wpfc-minified/eqzpooq2/2riv0.css HTTP/2.0" 200 4410 "https://parma.elettroservicegroup.it/assistenza-ariston-parma/" "Mozilla/5.0 (Windows NT 10.0; Win64; x64) AppleWebKit/537.36 (KHTML, like Gecko) Chrome/147.0.0.0 Safari/537.36"
93.36.218.34 - - [20/Jun/2026:16:34:15 +0200] "GET /wp-content/cache/wpfc-minified/7aujoglc/2riv0.css HTTP/2.0" 200 16439 "https://parma.elettroservicegroup.it/assistenza-ariston-parma/" "Mozilla/5.0 (Windows NT 10.0; Win64; x64) AppleWebKit/537.36 (KHTML, like Gecko) Chrome/147.0.0.0 Safari/537.36"
93.36.218.34 - - [20/Jun/2026:16:34:15 +0200] "GET /wp-content/cache/wpfc-minified/bwue548/2riv0.css HTTP/2.0" 200 19030 "https://parma.elettroservicegroup.it/assistenza-ariston-parma/" "Mozilla/5.0 (Windows NT 10.0; Win64; x64) AppleWebKit/537.36 (KHTML, like Gecko) Chrome/147.0.0.0 Safari/537.36"
93.36.218.34 - - [20/Jun/2026:16:34:15 +0200] "GET /wp-content/cache/wpfc-minified/fpvwzn7j/2riv0.css HTTP/2.0" 200 14485 "https://parma.elettroservicegroup.it/assistenza-ariston-parma/" "Mozilla/5.0 (Windows NT 10.0; Win64; x64) AppleWebKit/537.36 (KHTML, like Gecko) Chrome/147.0.0.0 Safari/537.36"
93.36.218.34 - - [20/Jun/2026:16:34:15 +0200] "GET /wp-content/cache/wpfc-minified/1yrs8cf2/2riv0.js HTTP/2.0" 200 42415 "https://parma.elettroservicegroup.it/assistenza-ariston-parma/" "Mozilla/5.0 (Windows NT 10.0; Win64; x64) AppleWebKit/537.36 (KHTML, like Gecko) Chrome/147.0.0.0 Safari/537.36"
93.36.218.34 - - [20/Jun/2026:16:34:15 +0200] "GET /wp-content/plugins/elementor/assets/js/webpack.runtime.min.js?ver=4.1.3 HTTP/2.0" 200 2340 "https://parma.elettroservicegroup.it/assistenza-ariston-parma/" "Mozilla/5.0 (Windows NT 10.0; Win64; x64) AppleWebKit/537.36 (KHTML, like Gecko) Chrome/147.0.0.0 Safari/537.36"
93.36.218.34 - - [20/Jun/2026:16:34:15 +0200] "GET /wp-content/plugins/elementor/assets/js/frontend-modules.min.js?ver=4.1.3 HTTP/2.0" 200 15454 "https://parma.elettroservicegroup.it/assistenza-ariston-parma/" "Mozilla/5.0 (Windows NT 10.0; Win64; x64) AppleWebKit/537.36 (KHTML, like Gecko) Chrome/147.0.0.0 Safari/537.36"
93.36.218.34 - - [20/Jun/2026:16:34:15 +0200] "GET /wp-includes/js/jquery/ui/core.min.js?ver=1.13.3 HTTP/2.0" 200 6820 "https://parma.elettroservicegroup.it/assistenza-ariston-parma/" "Mozilla/5.0 (Windows NT 10.0; Win64; x64) AppleWebKit/537.36 (KHTML, like Gecko) Chrome/147.0.0.0 Safari/537.36"
93.36.218.34 - - [20/Jun/2026:16:34:15 +0200] "GET /wp-content/plugins/elementor/assets/js/frontend.min.js?ver=4.1.3 HTTP/2.0" 200 10140 "https://parma.elettroservicegroup.it/assistenza-ariston-parma/" "Mozilla/5.0 (Windows NT 10.0; Win64; x64) AppleWebKit/537.36 (KHTML, like Gecko) Chrome/147.0.0.0 Safari/537.36"
93.36.218.34 - - [20/Jun/2026:16:34:15 +0200] "GET /wp-content/themes/generatepress/assets/js/menu.min.js?ver=3.6.1 HTTP/2.0" 200 1688 "https://parma.elettroservicegroup.it/assistenza-ariston-parma/" "Mozilla/5.0 (Windows NT 10.0; Win64; x64) AppleWebKit/537.36 (KHTML, like Gecko) Chrome/147.0.0.0 Safari/537.36"
93.36.218.34 - - [20/Jun/2026:16:34:15 +0200] "GET /wp-content/themes/generatepress/assets/js/back-to-top.min.js?ver=3.6.1 HTTP/2.0" 200 336 "https://parma.elettroservicegroup.it/assistenza-ariston-parma/" "Mozilla/5.0 (Windows NT 10.0; Win64; x64) AppleWebKit/537.36 (KHTML, like Gecko) Chrome/147.0.0.0 Safari/537.36"
93.36.218.34 - - [20/Jun/2026:16:34:15 +0200] "GET /wp-content/plugins/complianz-gdpr-premium/cookiebanner/js/complianz.min.js?ver=1780326315 HTTP/2.0" 200 10762 "https://parma.elettroservicegroup.it/assistenza-ariston-parma/" "Mozilla/5.0 (Windows NT 10.0; Win64; x64) AppleWebKit/537.36 (KHTML, like Gecko) Chrome/147.0.0.0 Safari/537.36"
93.36.218.34 - - [20/Jun/2026:16:34:15 +0200] "GET /wp-content/uploads/2022/10/COPERTINA-8.png HTTP/2.0" 200 238875 "https://parma.elettroservicegroup.it/wp-content/uploads/elementor/css/post-17270.css?ver=1781267628" "Mozilla/5.0 (Windows NT 10.0; Win64; x64) AppleWebKit/537.36 (KHTML, like Gecko) Chrome/147.0.0.0 Safari/537.36"
93.36.218.34 - - [20/Jun/2026:16:34:15 +0200] "GET /wp-content/uploads/2022/01/tecnico-elettro-300x200-1.jpg HTTP/2.0" 200 15134 "https://parma.elettroservicegroup.it/assistenza-ariston-parma/" "Mozilla/5.0 (Windows NT 10.0; Win64; x64) AppleWebKit/537.36 (KHTML, like Gecko) Chrome/147.0.0.0 Safari/537.36"
93.36.218.34 - - [20/Jun/2026:16:34:15 +0200] "GET /wp-content/uploads/2021/10/TECNICO-ELETTRODOMESTICI-10.jpg HTTP/2.0" 200 24210 "https://parma.elettroservicegroup.it/assistenza-ariston-parma/" "Mozilla/5.0 (Windows NT 10.0; Win64; x64) AppleWebKit/537.36 (KHTML, like Gecko) Chrome/147.0.0.0 Safari/537.36"
93.36.218.34 - - [20/Jun/2026:16:34:15 +0200] "GET /wp-content/uploads/elementor/google-fonts/fonts/roboto-kfo7cnqeu92fr1me7ksn66agldtyluama3yuba.woff2 HTTP/2.0" 200 40132 "https://parma.elettroservicegroup.it/wp-content/cache/wpfc-minified/fpvwzn7j/2riv0.css" "Mozilla/5.0 (Windows NT 10.0; Win64; x64) AppleWebKit/537.36 (KHTML, like Gecko) Chrome/147.0.0.0 Safari/537.36"
93.36.218.34 - - [20/Jun/2026:16:34:15 +0200] "GET /wp-content/plugins/elementor/assets/lib/font-awesome/webfonts/fa-regular-400.woff2 HTTP/2.0" 200 13277 "https://parma.elettroservicegroup.it/wp-content/cache/wpfc-minified/7aujoglc/2riv0.css" "Mozilla/5.0 (Windows NT 10.0; Win64; x64) AppleWebKit/537.36 (KHTML, like Gecko) Chrome/147.0.0.0 Safari/537.36"
93.36.218.34 - - [20/Jun/2026:16:34:15 +0200] "GET /wp-content/plugins/elementor/assets/lib/font-awesome/webfonts/fa-solid-900.woff2 HTTP/2.0" 200 78201 "https://parma.elettroservicegroup.it/wp-content/cache/wpfc-minified/7aujoglc/2riv0.css" "Mozilla/5.0 (Windows NT 10.0; Win64; x64) AppleWebKit/537.36 (KHTML, like Gecko) Chrome/147.0.0.0 Safari/537.36"
93.36.218.34 - - [20/Jun/2026:16:34:15 +0200] "POST /wp-content/plugins/burst-statistics/endpoint.php HTTP/2.0" 200 1 "https://parma.elettroservicegroup.it/assistenza-ariston-parma/" "Mozilla/5.0 (Windows NT 10.0; Win64; x64) AppleWebKit/537.36 (KHTML, like Gecko) Chrome/147.0.0.0 Safari/537.36"
93.36.218.34 - - [20/Jun/2026:16:34:15 +0200] "GET /wp-content/plugins/elementor/assets/js/section-frontend-handlers.d85ab872da118940910d.bundle.min.js HTTP/2.0" 200 230 "https://parma.elettroservicegroup.it/assistenza-ariston-parma/" "Mozilla/5.0 (Windows NT 10.0; Win64; x64) AppleWebKit/537.36 (KHTML, like Gecko) Chrome/147.0.0.0 Safari/537.36"
93.36.218.34 - - [20/Jun/2026:16:34:15 +0200] "GET /wp-content/plugins/elementor/assets/js/text-editor.45609661e409413f1cef.bundle.min.js HTTP/2.0" 200 592 "https://parma.elettroservicegroup.it/assistenza-ariston-parma/" "Mozilla/5.0 (Windows NT 10.0; Win64; x64) AppleWebKit/537.36 (KHTML, like Gecko) Chrome/147.0.0.0 Safari/537.36"
93.36.218.34 - - [20/Jun/2026:16:34:15 +0200] "GET /wp-content/plugins/elementor/assets/js/shared-frontend-handlers.03caa53373b56d3bab67.bundle.min.js HTTP/2.0" 200 2515 "https://parma.elettroservicegroup.it/assistenza-ariston-parma/" "Mozilla/5.0 (Windows NT 10.0; Win64; x64) AppleWebKit/537.36 (KHTML, like Gecko) Chrome/147.0.0.0 Safari/537.36"
93.36.218.34 - - [20/Jun/2026:16:34:15 +0200] "GET /wp-json/complianz/v1/banner?lang=it&locale=it_IT&token=lofod HTTP/2.0" 200 81 "https://parma.elettroservicegroup.it/assistenza-ariston-parma/" "Mozilla/5.0 (Windows NT 10.0; Win64; x64) AppleWebKit/537.36 (KHTML, like Gecko) Chrome/147.0.0.0 Safari/537.36"
93.36.218.34 - - [20/Jun/2026:16:34:15 +0200] "GET /wp-content/uploads/complianz/css/banner-1-optin.css?v=46 HTTP/2.0" 200 2857 "https://parma.elettroservicegroup.it/assistenza-ariston-parma/" "Mozilla/5.0 (Windows NT 10.0; Win64; x64) AppleWebKit/537.36 (KHTML, like Gecko) Chrome/147.0.0.0 Safari/537.36"
93.36.218.34 - - [20/Jun/2026:16:34:15 +0200] "GET /wp-json/complianz/v1/cookie_data HTTP/2.0" 200 81 "https://parma.elettroservicegroup.it/assistenza-ariston-parma/" "Mozilla/5.0 (Windows NT 10.0; Win64; x64) AppleWebKit/537.36 (KHTML, like Gecko) Chrome/147.0.0.0 Safari/537.36"
93.36.218.34 - - [20/Jun/2026:16:34:16 +0200] "GET /wp-content/uploads/2021/10/cropped-cropped-cropped-cropped-logo_white_background-32x32.png HTTP/2.0" 200 1525 "https://parma.elettroservicegroup.it/assistenza-ariston-parma/" "Mozilla/5.0 (Windows NT 10.0; Win64; x64) AppleWebKit/537.36 (KHTML, like Gecko) Chrome/147.0.0.0 Safari/537.36"
20.191.45.212 - - [20/Jun/2026:16:34:16 +0200] "GET / HTTP/1.1" 200 161085 "http://parma.elettroservicegroup.it" "DuckDuckBot/1.1; (+http://duckduckgo.com/duckduckbot.html)"
20.191.45.212 - - [20/Jun/2026:16:34:17 +0200] "GET /wp-content/uploads/2021/10/cropped-cropped-cropped-cropped-logo_white_background-32x32.png HTTP/1.1" 200 1525 "-" "DuckDuckBot/1.1; (+http://duckduckgo.com/duckduckbot.html)"
93.36.218.34 - - [20/Jun/2026:16:34:18 +0200] "POST /wp-json/complianz/v1/track HTTP/2.0" 200 20 "https://parma.elettroservicegroup.it/assistenza-ariston-parma/" "Mozilla/5.0 (Windows NT 10.0; Win64; x64) AppleWebKit/537.36 (KHTML, like Gecko) Chrome/147.0.0.0 Safari/537.36"
93.36.218.34 - - [20/Jun/2026:16:34:33 +0200] "GET /wp-content/uploads/2022/01/elettro6-638x1024-1-e1641569161973.jpg HTTP/2.0" 200 34592 "https://parma.elettroservicegroup.it/assistenza-ariston-parma/" "Mozilla/5.0 (Windows NT 10.0; Win64; x64) AppleWebKit/537.36 (KHTML, like Gecko) Chrome/147.0.0.0 Safari/537.36"
93.36.218.34 - - [20/Jun/2026:16:34:35 +0200] "GET /wp-content/uploads/2026/05/logo.png HTTP/2.0" 200 48185 "https://parma.elettroservicegroup.it/assistenza-ariston-parma/" "Mozilla/5.0 (Windows NT 10.0; Win64; x64) AppleWebKit/537.36 (KHTML, like Gecko) Chrome/147.0.0.0 Safari/537.36"
101.57.101.202 - - [20/Jun/2026:16:42:49 +0200] "GET /assistenza-whirlpool-parma/ HTTP/2.0" 200 - "https://duckduckgo.com/" "Mozilla/5.0 (Windows NT 10.0; Win64; x64) AppleWebKit/537.36 (KHTML, like Gecko) Chrome/149.0.0.0 Safari/537.36"
101.57.101.202 - - [20/Jun/2026:16:42:52 +0200] "GET /assistenza-whirlpool-parma/ HTTP/2.0" 200 - "https://duckduckgo.com/" "Mozilla/5.0 (Windows NT 10.0; Win64; x64) AppleWebKit/537.36 (KHTML, like Gecko) Chrome/149.0.0.0 Safari/537.36"
101.57.101.202 - - [20/Jun/2026:16:42:54 +0200] "GET /assistenza-whirlpool-parma/ HTTP/2.0" 200 22634 "https://duckduckgo.com/" "Mozilla/5.0 (Windows NT 10.0; Win64; x64) AppleWebKit/537.36 (KHTML, like Gecko) Chrome/149.0.0.0 Safari/537.36"
101.57.101.202 - - [20/Jun/2026:16:42:55 +0200] "GET /wp-content/cache/wpfc-minified/9aoba38s/2riv0.css HTTP/2.0" 200 418 "https://parma.elettroservicegroup.it/assistenza-whirlpool-parma/" "Mozilla/5.0 (Windows NT 10.0; Win64; x64) AppleWebKit/537.36 (KHTML, like Gecko) Chrome/149.0.0.0 Safari/537.36"
101.57.101.202 - - [20/Jun/2026:16:42:55 +0200] "GET /wp-content/cache/wpfc-minified/f4mpgdct/2riv0.css HTTP/2.0" 200 7521 "https://parma.elettroservicegroup.it/assistenza-whirlpool-parma/" "Mozilla/5.0 (Windows NT 10.0; Win64; x64) AppleWebKit/537.36 (KHTML, like Gecko) Chrome/149.0.0.0 Safari/537.36"
101.57.101.202 - - [20/Jun/2026:16:42:55 +0200] "GET /wp-content/uploads/elementor/css/post-14146.css?ver=1781190898 HTTP/2.0" 200 428 "https://parma.elettroservicegroup.it/assistenza-whirlpool-parma/" "Mozilla/5.0 (Windows NT 10.0; Win64; x64) AppleWebKit/537.36 (KHTML, like Gecko) Chrome/149.0.0.0 Safari/537.36"
101.57.101.202 - - [20/Jun/2026:16:42:55 +0200] "GET /wp-content/uploads/elementor/css/post-17366.css?ver=1781213553 HTTP/2.0" 200 2160 "https://parma.elettroservicegroup.it/assistenza-whirlpool-parma/" "Mozilla/5.0 (Windows NT 10.0; Win64; x64) AppleWebKit/537.36 (KHTML, like Gecko) Chrome/149.0.0.0 Safari/537.36"
101.57.101.202 - - [20/Jun/2026:16:42:55 +0200] "GET /wp-content/uploads/elementor/css/post-14366.css?ver=1781190898 HTTP/2.0" 200 302 "https://parma.elettroservicegroup.it/assistenza-whirlpool-parma/" "Mozilla/5.0 (Windows NT 10.0; Win64; x64) AppleWebKit/537.36 (KHTML, like Gecko) Chrome/149.0.0.0 Safari/537.36"
101.57.101.202 - - [20/Jun/2026:16:42:55 +0200] "GET /wp-content/cache/wpfc-minified/7aujoglc/2riv0.css HTTP/2.0" 200 16439 "https://parma.elettroservicegroup.it/assistenza-whirlpool-parma/" "Mozilla/5.0 (Windows NT 10.0; Win64; x64) AppleWebKit/537.36 (KHTML, like Gecko) Chrome/149.0.0.0 Safari/537.36"
101.57.101.202 - - [20/Jun/2026:16:42:55 +0200] "GET /wp-content/cache/wpfc-minified/mbb024jo/2riv0.css HTTP/2.0" 200 11331 "https://parma.elettroservicegroup.it/assistenza-whirlpool-parma/" "Mozilla/5.0 (Windows NT 10.0; Win64; x64) AppleWebKit/537.36 (KHTML, like Gecko) Chrome/149.0.0.0 Safari/537.36"
101.57.101.202 - - [20/Jun/2026:16:42:55 +0200] "GET /wp-content/uploads/2021/10/cropped-cropped-cropped-logo_white_background.png HTTP/2.0" 200 38971 "https://parma.elettroservicegroup.it/assistenza-whirlpool-parma/" "Mozilla/5.0 (Windows NT 10.0; Win64; x64) AppleWebKit/537.36 (KHTML, like Gecko) Chrome/149.0.0.0 Safari/537.36"
101.57.101.202 - - [20/Jun/2026:16:42:55 +0200] "GET /wp-content/cache/wpfc-minified/eqzpooq2/2riv0.css HTTP/2.0" 200 4410 "https://parma.elettroservicegroup.it/assistenza-whirlpool-parma/" "Mozilla/5.0 (Windows NT 10.0; Win64; x64) AppleWebKit/537.36 (KHTML, like Gecko) Chrome/149.0.0.0 Safari/537.36"
101.57.101.202 - - [20/Jun/2026:16:42:55 +0200] "GET /wp-content/uploads/2021/10/cropped-logo_white_background.png HTTP/2.0" 200 16623 "https://parma.elettroservicegroup.it/assistenza-whirlpool-parma/" "Mozilla/5.0 (Windows NT 10.0; Win64; x64) AppleWebKit/537.36 (KHTML, like Gecko) Chrome/149.0.0.0 Safari/537.36"
101.57.101.202 - - [20/Jun/2026:16:42:55 +0200] "GET /wp-content/cache/wpfc-minified/bwue548/2riv0.css HTTP/2.0" 200 19030 "https://parma.elettroservicegroup.it/assistenza-whirlpool-parma/" "Mozilla/5.0 (Windows NT 10.0; Win64; x64) AppleWebKit/537.36 (KHTML, like Gecko) Chrome/149.0.0.0 Safari/537.36"
101.57.101.202 - - [20/Jun/2026:16:42:55 +0200] "GET /wp-content/cache/wpfc-minified/fpvwzn7j/2riv0.css HTTP/2.0" 200 14485 "https://parma.elettroservicegroup.it/assistenza-whirlpool-parma/" "Mozilla/5.0 (Windows NT 10.0; Win64; x64) AppleWebKit/537.36 (KHTML, like Gecko) Chrome/149.0.0.0 Safari/537.36"
101.57.101.202 - - [20/Jun/2026:16:42:55 +0200] "GET /wp-content/cache/wpfc-minified/1yrs8cf2/2riv0.js HTTP/2.0" 200 42415 "https://parma.elettroservicegroup.it/assistenza-whirlpool-parma/" "Mozilla/5.0 (Windows NT 10.0; Win64; x64) AppleWebKit/537.36 (KHTML, like Gecko) Chrome/149.0.0.0 Safari/537.36"
101.57.101.202 - - [20/Jun/2026:16:42:55 +0200] "GET /wp-content/plugins/gp-premium/menu-plus/functions/js/sticky.min.js?ver=2.5.5 HTTP/2.0" 200 2670 "https://parma.elettroservicegroup.it/assistenza-whirlpool-parma/" "Mozilla/5.0 (Windows NT 10.0; Win64; x64) AppleWebKit/537.36 (KHTML, like Gecko) Chrome/149.0.0.0 Safari/537.36"
101.57.101.202 - - [20/Jun/2026:16:42:55 +0200] "GET /wp-content/plugins/elementor/assets/js/webpack.runtime.min.js?ver=4.1.3 HTTP/2.0" 200 2340 "https://parma.elettroservicegroup.it/assistenza-whirlpool-parma/" "Mozilla/5.0 (Windows NT 10.0; Win64; x64) AppleWebKit/537.36 (KHTML, like Gecko) Chrome/149.0.0.0 Safari/537.36"
101.57.101.202 - - [20/Jun/2026:16:42:55 +0200] "GET /wp-content/themes/generatepress/assets/js/back-to-top.min.js?ver=3.6.1 HTTP/2.0" 200 336 "https://parma.elettroservicegroup.it/assistenza-whirlpool-parma/" "Mozilla/5.0 (Windows NT 10.0; Win64; x64) AppleWebKit/537.36 (KHTML, like Gecko) Chrome/149.0.0.0 Safari/537.36"
101.57.101.202 - - [20/Jun/2026:16:42:55 +0200] "GET /wp-content/themes/generatepress/assets/js/menu.min.js?ver=3.6.1 HTTP/2.0" 200 1688 "https://parma.elettroservicegroup.it/assistenza-whirlpool-parma/" "Mozilla/5.0 (Windows NT 10.0; Win64; x64) AppleWebKit/537.36 (KHTML, like Gecko) Chrome/149.0.0.0 Safari/537.36"
101.57.101.202 - - [20/Jun/2026:16:42:55 +0200] "GET /wp-includes/js/jquery/ui/core.min.js?ver=1.13.3 HTTP/2.0" 200 6820 "https://parma.elettroservicegroup.it/assistenza-whirlpool-parma/" "Mozilla/5.0 (Windows NT 10.0; Win64; x64) AppleWebKit/537.36 (KHTML, like Gecko) Chrome/149.0.0.0 Safari/537.36"
101.57.101.202 - - [20/Jun/2026:16:42:55 +0200] "GET /wp-content/plugins/elementor/assets/js/frontend.min.js?ver=4.1.3 HTTP/2.0" 200 10140 "https://parma.elettroservicegroup.it/assistenza-whirlpool-parma/" "Mozilla/5.0 (Windows NT 10.0; Win64; x64) AppleWebKit/537.36 (KHTML, like Gecko) Chrome/149.0.0.0 Safari/537.36"
101.57.101.202 - - [20/Jun/2026:16:42:55 +0200] "GET /wp-content/plugins/complianz-gdpr-premium/cookiebanner/js/complianz.min.js?ver=1780326315 HTTP/2.0" 200 10762 "https://parma.elettroservicegroup.it/assistenza-whirlpool-parma/" "Mozilla/5.0 (Windows NT 10.0; Win64; x64) AppleWebKit/537.36 (KHTML, like Gecko) Chrome/149.0.0.0 Safari/537.36"
101.57.101.202 - - [20/Jun/2026:16:42:55 +0200] "GET /wp-content/plugins/elementor/assets/js/frontend-modules.min.js?ver=4.1.3 HTTP/2.0" 200 15454 "https://parma.elettroservicegroup.it/assistenza-whirlpool-parma/" "Mozilla/5.0 (Windows NT 10.0; Win64; x64) AppleWebKit/537.36 (KHTML, like Gecko) Chrome/149.0.0.0 Safari/537.36"
101.57.101.202 - - [20/Jun/2026:16:42:55 +0200] "GET /wp-content/uploads/2022/10/COPERTINA-3.png HTTP/2.0" 200 238875 "https://parma.elettroservicegroup.it/wp-content/uploads/elementor/css/post-17366.css?ver=1781213553" "Mozilla/5.0 (Windows NT 10.0; Win64; x64) AppleWebKit/537.36 (KHTML, like Gecko) Chrome/149.0.0.0 Safari/537.36"
101.57.101.202 - - [20/Jun/2026:16:42:55 +0200] "GET /wp-content/uploads/2022/01/elettrodomestici.jpg HTTP/2.0" 200 9755 "https://parma.elettroservicegroup.it/assistenza-whirlpool-parma/" "Mozilla/5.0 (Windows NT 10.0; Win64; x64) AppleWebKit/537.36 (KHTML, like Gecko) Chrome/149.0.0.0 Safari/537.36"
101.57.101.202 - - [20/Jun/2026:16:42:55 +0200] "GET /wp-content/uploads/2021/10/TECNICO-ELETTRODOMESTICI-10.jpg HTTP/2.0" 200 24210 "https://parma.elettroservicegroup.it/assistenza-whirlpool-parma/" "Mozilla/5.0 (Windows NT 10.0; Win64; x64) AppleWebKit/537.36 (KHTML, like Gecko) Chrome/149.0.0.0 Safari/537.36"
101.57.101.202 - - [20/Jun/2026:16:42:55 +0200] "GET /wp-content/uploads/elementor/google-fonts/fonts/roboto-kfo7cnqeu92fr1me7ksn66agldtyluama3yuba.woff2 HTTP/2.0" 200 40132 "https://parma.elettroservicegroup.it/wp-content/cache/wpfc-minified/fpvwzn7j/2riv0.css" "Mozilla/5.0 (Windows NT 10.0; Win64; x64) AppleWebKit/537.36 (KHTML, like Gecko) Chrome/149.0.0.0 Safari/537.36"
101.57.101.202 - - [20/Jun/2026:16:42:55 +0200] "GET /wp-content/plugins/elementor/assets/lib/font-awesome/webfonts/fa-regular-400.woff2 HTTP/2.0" 200 13277 "https://parma.elettroservicegroup.it/wp-content/cache/wpfc-minified/7aujoglc/2riv0.css" "Mozilla/5.0 (Windows NT 10.0; Win64; x64) AppleWebKit/537.36 (KHTML, like Gecko) Chrome/149.0.0.0 Safari/537.36"
101.57.101.202 - - [20/Jun/2026:16:42:55 +0200] "GET /wp-content/plugins/elementor/assets/lib/font-awesome/webfonts/fa-solid-900.woff2 HTTP/2.0" 200 78201 "https://parma.elettroservicegroup.it/wp-content/cache/wpfc-minified/7aujoglc/2riv0.css" "Mozilla/5.0 (Windows NT 10.0; Win64; x64) AppleWebKit/537.36 (KHTML, like Gecko) Chrome/149.0.0.0 Safari/537.36"
101.57.101.202 - - [20/Jun/2026:16:42:56 +0200] "GET /wp-content/plugins/elementor/assets/js/section-frontend-handlers.d85ab872da118940910d.bundle.min.js HTTP/2.0" 200 230 "https://parma.elettroservicegroup.it/assistenza-whirlpool-parma/" "Mozilla/5.0 (Windows NT 10.0; Win64; x64) AppleWebKit/537.36 (KHTML, like Gecko) Chrome/149.0.0.0 Safari/537.36"
101.57.101.202 - - [20/Jun/2026:16:42:56 +0200] "GET /wp-content/plugins/elementor/assets/js/shared-frontend-handlers.03caa53373b56d3bab67.bundle.min.js HTTP/2.0" 200 2515 "https://parma.elettroservicegroup.it/assistenza-whirlpool-parma/" "Mozilla/5.0 (Windows NT 10.0; Win64; x64) AppleWebKit/537.36 (KHTML, like Gecko) Chrome/149.0.0.0 Safari/537.36"
101.57.101.202 - - [20/Jun/2026:16:42:56 +0200] "GET /wp-content/plugins/elementor/assets/js/text-editor.45609661e409413f1cef.bundle.min.js HTTP/2.0" 200 592 "https://parma.elettroservicegroup.it/assistenza-whirlpool-parma/" "Mozilla/5.0 (Windows NT 10.0; Win64; x64) AppleWebKit/537.36 (KHTML, like Gecko) Chrome/149.0.0.0 Safari/537.36"
101.57.101.202 - - [20/Jun/2026:16:42:55 +0200] "POST /wp-content/plugins/burst-statistics/endpoint.php HTTP/2.0" 200 1 "https://parma.elettroservicegroup.it/assistenza-whirlpool-parma/" "Mozilla/5.0 (Windows NT 10.0; Win64; x64) AppleWebKit/537.36 (KHTML, like Gecko) Chrome/149.0.0.0 Safari/537.36"
101.57.101.202 - - [20/Jun/2026:16:42:56 +0200] "GET /wp-content/uploads/2021/10/cropped-cropped-cropped-cropped-logo_white_background-32x32.png HTTP/2.0" 200 1525 "https://parma.elettroservicegroup.it/assistenza-whirlpool-parma/" "Mozilla/5.0 (Windows NT 10.0; Win64; x64) AppleWebKit/537.36 (KHTML, like Gecko) Chrome/149.0.0.0 Safari/537.36"
65.108.235.243 - - [20/Jun/2026:16:42:58 +0200] "POST /wp-cron.php?doing_wp_cron=1781966578.6733620166778564453125 HTTP/1.1" 200 1 "-" "WordPress/7.0; https://parma.elettroservicegroup.it"
101.57.101.202 - - [20/Jun/2026:16:42:56 +0200] "GET /wp-json/complianz/v1/banner?lang=it&locale=it_IT&token=psupx HTTP/2.0" 200 81 "https://parma.elettroservicegroup.it/assistenza-whirlpool-parma/" "Mozilla/5.0 (Windows NT 10.0; Win64; x64) AppleWebKit/537.36 (KHTML, like Gecko) Chrome/149.0.0.0 Safari/537.36"
101.57.101.202 - - [20/Jun/2026:16:42:59 +0200] "GET /wp-content/uploads/complianz/css/banner-1-optin.css?v=46 HTTP/2.0" 200 2857 "https://parma.elettroservicegroup.it/assistenza-whirlpool-parma/" "Mozilla/5.0 (Windows NT 10.0; Win64; x64) AppleWebKit/537.36 (KHTML, like Gecko) Chrome/149.0.0.0 Safari/537.36"
101.57.101.202 - - [20/Jun/2026:16:42:59 +0200] "GET /wp-json/complianz/v1/cookie_data HTTP/2.0" 200 81 "https://parma.elettroservicegroup.it/assistenza-whirlpool-parma/" "Mozilla/5.0 (Windows NT 10.0; Win64; x64) AppleWebKit/537.36 (KHTML, like Gecko) Chrome/149.0.0.0 Safari/537.36"
101.57.101.202 - - [20/Jun/2026:16:43:00 +0200] "GET /wp-content/uploads/2022/01/elettro7-300x120.jpg HTTP/2.0" 200 7007 "https://parma.elettroservicegroup.it/assistenza-whirlpool-parma/" "Mozilla/5.0 (Windows NT 10.0; Win64; x64) AppleWebKit/537.36 (KHTML, like Gecko) Chrome/149.0.0.0 Safari/537.36"
101.57.101.202 - - [20/Jun/2026:16:43:04 +0200] "GET /wp-content/uploads/2026/05/logo.png HTTP/2.0" 200 48185 "https://parma.elettroservicegroup.it/assistenza-whirlpool-parma/" "Mozilla/5.0 (Windows NT 10.0; Win64; x64) AppleWebKit/537.36 (KHTML, like Gecko) Chrome/149.0.0.0 Safari/537.36"
101.57.101.202 - - [20/Jun/2026:16:43:38 +0200] "GET /wp-content/uploads/2022/01/tecnico-elettro-300x200.jpg HTTP/2.0" 200 15134 "https://parma.elettroservicegroup.it/assistenza-whirlpool-parma/" "Mozilla/5.0 (Windows NT 10.0; Win64; x64) AppleWebKit/537.36 (KHTML, like Gecko) Chrome/149.0.0.0 Safari/537.36"
101.57.101.202 - - [20/Jun/2026:16:43:58 +0200] "POST /wp-content/plugins/burst-statistics/endpoint.php HTTP/2.0" 200 1 "https://parma.elettroservicegroup.it/assistenza-whirlpool-parma/" "Mozilla/5.0 (Windows NT 10.0; Win64; x64) AppleWebKit/537.36 (KHTML, like Gecko) Chrome/149.0.0.0 Safari/537.36"
93.36.218.34 - - [20/Jun/2026:16:45:58 +0200] "POST /wp-content/plugins/burst-statistics/endpoint.php HTTP/2.0" 200 1 "https://parma.elettroservicegroup.it/assistenza-ariston-parma/" "Mozilla/5.0 (Windows NT 10.0; Win64; x64) AppleWebKit/537.36 (KHTML, like Gecko) Chrome/147.0.0.0 Safari/537.36"
65.108.235.243 - - [20/Jun/2026:16:46:06 +0200] "POST /wp-cron.php?doing_wp_cron=1781966766.8858571052551269531250 HTTP/1.1" 200 1 "-" "WordPress/7.0; https://parma.elettroservicegroup.it"
17.22.237.124 - - [20/Jun/2026:16:45:57 +0200] "GET /assistenza-lavatrici-smeg-busseto/ HTTP/2.0" 200 143728 "-" "Mozilla/5.0 (Macintosh; Intel Mac OS X 10_15_7) AppleWebKit/605.1.15 (KHTML, like Gecko) Version/17.4 Safari/605.1.15 (Applebot/0.1; +http://www.apple.com/go/applebot)"
74.7.243.245 - - [20/Jun/2026:16:46:32 +0200] "GET /sitemap.xml HTTP/2.0" 415 313 "-" "Mozilla/5.0 AppleWebKit/537.36 (KHTML, like Gecko; compatible; GPTBot/1.4; +https://openai.com/gptbot)"
93.36.218.34 - - [20/Jun/2026:16:46:33 +0200] "POST /wp-content/plugins/burst-statistics/endpoint.php HTTP/2.0" 200 1 "https://parma.elettroservicegroup.it/assistenza-ariston-parma/" "Mozilla/5.0 (Windows NT 10.0; Win64; x64) AppleWebKit/537.36 (KHTML, like Gecko) Chrome/147.0.0.0 Safari/537.36"
17.22.245.102 - - [20/Jun/2026:16:55:37 +0200] "GET /wp-content/cache/wpfc-minified/qaafat52/2rsys.css HTTP/2.0" 200 16433 "https://parma.elettroservicegroup.it/assistenza-lavatrici-smeg-busseto/" "Mozilla/5.0 (Macintosh; Intel Mac OS X 10_15_7) AppleWebKit/605.1.15 (KHTML, like Gecko) Version/17.4 Safari/605.1.15 (Applebot/0.1; +http://www.apple.com/go/applebot)"
17.22.245.102 - - [20/Jun/2026:16:55:38 +0200] "GET /wp-content/cache/wpfc-minified/mbb024jo/2riv0.css HTTP/2.0" 200 11331 "https://parma.elettroservicegroup.it/assistenza-lavatrici-smeg-busseto/" "Mozilla/5.0 (Macintosh; Intel Mac OS X 10_15_7) AppleWebKit/605.1.15 (KHTML, like Gecko) Version/17.4 Safari/605.1.15 (Applebot/0.1; +http://www.apple.com/go/applebot)"
17.22.245.102 - - [20/Jun/2026:16:55:39 +0200] "GET /wp-content/uploads/elementor/css/post-17344.css?ver=1781966765 HTTP/2.0" 200 2020 "https://parma.elettroservicegroup.it/assistenza-lavatrici-smeg-busseto/" "Mozilla/5.0 (Macintosh; Intel Mac OS X 10_15_7) AppleWebKit/605.1.15 (KHTML, like Gecko) Version/17.4 Safari/605.1.15 (Applebot/0.1; +http://www.apple.com/go/applebot)"
17.22.245.102 - - [20/Jun/2026:16:55:40 +0200] "GET /wp-content/uploads/elementor/css/post-14146.css?ver=1781795651 HTTP/2.0" 200 428 "https://parma.elettroservicegroup.it/assistenza-lavatrici-smeg-busseto/" "Mozilla/5.0 (Macintosh; Intel Mac OS X 10_15_7) AppleWebKit/605.1.15 (KHTML, like Gecko) Version/17.4 Safari/605.1.15 (Applebot/0.1; +http://www.apple.com/go/applebot)"
17.22.245.102 - - [20/Jun/2026:16:55:42 +0200] "GET /wp-content/cache/wpfc-minified/9aoba38s/2riv0.css HTTP/2.0" 200 418 "https://parma.elettroservicegroup.it/assistenza-lavatrici-smeg-busseto/" "Mozilla/5.0 (Macintosh; Intel Mac OS X 10_15_7) AppleWebKit/605.1.15 (KHTML, like Gecko) Version/17.4 Safari/605.1.15 (Applebot/0.1; +http://www.apple.com/go/applebot)"
17.22.245.102 - - [20/Jun/2026:16:55:43 +0200] "GET /wp-content/cache/wpfc-minified/f4mpgdct/2riv0.css HTTP/2.0" 200 7521 "https://parma.elettroservicegroup.it/assistenza-lavatrici-smeg-busseto/" "Mozilla/5.0 (Macintosh; Intel Mac OS X 10_15_7) AppleWebKit/605.1.15 (KHTML, like Gecko) Version/17.4 Safari/605.1.15 (Applebot/0.1; +http://www.apple.com/go/applebot)"
17.22.245.102 - - [20/Jun/2026:16:55:45 +0200] "GET /wp-content/uploads/elementor/css/post-14366.css?ver=1781795653 HTTP/2.0" 200 302 "https://parma.elettroservicegroup.it/assistenza-lavatrici-smeg-busseto/" "Mozilla/5.0 (Macintosh; Intel Mac OS X 10_15_7) AppleWebKit/605.1.15 (KHTML, like Gecko) Version/17.4 Safari/605.1.15 (Applebot/0.1; +http://www.apple.com/go/applebot)"
17.22.245.102 - - [20/Jun/2026:16:55:46 +0200] "GET /wp-content/cache/wpfc-minified/eqzpooq2/2riv0.css HTTP/2.0" 200 4410 "https://parma.elettroservicegroup.it/assistenza-lavatrici-smeg-busseto/" "Mozilla/5.0 (Macintosh; Intel Mac OS X 10_15_7) AppleWebKit/605.1.15 (KHTML, like Gecko) Version/17.4 Safari/605.1.15 (Applebot/0.1; +http://www.apple.com/go/applebot)"
17.22.245.102 - - [20/Jun/2026:16:55:48 +0200] "GET /wp-content/cache/wpfc-minified/bwue548/2riv0.css HTTP/2.0" 200 19030 "https://parma.elettroservicegroup.it/assistenza-lavatrici-smeg-busseto/" "Mozilla/5.0 (Macintosh; Intel Mac OS X 10_15_7) AppleWebKit/605.1.15 (KHTML, like Gecko) Version/17.4 Safari/605.1.15 (Applebot/0.1; +http://www.apple.com/go/applebot)"
17.22.245.102 - - [20/Jun/2026:16:55:49 +0200] "GET /wp-content/cache/wpfc-minified/fpvwzn7j/2riv0.css HTTP/2.0" 200 14485 "https://parma.elettroservicegroup.it/assistenza-lavatrici-smeg-busseto/" "Mozilla/5.0 (Macintosh; Intel Mac OS X 10_15_7) AppleWebKit/605.1.15 (KHTML, like Gecko) Version/17.4 Safari/605.1.15 (Applebot/0.1; +http://www.apple.com/go/applebot)"
17.22.245.102 - - [20/Jun/2026:16:55:51 +0200] "GET /wp-content/cache/wpfc-minified/1yrs8cf2/2riv0.js HTTP/2.0" 200 42415 "https://parma.elettroservicegroup.it/assistenza-lavatrici-smeg-busseto/" "Mozilla/5.0 (Macintosh; Intel Mac OS X 10_15_7) AppleWebKit/605.1.15 (KHTML, like Gecko) Version/17.4 Safari/605.1.15 (Applebot/0.1; +http://www.apple.com/go/applebot)"
17.22.245.102 - - [20/Jun/2026:16:55:52 +0200] "GET /wp-content/plugins/gp-premium/menu-plus/functions/js/sticky.min.js?ver=2.5.5 HTTP/2.0" 200 2670 "https://parma.elettroservicegroup.it/assistenza-lavatrici-smeg-busseto/" "Mozilla/5.0 (Macintosh; Intel Mac OS X 10_15_7) AppleWebKit/605.1.15 (KHTML, like Gecko) Version/17.4 Safari/605.1.15 (Applebot/0.1; +http://www.apple.com/go/applebot)"
17.22.245.102 - - [20/Jun/2026:16:55:54 +0200] "GET /wp-content/plugins/elementor/assets/js/webpack.runtime.min.js?ver=4.1.3 HTTP/2.0" 200 2340 "https://parma.elettroservicegroup.it/assistenza-lavatrici-smeg-busseto/" "Mozilla/5.0 (Macintosh; Intel Mac OS X 10_15_7) AppleWebKit/605.1.15 (KHTML, like Gecko) Version/17.4 Safari/605.1.15 (Applebot/0.1; +http://www.apple.com/go/applebot)"
17.22.245.102 - - [20/Jun/2026:16:55:55 +0200] "GET /wp-content/plugins/elementor/assets/js/frontend-modules.min.js?ver=4.1.3 HTTP/2.0" 200 15454 "https://parma.elettroservicegroup.it/assistenza-lavatrici-smeg-busseto/" "Mozilla/5.0 (Macintosh; Intel Mac OS X 10_15_7) AppleWebKit/605.1.15 (KHTML, like Gecko) Version/17.4 Safari/605.1.15 (Applebot/0.1; +http://www.apple.com/go/applebot)"
17.22.245.102 - - [20/Jun/2026:16:55:56 +0200] "GET /wp-includes/js/jquery/ui/core.min.js?ver=1.13.3 HTTP/2.0" 200 6820 "https://parma.elettroservicegroup.it/assistenza-lavatrici-smeg-busseto/" "Mozilla/5.0 (Macintosh; Intel Mac OS X 10_15_7) AppleWebKit/605.1.15 (KHTML, like Gecko) Version/17.4 Safari/605.1.15 (Applebot/0.1; +http://www.apple.com/go/applebot)"
17.22.245.102 - - [20/Jun/2026:16:55:58 +0200] "GET /wp-content/plugins/elementor/assets/js/frontend.min.js?ver=4.1.3 HTTP/2.0" 200 10140 "https://parma.elettroservicegroup.it/assistenza-lavatrici-smeg-busseto/" "Mozilla/5.0 (Macintosh; Intel Mac OS X 10_15_7) AppleWebKit/605.1.15 (KHTML, like Gecko) Version/17.4 Safari/605.1.15 (Applebot/0.1; +http://www.apple.com/go/applebot)"
17.22.245.102 - - [20/Jun/2026:16:55:59 +0200] "GET /wp-content/themes/generatepress/assets/js/menu.min.js?ver=3.6.1 HTTP/2.0" 200 1688 "https://parma.elettroservicegroup.it/assistenza-lavatrici-smeg-busseto/" "Mozilla/5.0 (Macintosh; Intel Mac OS X 10_15_7) AppleWebKit/605.1.15 (KHTML, like Gecko) Version/17.4 Safari/605.1.15 (Applebot/0.1; +http://www.apple.com/go/applebot)"
17.22.245.102 - - [20/Jun/2026:16:56:01 +0200] "GET /wp-content/themes/generatepress/assets/js/back-to-top.min.js?ver=3.6.1 HTTP/2.0" 200 336 "https://parma.elettroservicegroup.it/assistenza-lavatrici-smeg-busseto/" "Mozilla/5.0 (Macintosh; Intel Mac OS X 10_15_7) AppleWebKit/605.1.15 (KHTML, like Gecko) Version/17.4 Safari/605.1.15 (Applebot/0.1; +http://www.apple.com/go/applebot)"
17.22.245.102 - - [20/Jun/2026:16:56:02 +0200] "GET /wp-content/plugins/complianz-gdpr-premium/cookiebanner/js/complianz.min.js?ver=1781535760 HTTP/2.0" 200 10762 "https://parma.elettroservicegroup.it/assistenza-lavatrici-smeg-busseto/" "Mozilla/5.0 (Macintosh; Intel Mac OS X 10_15_7) AppleWebKit/605.1.15 (KHTML, like Gecko) Version/17.4 Safari/605.1.15 (Applebot/0.1; +http://www.apple.com/go/applebot)"
17.22.245.102 - - [20/Jun/2026:16:56:05 +0200] "GET /wp-content/plugins/elementor/assets/js/shared-frontend-handlers.03caa53373b56d3bab67.bundle.min.js HTTP/2.0" 200 2515 "https://parma.elettroservicegroup.it/assistenza-lavatrici-smeg-busseto/" "Mozilla/5.0 (Macintosh; Intel Mac OS X 10_15_7) AppleWebKit/605.1.15 (KHTML, like Gecko) Version/17.4 Safari/605.1.15 (Applebot/0.1; +http://www.apple.com/go/applebot)"
65.108.235.243 - - [20/Jun/2026:16:56:06 +0200] "POST /wp-cron.php?doing_wp_cron=1781967366.2840459346771240234375 HTTP/1.1" 200 1 "-" "WordPress/7.0; https://parma.elettroservicegroup.it"
17.22.245.102 - - [20/Jun/2026:16:56:04 +0200] "GET /wp-json/complianz/v1/banner?lang=it&locale=it_IT&token=kdfxd HTTP/2.0" 200 81 "https://parma.elettroservicegroup.it/assistenza-lavatrici-smeg-busseto/" "Mozilla/5.0 (Macintosh; Intel Mac OS X 10_15_7) AppleWebKit/605.1.15 (KHTML, like Gecko) Version/17.4 Safari/605.1.15 (Applebot/0.1; +http://www.apple.com/go/applebot)"
17.22.245.102 - - [20/Jun/2026:16:56:07 +0200] "GET /wp-content/plugins/elementor/assets/js/section-frontend-handlers.d85ab872da118940910d.bundle.min.js HTTP/2.0" 200 230 "https://parma.elettroservicegroup.it/assistenza-lavatrici-smeg-busseto/" "Mozilla/5.0 (Macintosh; Intel Mac OS X 10_15_7) AppleWebKit/605.1.15 (KHTML, like Gecko) Version/17.4 Safari/605.1.15 (Applebot/0.1; +http://www.apple.com/go/applebot)"
17.22.245.102 - - [20/Jun/2026:16:56:08 +0200] "GET /wp-content/plugins/elementor/assets/js/text-editor.45609661e409413f1cef.bundle.min.js HTTP/2.0" 200 592 "https://parma.elettroservicegroup.it/assistenza-lavatrici-smeg-busseto/" "Mozilla/5.0 (Macintosh; Intel Mac OS X 10_15_7) AppleWebKit/605.1.15 (KHTML, like Gecko) Version/17.4 Safari/605.1.15 (Applebot/0.1; +http://www.apple.com/go/applebot)"
17.22.245.102 - - [20/Jun/2026:16:56:09 +0200] "GET /wp-content/uploads/complianz/css/banner-1-optin.css?v=46 HTTP/2.0" 200 2857 "https://parma.elettroservicegroup.it/assistenza-lavatrici-smeg-busseto/" "Mozilla/5.0 (Macintosh; Intel Mac OS X 10_15_7) AppleWebKit/605.1.15 (KHTML, like Gecko) Version/17.4 Safari/605.1.15 (Applebot/0.1; +http://www.apple.com/go/applebot)"
17.22.245.102 - - [20/Jun/2026:16:56:11 +0200] "GET /wp-json/complianz/v1/cookie_data HTTP/2.0" 200 81 "https://parma.elettroservicegroup.it/assistenza-lavatrici-smeg-busseto/" "Mozilla/5.0 (Macintosh; Intel Mac OS X 10_15_7) AppleWebKit/605.1.15 (KHTML, like Gecko) Version/17.4 Safari/605.1.15 (Applebot/0.1; +http://www.apple.com/go/applebot)"
205.169.39.50 - - [20/Jun/2026:17:39:14 +0200] "GET / HTTP/1.1" 200 11669 "-" "Mozilla/5.0 (Windows NT 10.0) AppleWebKit/537.36 (KHTML, like Gecko) Chrome/106.0.0.0 Safari/537.36"
37.214.20.253 - - [20/Jun/2026:17:54:09 +0200] "GET /wp-content/uploads/2022/01/elettro3.jpg HTTP/1.1" 200 6766 "https://parma.elettroservicegroup.it/assistenza-rex-electrolux-fidenza/" "Mozilla/5.0 (Windows NT 6.0) AppleWebKit/537.36 (KHTML, like Gecko) Chrome/62.0.3202.94 Safari/537.36"