65.108.235.243 - - [12/Jul/2026:14:15:28 +0200] "POST /wp-cron.php?doing_wp_cron=1783858527.8496448993682861328125 HTTP/1.1" 200 1 "-" "WordPress/7.0.1; https://brescia.elettroservicegroup.it"
139.180.209.5 - - [12/Jul/2026:14:15:18 +0200] "POST /?wpd_ping=233a196051d8 HTTP/2.0" 200 103173 "-" "WPDefender-Controller/1.0"
139.180.209.5 - - [12/Jul/2026:14:15:26 +0200] "POST /wp-includes/class-wp-db-session.php?wpd_ping=233a196051d8 HTTP/2.0" 404 92206 "-" "WPDefender-Controller/1.0"
139.180.209.5 - - [12/Jul/2026:14:15:26 +0200] "POST /wp-content/db.php?wpd_ping=233a196051d8 HTTP/2.0" 404 92098 "-" "WPDefender-Controller/1.0"
139.180.209.5 - - [12/Jul/2026:14:15:26 +0200] "POST /?wpd_ping=233a196051d8 HTTP/2.0" 200 103173 "-" "WPDefender-Controller/1.0"
139.180.209.5 - - [12/Jul/2026:14:31:55 +0200] "POST /wp-includes/class-wp-db-session.php?wpd_ping=233a196051d8 HTTP/2.0" 404 92096 "-" "WPDefender-Controller/1.0"
139.180.209.5 - - [12/Jul/2026:14:31:47 +0200] "POST /?wpd_ping=233a196051d8 HTTP/2.0" 200 103173 "-" "WPDefender-Controller/1.0"
139.180.209.5 - - [12/Jul/2026:14:31:55 +0200] "POST /wp-content/db.php?wpd_ping=233a196051d8 HTTP/2.0" 404 91988 "-" "WPDefender-Controller/1.0"
139.180.209.5 - - [12/Jul/2026:14:31:55 +0200] "POST /?wpd_ping=233a196051d8 HTTP/2.0" 200 103173 "-" "WPDefender-Controller/1.0"
114.119.130.67 - - [12/Jul/2026:14:32:04 +0200] "GET /robots.txt HTTP/1.1" 200 11966 "https://brescia.elettroservicegroup.it/robots.txt" "Mozilla/5.0 (compatible;PetalBot;+https://webmaster.petalsearch.com/site/petalbot)"
65.108.235.243 - - [12/Jul/2026:14:45:38 +0200] "POST /wp-cron.php?doing_wp_cron=1783860337.7509970664978027343750 HTTP/1.1" 200 1 "-" "WordPress/7.0.1; https://brescia.elettroservicegroup.it"
139.180.209.5 - - [12/Jul/2026:14:45:27 +0200] "POST /?wpd_ping=233a196051d8 HTTP/2.0" 200 103173 "-" "WPDefender-Controller/1.0"
139.180.209.5 - - [12/Jul/2026:14:45:35 +0200] "POST /wp-content/db.php?wpd_ping=233a196051d8 HTTP/2.0" 404 91988 "-" "WPDefender-Controller/1.0"
139.180.209.5 - - [12/Jul/2026:14:45:35 +0200] "POST /?wpd_ping=233a196051d8 HTTP/2.0" 200 103173 "-" "WPDefender-Controller/1.0"
139.180.209.5 - - [12/Jul/2026:14:45:35 +0200] "POST /wp-includes/class-wp-db-session.php?wpd_ping=233a196051d8 HTTP/2.0" 404 92096 "-" "WPDefender-Controller/1.0"
139.180.209.5 - - [12/Jul/2026:15:00:20 +0200] "POST /wp-includes/class-wp-db-session.php?wpd_ping=233a196051d8 HTTP/2.0" 404 92096 "-" "WPDefender-Controller/1.0"
139.180.209.5 - - [12/Jul/2026:15:00:20 +0200] "POST /wp-content/db.php?wpd_ping=233a196051d8 HTTP/2.0" 404 91988 "-" "WPDefender-Controller/1.0"
139.180.209.5 - - [12/Jul/2026:15:00:12 +0200] "POST /?wpd_ping=233a196051d8 HTTP/2.0" 200 103173 "-" "WPDefender-Controller/1.0"
139.180.209.5 - - [12/Jul/2026:15:00:20 +0200] "POST /?wpd_ping=233a196051d8 HTTP/2.0" 200 103173 "-" "WPDefender-Controller/1.0"
65.108.235.243 - - [12/Jul/2026:15:16:01 +0200] "POST /wp-cron.php?doing_wp_cron=1783862161.7482130527496337890625 HTTP/1.1" 200 1 "-" "WordPress/7.0.1; https://brescia.elettroservicegroup.it"
139.180.209.5 - - [12/Jul/2026:15:15:51 +0200] "POST /?wpd_ping=233a196051d8 HTTP/2.0" 200 103173 "-" "WPDefender-Controller/1.0"
139.180.209.5 - - [12/Jul/2026:15:15:59 +0200] "POST /?wpd_ping=233a196051d8 HTTP/2.0" 200 103173 "-" "WPDefender-Controller/1.0"
139.180.209.5 - - [12/Jul/2026:15:15:59 +0200] "POST /wp-content/db.php?wpd_ping=233a196051d8 HTTP/2.0" 404 92098 "-" "WPDefender-Controller/1.0"
139.180.209.5 - - [12/Jul/2026:15:15:59 +0200] "POST /wp-includes/class-wp-db-session.php?wpd_ping=233a196051d8 HTTP/2.0" 404 92206 "-" "WPDefender-Controller/1.0"
65.108.235.243 - - [12/Jul/2026:15:16:05 +0200] "POST /wp-json/complianz/v1/wsc-scan HTTP/1.1" 400 88 "-" "WordPress/7.0.1; https://brescia.elettroservicegroup.it"
65.108.235.243 - - [12/Jul/2026:15:30:47 +0200] "POST /wp-cron.php?doing_wp_cron=1783863047.2432448863983154296875 HTTP/1.1" 200 1 "-" "WordPress/7.0.1; https://brescia.elettroservicegroup.it"
139.180.209.5 - - [12/Jul/2026:15:30:44 +0200] "POST /wp-content/db.php?wpd_ping=233a196051d8 HTTP/2.0" 404 91988 "-" "WPDefender-Controller/1.0"
139.180.209.5 - - [12/Jul/2026:15:30:36 +0200] "POST /?wpd_ping=233a196051d8 HTTP/2.0" 200 103173 "-" "WPDefender-Controller/1.0"
139.180.209.5 - - [12/Jul/2026:15:30:44 +0200] "POST /wp-includes/class-wp-db-session.php?wpd_ping=233a196051d8 HTTP/2.0" 404 92096 "-" "WPDefender-Controller/1.0"
139.180.209.5 - - [12/Jul/2026:15:30:44 +0200] "POST /?wpd_ping=233a196051d8 HTTP/2.0" 200 103173 "-" "WPDefender-Controller/1.0"
65.108.235.243 - - [12/Jul/2026:15:45:51 +0200] "POST /wp-cron.php?doing_wp_cron=1783863951.5470809936523437500000 HTTP/1.1" 200 1 "-" "WordPress/7.0.1; https://brescia.elettroservicegroup.it"
139.180.209.5 - - [12/Jul/2026:15:45:47 +0200] "POST /?wpd_ping=233a196051d8 HTTP/2.0" 200 103173 "-" "WPDefender-Controller/1.0"
139.180.209.5 - - [12/Jul/2026:15:45:52 +0200] "POST /wp-includes/class-wp-db-session.php?wpd_ping=233a196051d8 HTTP/2.0" 404 92206 "-" "WPDefender-Controller/1.0"
139.180.209.5 - - [12/Jul/2026:15:45:52 +0200] "POST /wp-content/db.php?wpd_ping=233a196051d8 HTTP/2.0" 404 92098 "-" "WPDefender-Controller/1.0"
139.180.209.5 - - [12/Jul/2026:15:45:52 +0200] "POST /?wpd_ping=233a196051d8 HTTP/2.0" 200 103173 "-" "WPDefender-Controller/1.0"
139.180.209.5 - - [12/Jul/2026:16:00:13 +0200] "POST /?wpd_ping=233a196051d8 HTTP/2.0" 200 103173 "-" "WPDefender-Controller/1.0"
139.180.209.5 - - [12/Jul/2026:16:00:21 +0200] "POST /wp-includes/class-wp-db-session.php?wpd_ping=233a196051d8 HTTP/2.0" 404 92096 "-" "WPDefender-Controller/1.0"
139.180.209.5 - - [12/Jul/2026:16:00:21 +0200] "POST /wp-content/db.php?wpd_ping=233a196051d8 HTTP/2.0" 404 91988 "-" "WPDefender-Controller/1.0"
139.180.209.5 - - [12/Jul/2026:16:00:21 +0200] "POST /?wpd_ping=233a196051d8 HTTP/2.0" 200 103173 "-" "WPDefender-Controller/1.0"
139.180.209.5 - - [12/Jul/2026:16:16:05 +0200] "POST /?wpd_ping=233a196051d8 HTTP/2.0" 200 103173 "-" "WPDefender-Controller/1.0"
139.180.209.5 - - [12/Jul/2026:16:16:13 +0200] "POST /wp-content/db.php?wpd_ping=233a196051d8 HTTP/2.0" 404 91988 "-" "WPDefender-Controller/1.0"
65.108.235.243 - - [12/Jul/2026:16:16:17 +0200] "POST /wp-cron.php?doing_wp_cron=1783865777.2433140277862548828125 HTTP/1.1" 200 1 "-" "WordPress/7.0.1; https://brescia.elettroservicegroup.it"
65.108.235.243 - - [12/Jul/2026:16:16:17 +0200] "POST /wp-cron.php?doing_wp_cron=1783865777.2425971031188964843750 HTTP/1.1" 200 1 "-" "WordPress/7.0.1; https://brescia.elettroservicegroup.it"
139.180.209.5 - - [12/Jul/2026:16:16:13 +0200] "POST /?wpd_ping=233a196051d8 HTTP/2.0" 200 103173 "-" "WPDefender-Controller/1.0"
139.180.209.5 - - [12/Jul/2026:16:16:13 +0200] "POST /wp-includes/class-wp-db-session.php?wpd_ping=233a196051d8 HTTP/2.0" 404 92096 "-" "WPDefender-Controller/1.0"
65.108.235.243 - - [12/Jul/2026:16:16:19 +0200] "POST /wp-json/complianz/v1/wsc-scan HTTP/1.1" 400 88 "-" "WordPress/7.0.1; https://brescia.elettroservicegroup.it"
65.108.235.243 - - [12/Jul/2026:16:31:38 +0200] "POST /wp-cron.php?doing_wp_cron=1783866698.0483241081237792968750 HTTP/1.1" 200 1 "-" "WordPress/7.0.1; https://brescia.elettroservicegroup.it"
139.180.209.5 - - [12/Jul/2026:16:31:28 +0200] "POST /?wpd_ping=233a196051d8 HTTP/2.0" 200 103173 "-" "WPDefender-Controller/1.0"
139.180.209.5 - - [12/Jul/2026:16:31:36 +0200] "POST /?wpd_ping=233a196051d8 HTTP/2.0" 200 103173 "-" "WPDefender-Controller/1.0"
139.180.209.5 - - [12/Jul/2026:16:31:36 +0200] "POST /wp-content/db.php?wpd_ping=233a196051d8 HTTP/2.0" 404 92098 "-" "WPDefender-Controller/1.0"
139.180.209.5 - - [12/Jul/2026:16:31:36 +0200] "POST /wp-includes/class-wp-db-session.php?wpd_ping=233a196051d8 HTTP/2.0" 404 92206 "-" "WPDefender-Controller/1.0"
172.203.190.131 - - [12/Jul/2026:16:32:17 +0200] "GET /robots.txt HTTP/2.0" 200 106 "-" "Mozilla/5.0 (Macintosh; Intel Mac OS X 10_15_7) AppleWebKit/537.36 (KHTML, like Gecko) Chrome/131.0.0.0 Safari/537.36; compatible; OAI-SearchBot/1.0; +https://openai.com/searchbot"
139.180.209.5 - - [12/Jul/2026:16:46:38 +0200] "POST /wp-content/db.php?wpd_ping=233a196051d8 HTTP/2.0" 404 91988 "-" "WPDefender-Controller/1.0"
139.180.209.5 - - [12/Jul/2026:16:46:30 +0200] "POST /?wpd_ping=233a196051d8 HTTP/2.0" 200 103173 "-" "WPDefender-Controller/1.0"
139.180.209.5 - - [12/Jul/2026:16:46:38 +0200] "POST /wp-includes/class-wp-db-session.php?wpd_ping=233a196051d8 HTTP/2.0" 404 92096 "-" "WPDefender-Controller/1.0"
139.180.209.5 - - [12/Jul/2026:16:46:38 +0200] "POST /?wpd_ping=233a196051d8 HTTP/2.0" 200 103173 "-" "WPDefender-Controller/1.0"
65.108.235.243 - - [12/Jul/2026:17:00:40 +0200] "POST /wp-cron.php?doing_wp_cron=1783868440.6524779796600341796875 HTTP/1.1" 200 1 "-" "WordPress/7.0.1; https://brescia.elettroservicegroup.it"
139.180.209.5 - - [12/Jul/2026:17:00:31 +0200] "POST /?wpd_ping=233a196051d8 HTTP/2.0" 200 103173 "-" "WPDefender-Controller/1.0"
139.180.209.5 - - [12/Jul/2026:17:00:39 +0200] "POST /wp-content/db.php?wpd_ping=233a196051d8 HTTP/2.0" 404 92098 "-" "WPDefender-Controller/1.0"
139.180.209.5 - - [12/Jul/2026:17:00:39 +0200] "POST /?wpd_ping=233a196051d8 HTTP/2.0" 200 103173 "-" "WPDefender-Controller/1.0"
139.180.209.5 - - [12/Jul/2026:17:00:39 +0200] "POST /wp-includes/class-wp-db-session.php?wpd_ping=233a196051d8 HTTP/2.0" 404 92206 "-" "WPDefender-Controller/1.0"
65.108.235.243 - - [12/Jul/2026:17:15:26 +0200] "POST /wp-cron.php?doing_wp_cron=1783869326.3496720790863037109375 HTTP/1.1" 200 1 "-" "WordPress/7.0.1; https://brescia.elettroservicegroup.it"
139.180.209.5 - - [12/Jul/2026:17:15:16 +0200] "POST /?wpd_ping=233a196051d8 HTTP/2.0" 200 103173 "-" "WPDefender-Controller/1.0"
139.180.209.5 - - [12/Jul/2026:17:15:24 +0200] "POST /wp-includes/class-wp-db-session.php?wpd_ping=233a196051d8 HTTP/2.0" 404 92206 "-" "WPDefender-Controller/1.0"
139.180.209.5 - - [12/Jul/2026:17:15:24 +0200] "POST /wp-content/db.php?wpd_ping=233a196051d8 HTTP/2.0" 404 92098 "-" "WPDefender-Controller/1.0"
139.180.209.5 - - [12/Jul/2026:17:15:24 +0200] "POST /?wpd_ping=233a196051d8 HTTP/2.0" 200 103173 "-" "WPDefender-Controller/1.0"
47.128.23.203 - - [12/Jul/2026:17:16:34 +0200] "GET /robots.txt HTTP/1.1" 200 11859 "-" "Mozilla/5.0 (Linux; Android 5.0) AppleWebKit/537.36 (KHTML, like Gecko) Mobile Safari/537.36 (compatible; Bytespider; spider-feedback@bytedance.com)"
65.108.235.243 - - [12/Jul/2026:17:31:09 +0200] "POST /wp-cron.php?doing_wp_cron=1783870268.7524418830871582031250 HTTP/1.1" 200 1 "-" "WordPress/7.0.1; https://brescia.elettroservicegroup.it"
139.180.209.5 - - [12/Jul/2026:17:30:58 +0200] "POST /?wpd_ping=233a196051d8 HTTP/2.0" 200 103173 "-" "WPDefender-Controller/1.0"
139.180.209.5 - - [12/Jul/2026:17:31:06 +0200] "POST /wp-content/db.php?wpd_ping=233a196051d8 HTTP/2.0" 404 92098 "-" "WPDefender-Controller/1.0"
139.180.209.5 - - [12/Jul/2026:17:31:06 +0200] "POST /wp-includes/class-wp-db-session.php?wpd_ping=233a196051d8 HTTP/2.0" 404 92206 "-" "WPDefender-Controller/1.0"
139.180.209.5 - - [12/Jul/2026:17:31:06 +0200] "POST /?wpd_ping=233a196051d8 HTTP/2.0" 200 103173 "-" "WPDefender-Controller/1.0"
65.108.235.243 - - [12/Jul/2026:17:31:11 +0200] "POST /wp-json/complianz/v1/wsc-scan HTTP/1.1" 400 88 "-" "WordPress/7.0.1; https://brescia.elettroservicegroup.it"
47.128.23.35 - - [12/Jul/2026:17:38:02 +0200] "GET /category/uncategorized/ HTTP/2.0" 200 11861 "-" "Mozilla/5.0 (Linux; Android 5.0) AppleWebKit/537.36 (KHTML, like Gecko) Mobile Safari/537.36 (compatible; Bytespider; spider-feedback@bytedance.com)"
47.128.23.4 - - [12/Jul/2026:17:42:02 +0200] "GET /category/uncategorized/ HTTP/2.0" 200 11921 "-" "Mozilla/5.0 (Linux; Android 5.0) AppleWebKit/537.36 (KHTML, like Gecko) Mobile Safari/537.36 (compatible; Bytespider; spider-feedback@bytedance.com)"
65.108.235.243 - - [12/Jul/2026:17:46:49 +0200] "POST /wp-cron.php?doing_wp_cron=1783871208.9514439105987548828125 HTTP/1.1" 200 1 "-" "WordPress/7.0.1; https://brescia.elettroservicegroup.it"
139.180.209.5 - - [12/Jul/2026:17:46:38 +0200] "POST /?wpd_ping=233a196051d8 HTTP/2.0" 200 103173 "-" "WPDefender-Controller/1.0"
139.180.209.5 - - [12/Jul/2026:17:46:46 +0200] "POST /wp-content/db.php?wpd_ping=233a196051d8 HTTP/2.0" 404 92098 "-" "WPDefender-Controller/1.0"
139.180.209.5 - - [12/Jul/2026:17:46:46 +0200] "POST /wp-includes/class-wp-db-session.php?wpd_ping=233a196051d8 HTTP/2.0" 404 92206 "-" "WPDefender-Controller/1.0"
139.180.209.5 - - [12/Jul/2026:17:46:46 +0200] "POST /?wpd_ping=233a196051d8 HTTP/2.0" 200 103173 "-" "WPDefender-Controller/1.0"
65.108.235.243 - - [12/Jul/2026:18:01:45 +0200] "POST /wp-cron.php?doing_wp_cron=1783872105.3596930503845214843750 HTTP/1.1" 200 1 "-" "WordPress/7.0.1; https://brescia.elettroservicegroup.it"
139.180.209.5 - - [12/Jul/2026:18:01:38 +0200] "POST /?wpd_ping=233a196051d8 HTTP/2.0" 200 103173 "-" "WPDefender-Controller/1.0"
139.180.209.5 - - [12/Jul/2026:18:01:46 +0200] "POST /wp-includes/class-wp-db-session.php?wpd_ping=233a196051d8 HTTP/2.0" 404 92206 "-" "WPDefender-Controller/1.0"
139.180.209.5 - - [12/Jul/2026:18:01:46 +0200] "POST /wp-content/db.php?wpd_ping=233a196051d8 HTTP/2.0" 404 92098 "-" "WPDefender-Controller/1.0"
139.180.209.5 - - [12/Jul/2026:18:01:46 +0200] "POST /?wpd_ping=233a196051d8 HTTP/2.0" 200 103173 "-" "WPDefender-Controller/1.0"
139.180.209.5 - - [12/Jul/2026:18:16:30 +0200] "POST /wp-content/db.php?wpd_ping=233a196051d8 HTTP/2.0" 404 91988 "-" "WPDefender-Controller/1.0"
139.180.209.5 - - [12/Jul/2026:18:16:30 +0200] "POST /wp-includes/class-wp-db-session.php?wpd_ping=233a196051d8 HTTP/2.0" 404 92096 "-" "WPDefender-Controller/1.0"
139.180.209.5 - - [12/Jul/2026:18:16:30 +0200] "POST /?wpd_ping=233a196051d8 HTTP/2.0" 200 103173 "-" "WPDefender-Controller/1.0"
139.180.209.5 - - [12/Jul/2026:18:16:22 +0200] "POST /?wpd_ping=233a196051d8 HTTP/2.0" 200 103173 "-" "WPDefender-Controller/1.0"
139.180.209.5 - - [12/Jul/2026:18:32:01 +0200] "POST /?wpd_ping=233a196051d8 HTTP/2.0" 200 103173 "-" "WPDefender-Controller/1.0"
139.180.209.5 - - [12/Jul/2026:18:32:09 +0200] "POST /wp-includes/class-wp-db-session.php?wpd_ping=233a196051d8 HTTP/2.0" 404 92096 "-" "WPDefender-Controller/1.0"
139.180.209.5 - - [12/Jul/2026:18:32:09 +0200] "POST /wp-content/db.php?wpd_ping=233a196051d8 HTTP/2.0" 404 91988 "-" "WPDefender-Controller/1.0"
139.180.209.5 - - [12/Jul/2026:18:32:09 +0200] "POST /?wpd_ping=233a196051d8 HTTP/2.0" 200 103173 "-" "WPDefender-Controller/1.0"
65.108.235.243 - - [12/Jul/2026:18:32:14 +0200] "POST /wp-json/complianz/v1/wsc-scan HTTP/1.1" 400 88 "-" "WordPress/7.0.1; https://brescia.elettroservicegroup.it"
65.108.235.243 - - [12/Jul/2026:18:45:58 +0200] "POST /wp-cron.php?doing_wp_cron=1783874758.1464579105377197265625 HTTP/1.1" 200 1 "-" "WordPress/7.0.1; https://brescia.elettroservicegroup.it"
139.180.209.5 - - [12/Jul/2026:18:45:54 +0200] "POST /?wpd_ping=233a196051d8 HTTP/2.0" 200 103173 "-" "WPDefender-Controller/1.0"
139.180.209.5 - - [12/Jul/2026:18:45:59 +0200] "POST /wp-content/db.php?wpd_ping=233a196051d8 HTTP/2.0" 404 92098 "-" "WPDefender-Controller/1.0"
139.180.209.5 - - [12/Jul/2026:18:45:59 +0200] "POST /wp-includes/class-wp-db-session.php?wpd_ping=233a196051d8 HTTP/2.0" 404 92206 "-" "WPDefender-Controller/1.0"
139.180.209.5 - - [12/Jul/2026:18:45:59 +0200] "POST /?wpd_ping=233a196051d8 HTTP/2.0" 200 103173 "-" "WPDefender-Controller/1.0"
65.108.235.243 - - [12/Jul/2026:19:00:54 +0200] "POST /wp-cron.php?doing_wp_cron=1783875654.1599740982055664062500 HTTP/1.1" 200 1 "-" "WordPress/7.0.1; https://brescia.elettroservicegroup.it"
139.180.209.5 - - [12/Jul/2026:19:00:46 +0200] "POST /?wpd_ping=233a196051d8 HTTP/2.0" 200 103173 "-" "WPDefender-Controller/1.0"
139.180.209.5 - - [12/Jul/2026:19:00:54 +0200] "POST /wp-includes/class-wp-db-session.php?wpd_ping=233a196051d8 HTTP/2.0" 404 92206 "-" "WPDefender-Controller/1.0"
139.180.209.5 - - [12/Jul/2026:19:00:54 +0200] "POST /wp-content/db.php?wpd_ping=233a196051d8 HTTP/2.0" 404 92098 "-" "WPDefender-Controller/1.0"
139.180.209.5 - - [12/Jul/2026:19:00:54 +0200] "POST /?wpd_ping=233a196051d8 HTTP/2.0" 200 103173 "-" "WPDefender-Controller/1.0"
65.108.235.243 - - [12/Jul/2026:19:06:51 +0200] "POST /wp-cron.php?doing_wp_cron=1783876011.4511868953704833984375 HTTP/1.1" 200 1 "-" "WordPress/7.0.1; https://brescia.elettroservicegroup.it"
216.73.216.229 - - [12/Jul/2026:19:06:50 +0200] "GET /robots.txt HTTP/2.0" 301 1 "-" "Mozilla/5.0 AppleWebKit/537.36 (KHTML, like Gecko; compatible; ClaudeBot/1.0; +claudebot@anthropic.com)"
216.73.216.229 - - [12/Jul/2026:19:06:55 +0200] "GET /robots.txt HTTP/2.0" 200 106 "https://www.brescia.elettroservicegroup.it/robots.txt" "Mozilla/5.0 AppleWebKit/537.36 (KHTML, like Gecko; compatible; ClaudeBot/1.0; +claudebot@anthropic.com)"
216.73.216.229 - - [12/Jul/2026:19:06:56 +0200] "GET / HTTP/2.0" 301 1 "-" "Mozilla/5.0 AppleWebKit/537.36 (KHTML, like Gecko; compatible; ClaudeBot/1.0; +claudebot@anthropic.com)"
216.73.216.229 - - [12/Jul/2026:19:06:56 +0200] "GET / HTTP/2.0" 200 20012 "https://www.brescia.elettroservicegroup.it/" "Mozilla/5.0 AppleWebKit/537.36 (KHTML, like Gecko; compatible; ClaudeBot/1.0; +claudebot@anthropic.com)"
65.108.235.243 - - [12/Jul/2026:19:16:25 +0200] "POST /wp-cron.php?doing_wp_cron=1783876585.7529709339141845703125 HTTP/1.1" 200 1 "-" "WordPress/7.0.1; https://brescia.elettroservicegroup.it"
139.180.209.5 - - [12/Jul/2026:19:16:18 +0200] "POST /?wpd_ping=233a196051d8 HTTP/2.0" 200 103173 "-" "WPDefender-Controller/1.0"
139.180.209.5 - - [12/Jul/2026:19:16:26 +0200] "POST /wp-includes/class-wp-db-session.php?wpd_ping=233a196051d8 HTTP/2.0" 404 92206 "-" "WPDefender-Controller/1.0"
139.180.209.5 - - [12/Jul/2026:19:16:26 +0200] "POST /?wpd_ping=233a196051d8 HTTP/2.0" 200 103173 "-" "WPDefender-Controller/1.0"
139.180.209.5 - - [12/Jul/2026:19:16:26 +0200] "POST /wp-content/db.php?wpd_ping=233a196051d8 HTTP/2.0" 404 92098 "-" "WPDefender-Controller/1.0"
65.108.235.243 - - [12/Jul/2026:19:31:06 +0200] "POST /wp-cron.php?doing_wp_cron=1783877466.1491389274597167968750 HTTP/1.1" 200 1 "-" "WordPress/7.0.1; https://brescia.elettroservicegroup.it"
139.180.209.5 - - [12/Jul/2026:19:30:56 +0200] "POST /?wpd_ping=233a196051d8 HTTP/2.0" 200 103173 "-" "WPDefender-Controller/1.0"
139.180.209.5 - - [12/Jul/2026:19:31:04 +0200] "POST /?wpd_ping=233a196051d8 HTTP/2.0" 200 103173 "-" "WPDefender-Controller/1.0"
139.180.209.5 - - [12/Jul/2026:19:31:04 +0200] "POST /wp-content/db.php?wpd_ping=233a196051d8 HTTP/2.0" 404 92098 "-" "WPDefender-Controller/1.0"
139.180.209.5 - - [12/Jul/2026:19:31:04 +0200] "POST /wp-includes/class-wp-db-session.php?wpd_ping=233a196051d8 HTTP/2.0" 404 92206 "-" "WPDefender-Controller/1.0"
65.108.235.243 - - [12/Jul/2026:19:45:32 +0200] "POST /wp-cron.php?doing_wp_cron=1783878332.3557438850402832031250 HTTP/1.1" 200 1 "-" "WordPress/7.0.1; https://brescia.elettroservicegroup.it"
139.180.209.5 - - [12/Jul/2026:19:45:28 +0200] "POST /?wpd_ping=233a196051d8 HTTP/2.0" 200 103173 "-" "WPDefender-Controller/1.0"
139.180.209.5 - - [12/Jul/2026:19:45:33 +0200] "POST /wp-content/db.php?wpd_ping=233a196051d8 HTTP/2.0" 404 92098 "-" "WPDefender-Controller/1.0"
139.180.209.5 - - [12/Jul/2026:19:45:33 +0200] "POST /?wpd_ping=233a196051d8 HTTP/2.0" 200 103173 "-" "WPDefender-Controller/1.0"
65.108.235.243 - - [12/Jul/2026:19:45:34 +0200] "POST /wp-json/complianz/v1/wsc-scan HTTP/1.1" 400 88 "-" "WordPress/7.0.1; https://brescia.elettroservicegroup.it"
139.180.209.5 - - [12/Jul/2026:19:45:33 +0200] "POST /wp-includes/class-wp-db-session.php?wpd_ping=233a196051d8 HTTP/2.0" 404 92206 "-" "WPDefender-Controller/1.0"
139.180.209.5 - - [12/Jul/2026:20:00:34 +0200] "POST /?wpd_ping=233a196051d8 HTTP/2.0" 200 103173 "-" "WPDefender-Controller/1.0"
139.180.209.5 - - [12/Jul/2026:20:00:34 +0200] "POST /wp-includes/class-wp-db-session.php?wpd_ping=233a196051d8 HTTP/2.0" 404 92096 "-" "WPDefender-Controller/1.0"
139.180.209.5 - - [12/Jul/2026:20:00:26 +0200] "POST /?wpd_ping=233a196051d8 HTTP/2.0" 200 103173 "-" "WPDefender-Controller/1.0"
65.108.235.243 - - [12/Jul/2026:20:00:38 +0200] "POST /wp-cron.php?doing_wp_cron=1783879238.5453789234161376953125 HTTP/1.1" 200 1 "-" "WordPress/7.0.1; https://brescia.elettroservicegroup.it"
139.180.209.5 - - [12/Jul/2026:20:00:34 +0200] "POST /wp-content/db.php?wpd_ping=233a196051d8 HTTP/2.0" 404 91988 "-" "WPDefender-Controller/1.0"
65.108.235.243 - - [12/Jul/2026:20:14:58 +0200] "POST /wp-cron.php?doing_wp_cron=1783880098.7708289623260498046875 HTTP/1.1" 200 1 "-" "WordPress/7.0.1; https://brescia.elettroservicegroup.it"
66.249.64.229 - - [12/Jul/2026:20:14:57 +0200] "GET /attachment-sitemap.xml HTTP/1.1" 200 3504 "-" "Mozilla/5.0 (compatible; Googlebot/2.1; +http://www.google.com/bot.html)"
65.108.235.243 - - [12/Jul/2026:20:16:18 +0200] "POST /wp-cron.php?doing_wp_cron=1783880178.0503709316253662109375 HTTP/1.1" 200 1 "-" "WordPress/7.0.1; https://brescia.elettroservicegroup.it"
139.180.209.5 - - [12/Jul/2026:20:16:09 +0200] "POST /?wpd_ping=233a196051d8 HTTP/2.0" 200 103173 "-" "WPDefender-Controller/1.0"
139.180.209.5 - - [12/Jul/2026:20:16:16 +0200] "POST /wp-content/db.php?wpd_ping=233a196051d8 HTTP/2.0" 404 92098 "-" "WPDefender-Controller/1.0"
139.180.209.5 - - [12/Jul/2026:20:16:16 +0200] "POST /?wpd_ping=233a196051d8 HTTP/2.0" 200 103173 "-" "WPDefender-Controller/1.0"
139.180.209.5 - - [12/Jul/2026:20:16:16 +0200] "POST /wp-includes/class-wp-db-session.php?wpd_ping=233a196051d8 HTTP/2.0" 404 92206 "-" "WPDefender-Controller/1.0"
139.180.209.5 - - [12/Jul/2026:20:31:31 +0200] "POST /wp-includes/class-wp-db-session.php?wpd_ping=233a196051d8 HTTP/2.0" 404 92096 "-" "WPDefender-Controller/1.0"
65.108.235.243 - - [12/Jul/2026:20:31:37 +0200] "POST /wp-cron.php?doing_wp_cron=1783881097.1438550949096679687500 HTTP/1.1" 200 1 "-" "WordPress/7.0.1; https://brescia.elettroservicegroup.it"
139.180.209.5 - - [12/Jul/2026:20:31:31 +0200] "POST /?wpd_ping=233a196051d8 HTTP/2.0" 200 103173 "-" "WPDefender-Controller/1.0"
139.180.209.5 - - [12/Jul/2026:20:31:31 +0200] "POST /wp-content/db.php?wpd_ping=233a196051d8 HTTP/2.0" 404 91988 "-" "WPDefender-Controller/1.0"
139.180.209.5 - - [12/Jul/2026:20:31:23 +0200] "POST /?wpd_ping=233a196051d8 HTTP/2.0" 200 103173 "-" "WPDefender-Controller/1.0"
65.108.235.243 - - [12/Jul/2026:20:46:36 +0200] "POST /wp-cron.php?doing_wp_cron=1783881995.9517428874969482421875 HTTP/1.1" 200 1 "-" "WordPress/7.0.1; https://brescia.elettroservicegroup.it"
139.180.209.5 - - [12/Jul/2026:20:46:29 +0200] "POST /?wpd_ping=233a196051d8 HTTP/2.0" 200 103173 "-" "WPDefender-Controller/1.0"
65.108.235.243 - - [12/Jul/2026:20:46:37 +0200] "POST /wp-json/complianz/v1/wsc-scan HTTP/1.1" 400 88 "-" "WordPress/7.0.1; https://brescia.elettroservicegroup.it"
139.180.209.5 - - [12/Jul/2026:20:46:37 +0200] "POST /wp-content/db.php?wpd_ping=233a196051d8 HTTP/2.0" 404 92098 "-" "WPDefender-Controller/1.0"
139.180.209.5 - - [12/Jul/2026:20:46:37 +0200] "POST /?wpd_ping=233a196051d8 HTTP/2.0" 200 103173 "-" "WPDefender-Controller/1.0"
139.180.209.5 - - [12/Jul/2026:20:46:37 +0200] "POST /wp-includes/class-wp-db-session.php?wpd_ping=233a196051d8 HTTP/2.0" 404 92206 "-" "WPDefender-Controller/1.0"
65.108.235.243 - - [12/Jul/2026:21:00:25 +0200] "POST /wp-cron.php?doing_wp_cron=1783882825.6458239555358886718750 HTTP/1.1" 200 1 "-" "WordPress/7.0.1; https://brescia.elettroservicegroup.it"
139.180.209.5 - - [12/Jul/2026:21:00:15 +0200] "POST /?wpd_ping=233a196051d8 HTTP/2.0" 200 103173 "-" "WPDefender-Controller/1.0"
139.180.209.5 - - [12/Jul/2026:21:00:23 +0200] "POST /wp-includes/class-wp-db-session.php?wpd_ping=233a196051d8 HTTP/2.0" 404 92096 "-" "WPDefender-Controller/1.0"
139.180.209.5 - - [12/Jul/2026:21:00:23 +0200] "POST /wp-content/db.php?wpd_ping=233a196051d8 HTTP/2.0" 404 91988 "-" "WPDefender-Controller/1.0"
139.180.209.5 - - [12/Jul/2026:21:00:23 +0200] "POST /?wpd_ping=233a196051d8 HTTP/2.0" 200 103173 "-" "WPDefender-Controller/1.0"
74.7.241.168 - - [12/Jul/2026:21:09:37 +0200] "GET /robots.txt HTTP/2.0" 301 1 "-" "Mozilla/5.0 (Macintosh; Intel Mac OS X 10_15_7) AppleWebKit/537.36 (KHTML, like Gecko) Chrome/131.0.0.0 Safari/537.36; compatible; OAI-SearchBot/1.4; robots.txt; +https://openai.com/searchbot"
65.108.235.243 - - [12/Jul/2026:21:09:41 +0200] "POST /wp-cron.php?doing_wp_cron=1783883381.0613400936126708984375 HTTP/1.1" 200 1 "-" "WordPress/7.0.1; https://brescia.elettroservicegroup.it"
74.7.241.28 - - [12/Jul/2026:21:09:37 +0200] "GET / HTTP/2.0" 301 1 "-" "Mozilla/5.0 AppleWebKit/537.36 (KHTML, like Gecko; compatible; GPTBot/1.4; +https://openai.com/gptbot)"
74.7.241.168 - - [12/Jul/2026:21:09:41 +0200] "GET /robots.txt HTTP/2.0" 200 106 "https://www.brescia.elettroservicegroup.it/robots.txt" "Mozilla/5.0 (Macintosh; Intel Mac OS X 10_15_7) AppleWebKit/537.36 (KHTML, like Gecko) Chrome/131.0.0.0 Safari/537.36; compatible; OAI-SearchBot/1.4; robots.txt; +https://openai.com/searchbot"
139.180.209.5 - - [12/Jul/2026:21:16:25 +0200] "POST /?wpd_ping=233a196051d8 HTTP/2.0" 200 103173 "-" "WPDefender-Controller/1.0"
139.180.209.5 - - [12/Jul/2026:21:16:33 +0200] "POST /wp-content/db.php?wpd_ping=233a196051d8 HTTP/2.0" 404 91988 "-" "WPDefender-Controller/1.0"
139.180.209.5 - - [12/Jul/2026:21:16:33 +0200] "POST /?wpd_ping=233a196051d8 HTTP/2.0" 200 103173 "-" "WPDefender-Controller/1.0"
139.180.209.5 - - [12/Jul/2026:21:16:33 +0200] "POST /wp-includes/class-wp-db-session.php?wpd_ping=233a196051d8 HTTP/2.0" 404 92096 "-" "WPDefender-Controller/1.0"
65.108.235.243 - - [12/Jul/2026:21:31:16 +0200] "POST /wp-cron.php?doing_wp_cron=1783884676.1722650527954101562500 HTTP/1.1" 200 1 "-" "WordPress/7.0.1; https://brescia.elettroservicegroup.it"
139.180.209.5 - - [12/Jul/2026:21:31:13 +0200] "POST /?wpd_ping=233a196051d8 HTTP/2.0" 200 103173 "-" "WPDefender-Controller/1.0"
139.180.209.5 - - [12/Jul/2026:21:31:17 +0200] "POST /wp-content/db.php?wpd_ping=233a196051d8 HTTP/2.0" 404 92098 "-" "WPDefender-Controller/1.0"
139.180.209.5 - - [12/Jul/2026:21:31:17 +0200] "POST /?wpd_ping=233a196051d8 HTTP/2.0" 200 103173 "-" "WPDefender-Controller/1.0"
139.180.209.5 - - [12/Jul/2026:21:31:17 +0200] "POST /wp-includes/class-wp-db-session.php?wpd_ping=233a196051d8 HTTP/2.0" 404 92206 "-" "WPDefender-Controller/1.0"
65.108.235.243 - - [12/Jul/2026:21:46:20 +0200] "POST /wp-cron.php?doing_wp_cron=1783885580.7755579948425292968750 HTTP/1.1" 200 1 "-" "WordPress/7.0.1; https://brescia.elettroservicegroup.it"
139.180.209.5 - - [12/Jul/2026:21:46:13 +0200] "POST /?wpd_ping=233a196051d8 HTTP/2.0" 200 103173 "-" "WPDefender-Controller/1.0"
139.180.209.5 - - [12/Jul/2026:21:46:21 +0200] "POST /wp-includes/class-wp-db-session.php?wpd_ping=233a196051d8 HTTP/2.0" 404 92206 "-" "WPDefender-Controller/1.0"
139.180.209.5 - - [12/Jul/2026:21:46:21 +0200] "POST /?wpd_ping=233a196051d8 HTTP/2.0" 200 103173 "-" "WPDefender-Controller/1.0"
139.180.209.5 - - [12/Jul/2026:21:46:21 +0200] "POST /wp-content/db.php?wpd_ping=233a196051d8 HTTP/2.0" 404 92098 "-" "WPDefender-Controller/1.0"
65.108.235.243 - - [12/Jul/2026:21:51:32 +0200] "POST /wp-cron.php?doing_wp_cron=1783885892.5685660839080810546875 HTTP/1.1" 200 1 "-" "WordPress/7.0.1; https://brescia.elettroservicegroup.it"
216.73.216.184 - - [12/Jul/2026:21:51:26 +0200] "GET /robots.txt HTTP/2.0" 200 106 "-" "Mozilla/5.0 AppleWebKit/537.36 (KHTML, like Gecko; compatible; ClaudeBot/1.0; +claudebot@anthropic.com)"
65.108.235.243 - - [12/Jul/2026:21:51:33 +0200] "POST /wp-json/complianz/v1/wsc-scan HTTP/1.1" 400 88 "-" "WordPress/7.0.1; https://brescia.elettroservicegroup.it"
216.73.216.184 - - [12/Jul/2026:21:51:42 +0200] "GET /sitemap.rss HTTP/2.0" 404 383 "-" "Mozilla/5.0 AppleWebKit/537.36 (KHTML, like Gecko; compatible; ClaudeBot/1.0; +claudebot@anthropic.com)"
216.73.216.184 - - [12/Jul/2026:21:51:42 +0200] "GET /sitemap.xml HTTP/2.0" 200 339 "-" "Mozilla/5.0 AppleWebKit/537.36 (KHTML, like Gecko; compatible; ClaudeBot/1.0; +claudebot@anthropic.com)"
65.108.235.243 - - [12/Jul/2026:22:00:43 +0200] "POST /wp-cron.php?doing_wp_cron=1783886443.6738610267639160156250 HTTP/1.1" 200 1 "-" "WordPress/7.0.1; https://brescia.elettroservicegroup.it"
139.180.209.5 - - [12/Jul/2026:22:00:41 +0200] "POST /?wpd_ping=233a196051d8 HTTP/2.0" 200 103173 "-" "WPDefender-Controller/1.0"
139.180.209.5 - - [12/Jul/2026:22:00:44 +0200] "POST /wp-includes/class-wp-db-session.php?wpd_ping=233a196051d8 HTTP/2.0" 404 92206 "-" "WPDefender-Controller/1.0"
139.180.209.5 - - [12/Jul/2026:22:00:44 +0200] "POST /wp-content/db.php?wpd_ping=233a196051d8 HTTP/2.0" 404 92098 "-" "WPDefender-Controller/1.0"
139.180.209.5 - - [12/Jul/2026:22:00:44 +0200] "POST /?wpd_ping=233a196051d8 HTTP/2.0" 200 103173 "-" "WPDefender-Controller/1.0"
65.108.235.243 - - [12/Jul/2026:22:15:37 +0200] "POST /wp-cron.php?doing_wp_cron=1783887337.5477740764617919921875 HTTP/1.1" 200 1 "-" "WordPress/7.0.1; https://brescia.elettroservicegroup.it"
139.180.209.5 - - [12/Jul/2026:22:15:27 +0200] "POST /?wpd_ping=233a196051d8 HTTP/2.0" 200 103173 "-" "WPDefender-Controller/1.0"
139.180.209.5 - - [12/Jul/2026:22:15:35 +0200] "POST /wp-content/db.php?wpd_ping=233a196051d8 HTTP/2.0" 404 92098 "-" "WPDefender-Controller/1.0"
139.180.209.5 - - [12/Jul/2026:22:15:35 +0200] "POST /?wpd_ping=233a196051d8 HTTP/2.0" 200 103173 "-" "WPDefender-Controller/1.0"
139.180.209.5 - - [12/Jul/2026:22:15:35 +0200] "POST /wp-includes/class-wp-db-session.php?wpd_ping=233a196051d8 HTTP/2.0" 404 92206 "-" "WPDefender-Controller/1.0"
65.108.235.243 - - [12/Jul/2026:22:30:30 +0200] "POST /wp-cron.php?doing_wp_cron=1783888230.8496320247650146484375 HTTP/1.1" 200 1 "-" "WordPress/7.0.1; https://brescia.elettroservicegroup.it"
139.180.209.5 - - [12/Jul/2026:22:30:20 +0200] "POST /?wpd_ping=233a196051d8 HTTP/2.0" 200 103173 "-" "WPDefender-Controller/1.0"
139.180.209.5 - - [12/Jul/2026:22:30:28 +0200] "POST /?wpd_ping=233a196051d8 HTTP/2.0" 200 103173 "-" "WPDefender-Controller/1.0"
139.180.209.5 - - [12/Jul/2026:22:30:28 +0200] "POST /wp-content/db.php?wpd_ping=233a196051d8 HTTP/2.0" 404 92098 "-" "WPDefender-Controller/1.0"
139.180.209.5 - - [12/Jul/2026:22:30:28 +0200] "POST /wp-includes/class-wp-db-session.php?wpd_ping=233a196051d8 HTTP/2.0" 404 92206 "-" "WPDefender-Controller/1.0"
65.108.235.243 - - [12/Jul/2026:22:45:46 +0200] "POST /wp-cron.php?doing_wp_cron=1783889146.5515029430389404296875 HTTP/1.1" 200 1 "-" "WordPress/7.0.1; https://brescia.elettroservicegroup.it"
139.180.209.5 - - [12/Jul/2026:22:45:38 +0200] "POST /?wpd_ping=233a196051d8 HTTP/2.0" 200 103173 "-" "WPDefender-Controller/1.0"
139.180.209.5 - - [12/Jul/2026:22:45:46 +0200] "POST /?wpd_ping=233a196051d8 HTTP/2.0" 200 103173 "-" "WPDefender-Controller/1.0"
139.180.209.5 - - [12/Jul/2026:22:45:46 +0200] "POST /wp-includes/class-wp-db-session.php?wpd_ping=233a196051d8 HTTP/2.0" 404 92206 "-" "WPDefender-Controller/1.0"
139.180.209.5 - - [12/Jul/2026:22:45:46 +0200] "POST /wp-content/db.php?wpd_ping=233a196051d8 HTTP/2.0" 404 92098 "-" "WPDefender-Controller/1.0"
65.108.235.243 - - [12/Jul/2026:23:00:29 +0200] "POST /wp-cron.php?doing_wp_cron=1783890029.7895319461822509765625 HTTP/1.1" 200 1 "-" "WordPress/7.0.1; https://brescia.elettroservicegroup.it"
139.180.209.5 - - [12/Jul/2026:23:00:25 +0200] "POST /?wpd_ping=233a196051d8 HTTP/2.0" 200 103173 "-" "WPDefender-Controller/1.0"
65.108.235.243 - - [12/Jul/2026:23:00:30 +0200] "POST /wp-json/complianz/v1/wsc-scan HTTP/1.1" 400 88 "-" "WordPress/7.0.1; https://brescia.elettroservicegroup.it"
139.180.209.5 - - [12/Jul/2026:23:00:30 +0200] "POST /wp-content/db.php?wpd_ping=233a196051d8 HTTP/2.0" 404 92098 "-" "WPDefender-Controller/1.0"
139.180.209.5 - - [12/Jul/2026:23:00:30 +0200] "POST /wp-includes/class-wp-db-session.php?wpd_ping=233a196051d8 HTTP/2.0" 404 92206 "-" "WPDefender-Controller/1.0"
139.180.209.5 - - [12/Jul/2026:23:00:30 +0200] "POST /?wpd_ping=233a196051d8 HTTP/2.0" 200 103173 "-" "WPDefender-Controller/1.0"
139.180.209.5 - - [12/Jul/2026:23:15:49 +0200] "POST /wp-includes/class-wp-db-session.php?wpd_ping=233a196051d8 HTTP/2.0" 404 92096 "-" "WPDefender-Controller/1.0"
139.180.209.5 - - [12/Jul/2026:23:15:49 +0200] "POST /wp-content/db.php?wpd_ping=233a196051d8 HTTP/2.0" 404 91988 "-" "WPDefender-Controller/1.0"
139.180.209.5 - - [12/Jul/2026:23:15:41 +0200] "POST /?wpd_ping=233a196051d8 HTTP/2.0" 200 103173 "-" "WPDefender-Controller/1.0"
139.180.209.5 - - [12/Jul/2026:23:15:49 +0200] "POST /?wpd_ping=233a196051d8 HTTP/2.0" 200 103173 "-" "WPDefender-Controller/1.0"
139.180.209.5 - - [12/Jul/2026:23:31:52 +0200] "POST /wp-content/db.php?wpd_ping=233a196051d8 HTTP/2.0" 404 91988 "-" "WPDefender-Controller/1.0"
139.180.209.5 - - [12/Jul/2026:23:31:44 +0200] "POST /?wpd_ping=233a196051d8 HTTP/2.0" 200 103173 "-" "WPDefender-Controller/1.0"
65.108.235.243 - - [12/Jul/2026:23:31:56 +0200] "POST /wp-cron.php?doing_wp_cron=1783891916.6474010944366455078125 HTTP/1.1" 200 1 "-" "WordPress/7.0.1; https://brescia.elettroservicegroup.it"
139.180.209.5 - - [12/Jul/2026:23:31:52 +0200] "POST /wp-includes/class-wp-db-session.php?wpd_ping=233a196051d8 HTTP/2.0" 404 92096 "-" "WPDefender-Controller/1.0"
139.180.209.5 - - [12/Jul/2026:23:31:52 +0200] "POST /?wpd_ping=233a196051d8 HTTP/2.0" 200 103173 "-" "WPDefender-Controller/1.0"
65.108.235.243 - - [12/Jul/2026:23:46:13 +0200] "POST /wp-cron.php?doing_wp_cron=1783892773.9540829658508300781250 HTTP/1.1" 200 1 "-" "WordPress/7.0.1; https://brescia.elettroservicegroup.it"
139.180.209.5 - - [12/Jul/2026:23:46:08 +0200] "POST /?wpd_ping=233a196051d8 HTTP/2.0" 200 103173 "-" "WPDefender-Controller/1.0"
139.180.209.5 - - [12/Jul/2026:23:46:15 +0200] "POST /wp-content/db.php?wpd_ping=233a196051d8 HTTP/2.0" 404 92098 "-" "WPDefender-Controller/1.0"
139.180.209.5 - - [12/Jul/2026:23:46:15 +0200] "POST /wp-includes/class-wp-db-session.php?wpd_ping=233a196051d8 HTTP/2.0" 404 92206 "-" "WPDefender-Controller/1.0"
139.180.209.5 - - [12/Jul/2026:23:46:15 +0200] "POST /?wpd_ping=233a196051d8 HTTP/2.0" 200 103173 "-" "WPDefender-Controller/1.0"
139.180.209.5 - - [13/Jul/2026:00:01:07 +0200] "POST /wp-content/db.php?wpd_ping=233a196051d8 HTTP/2.0" 404 91988 "-" "WPDefender-Controller/1.0"
139.180.209.5 - - [13/Jul/2026:00:01:07 +0200] "POST /?wpd_ping=233a196051d8 HTTP/2.0" 200 103173 "-" "WPDefender-Controller/1.0"
65.108.235.243 - - [13/Jul/2026:00:01:14 +0200] "POST /wp-cron.php?doing_wp_cron=1783893674.3482520580291748046875 HTTP/1.1" 200 1 "-" "WordPress/7.0.1; https://brescia.elettroservicegroup.it"
139.180.209.5 - - [13/Jul/2026:00:01:07 +0200] "POST /wp-includes/class-wp-db-session.php?wpd_ping=233a196051d8 HTTP/2.0" 404 92096 "-" "WPDefender-Controller/1.0"
139.180.209.5 - - [13/Jul/2026:00:00:59 +0200] "POST /?wpd_ping=233a196051d8 HTTP/2.0" 200 103173 "-" "WPDefender-Controller/1.0"
65.108.235.243 - - [13/Jul/2026:00:01:16 +0200] "POST /wp-json/complianz/v1/wsc-scan HTTP/1.1" 400 88 "-" "WordPress/7.0.1; https://brescia.elettroservicegroup.it"
65.108.235.243 - - [13/Jul/2026:00:16:30 +0200] "POST /wp-cron.php?doing_wp_cron=1783894590.4412660598754882812500 HTTP/1.1" 200 1 "-" "WordPress/7.0.1; https://brescia.elettroservicegroup.it"
139.180.209.5 - - [13/Jul/2026:00:16:21 +0200] "POST /?wpd_ping=233a196051d8 HTTP/2.0" 200 103173 "-" "WPDefender-Controller/1.0"
139.180.209.5 - - [13/Jul/2026:00:16:29 +0200] "POST /wp-includes/class-wp-db-session.php?wpd_ping=233a196051d8 HTTP/2.0" 404 92206 "-" "WPDefender-Controller/1.0"
139.180.209.5 - - [13/Jul/2026:00:16:29 +0200] "POST /?wpd_ping=233a196051d8 HTTP/2.0" 200 103173 "-" "WPDefender-Controller/1.0"
139.180.209.5 - - [13/Jul/2026:00:16:29 +0200] "POST /wp-content/db.php?wpd_ping=233a196051d8 HTTP/2.0" 404 92098 "-" "WPDefender-Controller/1.0"
65.108.235.243 - - [13/Jul/2026:00:23:27 +0200] "POST /wp-cron.php?doing_wp_cron=1783895007.2542219161987304687500 HTTP/1.1" 200 1 "-" "WordPress/7.0.1; https://brescia.elettroservicegroup.it"
74.7.230.31 - - [13/Jul/2026:00:23:20 +0200] "GET /robots.txt HTTP/2.0" 200 106 "-" "Mozilla/5.0 (Macintosh; Intel Mac OS X 10_15_7) AppleWebKit/537.36 (KHTML, like Gecko) Chrome/131.0.0.0 Safari/537.36; compatible; OAI-SearchBot/1.4; robots.txt; +https://openai.com/searchbot"
65.108.235.243 - - [13/Jul/2026:00:32:04 +0200] "POST /wp-cron.php?doing_wp_cron=1783895524.7580790519714355468750 HTTP/1.1" 200 1 "-" "WordPress/7.0.1; https://brescia.elettroservicegroup.it"
139.180.209.5 - - [13/Jul/2026:00:31:57 +0200] "POST /?wpd_ping=233a196051d8 HTTP/2.0" 200 103173 "-" "WPDefender-Controller/1.0"
139.180.209.5 - - [13/Jul/2026:00:32:05 +0200] "POST /wp-includes/class-wp-db-session.php?wpd_ping=233a196051d8 HTTP/2.0" 404 92206 "-" "WPDefender-Controller/1.0"
139.180.209.5 - - [13/Jul/2026:00:32:05 +0200] "POST /wp-content/db.php?wpd_ping=233a196051d8 HTTP/2.0" 404 92098 "-" "WPDefender-Controller/1.0"
139.180.209.5 - - [13/Jul/2026:00:32:05 +0200] "POST /?wpd_ping=233a196051d8 HTTP/2.0" 200 103173 "-" "WPDefender-Controller/1.0"
65.108.235.243 - - [13/Jul/2026:00:46:08 +0200] "POST /wp-cron.php?doing_wp_cron=1783896368.5519039630889892578125 HTTP/1.1" 200 1 "-" "WordPress/7.0.1; https://brescia.elettroservicegroup.it"
139.180.209.5 - - [13/Jul/2026:00:46:00 +0200] "POST /?wpd_ping=233a196051d8 HTTP/2.0" 200 103173 "-" "WPDefender-Controller/1.0"
139.180.209.5 - - [13/Jul/2026:00:46:08 +0200] "POST /wp-content/db.php?wpd_ping=233a196051d8 HTTP/2.0" 404 92098 "-" "WPDefender-Controller/1.0"
139.180.209.5 - - [13/Jul/2026:00:46:08 +0200] "POST /wp-includes/class-wp-db-session.php?wpd_ping=233a196051d8 HTTP/2.0" 404 92206 "-" "WPDefender-Controller/1.0"
139.180.209.5 - - [13/Jul/2026:00:46:08 +0200] "POST /?wpd_ping=233a196051d8 HTTP/2.0" 200 103173 "-" "WPDefender-Controller/1.0"
65.108.235.243 - - [13/Jul/2026:01:02:23 +0200] "POST /wp-cron.php?doing_wp_cron=1783897343.3630990982055664062500 HTTP/1.1" 200 1 "-" "WordPress/7.0.1; https://brescia.elettroservicegroup.it"
139.180.209.5 - - [13/Jul/2026:01:02:15 +0200] "POST /?wpd_ping=233a196051d8 HTTP/2.0" 200 103173 "-" "WPDefender-Controller/1.0"
139.180.209.5 - - [13/Jul/2026:01:02:23 +0200] "POST /wp-content/db.php?wpd_ping=233a196051d8 HTTP/2.0" 404 92098 "-" "WPDefender-Controller/1.0"
139.180.209.5 - - [13/Jul/2026:01:02:23 +0200] "POST /wp-includes/class-wp-db-session.php?wpd_ping=233a196051d8 HTTP/2.0" 404 92206 "-" "WPDefender-Controller/1.0"
139.180.209.5 - - [13/Jul/2026:01:02:23 +0200] "POST /?wpd_ping=233a196051d8 HTTP/2.0" 200 103173 "-" "WPDefender-Controller/1.0"
65.108.235.243 - - [13/Jul/2026:01:02:25 +0200] "POST /wp-json/complianz/v1/wsc-scan HTTP/1.1" 400 88 "-" "WordPress/7.0.1; https://brescia.elettroservicegroup.it"
65.108.235.243 - - [13/Jul/2026:01:12:02 +0200] "POST /wp-cron.php?doing_wp_cron=1783897922.0647230148315429687500 HTTP/1.1" 200 1 "-" "WordPress/7.0.1; https://brescia.elettroservicegroup.it"
66.249.64.230 - - [13/Jul/2026:01:11:54 +0200] "GET /asciugatrice/ HTTP/1.1" 200 18778 "-" "Mozilla/5.0 (Linux; Android 6.0.1; Nexus 5X Build/MMB29P) AppleWebKit/537.36 (KHTML, like Gecko) Chrome/150.0.7871.46 Mobile Safari/537.36 (compatible; Googlebot/2.1; +http://www.google.com/bot.html)"
66.249.64.230 - - [13/Jul/2026:01:12:07 +0200] "GET /wp-content/plugins/elementor/assets/css/frontend.min.css?ver=4.1.4 HTTP/1.1" 200 6618 "https://brescia.elettroservicegroup.it/asciugatrice/" "Mozilla/5.0 (Linux; Android 6.0.1; Nexus 5X Build/MMB29P) AppleWebKit/537.36 (KHTML, like Gecko) Chrome/150.0.7871.46 Mobile Safari/537.36 (compatible; Googlebot/2.1; +http://www.google.com/bot.html)"
66.249.64.229 - - [13/Jul/2026:01:12:07 +0200] "GET /wp-content/plugins/complianz-gdpr-premium/assets/css/cookieblocker.min.css?ver=1783097345 HTTP/1.1" 200 615 "https://brescia.elettroservicegroup.it/asciugatrice/" "Mozilla/5.0 (Linux; Android 6.0.1; Nexus 5X Build/MMB29P) AppleWebKit/537.36 (KHTML, like Gecko) Chrome/150.0.7871.46 Mobile Safari/537.36 (compatible; Googlebot/2.1; +http://www.google.com/bot.html)"
66.249.64.229 - - [13/Jul/2026:01:12:07 +0200] "GET /wp-includes/css/dist/block-library/style.min.css?ver=7.0.1 HTTP/1.1" 200 15998 "https://brescia.elettroservicegroup.it/asciugatrice/" "Mozilla/5.0 (Linux; Android 6.0.1; Nexus 5X Build/MMB29P) AppleWebKit/537.36 (KHTML, like Gecko) Chrome/150.0.7871.46 Mobile Safari/537.36 (compatible; Googlebot/2.1; +http://www.google.com/bot.html)"
66.249.64.229 - - [13/Jul/2026:01:12:08 +0200] "GET /wp-content/plugins/header-footer-elementor/inc/widgets-css/frontend.css?ver=2.9.1 HTTP/1.1" 200 8711 "https://brescia.elettroservicegroup.it/asciugatrice/" "Mozilla/5.0 (Linux; Android 6.0.1; Nexus 5X Build/MMB29P) AppleWebKit/537.36 (KHTML, like Gecko) Chrome/150.0.7871.46 Mobile Safari/537.36 (compatible; Googlebot/2.1; +http://www.google.com/bot.html)"
66.249.64.229 - - [13/Jul/2026:01:12:09 +0200] "GET /wp-includes/js/jquery/jquery.min.js?ver=3.7.1 HTTP/1.1" 200 29769 "https://brescia.elettroservicegroup.it/asciugatrice/" "Mozilla/5.0 (Linux; Android 6.0.1; Nexus 5X Build/MMB29P) AppleWebKit/537.36 (KHTML, like Gecko) Chrome/150.0.7871.46 Mobile Safari/537.36 (compatible; Googlebot/2.1; +http://www.google.com/bot.html)"
66.249.64.229 - - [13/Jul/2026:01:12:09 +0200] "GET /wp-content/plugins/elementor/assets/lib/font-awesome/css/brands.css?ver=5.15.3 HTTP/1.1" 200 298 "https://brescia.elettroservicegroup.it/asciugatrice/" "Mozilla/5.0 (Linux; Android 6.0.1; Nexus 5X Build/MMB29P) AppleWebKit/537.36 (KHTML, like Gecko) Chrome/150.0.7871.46 Mobile Safari/537.36 (compatible; Googlebot/2.1; +http://www.google.com/bot.html)"
66.249.64.230 - - [13/Jul/2026:01:12:10 +0200] "GET /wp-content/plugins/wpfront-notification-bar/js/wpfront-notification-bar.min.js?ver=3.5.1.05102 HTTP/1.1" 200 1497 "https://brescia.elettroservicegroup.it/asciugatrice/" "Mozilla/5.0 (Linux; Android 6.0.1; Nexus 5X Build/MMB29P) AppleWebKit/537.36 (KHTML, like Gecko) Chrome/150.0.7871.46 Mobile Safari/537.36 (compatible; Googlebot/2.1; +http://www.google.com/bot.html)"
66.249.64.229 - - [13/Jul/2026:01:12:10 +0200] "GET /wp-content/plugins/essential-addons-for-elementor-lite/assets/front-end/css/view/general.min.css?ver=6.6.11 HTTP/1.1" 200 1422 "https://brescia.elettroservicegroup.it/asciugatrice/" "Mozilla/5.0 (Linux; Android 6.0.1; Nexus 5X Build/MMB29P) AppleWebKit/537.36 (KHTML, like Gecko) Chrome/150.0.7871.46 Mobile Safari/537.36 (compatible; Googlebot/2.1; +http://www.google.com/bot.html)"
66.249.64.229 - - [13/Jul/2026:01:12:11 +0200] "GET /wp-content/plugins/header-footer-elementor/assets/css/header-footer-elementor.css?ver=2.9.1 HTTP/1.1" 200 260 "https://brescia.elettroservicegroup.it/asciugatrice/" "Mozilla/5.0 (Linux; Android 6.0.1; Nexus 5X Build/MMB29P) AppleWebKit/537.36 (KHTML, like Gecko) Chrome/150.0.7871.46 Mobile Safari/537.36 (compatible; Googlebot/2.1; +http://www.google.com/bot.html)"
66.249.64.229 - - [13/Jul/2026:01:12:12 +0200] "GET /wp-content/uploads/elementor/css/post-14146.css?ver=1783296000 HTTP/1.1" 200 428 "https://brescia.elettroservicegroup.it/asciugatrice/" "Mozilla/5.0 (Linux; Android 6.0.1; Nexus 5X Build/MMB29P) AppleWebKit/537.36 (KHTML, like Gecko) Chrome/150.0.7871.46 Mobile Safari/537.36 (compatible; Googlebot/2.1; +http://www.google.com/bot.html)"
66.249.64.229 - - [13/Jul/2026:01:12:12 +0200] "GET /wp-content/uploads/elementor/google-fonts/css/robotoslab.css?ver=1742275294 HTTP/1.1" 200 717 "https://brescia.elettroservicegroup.it/asciugatrice/" "Mozilla/5.0 (Linux; Android 6.0.1; Nexus 5X Build/MMB29P) AppleWebKit/537.36 (KHTML, like Gecko) Chrome/150.0.7871.46 Mobile Safari/537.36 (compatible; Googlebot/2.1; +http://www.google.com/bot.html)"
66.249.64.229 - - [13/Jul/2026:01:12:13 +0200] "GET /wp-content/uploads/elementor/google-fonts/css/roboto.css?ver=1742275292 HTTP/1.1" 200 1886 "https://brescia.elettroservicegroup.it/asciugatrice/" "Mozilla/5.0 (Linux; Android 6.0.1; Nexus 5X Build/MMB29P) AppleWebKit/537.36 (KHTML, like Gecko) Chrome/150.0.7871.46 Mobile Safari/537.36 (compatible; Googlebot/2.1; +http://www.google.com/bot.html)"
66.249.64.229 - - [13/Jul/2026:01:12:14 +0200] "GET /wp-content/plugins/elementor/assets/lib/eicons/css/elementor-icons.min.css?ver=5.50.0 HTTP/1.1" 200 4125 "https://brescia.elettroservicegroup.it/asciugatrice/" "Mozilla/5.0 (Linux; Android 6.0.1; Nexus 5X Build/MMB29P) AppleWebKit/537.36 (KHTML, like Gecko) Chrome/150.0.7871.46 Mobile Safari/537.36 (compatible; Googlebot/2.1; +http://www.google.com/bot.html)"
66.249.64.229 - - [13/Jul/2026:01:12:15 +0200] "GET /wp-content/themes/generatepress/assets/js/menu.min.js?ver=3.6.1 HTTP/1.1" 200 1688 "https://brescia.elettroservicegroup.it/asciugatrice/" "Mozilla/5.0 (Linux; Android 6.0.1; Nexus 5X Build/MMB29P) AppleWebKit/537.36 (KHTML, like Gecko) Chrome/150.0.7871.46 Mobile Safari/537.36 (compatible; Googlebot/2.1; +http://www.google.com/bot.html)"
66.249.64.229 - - [13/Jul/2026:01:12:16 +0200] "GET /wp-content/plugins/gp-premium/menu-plus/functions/js/sticky.min.js?ver=2.5.5 HTTP/1.1" 200 2670 "https://brescia.elettroservicegroup.it/asciugatrice/" "Mozilla/5.0 (Linux; Android 6.0.1; Nexus 5X Build/MMB29P) AppleWebKit/537.36 (KHTML, like Gecko) Chrome/150.0.7871.46 Mobile Safari/537.36 (compatible; Googlebot/2.1; +http://www.google.com/bot.html)"
66.249.64.229 - - [13/Jul/2026:01:12:20 +0200] "GET /wp-content/themes/generatepress/assets/js/back-to-top.min.js?ver=3.6.1 HTTP/1.1" 200 336 "https://brescia.elettroservicegroup.it/asciugatrice/" "Mozilla/5.0 (Linux; Android 6.0.1; Nexus 5X Build/MMB29P) AppleWebKit/537.36 (KHTML, like Gecko) Chrome/150.0.7871.46 Mobile Safari/537.36 (compatible; Googlebot/2.1; +http://www.google.com/bot.html)"
66.249.64.229 - - [13/Jul/2026:01:12:21 +0200] "GET /wp-content/plugins/essential-addons-for-elementor-lite/assets/front-end/js/view/general.min.js?ver=6.6.11 HTTP/1.1" 200 3900 "https://brescia.elettroservicegroup.it/asciugatrice/" "Mozilla/5.0 (Linux; Android 6.0.1; Nexus 5X Build/MMB29P) AppleWebKit/537.36 (KHTML, like Gecko) Chrome/150.0.7871.46 Mobile Safari/537.36 (compatible; Googlebot/2.1; +http://www.google.com/bot.html)"
66.249.64.229 - - [13/Jul/2026:01:12:21 +0200] "GET /wp-content/plugins/elementor/assets/js/frontend-modules.min.js?ver=4.1.4 HTTP/1.1" 200 15454 "https://brescia.elettroservicegroup.it/asciugatrice/" "Mozilla/5.0 (Linux; Android 6.0.1; Nexus 5X Build/MMB29P) AppleWebKit/537.36 (KHTML, like Gecko) Chrome/150.0.7871.46 Mobile Safari/537.36 (compatible; Googlebot/2.1; +http://www.google.com/bot.html)"
66.249.64.229 - - [13/Jul/2026:01:12:23 +0200] "GET /wp-content/plugins/elementor/assets/js/frontend.min.js?ver=4.1.4 HTTP/1.1" 200 10140 "https://brescia.elettroservicegroup.it/asciugatrice/" "Mozilla/5.0 (Linux; Android 6.0.1; Nexus 5X Build/MMB29P) AppleWebKit/537.36 (KHTML, like Gecko) Chrome/150.0.7871.46 Mobile Safari/537.36 (compatible; Googlebot/2.1; +http://www.google.com/bot.html)"
66.249.64.229 - - [13/Jul/2026:01:12:23 +0200] "GET /wp-content/plugins/elementor/assets/js/webpack.runtime.min.js?ver=4.1.4 HTTP/1.1" 200 2340 "https://brescia.elettroservicegroup.it/asciugatrice/" "Mozilla/5.0 (Linux; Android 6.0.1; Nexus 5X Build/MMB29P) AppleWebKit/537.36 (KHTML, like Gecko) Chrome/150.0.7871.46 Mobile Safari/537.36 (compatible; Googlebot/2.1; +http://www.google.com/bot.html)"
66.249.64.229 - - [13/Jul/2026:01:12:24 +0200] "GET /wp-includes/js/jquery/ui/core.min.js?ver=1.13.3 HTTP/1.1" 200 6820 "https://brescia.elettroservicegroup.it/asciugatrice/" "Mozilla/5.0 (Linux; Android 6.0.1; Nexus 5X Build/MMB29P) AppleWebKit/537.36 (KHTML, like Gecko) Chrome/150.0.7871.46 Mobile Safari/537.36 (compatible; Googlebot/2.1; +http://www.google.com/bot.html)"
66.249.64.229 - - [13/Jul/2026:01:12:24 +0200] "GET /wp-content/plugins/complianz-gdpr-premium/cookiebanner/js/complianz.min.js?ver=1783097345 HTTP/1.1" 200 10762 "https://brescia.elettroservicegroup.it/asciugatrice/" "Mozilla/5.0 (Linux; Android 6.0.1; Nexus 5X Build/MMB29P) AppleWebKit/537.36 (KHTML, like Gecko) Chrome/150.0.7871.46 Mobile Safari/537.36 (compatible; Googlebot/2.1; +http://www.google.com/bot.html)"
65.108.235.243 - - [13/Jul/2026:01:12:27 +0200] "POST /wp-cron.php?doing_wp_cron=1783897947.5659730434417724609375 HTTP/1.1" 200 1 "-" "WordPress/7.0.1; https://brescia.elettroservicegroup.it"
66.249.64.229 - - [13/Jul/2026:01:12:26 +0200] "GET /wp-json/complianz/v1/banner?lang=it&locale=it_IT&token=elxap HTTP/1.1" 200 81 "https://brescia.elettroservicegroup.it/asciugatrice/" "Mozilla/5.0 (Linux; Android 6.0.1; Nexus 5X Build/MMB29P) AppleWebKit/537.36 (KHTML, like Gecko) Chrome/150.0.7871.46 Mobile Safari/537.36 (compatible; Googlebot/2.1; +http://www.google.com/bot.html)"
66.249.64.229 - - [13/Jul/2026:01:12:30 +0200] "GET /wp-content/uploads/complianz/css/banner-1-optin.css?v=22 HTTP/1.1" 200 2848 "https://brescia.elettroservicegroup.it/asciugatrice/" "Mozilla/5.0 (Linux; Android 6.0.1; Nexus 5X Build/MMB29P) AppleWebKit/537.36 (KHTML, like Gecko) Chrome/150.0.7871.46 Mobile Safari/537.36 (compatible; Googlebot/2.1; +http://www.google.com/bot.html)"
66.249.64.229 - - [13/Jul/2026:01:12:31 +0200] "GET /wp-content/plugins/elementor/assets/lib/share-link/share-link.min.js?ver=4.1.4 HTTP/1.1" 200 1077 "https://brescia.elettroservicegroup.it/asciugatrice/" "Mozilla/5.0 (Linux; Android 6.0.1; Nexus 5X Build/MMB29P) AppleWebKit/537.36 (KHTML, like Gecko) Chrome/150.0.7871.46 Mobile Safari/537.36 (compatible; Googlebot/2.1; +http://www.google.com/bot.html)"
66.249.64.229 - - [13/Jul/2026:01:12:31 +0200] "GET /wp-content/plugins/elementor/assets/js/section-frontend-handlers.d85ab872da118940910d.bundle.min.js HTTP/1.1" 200 230 "https://brescia.elettroservicegroup.it/asciugatrice/" "Mozilla/5.0 (Linux; Android 6.0.1; Nexus 5X Build/MMB29P) AppleWebKit/537.36 (KHTML, like Gecko) Chrome/150.0.7871.46 Mobile Safari/537.36 (compatible; Googlebot/2.1; +http://www.google.com/bot.html)"
