66.249.64.69 - - [22/Jun/2026:22:12:40 +0200] "GET /wp-content/plugins/elementor/assets/lib/font-awesome/css/v4-shims.min.css?ver=4.1.4 HTTP/1.1" 200 3986 "https://parma.elettroservicegroup.it/assistenza-candy-collecchio/" "Mozilla/5.0 (Linux; Android 6.0.1; Nexus 5X Build/MMB29P) AppleWebKit/537.36 (KHTML, like Gecko) Chrome/148.0.7778.96 Mobile Safari/537.36 (compatible; Googlebot/2.1; +http://www.google.com/bot.html)"
66.249.64.70 - - [22/Jun/2026:22:12:41 +0200] "GET /wp-content/plugins/elementor/assets/lib/animations/styles/bounceIn.min.css?ver=4.1.4 HTTP/1.1" 200 186 "https://parma.elettroservicegroup.it/assistenza-candy-collecchio/" "Mozilla/5.0 (Linux; Android 6.0.1; Nexus 5X Build/MMB29P) AppleWebKit/537.36 (KHTML, like Gecko) Chrome/148.0.7778.96 Mobile Safari/537.36 (compatible; Googlebot/2.1; +http://www.google.com/bot.html)"
66.249.64.69 - - [22/Jun/2026:22:12:43 +0200] "GET /wp-content/plugins/elementor/assets/lib/eicons/css/elementor-icons.min.css?ver=5.50.0 HTTP/1.1" 200 4125 "https://parma.elettroservicegroup.it/assistenza-candy-collecchio/" "Mozilla/5.0 (Linux; Android 6.0.1; Nexus 5X Build/MMB29P) AppleWebKit/537.36 (KHTML, like Gecko) Chrome/148.0.7778.96 Mobile Safari/537.36 (compatible; Googlebot/2.1; +http://www.google.com/bot.html)"
66.249.64.69 - - [22/Jun/2026:22:12:43 +0200] "GET /wp-content/plugins/elementor/assets/js/webpack.runtime.min.js?ver=4.1.4 HTTP/1.1" 200 2340 "https://parma.elettroservicegroup.it/assistenza-candy-collecchio/" "Mozilla/5.0 (Linux; Android 6.0.1; Nexus 5X Build/MMB29P) AppleWebKit/537.36 (KHTML, like Gecko) Chrome/148.0.7778.96 Mobile Safari/537.36 (compatible; Googlebot/2.1; +http://www.google.com/bot.html)"
66.249.64.69 - - [22/Jun/2026:22:12:44 +0200] "GET /wp-content/plugins/elementor/assets/lib/font-awesome/css/fontawesome.min.css?ver=5.15.3 HTTP/1.1" 200 12179 "https://parma.elettroservicegroup.it/assistenza-candy-collecchio/" "Mozilla/5.0 (Linux; Android 6.0.1; Nexus 5X Build/MMB29P) AppleWebKit/537.36 (KHTML, like Gecko) Chrome/148.0.7778.96 Mobile Safari/537.36 (compatible; Googlebot/2.1; +http://www.google.com/bot.html)"
66.249.64.69 - - [22/Jun/2026:22:12:45 +0200] "GET /wp-content/plugins/elementor/assets/lib/font-awesome/css/all.min.css?ver=4.1.4 HTTP/1.1" 200 12402 "https://parma.elettroservicegroup.it/assistenza-candy-collecchio/" "Mozilla/5.0 (Linux; Android 6.0.1; Nexus 5X Build/MMB29P) AppleWebKit/537.36 (KHTML, like Gecko) Chrome/148.0.7778.96 Mobile Safari/537.36 (compatible; Googlebot/2.1; +http://www.google.com/bot.html)"
66.249.64.69 - - [22/Jun/2026:22:12:47 +0200] "GET /wp-content/uploads/elementor/css/post-17281.css?ver=1780704000 HTTP/1.1" 200 2143 "https://parma.elettroservicegroup.it/assistenza-candy-collecchio/" "Mozilla/5.0 (Linux; Android 6.0.1; Nexus 5X Build/MMB29P) AppleWebKit/537.36 (KHTML, like Gecko) Chrome/148.0.7778.96 Mobile Safari/537.36 (compatible; Googlebot/2.1; +http://www.google.com/bot.html)"
66.249.64.69 - - [22/Jun/2026:22:12:47 +0200] "GET /wp-content/plugins/elementor/assets/lib/animations/styles/zoomIn.min.css?ver=4.1.4 HTTP/1.1" 200 87 "https://parma.elettroservicegroup.it/assistenza-candy-collecchio/" "Mozilla/5.0 (Linux; Android 6.0.1; Nexus 5X Build/MMB29P) AppleWebKit/537.36 (KHTML, like Gecko) Chrome/148.0.7778.96 Mobile Safari/537.36 (compatible; Googlebot/2.1; +http://www.google.com/bot.html)"
66.249.64.69 - - [22/Jun/2026:22:12:48 +0200] "GET /wp-content/plugins/elementor/assets/lib/font-awesome/js/v4-shims.min.js?ver=4.1.4 HTTP/1.1" 200 4043 "https://parma.elettroservicegroup.it/assistenza-candy-collecchio/" "Mozilla/5.0 (Linux; Android 6.0.1; Nexus 5X Build/MMB29P) AppleWebKit/537.36 (KHTML, like Gecko) Chrome/148.0.7778.96 Mobile Safari/537.36 (compatible; Googlebot/2.1; +http://www.google.com/bot.html)"
66.249.64.69 - - [22/Jun/2026:22:12:49 +0200] "GET /wp-content/plugins/elementor/assets/css/widget-image.min.css?ver=4.1.4 HTTP/1.1" 200 96 "https://parma.elettroservicegroup.it/assistenza-candy-collecchio/" "Mozilla/5.0 (Linux; Android 6.0.1; Nexus 5X Build/MMB29P) AppleWebKit/537.36 (KHTML, like Gecko) Chrome/148.0.7778.96 Mobile Safari/537.36 (compatible; Googlebot/2.1; +http://www.google.com/bot.html)"
66.249.64.69 - - [22/Jun/2026:22:12:50 +0200] "GET /wp-content/plugins/elementor/assets/js/frontend.min.js?ver=4.1.4 HTTP/1.1" 200 10140 "https://parma.elettroservicegroup.it/assistenza-candy-collecchio/" "Mozilla/5.0 (Linux; Android 6.0.1; Nexus 5X Build/MMB29P) AppleWebKit/537.36 (KHTML, like Gecko) Chrome/148.0.7778.96 Mobile Safari/537.36 (compatible; Googlebot/2.1; +http://www.google.com/bot.html)"
65.108.235.243 - - [22/Jun/2026:22:12:59 +0200] "POST /wp-cron.php?doing_wp_cron=1782159179.9125471115112304687500 HTTP/1.1" 200 1 "-" "WordPress/7.0; https://parma.elettroservicegroup.it"
66.249.64.69 - - [22/Jun/2026:22:12:59 +0200] "GET /wp-json/complianz/v1/banner?lang=it&locale=it_IT&token=npmll HTTP/1.1" 200 81 "https://parma.elettroservicegroup.it/assistenza-candy-collecchio/" "Mozilla/5.0 (Linux; Android 6.0.1; Nexus 5X Build/MMB29P) AppleWebKit/537.36 (KHTML, like Gecko) Chrome/148.0.7778.96 Mobile Safari/537.36 (compatible; Googlebot/2.1; +http://www.google.com/bot.html)"
66.249.64.69 - - [22/Jun/2026:22:13:06 +0200] "GET /wp-content/uploads/complianz/css/banner-1-optin.css?v=46 HTTP/1.1" 200 2857 "https://parma.elettroservicegroup.it/assistenza-candy-collecchio/" "Mozilla/5.0 (Linux; Android 6.0.1; Nexus 5X Build/MMB29P) AppleWebKit/537.36 (KHTML, like Gecko) Chrome/148.0.7778.96 Mobile Safari/537.36 (compatible; Googlebot/2.1; +http://www.google.com/bot.html)"
65.108.235.243 - - [22/Jun/2026:22:14:57 +0200] "POST /wp-cron.php?doing_wp_cron=1782159297.9152419567108154296875 HTTP/1.1" 200 1 "-" "WordPress/7.0; https://parma.elettroservicegroup.it"
40.77.167.12 - - [22/Jun/2026:22:14:55 +0200] "GET /sitemap.rss HTTP/2.0" 200 1348 "-" "Mozilla/5.0 AppleWebKit/537.36 (KHTML, like Gecko; compatible; bingbot/2.0; +http://www.bing.com/bingbot.htm) Chrome/116.0.1938.76 Safari/537.36"
65.108.235.243 - - [22/Jun/2026:22:21:23 +0200] "POST /wp-cron.php?doing_wp_cron=1782159683.7209570407867431640625 HTTP/1.1" 200 1 "-" "WordPress/7.0; https://parma.elettroservicegroup.it"
66.249.89.135 - - [22/Jun/2026:22:21:14 +0200] "GET /.well-known/apple-app-site-association HTTP/1.1" 404 17000 "-" "Mozilla/5.0 (Linux; Android 6.0.1; Nexus 5X Build/MMB29P) AppleWebKit/537.36 (KHTML, like Gecko) Chrome/148.0.7778.96 Mobile Safari/537.36 (compatible; AdsBot-Google-Mobile; +http://www.google.com/mobile/adsbot.html)"
52.167.144.222 - - [22/Jun/2026:22:36:33 +0200] "GET /assistenza-candy-parma/ HTTP/2.0" 200 22601 "-" "Mozilla/5.0 AppleWebKit/537.36 (KHTML, like Gecko; compatible; bingbot/2.0; +http://www.bing.com/bingbot.htm) Chrome/116.0.1938.76 Safari/537.36"
52.167.144.222 - - [22/Jun/2026:22:36:51 +0200] "GET /wp-content/cache/wpfc-minified/f4mpgdct/2ajp9.css HTTP/2.0" 200 7521 "https://parma.elettroservicegroup.it/assistenza-candy-parma/" "Mozilla/5.0 AppleWebKit/537.36 (KHTML, like Gecko; compatible; bingbot/2.0; +http://www.bing.com/bingbot.htm) Chrome/136.0.0.0 Safari/537.36 AppleWebKit/537.36 (KHTML, like Gecko; compatible; bingbot/2.0; +http://www.bing.com/bingbot.htm) Chrome/116.0.1938.76 Safari/537.36"
52.167.144.222 - - [22/Jun/2026:22:36:52 +0200] "GET /wp-content/cache/wpfc-minified/mbb024jo/2ajp9.css HTTP/2.0" 200 11341 "https://parma.elettroservicegroup.it/assistenza-candy-parma/" "Mozilla/5.0 AppleWebKit/537.36 (KHTML, like Gecko; compatible; bingbot/2.0; +http://www.bing.com/bingbot.htm) Chrome/136.0.0.0 Safari/537.36 AppleWebKit/537.36 (KHTML, like Gecko; compatible; bingbot/2.0; +http://www.bing.com/bingbot.htm) Chrome/116.0.1938.76 Safari/537.36"
52.167.144.222 - - [22/Jun/2026:22:36:53 +0200] "GET /wp-content/uploads/elementor/css/post-17278.css?ver=1782154453 HTTP/2.0" 200 2143 "https://parma.elettroservicegroup.it/assistenza-candy-parma/" "Mozilla/5.0 AppleWebKit/537.36 (KHTML, like Gecko; compatible; bingbot/2.0; +http://www.bing.com/bingbot.htm) Chrome/136.0.0.0 Safari/537.36 AppleWebKit/537.36 (KHTML, like Gecko; compatible; bingbot/2.0; +http://www.bing.com/bingbot.htm) Chrome/116.0.1938.76 Safari/537.36"
52.167.144.222 - - [22/Jun/2026:22:36:56 +0200] "GET /wp-content/cache/wpfc-minified/9aoba38s/2ajp9.css HTTP/2.0" 200 418 "https://parma.elettroservicegroup.it/assistenza-candy-parma/" "Mozilla/5.0 AppleWebKit/537.36 (KHTML, like Gecko; compatible; bingbot/2.0; +http://www.bing.com/bingbot.htm) Chrome/136.0.0.0 Safari/537.36 AppleWebKit/537.36 (KHTML, like Gecko; compatible; bingbot/2.0; +http://www.bing.com/bingbot.htm) Chrome/116.0.1938.76 Safari/537.36"
52.167.144.222 - - [22/Jun/2026:22:36:57 +0200] "GET /wp-content/plugins/elementor/assets/js/webpack.runtime.min.js?ver=4.1.4 HTTP/2.0" 200 2340 "https://parma.elettroservicegroup.it/assistenza-candy-parma/" "Mozilla/5.0 AppleWebKit/537.36 (KHTML, like Gecko; compatible; bingbot/2.0; +http://www.bing.com/bingbot.htm) Chrome/136.0.0.0 Safari/537.36 AppleWebKit/537.36 (KHTML, like Gecko; compatible; bingbot/2.0; +http://www.bing.com/bingbot.htm) Chrome/116.0.1938.76 Safari/537.36"
52.167.144.222 - - [22/Jun/2026:22:36:58 +0200] "GET /wp-content/cache/wpfc-minified/fpvwzn7j/2ajp9.css HTTP/2.0" 200 14485 "https://parma.elettroservicegroup.it/assistenza-candy-parma/" "Mozilla/5.0 AppleWebKit/537.36 (KHTML, like Gecko; compatible; bingbot/2.0; +http://www.bing.com/bingbot.htm) Chrome/136.0.0.0 Safari/537.36 AppleWebKit/537.36 (KHTML, like Gecko; compatible; bingbot/2.0; +http://www.bing.com/bingbot.htm) Chrome/116.0.1938.76 Safari/537.36"
52.167.144.222 - - [22/Jun/2026:22:36:59 +0200] "GET /wp-content/cache/wpfc-minified/7aujoglc/2b6hs.css HTTP/2.0" 200 16439 "https://parma.elettroservicegroup.it/assistenza-candy-parma/" "Mozilla/5.0 AppleWebKit/537.36 (KHTML, like Gecko; compatible; bingbot/2.0; +http://www.bing.com/bingbot.htm) Chrome/136.0.0.0 Safari/537.36 AppleWebKit/537.36 (KHTML, like Gecko; compatible; bingbot/2.0; +http://www.bing.com/bingbot.htm) Chrome/116.0.1938.76 Safari/537.36"
52.167.144.214 - - [22/Jun/2026:22:37:00 +0200] "GET /wp-content/uploads/elementor/css/post-14146.css?ver=1782141874 HTTP/2.0" 200 428 "https://parma.elettroservicegroup.it/assistenza-candy-parma/" "Mozilla/5.0 AppleWebKit/537.36 (KHTML, like Gecko; compatible; bingbot/2.0; +http://www.bing.com/bingbot.htm) Chrome/136.0.0.0 Safari/537.36 AppleWebKit/537.36 (KHTML, like Gecko; compatible; bingbot/2.0; +http://www.bing.com/bingbot.htm) Chrome/116.0.1938.76 Safari/537.36"
52.167.144.214 - - [22/Jun/2026:22:37:00 +0200] "GET /wp-content/cache/wpfc-minified/bwue548/2ajp9.css HTTP/2.0" 200 19037 "https://parma.elettroservicegroup.it/assistenza-candy-parma/" "Mozilla/5.0 AppleWebKit/537.36 (KHTML, like Gecko; compatible; bingbot/2.0; +http://www.bing.com/bingbot.htm) Chrome/136.0.0.0 Safari/537.36 AppleWebKit/537.36 (KHTML, like Gecko; compatible; bingbot/2.0; +http://www.bing.com/bingbot.htm) Chrome/116.0.1938.76 Safari/537.36"
52.167.144.222 - - [22/Jun/2026:22:37:00 +0200] "GET /wp-content/plugins/elementor/assets/js/frontend.min.js?ver=4.1.4 HTTP/2.0" 200 10140 "https://parma.elettroservicegroup.it/assistenza-candy-parma/" "Mozilla/5.0 AppleWebKit/537.36 (KHTML, like Gecko; compatible; bingbot/2.0; +http://www.bing.com/bingbot.htm) Chrome/136.0.0.0 Safari/537.36 AppleWebKit/537.36 (KHTML, like Gecko; compatible; bingbot/2.0; +http://www.bing.com/bingbot.htm) Chrome/116.0.1938.76 Safari/537.36"
52.167.144.214 - - [22/Jun/2026:22:37:00 +0200] "GET /wp-content/cache/wpfc-minified/243l0v7c/2ajp9.js HTTP/2.0" 200 42447 "https://parma.elettroservicegroup.it/assistenza-candy-parma/" "Mozilla/5.0 AppleWebKit/537.36 (KHTML, like Gecko; compatible; bingbot/2.0; +http://www.bing.com/bingbot.htm) Chrome/136.0.0.0 Safari/537.36 AppleWebKit/537.36 (KHTML, like Gecko; compatible; bingbot/2.0; +http://www.bing.com/bingbot.htm) Chrome/116.0.1938.76 Safari/537.36"
52.167.144.214 - - [22/Jun/2026:22:37:01 +0200] "GET /wp-content/uploads/elementor/css/post-14366.css?ver=1782141874 HTTP/2.0" 200 302 "https://parma.elettroservicegroup.it/assistenza-candy-parma/" "Mozilla/5.0 AppleWebKit/537.36 (KHTML, like Gecko; compatible; bingbot/2.0; +http://www.bing.com/bingbot.htm) Chrome/136.0.0.0 Safari/537.36 AppleWebKit/537.36 (KHTML, like Gecko; compatible; bingbot/2.0; +http://www.bing.com/bingbot.htm) Chrome/116.0.1938.76 Safari/537.36"
52.167.144.214 - - [22/Jun/2026:22:37:01 +0200] "GET /wp-content/plugins/elementor/assets/js/frontend-modules.min.js?ver=4.1.4 HTTP/2.0" 200 15454 "https://parma.elettroservicegroup.it/assistenza-candy-parma/" "Mozilla/5.0 AppleWebKit/537.36 (KHTML, like Gecko; compatible; bingbot/2.0; +http://www.bing.com/bingbot.htm) Chrome/136.0.0.0 Safari/537.36 AppleWebKit/537.36 (KHTML, like Gecko; compatible; bingbot/2.0; +http://www.bing.com/bingbot.htm) Chrome/116.0.1938.76 Safari/537.36"
52.167.144.214 - - [22/Jun/2026:22:37:01 +0200] "GET /wp-content/cache/wpfc-minified/eqzpooq2/2ajp9.css HTTP/2.0" 200 4410 "https://parma.elettroservicegroup.it/assistenza-candy-parma/" "Mozilla/5.0 AppleWebKit/537.36 (KHTML, like Gecko; compatible; bingbot/2.0; +http://www.bing.com/bingbot.htm) Chrome/136.0.0.0 Safari/537.36 AppleWebKit/537.36 (KHTML, like Gecko; compatible; bingbot/2.0; +http://www.bing.com/bingbot.htm) Chrome/116.0.1938.76 Safari/537.36"
65.108.235.243 - - [22/Jun/2026:22:41:13 +0200] "POST /wp-cron.php?doing_wp_cron=1782160873.1379311084747314453125 HTTP/1.1" 200 1 "-" "WordPress/7.0; https://parma.elettroservicegroup.it"
66.249.64.69 - - [22/Jun/2026:22:41:11 +0200] "GET /?p=17705 HTTP/1.1" 404 16958 "-" "Mozilla/5.0 (Linux; Android 6.0.1; Nexus 5X Build/MMB29P) AppleWebKit/537.36 (KHTML, like Gecko) Chrome/148.0.7778.96 Mobile Safari/537.36 (compatible; Googlebot/2.1; +http://www.google.com/bot.html)"
193.207.32.4 - - [22/Jun/2026:22:52:46 +0200] "GET /wp-content/plugins/complianz-gdpr-premium/assets/css/cookieblocker.min.css?ver=1780326315 HTTP/2.0" 200 615 "-" "Mozilla/5.0 (Linux; Android 10; K) AppleWebKit/537.36 (KHTML, like Gecko) Chrome/149.0.0.0 Mobile Safari/537.36"
193.207.32.4 - - [22/Jun/2026:22:52:46 +0200] "GET /wp-content/plugins/all-in-one-seo-pack/dist/Lite/assets/css/table-of-contents/global.e90f6d47.css?ver=4.9.7.2 HTTP/2.0" 200 420 "-" "Mozilla/5.0 (Linux; Android 10; K) AppleWebKit/537.36 (KHTML, like Gecko) Chrome/149.0.0.0 Mobile Safari/537.36"
193.207.32.4 - - [22/Jun/2026:22:52:46 +0200] "GET /wp-content/plugins/header-footer-elementor/inc/widgets-css/frontend.css?ver=2.8.8 HTTP/2.0" 200 8711 "-" "Mozilla/5.0 (Linux; Android 10; K) AppleWebKit/537.36 (KHTML, like Gecko) Chrome/149.0.0.0 Mobile Safari/537.36"
193.207.32.4 - - [22/Jun/2026:22:52:46 +0200] "GET /wp-content/plugins/header-footer-elementor/assets/css/header-footer-elementor.css?ver=2.8.8 HTTP/2.0" 200 260 "-" "Mozilla/5.0 (Linux; Android 10; K) AppleWebKit/537.36 (KHTML, like Gecko) Chrome/149.0.0.0 Mobile Safari/537.36"
193.207.32.4 - - [22/Jun/2026:22:52:46 +0200] "GET /wp-content/plugins/elementor/assets/lib/eicons/css/elementor-icons.min.css?ver=5.49.0 HTTP/2.0" 200 4125 "-" "Mozilla/5.0 (Linux; Android 10; K) AppleWebKit/537.36 (KHTML, like Gecko) Chrome/149.0.0.0 Mobile Safari/537.36"
193.207.32.4 - - [22/Jun/2026:22:52:46 +0200] "GET /wp-content/plugins/elementor/assets/css/frontend.min.css?ver=4.1.3 HTTP/2.0" 200 6618 "-" "Mozilla/5.0 (Linux; Android 10; K) AppleWebKit/537.36 (KHTML, like Gecko) Chrome/149.0.0.0 Mobile Safari/537.36"
193.207.32.4 - - [22/Jun/2026:22:52:46 +0200] "GET /wp-content/uploads/elementor/css/post-14146.css?ver=1781190898 HTTP/2.0" 200 428 "-" "Mozilla/5.0 (Linux; Android 10; K) AppleWebKit/537.36 (KHTML, like Gecko) Chrome/149.0.0.0 Mobile Safari/537.36"
193.207.32.4 - - [22/Jun/2026:22:52:46 +0200] "GET /wp-content/plugins/elementor/assets/lib/font-awesome/css/all.min.css?ver=4.1.3 HTTP/2.0" 200 12402 "-" "Mozilla/5.0 (Linux; Android 10; K) AppleWebKit/537.36 (KHTML, like Gecko) Chrome/149.0.0.0 Mobile Safari/537.36"
193.207.32.4 - - [22/Jun/2026:22:52:46 +0200] "GET /wp-content/plugins/elementor/assets/lib/font-awesome/css/v4-shims.min.css?ver=4.1.3 HTTP/2.0" 200 3986 "-" "Mozilla/5.0 (Linux; Android 10; K) AppleWebKit/537.36 (KHTML, like Gecko) Chrome/149.0.0.0 Mobile Safari/537.36"
65.108.235.243 - - [22/Jun/2026:22:52:54 +0200] "POST /wp-cron.php?doing_wp_cron=1782161574.2100789546966552734375 HTTP/1.1" 200 1 "-" "WordPress/7.0; https://parma.elettroservicegroup.it"
193.207.32.4 - - [22/Jun/2026:22:52:46 +0200] "GET / HTTP/2.0" 200 22545 "https://www.google.com/" "Mozilla/5.0 (Linux; Android 10; K) AppleWebKit/537.36 (KHTML, like Gecko) Chrome/149.0.0.0 Mobile Safari/537.36"
193.207.32.4 - - [22/Jun/2026:22:52:54 +0200] "GET /wp-content/uploads/elementor/css/post-14366.css?ver=1782141874 HTTP/2.0" 200 302 "https://parma.elettroservicegroup.it/" "Mozilla/5.0 (Linux; Android 10; K) AppleWebKit/537.36 (KHTML, like Gecko) Chrome/149.0.0.0 Mobile Safari/537.36"
193.207.32.4 - - [22/Jun/2026:22:52:54 +0200] "GET /wp-content/plugins/all-in-one-seo-pack/dist/Lite/assets/css/table-of-contents/global.e90f6d47.css?ver=4.9.8 HTTP/2.0" 200 420 "https://parma.elettroservicegroup.it/" "Mozilla/5.0 (Linux; Android 10; K) AppleWebKit/537.36 (KHTML, like Gecko) Chrome/149.0.0.0 Mobile Safari/537.36"
193.207.32.4 - - [22/Jun/2026:22:52:54 +0200] "GET /wp-content/uploads/elementor/css/post-14146.css?ver=1782141874 HTTP/2.0" 200 428 "https://parma.elettroservicegroup.it/" "Mozilla/5.0 (Linux; Android 10; K) AppleWebKit/537.36 (KHTML, like Gecko) Chrome/149.0.0.0 Mobile Safari/537.36"
193.207.32.4 - - [22/Jun/2026:22:52:54 +0200] "GET /wp-content/plugins/elementor/assets/css/widget-heading.min.css?ver=4.1.4 HTTP/2.0" 200 127 "https://parma.elettroservicegroup.it/" "Mozilla/5.0 (Linux; Android 10; K) AppleWebKit/537.36 (KHTML, like Gecko) Chrome/149.0.0.0 Mobile Safari/537.36"
193.207.32.4 - - [22/Jun/2026:22:52:54 +0200] "GET /wp-content/plugins/elementor/assets/lib/animations/styles/bounceIn.min.css?ver=4.1.4 HTTP/2.0" 200 186 "https://parma.elettroservicegroup.it/" "Mozilla/5.0 (Linux; Android 10; K) AppleWebKit/537.36 (KHTML, like Gecko) Chrome/149.0.0.0 Mobile Safari/537.36"
193.207.32.4 - - [22/Jun/2026:22:52:54 +0200] "GET /wp-content/plugins/elementor/assets/lib/animations/styles/zoomIn.min.css?ver=4.1.4 HTTP/2.0" 200 87 "https://parma.elettroservicegroup.it/" "Mozilla/5.0 (Linux; Android 10; K) AppleWebKit/537.36 (KHTML, like Gecko) Chrome/149.0.0.0 Mobile Safari/537.36"
193.207.32.4 - - [22/Jun/2026:22:52:54 +0200] "GET /wp-content/plugins/elementor/assets/css/widget-image.min.css?ver=4.1.4 HTTP/2.0" 200 96 "https://parma.elettroservicegroup.it/" "Mozilla/5.0 (Linux; Android 10; K) AppleWebKit/537.36 (KHTML, like Gecko) Chrome/149.0.0.0 Mobile Safari/537.36"
193.207.32.4 - - [22/Jun/2026:22:52:54 +0200] "GET /wp-content/plugins/complianz-gdpr-premium/assets/css/cookieblocker.min.css?ver=1781535761 HTTP/2.0" 200 615 "https://parma.elettroservicegroup.it/" "Mozilla/5.0 (Linux; Android 10; K) AppleWebKit/537.36 (KHTML, like Gecko) Chrome/149.0.0.0 Mobile Safari/537.36"
193.207.32.4 - - [22/Jun/2026:22:52:54 +0200] "GET /wp-content/plugins/elementor/assets/css/widget-spacer.min.css?ver=4.1.4 HTTP/2.0" 200 287 "https://parma.elettroservicegroup.it/" "Mozilla/5.0 (Linux; Android 10; K) AppleWebKit/537.36 (KHTML, like Gecko) Chrome/149.0.0.0 Mobile Safari/537.36"
193.207.32.4 - - [22/Jun/2026:22:52:54 +0200] "GET /wp-content/plugins/elementor/assets/css/widget-icon-list.min.css?ver=3.24.3 HTTP/2.0" 200 928 "https://parma.elettroservicegroup.it/" "Mozilla/5.0 (Linux; Android 10; K) AppleWebKit/537.36 (KHTML, like Gecko) Chrome/149.0.0.0 Mobile Safari/537.36"
193.207.32.4 - - [22/Jun/2026:22:52:54 +0200] "GET /wp-content/plugins/elementor/assets/css/widget-social-icons.min.css?ver=3.24.0 HTTP/2.0" 200 1039 "https://parma.elettroservicegroup.it/" "Mozilla/5.0 (Linux; Android 10; K) AppleWebKit/537.36 (KHTML, like Gecko) Chrome/149.0.0.0 Mobile Safari/537.36"
193.207.32.4 - - [22/Jun/2026:22:52:54 +0200] "GET /wp-content/plugins/elementor/assets/lib/eicons/css/elementor-icons.min.css?ver=5.50.0 HTTP/2.0" 200 4125 "https://parma.elettroservicegroup.it/" "Mozilla/5.0 (Linux; Android 10; K) AppleWebKit/537.36 (KHTML, like Gecko) Chrome/149.0.0.0 Mobile Safari/537.36"
193.207.32.4 - - [22/Jun/2026:22:52:54 +0200] "GET /wp-content/plugins/elementor/assets/lib/font-awesome/css/v4-shims.min.css?ver=4.1.4 HTTP/2.0" 200 3986 "https://parma.elettroservicegroup.it/" "Mozilla/5.0 (Linux; Android 10; K) AppleWebKit/537.36 (KHTML, like Gecko) Chrome/149.0.0.0 Mobile Safari/537.36"
193.207.32.4 - - [22/Jun/2026:22:52:54 +0200] "GET /wp-content/uploads/elementor/css/post-14227.css?ver=1782154406 HTTP/2.0" 200 2305 "https://parma.elettroservicegroup.it/" "Mozilla/5.0 (Linux; Android 10; K) AppleWebKit/537.36 (KHTML, like Gecko) Chrome/149.0.0.0 Mobile Safari/537.36"
193.207.32.4 - - [22/Jun/2026:22:52:54 +0200] "GET /wp-content/themes/generatepress/assets/css/main.min.css?ver=3.6.1 HTTP/2.0" 200 4410 "https://parma.elettroservicegroup.it/" "Mozilla/5.0 (Linux; Android 10; K) AppleWebKit/537.36 (KHTML, like Gecko) Chrome/149.0.0.0 Mobile Safari/537.36"
193.207.32.4 - - [22/Jun/2026:22:52:54 +0200] "GET /wp-content/plugins/elementor/assets/lib/eicons/css/elementor-icons.min.css?ver=5.34.0 HTTP/2.0" 200 4125 "https://parma.elettroservicegroup.it/" "Mozilla/5.0 (Linux; Android 10; K) AppleWebKit/537.36 (KHTML, like Gecko) Chrome/149.0.0.0 Mobile Safari/537.36"
193.207.32.4 - - [22/Jun/2026:22:52:54 +0200] "GET /wp-content/plugins/elementor/assets/css/frontend.min.css?ver=4.1.4 HTTP/2.0" 200 6618 "https://parma.elettroservicegroup.it/" "Mozilla/5.0 (Linux; Android 10; K) AppleWebKit/537.36 (KHTML, like Gecko) Chrome/149.0.0.0 Mobile Safari/537.36"
193.207.32.4 - - [22/Jun/2026:22:52:54 +0200] "GET /wp-content/plugins/elementor/assets/lib/font-awesome/css/all.min.css?ver=4.1.4 HTTP/2.0" 200 12402 "https://parma.elettroservicegroup.it/" "Mozilla/5.0 (Linux; Android 10; K) AppleWebKit/537.36 (KHTML, like Gecko) Chrome/149.0.0.0 Mobile Safari/537.36"
193.207.32.4 - - [22/Jun/2026:22:52:54 +0200] "GET /wp-content/uploads/2021/10/cropped-logo_white_background.png HTTP/2.0" 200 16623 "https://parma.elettroservicegroup.it/" "Mozilla/5.0 (Linux; Android 10; K) AppleWebKit/537.36 (KHTML, like Gecko) Chrome/149.0.0.0 Mobile Safari/537.36"
193.207.32.4 - - [22/Jun/2026:22:52:54 +0200] "GET /wp-content/plugins/elementor/assets/lib/font-awesome/css/brands.css?ver=5.15.3 HTTP/2.0" 200 298 "https://parma.elettroservicegroup.it/" "Mozilla/5.0 (Linux; Android 10; K) AppleWebKit/537.36 (KHTML, like Gecko) Chrome/149.0.0.0 Mobile Safari/537.36"
193.207.32.4 - - [22/Jun/2026:22:52:54 +0200] "GET /wp-content/plugins/elementor/assets/lib/font-awesome/css/solid.css?ver=5.15.3 HTTP/2.0" 200 299 "https://parma.elettroservicegroup.it/" "Mozilla/5.0 (Linux; Android 10; K) AppleWebKit/537.36 (KHTML, like Gecko) Chrome/149.0.0.0 Mobile Safari/537.36"
193.207.32.4 - - [22/Jun/2026:22:52:54 +0200] "GET /wp-content/plugins/gp-premium/menu-plus/functions/css/navigation-branding-flex.min.css?ver=2.5.5 HTTP/2.0" 200 542 "https://parma.elettroservicegroup.it/" "Mozilla/5.0 (Linux; Android 10; K) AppleWebKit/537.36 (KHTML, like Gecko) Chrome/149.0.0.0 Mobile Safari/537.36"
193.207.32.4 - - [22/Jun/2026:22:52:54 +0200] "GET /wp-content/plugins/elementor/assets/lib/font-awesome/css/solid.min.css?ver=5.15.3 HTTP/2.0" 200 286 "https://parma.elettroservicegroup.it/" "Mozilla/5.0 (Linux; Android 10; K) AppleWebKit/537.36 (KHTML, like Gecko) Chrome/149.0.0.0 Mobile Safari/537.36"
193.207.32.4 - - [22/Jun/2026:22:52:54 +0200] "GET /wp-content/plugins/elementor/assets/lib/font-awesome/css/regular.min.css?ver=5.15.3 HTTP/2.0" 200 282 "https://parma.elettroservicegroup.it/" "Mozilla/5.0 (Linux; Android 10; K) AppleWebKit/537.36 (KHTML, like Gecko) Chrome/149.0.0.0 Mobile Safari/537.36"
193.207.32.4 - - [22/Jun/2026:22:52:54 +0200] "GET /wp-content/uploads/2021/10/cropped-cropped-cropped-logo_white_background.png HTTP/2.0" 200 38971 "https://parma.elettroservicegroup.it/" "Mozilla/5.0 (Linux; Android 10; K) AppleWebKit/537.36 (KHTML, like Gecko) Chrome/149.0.0.0 Mobile Safari/537.36"
193.207.32.4 - - [22/Jun/2026:22:52:54 +0200] "GET /wp-content/plugins/elementor/assets/lib/font-awesome/css/fontawesome.css?ver=5.15.3 HTTP/2.0" 200 12535 "https://parma.elettroservicegroup.it/" "Mozilla/5.0 (Linux; Android 10; K) AppleWebKit/537.36 (KHTML, like Gecko) Chrome/149.0.0.0 Mobile Safari/537.36"
193.207.32.4 - - [22/Jun/2026:22:52:54 +0200] "GET /wp-content/uploads/elementor/google-fonts/css/roboto.css?ver=1742280360 HTTP/2.0" 200 1880 "https://parma.elettroservicegroup.it/" "Mozilla/5.0 (Linux; Android 10; K) AppleWebKit/537.36 (KHTML, like Gecko) Chrome/149.0.0.0 Mobile Safari/537.36"
193.207.32.4 - - [22/Jun/2026:22:52:54 +0200] "GET /wp-content/uploads/elementor/google-fonts/css/robotoslab.css?ver=1742280362 HTTP/2.0" 200 715 "https://parma.elettroservicegroup.it/" "Mozilla/5.0 (Linux; Android 10; K) AppleWebKit/537.36 (KHTML, like Gecko) Chrome/149.0.0.0 Mobile Safari/537.36"
193.207.32.4 - - [22/Jun/2026:22:52:54 +0200] "GET /wp-content/plugins/elementor/assets/lib/font-awesome/css/fontawesome.min.css?ver=5.15.3 HTTP/2.0" 200 12179 "https://parma.elettroservicegroup.it/" "Mozilla/5.0 (Linux; Android 10; K) AppleWebKit/537.36 (KHTML, like Gecko) Chrome/149.0.0.0 Mobile Safari/537.36"
193.207.32.4 - - [22/Jun/2026:22:52:54 +0200] "GET /wp-includes/js/jquery/jquery.min.js?ver=3.7.1 HTTP/2.0" 200 29769 "https://parma.elettroservicegroup.it/" "Mozilla/5.0 (Linux; Android 10; K) AppleWebKit/537.36 (KHTML, like Gecko) Chrome/149.0.0.0 Mobile Safari/537.36"
193.207.32.4 - - [22/Jun/2026:22:52:54 +0200] "GET /wp-content/plugins/elementor/assets/lib/font-awesome/js/v4-shims.min.js?ver=4.1.4 HTTP/2.0" 200 4043 "https://parma.elettroservicegroup.it/" "Mozilla/5.0 (Linux; Android 10; K) AppleWebKit/537.36 (KHTML, like Gecko) Chrome/149.0.0.0 Mobile Safari/537.36"
193.207.32.4 - - [22/Jun/2026:22:52:54 +0200] "GET /wp-includes/js/jquery/jquery-migrate.min.js?ver=3.4.1 HTTP/2.0" 200 4685 "https://parma.elettroservicegroup.it/" "Mozilla/5.0 (Linux; Android 10; K) AppleWebKit/537.36 (KHTML, like Gecko) Chrome/149.0.0.0 Mobile Safari/537.36"
193.207.32.4 - - [22/Jun/2026:22:52:54 +0200] "GET /wp-content/plugins/gp-premium/menu-plus/functions/js/sticky.min.js?ver=2.5.5 HTTP/2.0" 200 2670 "https://parma.elettroservicegroup.it/" "Mozilla/5.0 (Linux; Android 10; K) AppleWebKit/537.36 (KHTML, like Gecko) Chrome/149.0.0.0 Mobile Safari/537.36"
193.207.32.4 - - [22/Jun/2026:22:52:54 +0200] "GET /wp-content/plugins/elementor/assets/js/webpack.runtime.min.js?ver=4.1.4 HTTP/2.0" 200 2340 "https://parma.elettroservicegroup.it/" "Mozilla/5.0 (Linux; Android 10; K) AppleWebKit/537.36 (KHTML, like Gecko) Chrome/149.0.0.0 Mobile Safari/537.36"
193.207.32.4 - - [22/Jun/2026:22:52:55 +0200] "GET /wp-content/plugins/elementor/assets/js/frontend-modules.min.js?ver=4.1.4 HTTP/2.0" 200 15454 "https://parma.elettroservicegroup.it/" "Mozilla/5.0 (Linux; Android 10; K) AppleWebKit/537.36 (KHTML, like Gecko) Chrome/149.0.0.0 Mobile Safari/537.36"
193.207.32.4 - - [22/Jun/2026:22:52:55 +0200] "GET /wp-includes/js/jquery/ui/core.min.js?ver=1.13.3 HTTP/2.0" 200 6820 "https://parma.elettroservicegroup.it/" "Mozilla/5.0 (Linux; Android 10; K) AppleWebKit/537.36 (KHTML, like Gecko) Chrome/149.0.0.0 Mobile Safari/537.36"
193.207.32.4 - - [22/Jun/2026:22:52:55 +0200] "GET /wp-content/plugins/elementor/assets/js/frontend.min.js?ver=4.1.4 HTTP/2.0" 200 10140 "https://parma.elettroservicegroup.it/" "Mozilla/5.0 (Linux; Android 10; K) AppleWebKit/537.36 (KHTML, like Gecko) Chrome/149.0.0.0 Mobile Safari/537.36"
193.207.32.4 - - [22/Jun/2026:22:52:55 +0200] "GET /wp-content/themes/generatepress/assets/js/menu.min.js?ver=3.6.1 HTTP/2.0" 200 1688 "https://parma.elettroservicegroup.it/" "Mozilla/5.0 (Linux; Android 10; K) AppleWebKit/537.36 (KHTML, like Gecko) Chrome/149.0.0.0 Mobile Safari/537.36"
193.207.32.4 - - [22/Jun/2026:22:52:55 +0200] "GET /wp-content/themes/generatepress/assets/js/back-to-top.min.js?ver=3.6.1 HTTP/2.0" 200 336 "https://parma.elettroservicegroup.it/" "Mozilla/5.0 (Linux; Android 10; K) AppleWebKit/537.36 (KHTML, like Gecko) Chrome/149.0.0.0 Mobile Safari/537.36"
193.207.32.4 - - [22/Jun/2026:22:52:55 +0200] "GET /wp-content/plugins/burst-statistics/assets/js/timeme/timeme.min.js?ver=1781795646 HTTP/2.0" 200 1835 "https://parma.elettroservicegroup.it/" "Mozilla/5.0 (Linux; Android 10; K) AppleWebKit/537.36 (KHTML, like Gecko) Chrome/149.0.0.0 Mobile Safari/537.36"
193.207.32.4 - - [22/Jun/2026:22:52:55 +0200] "GET /wp-content/uploads/burst/js/burst.min.js?ver=1782123189 HTTP/2.0" 200 3401 "https://parma.elettroservicegroup.it/" "Mozilla/5.0 (Linux; Android 10; K) AppleWebKit/537.36 (KHTML, like Gecko) Chrome/149.0.0.0 Mobile Safari/537.36"
193.207.32.4 - - [22/Jun/2026:22:52:55 +0200] "GET /wp-content/plugins/complianz-gdpr-premium/cookiebanner/js/complianz.min.js?ver=1781535760 HTTP/2.0" 200 10762 "https://parma.elettroservicegroup.it/" "Mozilla/5.0 (Linux; Android 10; K) AppleWebKit/537.36 (KHTML, like Gecko) Chrome/149.0.0.0 Mobile Safari/537.36"
193.207.32.4 - - [22/Jun/2026:22:52:55 +0200] "GET /wp-content/plugins/elementor/assets/lib/font-awesome/webfonts/fa-regular-400.woff2 HTTP/2.0" 200 13277 "https://parma.elettroservicegroup.it/wp-content/plugins/elementor/assets/lib/font-awesome/css/all.min.css?ver=4.1.4" "Mozilla/5.0 (Linux; Android 10; K) AppleWebKit/537.36 (KHTML, like Gecko) Chrome/149.0.0.0 Mobile Safari/537.36"
193.207.32.4 - - [22/Jun/2026:22:52:55 +0200] "GET /wp-content/uploads/elementor/google-fonts/fonts/roboto-kfo7cnqeu92fr1me7ksn66agldtyluama3yuba.woff2 HTTP/2.0" 200 40132 "https://parma.elettroservicegroup.it/wp-content/uploads/elementor/google-fonts/css/roboto.css?ver=1742280360" "Mozilla/5.0 (Linux; Android 10; K) AppleWebKit/537.36 (KHTML, like Gecko) Chrome/149.0.0.0 Mobile Safari/537.36"
193.207.32.4 - - [22/Jun/2026:22:52:55 +0200] "GET /wp-content/plugins/elementor/assets/lib/font-awesome/webfonts/fa-solid-900.woff2 HTTP/2.0" 200 78201 "https://parma.elettroservicegroup.it/wp-content/plugins/elementor/assets/lib/font-awesome/css/all.min.css?ver=4.1.4" "Mozilla/5.0 (Linux; Android 10; K) AppleWebKit/537.36 (KHTML, like Gecko) Chrome/149.0.0.0 Mobile Safari/537.36"
193.207.32.4 - - [22/Jun/2026:22:52:55 +0200] "GET /wp-content/uploads/2021/10/TECNICO-ELETTRODOMESTICI.jpg HTTP/2.0" 200 24210 "https://parma.elettroservicegroup.it/" "Mozilla/5.0 (Linux; Android 10; K) AppleWebKit/537.36 (KHTML, like Gecko) Chrome/149.0.0.0 Mobile Safari/537.36"
193.207.32.4 - - [22/Jun/2026:22:52:55 +0200] "GET /wp-content/uploads/2021/11/asko-e1634463631713.jpg HTTP/2.0" 200 110182 "https://parma.elettroservicegroup.it/" "Mozilla/5.0 (Linux; Android 10; K) AppleWebKit/537.36 (KHTML, like Gecko) Chrome/149.0.0.0 Mobile Safari/537.36"
193.207.32.4 - - [22/Jun/2026:22:52:55 +0200] "GET /wp-content/uploads/2021/11/copertina-washing-machine-2668472_1920-1536x1024.jpg HTTP/2.0" 200 204103 "https://parma.elettroservicegroup.it/" "Mozilla/5.0 (Linux; Android 10; K) AppleWebKit/537.36 (KHTML, like Gecko) Chrome/149.0.0.0 Mobile Safari/537.36"
193.207.32.4 - - [22/Jun/2026:22:52:55 +0200] "GET /wp-content/plugins/elementor/assets/js/section-frontend-handlers.d85ab872da118940910d.bundle.min.js HTTP/2.0" 200 230 "https://parma.elettroservicegroup.it/" "Mozilla/5.0 (Linux; Android 10; K) AppleWebKit/537.36 (KHTML, like Gecko) Chrome/149.0.0.0 Mobile Safari/537.36"
193.207.32.4 - - [22/Jun/2026:22:52:55 +0200] "GET /wp-content/plugins/elementor/assets/js/text-editor.45609661e409413f1cef.bundle.min.js HTTP/2.0" 200 592 "https://parma.elettroservicegroup.it/" "Mozilla/5.0 (Linux; Android 10; K) AppleWebKit/537.36 (KHTML, like Gecko) Chrome/149.0.0.0 Mobile Safari/537.36"
193.207.32.4 - - [22/Jun/2026:22:52:55 +0200] "GET /wp-content/plugins/elementor/assets/js/shared-frontend-handlers.03caa53373b56d3bab67.bundle.min.js HTTP/2.0" 200 2515 "https://parma.elettroservicegroup.it/" "Mozilla/5.0 (Linux; Android 10; K) AppleWebKit/537.36 (KHTML, like Gecko) Chrome/149.0.0.0 Mobile Safari/537.36"
193.207.32.4 - - [22/Jun/2026:22:52:55 +0200] "POST /wp-content/plugins/burst-statistics/endpoint.php HTTP/2.0" 200 1 "https://parma.elettroservicegroup.it/" "Mozilla/5.0 (Linux; Android 10; K) AppleWebKit/537.36 (KHTML, like Gecko) Chrome/149.0.0.0 Mobile Safari/537.36"
193.207.32.4 - - [22/Jun/2026:22:52:55 +0200] "GET /wp-content/uploads/2021/10/cropped-cropped-cropped-cropped-logo_white_background-192x192.png HTTP/2.0" 200 19089 "https://parma.elettroservicegroup.it/" "Mozilla/5.0 (Linux; Android 10; K) AppleWebKit/537.36 (KHTML, like Gecko) Chrome/149.0.0.0 Mobile Safari/537.36"
193.207.32.4 - - [22/Jun/2026:22:52:55 +0200] "GET /wp-content/uploads/2021/10/cropped-cropped-cropped-cropped-logo_white_background-180x180.png HTTP/2.0" 200 21353 "https://parma.elettroservicegroup.it/" "Mozilla/5.0 (Linux; Android 10; K) AppleWebKit/537.36 (KHTML, like Gecko) Chrome/149.0.0.0 Mobile Safari/537.36"
193.207.32.4 - - [22/Jun/2026:22:52:55 +0200] "GET /wp-json/complianz/v1/banner?lang=it&locale=it_IT&token=lfshc HTTP/2.0" 200 81 "https://parma.elettroservicegroup.it/" "Mozilla/5.0 (Linux; Android 10; K) AppleWebKit/537.36 (KHTML, like Gecko) Chrome/149.0.0.0 Mobile Safari/537.36"
193.207.32.4 - - [22/Jun/2026:22:52:56 +0200] "GET /wp-content/uploads/complianz/css/banner-1-optin.css?v=46 HTTP/2.0" 200 2857 "https://parma.elettroservicegroup.it/" "Mozilla/5.0 (Linux; Android 10; K) AppleWebKit/537.36 (KHTML, like Gecko) Chrome/149.0.0.0 Mobile Safari/537.36"
193.207.32.4 - - [22/Jun/2026:22:52:56 +0200] "GET /wp-json/complianz/v1/cookie_data HTTP/2.0" 200 81 "https://parma.elettroservicegroup.it/" "Mozilla/5.0 (Linux; Android 10; K) AppleWebKit/537.36 (KHTML, like Gecko) Chrome/149.0.0.0 Mobile Safari/537.36"
193.207.32.4 - - [22/Jun/2026:22:52:57 +0200] "POST /wp-content/plugins/burst-statistics/endpoint.php HTTP/2.0" 200 1 "https://parma.elettroservicegroup.it/" "Mozilla/5.0 (Linux; Android 10; K) AppleWebKit/537.36 (KHTML, like Gecko) Chrome/149.0.0.0 Mobile Safari/537.36"
193.207.32.4 - - [22/Jun/2026:22:52:57 +0200] "POST /wp-content/plugins/burst-statistics/endpoint.php HTTP/2.0" 200 1 "https://parma.elettroservicegroup.it/" "Mozilla/5.0 (Linux; Android 10; K) AppleWebKit/537.36 (KHTML, like Gecko) Chrome/149.0.0.0 Mobile Safari/537.36"
193.207.32.4 - - [22/Jun/2026:22:52:57 +0200] "POST /wp-content/plugins/burst-statistics/endpoint.php HTTP/2.0" 200 1 "https://parma.elettroservicegroup.it/" "Mozilla/5.0 (Linux; Android 10; K) AppleWebKit/537.36 (KHTML, like Gecko) Chrome/149.0.0.0 Mobile Safari/537.36"
193.207.32.4 - - [22/Jun/2026:22:52:58 +0200] "GET /wp-content/uploads/2021/10/copertina-Riparazione_Lavastoviglie-.jpg HTTP/2.0" 200 35425 "https://parma.elettroservicegroup.it/" "Mozilla/5.0 (Linux; Android 10; K) AppleWebKit/537.36 (KHTML, like Gecko) Chrome/149.0.0.0 Mobile Safari/537.36"
193.207.32.4 - - [22/Jun/2026:22:52:57 +0200] "GET /wp-json/complianz/v1/cookie_data HTTP/2.0" 200 81 "https://parma.elettroservicegroup.it/" "Mozilla/5.0 (Linux; Android 10; K) AppleWebKit/537.36 (KHTML, like Gecko) Chrome/149.0.0.0 Mobile Safari/537.36"
193.207.32.4 - - [22/Jun/2026:22:52:59 +0200] "GET /wp-content/uploads/2021/11/Frigorifero-combinato-e1634459015932.jpg HTTP/2.0" 200 84397 "https://parma.elettroservicegroup.it/" "Mozilla/5.0 (Linux; Android 10; K) AppleWebKit/537.36 (KHTML, like Gecko) Chrome/149.0.0.0 Mobile Safari/537.36"
193.207.32.4 - - [22/Jun/2026:22:52:57 +0200] "POST /wp-json/complianz/v1/track HTTP/2.0" 200 20 "https://parma.elettroservicegroup.it/" "Mozilla/5.0 (Linux; Android 10; K) AppleWebKit/537.36 (KHTML, like Gecko) Chrome/149.0.0.0 Mobile Safari/537.36"
193.207.32.4 - - [22/Jun/2026:22:53:00 +0200] "GET /wp-content/uploads/2021/11/forno-c.jpg HTTP/2.0" 200 109229 "https://parma.elettroservicegroup.it/" "Mozilla/5.0 (Linux; Android 10; K) AppleWebKit/537.36 (KHTML, like Gecko) Chrome/149.0.0.0 Mobile Safari/537.36"
193.207.32.4 - - [22/Jun/2026:22:53:00 +0200] "POST /wp-content/plugins/burst-statistics/endpoint.php HTTP/2.0" 200 1 "https://parma.elettroservicegroup.it/" "Mozilla/5.0 (Linux; Android 10; K) AppleWebKit/537.36 (KHTML, like Gecko) Chrome/149.0.0.0 Mobile Safari/537.36"
193.207.32.4 - - [22/Jun/2026:22:53:06 +0200] "GET /wp-content/uploads/2021/11/condizionatore-bonus.jpg HTTP/2.0" 200 438763 "https://parma.elettroservicegroup.it/" "Mozilla/5.0 (Linux; Android 10; K) AppleWebKit/537.36 (KHTML, like Gecko) Chrome/149.0.0.0 Mobile Safari/537.36"
65.108.235.243 - - [22/Jun/2026:22:53:06 +0200] "POST /wp-cron.php?doing_wp_cron=1782161586.8088669776916503906250 HTTP/1.1" 200 1 "-" "WordPress/7.0; https://parma.elettroservicegroup.it"
193.207.32.4 - - [22/Jun/2026:22:53:06 +0200] "GET /assistenza-lavatrici-parma HTTP/2.0" 301 1 "https://parma.elettroservicegroup.it/" "Mozilla/5.0 (Linux; Android 10; K) AppleWebKit/537.36 (KHTML, like Gecko) Chrome/149.0.0.0 Mobile Safari/537.36"
193.207.32.4 - - [22/Jun/2026:22:53:07 +0200] "GET /wp-content/uploads/2022/01/TECNIC-LAVATRICE-5.jpg HTTP/2.0" 200 66105 "https://parma.elettroservicegroup.it/" "Mozilla/5.0 (Linux; Android 10; K) AppleWebKit/537.36 (KHTML, like Gecko) Chrome/149.0.0.0 Mobile Safari/537.36"
193.207.32.4 - - [22/Jun/2026:22:53:07 +0200] "GET /wp-content/uploads/2021/10/TECNICO-FRIGO-2.jpg HTTP/2.0" 200 45005 "https://parma.elettroservicegroup.it/" "Mozilla/5.0 (Linux; Android 10; K) AppleWebKit/537.36 (KHTML, like Gecko) Chrome/149.0.0.0 Mobile Safari/537.36"
193.207.32.4 - - [22/Jun/2026:22:53:09 +0200] "POST /wp-content/plugins/burst-statistics/endpoint.php HTTP/2.0" 200 1 "https://parma.elettroservicegroup.it/" "Mozilla/5.0 (Linux; Android 10; K) AppleWebKit/537.36 (KHTML, like Gecko) Chrome/149.0.0.0 Mobile Safari/537.36"
193.207.32.4 - - [22/Jun/2026:22:53:07 +0200] "GET /assistenza-lavatrici-parma/ HTTP/2.0" 200 22780 "https://parma.elettroservicegroup.it/" "Mozilla/5.0 (Linux; Android 10; K) AppleWebKit/537.36 (KHTML, like Gecko) Chrome/149.0.0.0 Mobile Safari/537.36"
65.108.235.243 - - [22/Jun/2026:22:57:55 +0200] "POST /wp-cron.php?doing_wp_cron=1782161875.2170290946960449218750 HTTP/1.1" 200 1 "-" "WordPress/7.0; https://parma.elettroservicegroup.it"
66.249.64.71 - - [22/Jun/2026:22:57:47 +0200] "GET /?p=17670 HTTP/1.1" 404 16958 "-" "Mozilla/5.0 (Linux; Android 6.0.1; Nexus 5X Build/MMB29P) AppleWebKit/537.36 (KHTML, like Gecko) Chrome/148.0.7778.96 Mobile Safari/537.36 (compatible; Googlebot/2.1; +http://www.google.com/bot.html)"
65.108.235.243 - - [22/Jun/2026:23:09:30 +0200] "POST /wp-cron.php?doing_wp_cron=1782162570.1141579151153564453125 HTTP/1.1" 200 1 "-" "WordPress/7.0; https://parma.elettroservicegroup.it"
216.73.217.81 - - [22/Jun/2026:23:09:24 +0200] "GET /robots.txt HTTP/2.0" 200 104 "-" "Mozilla/5.0 AppleWebKit/537.36 (KHTML, like Gecko; compatible; ClaudeBot/1.0; +claudebot@anthropic.com)"
65.108.235.243 - - [22/Jun/2026:23:09:33 +0200] "POST /wp-json/complianz/v1/wsc-scan HTTP/1.1" 400 88 "-" "WordPress/7.0; https://parma.elettroservicegroup.it"
216.73.217.81 - - [22/Jun/2026:23:09:41 +0200] "GET /wp-content/cache/wpfc-minified/eqzpooq2/2ajp9.css HTTP/2.0" 200 4410 "-" "Mozilla/5.0 AppleWebKit/537.36 (KHTML, like Gecko; compatible; ClaudeBot/1.0; +claudebot@anthropic.com)"
216.73.217.81 - - [22/Jun/2026:23:09:55 +0200] "GET /wp-content/cache/wpfc-minified/fpvwzn7j/2ajp9.css HTTP/2.0" 200 14485 "-" "Mozilla/5.0 AppleWebKit/537.36 (KHTML, like Gecko; compatible; ClaudeBot/1.0; +claudebot@anthropic.com)"
65.108.235.243 - - [22/Jun/2026:23:11:04 +0200] "POST /wp-cron.php?doing_wp_cron=1782162664.6167891025543212890625 HTTP/1.1" 200 1 "-" "WordPress/7.0; https://parma.elettroservicegroup.it"
66.249.64.69 - - [22/Jun/2026:23:10:54 +0200] "GET /?p=18253 HTTP/1.1" 404 16958 "-" "Mozilla/5.0 (Linux; Android 6.0.1; Nexus 5X Build/MMB29P) AppleWebKit/537.36 (KHTML, like Gecko) Chrome/148.0.7778.96 Mobile Safari/537.36 (compatible; Googlebot/2.1; +http://www.google.com/bot.html)"
66.249.64.70 - - [22/Jun/2026:23:11:27 +0200] "GET /?p=18989 HTTP/1.1" 404 16958 "-" "Mozilla/5.0 (Linux; Android 6.0.1; Nexus 5X Build/MMB29P) AppleWebKit/537.36 (KHTML, like Gecko) Chrome/148.0.7778.96 Mobile Safari/537.36 (compatible; Googlebot/2.1; +http://www.google.com/bot.html)"
65.108.235.243 - - [22/Jun/2026:23:58:25 +0200] "POST /wp-cron.php?doing_wp_cron=1782165505.5177679061889648437500 HTTP/1.1" 200 1 "-" "WordPress/7.0; https://parma.elettroservicegroup.it"
142.250.32.100 - - [22/Jun/2026:23:58:23 +0200] "GET /.well-known/traffic-advice HTTP/1.1" 404 17012 "-" "Chrome Privacy Preserving Prefetch Proxy"
162.120.188.13 - - [22/Jun/2026:23:58:23 +0200] "GET /assistenza-aeg-fidenza/ HTTP/2.0" 200 22894 "https://www.google.com/" "Mozilla/5.0 (Linux; Android 10; K) AppleWebKit/537.36 (KHTML, like Gecko) Chrome/149.0.0.0 Mobile Safari/537.36"
162.120.188.8 - - [22/Jun/2026:23:58:26 +0200] "GET /assistenza-aeg-fidenza/ HTTP/2.0" 200 22894 "https://www.google.com/" "Mozilla/5.0 (Linux; Android 10; K) AppleWebKit/537.36 (KHTML, like Gecko) Chrome/149.0.0.0 Mobile Safari/537.36"