194.104.11.231 - - [22/Jun/2026:16:41:03 +0200] "GET /wp-login.php HTTP/2.0" 200 11714 "-" "Mozilla/5.0 (Macintosh; Intel Mac OS X 10_15_7) AppleWebKit/605.1.15 (KHTML, like Gecko) Version/18.0 Safari/605.1.15"
193.202.81.107 - - [22/Jun/2026:16:41:04 +0200] "GET /wp-login.php HTTP/2.0" 200 11728 "-" "Mozilla/5.0 (Macintosh; Intel Mac OS X 10_15_7) AppleWebKit/605.1.15 (KHTML, like Gecko) Version/18.0 Safari/605.1.15"
178.20.29.18 - - [22/Jun/2026:16:41:04 +0200] "GET /wp-login.php HTTP/2.0" 200 11692 "-" "Mozilla/5.0 (Windows NT 10.0; Win64; x64; rv:133.0) Gecko/20100101 Firefox/133.0"
77.220.193.138 - - [22/Jun/2026:16:41:05 +0200] "GET /wp-login.php HTTP/2.0" 200 11673 "-" "Mozilla/5.0 (Windows NT 10.0; Win64; x64) AppleWebKit/537.36 (KHTML, like Gecko) Chrome/124.0.0.0 Safari/537.36"
194.99.24.252 - - [22/Jun/2026:16:41:06 +0200] "GET /wp-login.php HTTP/2.0" 200 3294 "-" "Mozilla/5.0 (Windows NT 10.0; Win64; x64) AppleWebKit/537.36 (KHTML, like Gecko) Chrome/124.0.0.0 Safari/537.36"
194.99.24.252 - - [22/Jun/2026:16:41:07 +0200] "POST /wp-login.php HTTP/2.0" 200 3410 "https://parma.elettroservicegroup.it/wp-login.php" "Mozilla/5.0 (Windows NT 10.0; Win64; x64) AppleWebKit/537.36 (KHTML, like Gecko) Chrome/124.0.0.0 Safari/537.36"
91.218.123.195 - - [22/Jun/2026:16:41:11 +0200] "GET /wp-login.php HTTP/2.0" 200 11694 "-" "Mozilla/5.0 (Windows NT 10.0; Win64; x64) AppleWebKit/537.36 (KHTML, like Gecko) Chrome/124.0.0.0 Safari/537.36"
185.61.219.66 - - [22/Jun/2026:16:41:12 +0200] "GET /wp-login.php HTTP/2.0" 200 11694 "-" "Mozilla/5.0 (Macintosh; Intel Mac OS X 10_15_7) AppleWebKit/605.1.15 (KHTML, like Gecko) Version/18.0 Safari/605.1.15"
77.220.194.48 - - [22/Jun/2026:16:41:13 +0200] "GET /wp-login.php HTTP/2.0" 200 3294 "-" "Mozilla/5.0 (Macintosh; Intel Mac OS X 10_15_7) AppleWebKit/605.1.15 (KHTML, like Gecko) Version/18.0 Safari/605.1.15"
77.220.194.48 - - [22/Jun/2026:16:41:15 +0200] "POST /wp-login.php HTTP/2.0" 200 3410 "https://parma.elettroservicegroup.it/wp-login.php" "Mozilla/5.0 (Macintosh; Intel Mac OS X 10_15_7) AppleWebKit/605.1.15 (KHTML, like Gecko) Version/18.0 Safari/605.1.15"
185.88.100.209 - - [22/Jun/2026:16:41:18 +0200] "GET /wp-login.php HTTP/2.0" 200 11744 "-" "Mozilla/5.0 (Macintosh; Intel Mac OS X 10_15_7) AppleWebKit/605.1.15 (KHTML, like Gecko) Version/18.0 Safari/605.1.15"
65.108.235.243 - - [22/Jun/2026:16:42:33 +0200] "POST /wp-cron.php?doing_wp_cron=1782139353.1111450195312500000000 HTTP/1.1" 200 1 "-" "WordPress/7.0; https://parma.elettroservicegroup.it"
151.82.40.44 - - [22/Jun/2026:16:42:24 +0200] "GET /assistenza-condizionatori/ HTTP/2.0" 404 - "https://www.google.com/" "Mozilla/5.0 (Linux; Android 10; K) AppleWebKit/537.36 (KHTML, like Gecko) Chrome/149.0.0.0 Mobile Safari/537.36"
66.249.64.69 - - [22/Jun/2026:16:42:39 +0200] "GET /wp-content/uploads/2021/10/cropped-cropped-cropped-cropped-logo_white_background-32x32.png HTTP/1.1" 200 1525 "-" "Googlebot-Image/1.0"
65.108.235.243 - - [22/Jun/2026:16:49:30 +0200] "POST /wp-cron.php?doing_wp_cron=1782139770.6720750331878662109375 HTTP/1.1" 200 1 "-" "WordPress/7.0; https://parma.elettroservicegroup.it"
52.167.144.158 - - [22/Jun/2026:16:49:29 +0200] "GET /bizzo-casino-beneficios-de-su-atencion-al-cliente-en-tiempo-real/ HTTP/2.0" 404 17043 "-" "Mozilla/5.0 AppleWebKit/537.36 (KHTML, like Gecko; compatible; bingbot/2.0; +http://www.bing.com/bingbot.htm) Chrome/116.0.1938.76 Safari/537.36"
65.108.235.243 - - [22/Jun/2026:16:52:16 +0200] "POST /wp-cron.php?doing_wp_cron=1782139936.8188099861145019531250 HTTP/1.1" 200 1 "-" "WordPress/7.0; https://parma.elettroservicegroup.it"
74.7.243.245 - - [22/Jun/2026:16:52:15 +0200] "GET /sitemap.xml HTTP/2.0" 415 313 "-" "Mozilla/5.0 AppleWebKit/537.36 (KHTML, like Gecko; compatible; GPTBot/1.4; +https://openai.com/gptbot)"
65.108.235.243 - - [22/Jun/2026:17:08:14 +0200] "POST /wp-cron.php?doing_wp_cron=1782140894.4949951171875000000000 HTTP/1.1" 200 1 "-" "WordPress/7.0; https://parma.elettroservicegroup.it"
66.249.89.134 - - [22/Jun/2026:17:08:12 +0200] "GET /assistenza-whirlpool-parma/ HTTP/1.1" 200 22893 "-" "Mozilla/5.0 (Linux; Android 6.0.1; Nexus 5X Build/MMB29P) AppleWebKit/537.36 (KHTML, like Gecko) Chrome/148.0.7778.96 Mobile Safari/537.36 (compatible; AdsBot-Google-Mobile; +http://www.google.com/mobile/adsbot.html)"
65.108.235.243 - - [22/Jun/2026:17:08:15 +0200] "POST /wp-json/complianz/v1/wsc-scan HTTP/1.1" 400 88 "-" "WordPress/7.0; https://parma.elettroservicegroup.it"
66.249.89.135 - - [22/Jun/2026:17:08:15 +0200] "GET /wp-content/uploads/elementor/css/post-17366.css?ver=1781881153 HTTP/1.1" 200 2160 "https://parma.elettroservicegroup.it/assistenza-whirlpool-parma/" "AdsBot-Google (+http://www.google.com/adsbot.html)"
66.249.89.134 - - [22/Jun/2026:17:08:16 +0200] "GET /wp-content/plugins/elementor/assets/js/text-editor.45609661e409413f1cef.bundle.min.js HTTP/1.1" 200 592 "https://parma.elettroservicegroup.it/assistenza-whirlpool-parma/" "AdsBot-Google (+http://www.google.com/adsbot.html)"
66.249.89.134 - - [22/Jun/2026:17:08:16 +0200] "GET /wp-content/plugins/elementor/assets/js/shared-frontend-handlers.03caa53373b56d3bab67.bundle.min.js HTTP/1.1" 200 2515 "https://parma.elettroservicegroup.it/assistenza-whirlpool-parma/" "AdsBot-Google (+http://www.google.com/adsbot.html)"
65.108.235.243 - - [22/Jun/2026:17:08:31 +0200] "POST /wp-admin/admin-ajax.php?action=elementor_1_elementor_updater&nonce=f0cc0c127c HTTP/1.1" 503 582 "-" "WordPress/7.0; https://parma.elettroservicegroup.it"
65.108.235.243 - - [22/Jun/2026:17:08:31 +0200] "GET /?wp_scrape_key=33e69507a989fbc1429bf09b09bf4e51&wp_scrape_nonce=1782140909 HTTP/1.1" 200 22596 "-" "WordPress/7.0; https://parma.elettroservicegroup.it"
65.108.235.243 - - [22/Jun/2026:17:24:25 +0200] "POST /wp-cron.php?doing_wp_cron=1782141865.7228109836578369140625 HTTP/1.1" 200 1 "-" "WordPress/7.0; https://parma.elettroservicegroup.it"
66.249.89.134 - - [22/Jun/2026:17:24:18 +0200] "GET / HTTP/1.1" 200 22395 "-" "AdsBot-Google (+http://www.google.com/adsbot.html)"
66.249.89.134 - - [22/Jun/2026:17:24:29 +0200] "GET /wp-content/cache/wpfc-minified/qaafat52/2ajp9.css HTTP/1.1" 200 16433 "https://parma.elettroservicegroup.it/" "AdsBot-Google (+http://www.google.com/adsbot.html)"
66.249.89.134 - - [22/Jun/2026:17:24:29 +0200] "GET /wp-content/cache/wpfc-minified/mbb024jo/2ajp9.css HTTP/1.1" 200 11341 "https://parma.elettroservicegroup.it/" "AdsBot-Google (+http://www.google.com/adsbot.html)"
66.249.89.134 - - [22/Jun/2026:17:24:30 +0200] "GET /wp-content/cache/wpfc-minified/243l0v7c/2ajp9.js HTTP/1.1" 200 42447 "https://parma.elettroservicegroup.it/" "AdsBot-Google (+http://www.google.com/adsbot.html)"
66.249.89.134 - - [22/Jun/2026:17:24:30 +0200] "GET /wp-content/cache/wpfc-minified/fpvwzn7j/2ajp9.css HTTP/1.1" 200 14485 "https://parma.elettroservicegroup.it/" "AdsBot-Google (+http://www.google.com/adsbot.html)"
66.249.89.135 - - [22/Jun/2026:17:24:31 +0200] "GET /wp-content/cache/wpfc-minified/f4mpgdct/2ajp9.css HTTP/1.1" 200 7521 "https://parma.elettroservicegroup.it/" "AdsBot-Google (+http://www.google.com/adsbot.html)"
66.249.89.134 - - [22/Jun/2026:17:24:31 +0200] "GET /wp-content/cache/wpfc-minified/9aoba38s/2ajp9.css HTTP/1.1" 200 418 "https://parma.elettroservicegroup.it/" "AdsBot-Google (+http://www.google.com/adsbot.html)"
66.249.89.134 - - [22/Jun/2026:17:24:32 +0200] "GET /wp-content/cache/wpfc-minified/eqzpooq2/2ajp9.css HTTP/1.1" 200 4410 "https://parma.elettroservicegroup.it/" "AdsBot-Google (+http://www.google.com/adsbot.html)"
66.249.89.133 - - [22/Jun/2026:17:24:33 +0200] "GET /wp-content/cache/wpfc-minified/bwue548/2ajp9.css HTTP/1.1" 200 19037 "https://parma.elettroservicegroup.it/" "AdsBot-Google (+http://www.google.com/adsbot.html)"
66.249.89.135 - - [22/Jun/2026:17:24:33 +0200] "GET /wp-content/plugins/gp-premium/menu-plus/functions/js/sticky.min.js?ver=2.5.5 HTTP/1.1" 200 2670 "https://parma.elettroservicegroup.it/" "AdsBot-Google (+http://www.google.com/adsbot.html)"
66.249.89.133 - - [22/Jun/2026:17:24:34 +0200] "GET /wp-content/plugins/elementor/assets/js/webpack.runtime.min.js?ver=4.1.4 HTTP/1.1" 200 2340 "https://parma.elettroservicegroup.it/" "AdsBot-Google (+http://www.google.com/adsbot.html)"
66.249.89.133 - - [22/Jun/2026:17:24:34 +0200] "GET /wp-content/plugins/elementor/assets/js/frontend-modules.min.js?ver=4.1.4 HTTP/1.1" 200 15454 "https://parma.elettroservicegroup.it/" "AdsBot-Google (+http://www.google.com/adsbot.html)"
66.249.89.134 - - [22/Jun/2026:17:24:31 +0200] "GET /wp-content/uploads/elementor/css/post-14227.css?ver=1782140911 HTTP/1.1" 404 18284 "https://parma.elettroservicegroup.it/" "AdsBot-Google (+http://www.google.com/adsbot.html)"
66.249.89.134 - - [22/Jun/2026:17:24:35 +0200] "GET /wp-includes/js/jquery/ui/core.min.js?ver=1.13.3 HTTP/1.1" 200 6820 "https://parma.elettroservicegroup.it/" "AdsBot-Google (+http://www.google.com/adsbot.html)"
66.249.89.134 - - [22/Jun/2026:17:24:32 +0200] "GET /wp-content/uploads/elementor/css/post-14146.css?ver=1782140911 HTTP/1.1" 404 18282 "https://parma.elettroservicegroup.it/" "AdsBot-Google (+http://www.google.com/adsbot.html)"
66.249.89.135 - - [22/Jun/2026:17:24:35 +0200] "GET /wp-content/plugins/elementor/assets/js/frontend.min.js?ver=4.1.4 HTTP/1.1" 200 10140 "https://parma.elettroservicegroup.it/" "AdsBot-Google (+http://www.google.com/adsbot.html)"
66.249.89.135 - - [22/Jun/2026:17:24:35 +0200] "GET /wp-content/themes/generatepress/assets/js/menu.min.js?ver=3.6.1 HTTP/1.1" 200 1688 "https://parma.elettroservicegroup.it/" "AdsBot-Google (+http://www.google.com/adsbot.html)"
66.249.89.133 - - [22/Jun/2026:17:24:33 +0200] "GET /wp-content/uploads/elementor/css/post-14366.css?ver=1782140911 HTTP/1.1" 404 18285 "https://parma.elettroservicegroup.it/" "AdsBot-Google (+http://www.google.com/adsbot.html)"
66.249.89.133 - - [22/Jun/2026:17:24:36 +0200] "GET /wp-content/themes/generatepress/assets/js/back-to-top.min.js?ver=3.6.1 HTTP/1.1" 200 336 "https://parma.elettroservicegroup.it/" "AdsBot-Google (+http://www.google.com/adsbot.html)"
66.249.89.135 - - [22/Jun/2026:17:24:36 +0200] "GET /wp-content/plugins/complianz-gdpr-premium/cookiebanner/js/complianz.min.js?ver=1781535760 HTTP/1.1" 200 10762 "https://parma.elettroservicegroup.it/" "AdsBot-Google (+http://www.google.com/adsbot.html)"
66.249.89.135 - - [22/Jun/2026:17:24:46 +0200] "GET /wp-content/plugins/elementor/assets/lib/font-awesome/webfonts/fa-regular-400.woff2 HTTP/1.1" 200 13277 "https://parma.elettroservicegroup.it/wp-content/cache/wpfc-minified/qaafat52/2ajp9.css" "AdsBot-Google (+http://www.google.com/adsbot.html)"
66.249.89.134 - - [22/Jun/2026:17:24:46 +0200] "GET /wp-content/plugins/elementor/assets/lib/font-awesome/webfonts/fa-solid-900.woff2 HTTP/1.1" 200 78201 "https://parma.elettroservicegroup.it/wp-content/cache/wpfc-minified/qaafat52/2ajp9.css" "AdsBot-Google (+http://www.google.com/adsbot.html)"
65.108.235.243 - - [22/Jun/2026:17:24:46 +0200] "POST /wp-cron.php?doing_wp_cron=1782141886.6613650321960449218750 HTTP/1.1" 200 1 "-" "WordPress/7.0; https://parma.elettroservicegroup.it"
66.249.89.134 - - [22/Jun/2026:17:24:46 +0200] "GET /wp-json/complianz/v1/banner?lang=it&locale=it_IT&token=elxap HTTP/1.1" 200 81 "https://parma.elettroservicegroup.it/" "AdsBot-Google (+http://www.google.com/adsbot.html)"
66.249.89.134 - - [22/Jun/2026:17:24:47 +0200] "GET /wp-content/uploads/complianz/css/banner-1-optin.css?v=46 HTTP/1.1" 200 2857 "https://parma.elettroservicegroup.it/" "AdsBot-Google (+http://www.google.com/adsbot.html)"
66.249.89.133 - - [22/Jun/2026:17:24:47 +0200] "GET /wp-content/uploads/elementor/google-fonts/fonts/robotoslab-bngmuxzytxpivibgjjsb6ufn5qu.woff2 HTTP/1.1" 200 34328 "https://parma.elettroservicegroup.it/wp-content/cache/wpfc-minified/fpvwzn7j/2ajp9.css" "AdsBot-Google (+http://www.google.com/adsbot.html)"
66.249.89.135 - - [22/Jun/2026:17:24:47 +0200] "GET /wp-json/complianz/v1/cookie_data HTTP/1.1" 200 81 "https://parma.elettroservicegroup.it/" "AdsBot-Google (+http://www.google.com/adsbot.html)"
20.215.220.123 - - [22/Jun/2026:17:25:09 +0200] "GET / HTTP/2.0" 200 22382 "-" "Mozilla/5.0 AppleWebKit/537.36 (KHTML, like Gecko); compatible; ChatGPT-User/1.0; +https://openai.com/bot"
65.108.235.243 - - [22/Jun/2026:17:25:11 +0200] "POST /wp-cron.php?doing_wp_cron=1782141911.3199770450592041015625 HTTP/1.1" 200 1 "-" "WordPress/7.0; https://parma.elettroservicegroup.it"
20.215.220.123 - - [22/Jun/2026:17:25:09 +0200] "GET /assistenza-frigoriferi/ HTTP/2.0" 200 20700 "-" "Mozilla/5.0 AppleWebKit/537.36 (KHTML, like Gecko); compatible; ChatGPT-User/1.0; +https://openai.com/bot"
66.249.89.134 - - [22/Jun/2026:17:25:17 +0200] "GET /wp-content/plugins/elementor/assets/js/shared-frontend-handlers.03caa53373b56d3bab67.bundle.min.js HTTP/1.1" 200 2515 "https://parma.elettroservicegroup.it/" "AdsBot-Google (+http://www.google.com/adsbot.html)"
66.249.89.135 - - [22/Jun/2026:17:25:17 +0200] "GET /wp-content/plugins/elementor/assets/js/section-frontend-handlers.d85ab872da118940910d.bundle.min.js HTTP/1.1" 200 230 "https://parma.elettroservicegroup.it/" "AdsBot-Google (+http://www.google.com/adsbot.html)"
66.249.89.134 - - [22/Jun/2026:17:25:17 +0200] "GET /wp-content/plugins/elementor/assets/js/text-editor.45609661e409413f1cef.bundle.min.js HTTP/1.1" 200 592 "https://parma.elettroservicegroup.it/" "AdsBot-Google (+http://www.google.com/adsbot.html)"
74.7.243.50 - - [22/Jun/2026:17:25:26 +0200] "GET /assistenza-frigoriferi/ HTTP/2.0" 415 20685 "-" "Mozilla/5.0 (Macintosh; Intel Mac OS X 10_15_7) AppleWebKit/537.36 (KHTML, like Gecko) Chrome/131.0.0.0 Safari/537.36; compatible; OAI-SearchBot/1.4; +https://openai.com/searchbot"
74.7.229.116 - - [22/Jun/2026:17:25:32 +0200] "GET / HTTP/2.0" 415 22382 "-" "Mozilla/5.0 (Macintosh; Intel Mac OS X 10_15_7) AppleWebKit/537.36 (KHTML, like Gecko) Chrome/131.0.0.0 Safari/537.36; compatible; OAI-SearchBot/1.4; +https://openai.com/searchbot"
65.108.235.243 - - [22/Jun/2026:18:20:34 +0200] "POST /wp-cron.php?doing_wp_cron=1782145234.2553730010986328125000 HTTP/1.1" 200 1 "-" "WordPress/7.0; https://parma.elettroservicegroup.it"
31.13.103.6 - - [22/Jun/2026:18:20:32 +0200] "GET /assistenza-siemens-parma/ HTTP/2.0" 200 - "-" "meta-webindexer/1.1 (+https://developers.facebook.com/docs/sharing/webmasters/crawler)"
65.108.235.243 - - [22/Jun/2026:18:20:34 +0200] "POST /wp-json/complianz/v1/wsc-scan HTTP/1.1" 400 88 "-" "WordPress/7.0; https://parma.elettroservicegroup.it"
65.108.235.243 - - [22/Jun/2026:18:26:35 +0200] "POST /wp-cron.php?doing_wp_cron=1782145595.3215420246124267578125 HTTP/1.1" 200 1 "-" "WordPress/7.0; https://parma.elettroservicegroup.it"
52.167.144.145 - - [22/Jun/2026:18:26:28 +0200] "GET /est-il-difficile-de-se-connecter-a-friday-roll-casino-en-mobilite/ HTTP/2.0" 404 17048 "-" "Mozilla/5.0 AppleWebKit/537.36 (KHTML, like Gecko; compatible; bingbot/2.0; +http://www.bing.com/bingbot.htm) Chrome/116.0.1938.76 Safari/537.36"
47.128.23.193 - - [22/Jun/2026:20:05:58 +0200] "GET /robots.txt HTTP/1.1" 200 11777 "-" "Mozilla/5.0 (Linux; Android 5.0) AppleWebKit/537.36 (KHTML, like Gecko) Mobile Safari/537.36 (compatible; Bytespider; spider-feedback@bytedance.com)"
20.169.73.46 - - [22/Jun/2026:20:21:01 +0200] "GET / HTTP/2.0" 200 22382 "-" "Mozilla/5.0 AppleWebKit/537.36 (KHTML, like Gecko); compatible; ChatGPT-User/1.0; +https://openai.com/bot"
130.12.180.196 - - [22/Jun/2026:20:40:01 +0200] "GET / HTTP/1.1" 200 11661 "-" "Mozilla/5.0 (Macintosh; Intel Mac OS X 10_15_7) AppleWebKit/605.1.15 (KHTML, like Gecko) Version/17.4.1 Safari/605.4.24"
20.169.73.35 - - [22/Jun/2026:20:46:44 +0200] "GET /assistenza-miele-fidenza/ HTTP/2.0" 200 22602 "-" "Mozilla/5.0 AppleWebKit/537.36 (KHTML, like Gecko); compatible; ChatGPT-User/1.0; +https://openai.com/bot"
65.108.235.243 - - [22/Jun/2026:20:46:54 +0200] "POST /wp-cron.php?doing_wp_cron=1782154014.1168758869171142578125 HTTP/1.1" 200 1 "-" "WordPress/7.0; https://parma.elettroservicegroup.it"
20.169.73.35 - - [22/Jun/2026:20:46:44 +0200] "GET /assistenza-miele-parma/ HTTP/2.0" 200 22634 "-" "Mozilla/5.0 AppleWebKit/537.36 (KHTML, like Gecko); compatible; ChatGPT-User/1.0; +https://openai.com/bot"
65.108.235.243 - - [22/Jun/2026:20:46:57 +0200] "POST /wp-json/complianz/v1/wsc-scan HTTP/1.1" 400 88 "-" "WordPress/7.0; https://parma.elettroservicegroup.it"
65.108.235.243 - - [22/Jun/2026:20:46:58 +0200] "POST /wp-admin/admin-ajax.php?action=wordfence_testAjax HTTP/1.1" 200 16 "-" "WordPress/7.0; https://parma.elettroservicegroup.it"
65.108.235.243 - - [22/Jun/2026:20:47:01 +0200] "GET /wp-admin/admin-ajax.php?action=wordfence_doScan&isFork=0&scanMode=quick&cronKey=43ba7bc8067305402060787f3ef26294&signature=e3a142ae29ca15ced501cb719992a1eede132b81f154dbb13ba87cd09ccb1e23 HTTP/1.1" 200 1 "-" "WordPress/7.0; https://parma.elettroservicegroup.it"
74.7.229.132 - - [22/Jun/2026:20:52:43 +0200] "GET /assistenza-miele-parma/ HTTP/2.0" 415 22620 "-" "Mozilla/5.0 (Macintosh; Intel Mac OS X 10_15_7) AppleWebKit/537.36 (KHTML, like Gecko) Chrome/131.0.0.0 Safari/537.36; compatible; OAI-SearchBot/1.4; +https://openai.com/searchbot"
74.7.228.246 - - [22/Jun/2026:20:52:52 +0200] "GET /assistenza-miele-fidenza/ HTTP/2.0" 200 22588 "-" "Mozilla/5.0 (Macintosh; Intel Mac OS X 10_15_7) AppleWebKit/537.36 (KHTML, like Gecko) Chrome/131.0.0.0 Safari/537.36; compatible; OAI-SearchBot/1.4; +https://openai.com/searchbot"
65.108.235.243 - - [22/Jun/2026:20:53:01 +0200] "POST /wp-cron.php?doing_wp_cron=1782154381.4141669273376464843750 HTTP/1.1" 200 1 "-" "WordPress/7.0; https://parma.elettroservicegroup.it"
74.7.243.245 - - [22/Jun/2026:20:52:56 +0200] "GET /wp-includes/js/jquery/ui/core.min.js?ver=1.13.3 HTTP/2.0" 404 18291 "https://parma.elettroservicegroup.it/assistenza-miele-fidenza/" "Mozilla/5.0 AppleWebKit/537.36 (KHTML, like Gecko; compatible; GPTBot/1.4; +https://openai.com/gptbot)"
74.7.229.132 - - [22/Jun/2026:20:53:02 +0200] "GET /wp-content/cache/wpfc-minified/bwue548/2ajp9.css HTTP/2.0" 415 19037 "https://parma.elettroservicegroup.it/assistenza-miele-fidenza/" "Mozilla/5.0 (Macintosh; Intel Mac OS X 10_15_7) AppleWebKit/537.36 (KHTML, like Gecko) Chrome/131.0.0.0 Safari/537.36; compatible; OAI-SearchBot/1.4; +https://openai.com/searchbot"
74.7.243.245 - - [22/Jun/2026:20:53:02 +0200] "GET /wp-content/plugins/elementor/assets/js/frontend.min.js?ver=4.1.4 HTTP/2.0" 404 18286 "https://parma.elettroservicegroup.it/assistenza-miele-fidenza/" "Mozilla/5.0 AppleWebKit/537.36 (KHTML, like Gecko; compatible; GPTBot/1.4; +https://openai.com/gptbot)"
74.7.229.116 - - [22/Jun/2026:20:53:04 +0200] "GET /wp-content/cache/wpfc-minified/9aoba38s/2ajp9.css HTTP/2.0" 415 418 "https://parma.elettroservicegroup.it/assistenza-miele-fidenza/" "Mozilla/5.0 (Macintosh; Intel Mac OS X 10_15_7) AppleWebKit/537.36 (KHTML, like Gecko) Chrome/131.0.0.0 Safari/537.36; compatible; OAI-SearchBot/1.4; +https://openai.com/searchbot"
74.7.243.245 - - [22/Jun/2026:20:53:05 +0200] "GET /wp-content/cache/wpfc-minified/fpvwzn7j/2ajp9.css HTTP/2.0" 415 14485 "https://parma.elettroservicegroup.it/assistenza-miele-fidenza/" "Mozilla/5.0 AppleWebKit/537.36 (KHTML, like Gecko; compatible; GPTBot/1.4; +https://openai.com/gptbot)"
74.7.243.48 - - [22/Jun/2026:20:53:06 +0200] "GET /wp-content/cache/wpfc-minified/mbb024jo/2ajp9.css HTTP/2.0" 200 11341 "https://parma.elettroservicegroup.it/assistenza-miele-fidenza/" "Mozilla/5.0 (Macintosh; Intel Mac OS X 10_15_7) AppleWebKit/537.36 (KHTML, like Gecko) Chrome/131.0.0.0 Safari/537.36; compatible; OAI-SearchBot/1.4; +https://openai.com/searchbot"
74.7.243.245 - - [22/Jun/2026:20:53:08 +0200] "GET /wp-content/plugins/elementor/assets/js/frontend-modules.min.js?ver=4.1.4 HTTP/2.0" 404 18288 "https://parma.elettroservicegroup.it/assistenza-miele-fidenza/" "Mozilla/5.0 AppleWebKit/537.36 (KHTML, like Gecko; compatible; GPTBot/1.4; +https://openai.com/gptbot)"
74.7.243.50 - - [22/Jun/2026:20:53:10 +0200] "GET /wp-content/cache/wpfc-minified/f4mpgdct/2ajp9.css HTTP/2.0" 415 7521 "https://parma.elettroservicegroup.it/assistenza-miele-fidenza/" "Mozilla/5.0 (Macintosh; Intel Mac OS X 10_15_7) AppleWebKit/537.36 (KHTML, like Gecko) Chrome/131.0.0.0 Safari/537.36; compatible; OAI-SearchBot/1.4; +https://openai.com/searchbot"
74.7.243.245 - - [22/Jun/2026:20:53:11 +0200] "GET /wp-content/cache/wpfc-minified/eqzpooq2/2ajp9.css HTTP/2.0" 415 4410 "https://parma.elettroservicegroup.it/assistenza-miele-fidenza/" "Mozilla/5.0 AppleWebKit/537.36 (KHTML, like Gecko; compatible; GPTBot/1.4; +https://openai.com/gptbot)"
74.7.243.48 - - [22/Jun/2026:20:53:12 +0200] "GET /wp-content/themes/generatepress/assets/js/back-to-top.min.js?ver=3.6.1 HTTP/2.0" 200 336 "https://parma.elettroservicegroup.it/assistenza-miele-fidenza/" "Mozilla/5.0 (Macintosh; Intel Mac OS X 10_15_7) AppleWebKit/537.36 (KHTML, like Gecko) Chrome/131.0.0.0 Safari/537.36; compatible; OAI-SearchBot/1.4; +https://openai.com/searchbot"
74.7.229.116 - - [22/Jun/2026:20:53:16 +0200] "GET /wp-content/cache/wpfc-minified/7aujoglc/2b6hs.css HTTP/2.0" 415 16439 "https://parma.elettroservicegroup.it/assistenza-miele-fidenza/" "Mozilla/5.0 (Macintosh; Intel Mac OS X 10_15_7) AppleWebKit/537.36 (KHTML, like Gecko) Chrome/131.0.0.0 Safari/537.36; compatible; OAI-SearchBot/1.4; +https://openai.com/searchbot"
65.108.235.243 - - [22/Jun/2026:20:53:18 +0200] "POST /wp-cron.php?doing_wp_cron=1782154397.9104800224304199218750 HTTP/1.1" 200 1 "-" "WordPress/7.0; https://parma.elettroservicegroup.it"
74.7.243.245 - - [22/Jun/2026:20:53:14 +0200] "GET /wp-content/uploads/complianz/css/banner-%7Bbanner_id%7D-%7Btype%7D.css?v=46 HTTP/2.0" 404 18302 "https://parma.elettroservicegroup.it/assistenza-miele-fidenza/" "Mozilla/5.0 AppleWebKit/537.36 (KHTML, like Gecko; compatible; GPTBot/1.4; +https://openai.com/gptbot)"
74.7.229.132 - - [22/Jun/2026:20:53:17 +0200] "GET /wp-content/plugins/complianz-gdpr-premium/cookiebanner/js/complianz.min.js?ver=1781535760 HTTP/2.0" 404 18294 "https://parma.elettroservicegroup.it/assistenza-miele-fidenza/" "Mozilla/5.0 (Macintosh; Intel Mac OS X 10_15_7) AppleWebKit/537.36 (KHTML, like Gecko) Chrome/131.0.0.0 Safari/537.36; compatible; OAI-SearchBot/1.4; +https://openai.com/searchbot"
74.7.243.245 - - [22/Jun/2026:20:53:18 +0200] "GET /wp-content/uploads/elementor/css/post-14146.css?ver=1782141874 HTTP/2.0" 404 18282 "https://parma.elettroservicegroup.it/assistenza-miele-fidenza/" "Mozilla/5.0 AppleWebKit/537.36 (KHTML, like Gecko; compatible; GPTBot/1.4; +https://openai.com/gptbot)"
74.7.242.184 - - [22/Jun/2026:20:53:21 +0200] "GET /wp-content/cache/wpfc-minified/243l0v7c/2ajp9.js HTTP/2.0" 415 42447 "https://parma.elettroservicegroup.it/assistenza-miele-fidenza/" "Mozilla/5.0 (Macintosh; Intel Mac OS X 10_15_7) AppleWebKit/537.36 (KHTML, like Gecko) Chrome/131.0.0.0 Safari/537.36; compatible; OAI-SearchBot/1.4; +https://openai.com/searchbot"
74.7.243.245 - - [22/Jun/2026:20:53:21 +0200] "GET /wp-content/plugins/elementor/assets/js/webpack.runtime.min.js?ver=4.1.4 HTTP/2.0" 404 18289 "https://parma.elettroservicegroup.it/assistenza-miele-fidenza/" "Mozilla/5.0 AppleWebKit/537.36 (KHTML, like Gecko; compatible; GPTBot/1.4; +https://openai.com/gptbot)"
74.7.243.245 - - [22/Jun/2026:20:53:25 +0200] "GET /wp-content/uploads/elementor/css/post-14366.css?ver=1782141874 HTTP/2.0" 404 18285 "https://parma.elettroservicegroup.it/assistenza-miele-fidenza/" "Mozilla/5.0 AppleWebKit/537.36 (KHTML, like Gecko; compatible; GPTBot/1.4; +https://openai.com/gptbot)"
74.7.229.132 - - [22/Jun/2026:20:53:22 +0200] "GET /?p=17351 HTTP/2.0" 415 22545 "https://parma.elettroservicegroup.it/assistenza-miele-fidenza/" "Mozilla/5.0 (Macintosh; Intel Mac OS X 10_15_7) AppleWebKit/537.36 (KHTML, like Gecko) Chrome/131.0.0.0 Safari/537.36; compatible; OAI-SearchBot/1.4; +https://openai.com/searchbot"
74.7.243.245 - - [22/Jun/2026:20:53:28 +0200] "GET /wp-content/cache/wpfc-minified/mbb024jo/2ajp9.css HTTP/2.0" 415 11341 "https://parma.elettroservicegroup.it/assistenza-miele-fidenza/" "Mozilla/5.0 AppleWebKit/537.36 (KHTML, like Gecko; compatible; GPTBot/1.4; +https://openai.com/gptbot)"
74.7.229.132 - - [22/Jun/2026:20:53:28 +0200] "GET /wp-content/cache/wpfc-minified/fpvwzn7j/2ajp9.css HTTP/2.0" 415 14485 "https://parma.elettroservicegroup.it/assistenza-miele-fidenza/" "Mozilla/5.0 (Macintosh; Intel Mac OS X 10_15_7) AppleWebKit/537.36 (KHTML, like Gecko) Chrome/131.0.0.0 Safari/537.36; compatible; OAI-SearchBot/1.4; +https://openai.com/searchbot"
74.7.242.184 - - [22/Jun/2026:20:53:30 +0200] "GET /wp-content/cache/wpfc-minified/eqzpooq2/2ajp9.css HTTP/2.0" 415 4410 "https://parma.elettroservicegroup.it/assistenza-miele-fidenza/" "Mozilla/5.0 (Macintosh; Intel Mac OS X 10_15_7) AppleWebKit/537.36 (KHTML, like Gecko) Chrome/131.0.0.0 Safari/537.36; compatible; OAI-SearchBot/1.4; +https://openai.com/searchbot"
74.7.243.245 - - [22/Jun/2026:20:53:31 +0200] "GET /wp-content/plugins/elementor/assets/lib/eicons/fonts/eicons.eot?5.50.0 HTTP/2.0" 404 17007 "https://parma.elettroservicegroup.it/wp-content/cache/wpfc-minified/mbb024jo/2ajp9.css" "Mozilla/5.0 AppleWebKit/537.36 (KHTML, like Gecko; compatible; GPTBot/1.4; +https://openai.com/gptbot)"
74.7.242.140 - - [22/Jun/2026:20:53:33 +0200] "GET /wp-content/plugins/gp-premium/menu-plus/functions/js/sticky.min.js?ver=2.5.5 HTTP/2.0" 404 18301 "https://parma.elettroservicegroup.it/assistenza-miele-fidenza/" "Mozilla/5.0 (Macintosh; Intel Mac OS X 10_15_7) AppleWebKit/537.36 (KHTML, like Gecko) Chrome/131.0.0.0 Safari/537.36; compatible; OAI-SearchBot/1.4; +https://openai.com/searchbot"
74.7.243.245 - - [22/Jun/2026:20:53:34 +0200] "GET /wp-content/plugins/elementor/assets/lib/eicons/fonts/eicons.ttf?5.50.0 HTTP/2.0" 404 17007 "https://parma.elettroservicegroup.it/wp-content/cache/wpfc-minified/mbb024jo/2ajp9.css" "Mozilla/5.0 AppleWebKit/537.36 (KHTML, like Gecko; compatible; GPTBot/1.4; +https://openai.com/gptbot)"
74.7.228.246 - - [22/Jun/2026:20:53:37 +0200] "GET /wp-content/plugins/elementor/assets/js/frontend-modules.min.js?ver=4.1.4 HTTP/2.0" 200 15454 "https://parma.elettroservicegroup.it/assistenza-miele-fidenza/" "Mozilla/5.0 (Macintosh; Intel Mac OS X 10_15_7) AppleWebKit/537.36 (KHTML, like Gecko) Chrome/131.0.0.0 Safari/537.36; compatible; OAI-SearchBot/1.4; +https://openai.com/searchbot"
74.7.228.196 - - [22/Jun/2026:20:53:39 +0200] "GET /wp-content/uploads/elementor/css/post-17351.css?ver=1782154012 HTTP/2.0" 200 2146 "https://parma.elettroservicegroup.it/assistenza-miele-fidenza/" "Mozilla/5.0 (Macintosh; Intel Mac OS X 10_15_7) AppleWebKit/537.36 (KHTML, like Gecko) Chrome/131.0.0.0 Safari/537.36; compatible; OAI-SearchBot/1.4; +https://openai.com/searchbot"
65.108.235.243 - - [22/Jun/2026:20:53:39 +0200] "POST /wp-cron.php?doing_wp_cron=1782154419.7095921039581298828125 HTTP/1.1" 200 1 "-" "WordPress/7.0; https://parma.elettroservicegroup.it"
74.7.243.245 - - [22/Jun/2026:20:53:37 +0200] "GET /wp-content/themes/generatepress/assets/js/back-to-top.min.js?ver=3.6.1 HTTP/2.0" 404 18300 "https://parma.elettroservicegroup.it/assistenza-miele-fidenza/" "Mozilla/5.0 AppleWebKit/537.36 (KHTML, like Gecko; compatible; GPTBot/1.4; +https://openai.com/gptbot)"
74.7.243.245 - - [22/Jun/2026:20:53:40 +0200] "GET /wp-content/plugins/elementor/assets/lib/eicons/fonts/eicons.woff2?5.50.0 HTTP/2.0" 404 17012 "https://parma.elettroservicegroup.it/wp-content/cache/wpfc-minified/mbb024jo/2ajp9.css" "Mozilla/5.0 AppleWebKit/537.36 (KHTML, like Gecko; compatible; GPTBot/1.4; +https://openai.com/gptbot)"
74.7.229.116 - - [22/Jun/2026:20:53:41 +0200] "GET /wp-content/uploads/elementor/css/post-14146.css?ver=1782141874 HTTP/2.0" 404 18282 "https://parma.elettroservicegroup.it/assistenza-miele-fidenza/" "Mozilla/5.0 (Macintosh; Intel Mac OS X 10_15_7) AppleWebKit/537.36 (KHTML, like Gecko) Chrome/131.0.0.0 Safari/537.36; compatible; OAI-SearchBot/1.4; +https://openai.com/searchbot"
74.7.243.245 - - [22/Jun/2026:20:53:44 +0200] "GET /wp-content/plugins/complianz-gdpr-premium/cookiebanner/js/complianz.min.js?ver=1781535760 HTTP/2.0" 404 18294 "https://parma.elettroservicegroup.it/assistenza-miele-fidenza/" "Mozilla/5.0 AppleWebKit/537.36 (KHTML, like Gecko; compatible; GPTBot/1.4; +https://openai.com/gptbot)"
74.7.242.140 - - [22/Jun/2026:20:53:44 +0200] "GET /wp-content/plugins/elementor/assets/js/webpack.runtime.min.js?ver=4.1.4 HTTP/2.0" 404 18289 "https://parma.elettroservicegroup.it/assistenza-miele-fidenza/" "Mozilla/5.0 (Macintosh; Intel Mac OS X 10_15_7) AppleWebKit/537.36 (KHTML, like Gecko) Chrome/131.0.0.0 Safari/537.36; compatible; OAI-SearchBot/1.4; +https://openai.com/searchbot"
74.7.243.245 - - [22/Jun/2026:20:53:47 +0200] "GET /wp-content/plugins/elementor/assets/lib/eicons/fonts/eicons.woff?5.50.0 HTTP/2.0" 404 17006 "https://parma.elettroservicegroup.it/wp-content/cache/wpfc-minified/mbb024jo/2ajp9.css" "Mozilla/5.0 AppleWebKit/537.36 (KHTML, like Gecko; compatible; GPTBot/1.4; +https://openai.com/gptbot)"
74.7.229.132 - - [22/Jun/2026:20:53:47 +0200] "GET /wp-content/uploads/elementor/css/post-14366.css?ver=1782141874 HTTP/2.0" 404 18285 "https://parma.elettroservicegroup.it/assistenza-miele-fidenza/" "Mozilla/5.0 (Macintosh; Intel Mac OS X 10_15_7) AppleWebKit/537.36 (KHTML, like Gecko) Chrome/131.0.0.0 Safari/537.36; compatible; OAI-SearchBot/1.4; +https://openai.com/searchbot"
74.7.243.245 - - [22/Jun/2026:20:53:50 +0200] "GET /wp-content/cache/wpfc-minified/243l0v7c/2ajp9.js HTTP/2.0" 415 42447 "https://parma.elettroservicegroup.it/assistenza-miele-fidenza/" "Mozilla/5.0 AppleWebKit/537.36 (KHTML, like Gecko; compatible; GPTBot/1.4; +https://openai.com/gptbot)"
65.108.235.243 - - [22/Jun/2026:20:53:52 +0200] "POST /wp-cron.php?doing_wp_cron=1782154431.9226009845733642578125 HTTP/1.1" 200 1 "-" "WordPress/7.0; https://parma.elettroservicegroup.it"
74.7.242.184 - - [22/Jun/2026:20:53:50 +0200] "GET /termini-e-condizioni HTTP/2.0" 301 1 "https://parma.elettroservicegroup.it/assistenza-miele-fidenza/" "Mozilla/5.0 (Macintosh; Intel Mac OS X 10_15_7) AppleWebKit/537.36 (KHTML, like Gecko) Chrome/131.0.0.0 Safari/537.36; compatible; OAI-SearchBot/1.4; +https://openai.com/searchbot"
74.7.242.184 - - [22/Jun/2026:20:53:52 +0200] "GET /termini-e-condizioni/ HTTP/2.0" 415 18214 "https://parma.elettroservicegroup.it/termini-e-condizioni" "Mozilla/5.0 (Macintosh; Intel Mac OS X 10_15_7) AppleWebKit/537.36 (KHTML, like Gecko) Chrome/131.0.0.0 Safari/537.36; compatible; OAI-SearchBot/1.4; +https://openai.com/searchbot"
74.7.243.245 - - [22/Jun/2026:20:53:53 +0200] "GET /wp-content/plugins/elementor/assets/lib/eicons/fonts/eicons.svg?5.50.0 HTTP/2.0" 404 17007 "https://parma.elettroservicegroup.it/wp-content/cache/wpfc-minified/mbb024jo/2ajp9.css" "Mozilla/5.0 AppleWebKit/537.36 (KHTML, like Gecko; compatible; GPTBot/1.4; +https://openai.com/gptbot)"
74.7.243.245 - - [22/Jun/2026:20:53:56 +0200] "GET /wp-content/plugins/gp-premium/menu-plus/functions/js/sticky.min.js?ver=2.5.5 HTTP/2.0" 404 18301 "https://parma.elettroservicegroup.it/assistenza-miele-fidenza/" "Mozilla/5.0 AppleWebKit/537.36 (KHTML, like Gecko; compatible; GPTBot/1.4; +https://openai.com/gptbot)"
74.7.229.132 - - [22/Jun/2026:20:53:55 +0200] "GET /assistenza-rex-electrolux-parma/ HTTP/2.0" 415 22757 "https://parma.elettroservicegroup.it/assistenza-miele-fidenza/" "Mozilla/5.0 (Macintosh; Intel Mac OS X 10_15_7) AppleWebKit/537.36 (KHTML, like Gecko) Chrome/131.0.0.0 Safari/537.36; compatible; OAI-SearchBot/1.4; +https://openai.com/searchbot"
74.7.243.245 - - [22/Jun/2026:20:53:59 +0200] "GET /wp-content/uploads/elementor/css/post-17351.css?ver=1782154012 HTTP/2.0" 404 18285 "https://parma.elettroservicegroup.it/assistenza-miele-fidenza/" "Mozilla/5.0 AppleWebKit/537.36 (KHTML, like Gecko; compatible; GPTBot/1.4; +https://openai.com/gptbot)"
74.7.228.196 - - [22/Jun/2026:20:54:00 +0200] "GET /wp-json/wp/v2/pages/17351 HTTP/2.0" 200 8875 "https://parma.elettroservicegroup.it/assistenza-miele-fidenza/" "Mozilla/5.0 (Macintosh; Intel Mac OS X 10_15_7) AppleWebKit/537.36 (KHTML, like Gecko) Chrome/131.0.0.0 Safari/537.36; compatible; OAI-SearchBot/1.4; +https://openai.com/searchbot"
74.7.228.246 - - [22/Jun/2026:20:54:02 +0200] "GET /feed/ HTTP/2.0" 200 496 "https://parma.elettroservicegroup.it/assistenza-miele-fidenza/" "Mozilla/5.0 (Macintosh; Intel Mac OS X 10_15_7) AppleWebKit/537.36 (KHTML, like Gecko) Chrome/131.0.0.0 Safari/537.36; compatible; OAI-SearchBot/1.4; +https://openai.com/searchbot"
65.108.235.243 - - [22/Jun/2026:20:54:05 +0200] "POST /wp-cron.php?doing_wp_cron=1782154445.0265519618988037109375 HTTP/1.1" 200 1 "-" "WordPress/7.0; https://parma.elettroservicegroup.it"
74.7.228.246 - - [22/Jun/2026:20:54:04 +0200] "GET /privacy-statement-eu/ HTTP/2.0" 200 20418 "https://parma.elettroservicegroup.it/assistenza-miele-fidenza/" "Mozilla/5.0 (Macintosh; Intel Mac OS X 10_15_7) AppleWebKit/537.36 (KHTML, like Gecko) Chrome/131.0.0.0 Safari/537.36; compatible; OAI-SearchBot/1.4; +https://openai.com/searchbot"
74.7.229.132 - - [22/Jun/2026:20:54:06 +0200] "GET /assistenza-bosch-parma/ HTTP/2.0" 415 22740 "https://parma.elettroservicegroup.it/assistenza-miele-fidenza/" "Mozilla/5.0 (Macintosh; Intel Mac OS X 10_15_7) AppleWebKit/537.36 (KHTML, like Gecko) Chrome/131.0.0.0 Safari/537.36; compatible; OAI-SearchBot/1.4; +https://openai.com/searchbot"
74.7.228.246 - - [22/Jun/2026:20:54:11 +0200] "GET /assistenza-smeg-parma/ HTTP/2.0" 200 22800 "https://parma.elettroservicegroup.it/assistenza-miele-fidenza/" "Mozilla/5.0 (Macintosh; Intel Mac OS X 10_15_7) AppleWebKit/537.36 (KHTML, like Gecko) Chrome/131.0.0.0 Safari/537.36; compatible; OAI-SearchBot/1.4; +https://openai.com/searchbot"
74.7.243.48 - - [22/Jun/2026:20:54:12 +0200] "GET /assistenza-candy-parma/ HTTP/2.0" 200 22615 "https://parma.elettroservicegroup.it/assistenza-miele-fidenza/" "Mozilla/5.0 (Macintosh; Intel Mac OS X 10_15_7) AppleWebKit/537.36 (KHTML, like Gecko) Chrome/131.0.0.0 Safari/537.36; compatible; OAI-SearchBot/1.4; +https://openai.com/searchbot"
74.7.242.184 - - [22/Jun/2026:20:54:14 +0200] "GET /assistenza-indesit-parma/ HTTP/2.0" 415 22692 "https://parma.elettroservicegroup.it/assistenza-miele-fidenza/" "Mozilla/5.0 (Macintosh; Intel Mac OS X 10_15_7) AppleWebKit/537.36 (KHTML, like Gecko) Chrome/131.0.0.0 Safari/537.36; compatible; OAI-SearchBot/1.4; +https://openai.com/searchbot"
74.7.229.116 - - [22/Jun/2026:20:54:16 +0200] "GET /cookie-policy-ue/ HTTP/2.0" 415 19907 "https://parma.elettroservicegroup.it/assistenza-miele-fidenza/" "Mozilla/5.0 (Macintosh; Intel Mac OS X 10_15_7) AppleWebKit/537.36 (KHTML, like Gecko) Chrome/131.0.0.0 Safari/537.36; compatible; OAI-SearchBot/1.4; +https://openai.com/searchbot"
74.7.243.48 - - [22/Jun/2026:20:54:17 +0200] "GET /assistenza-whirlpool-parma/ HTTP/2.0" 200 22770 "https://parma.elettroservicegroup.it/assistenza-miele-fidenza/" "Mozilla/5.0 (Macintosh; Intel Mac OS X 10_15_7) AppleWebKit/537.36 (KHTML, like Gecko) Chrome/131.0.0.0 Safari/537.36; compatible; OAI-SearchBot/1.4; +https://openai.com/searchbot"
74.7.243.245 - - [22/Jun/2026:20:54:17 +0200] "GET /?p=17278 HTTP/2.0" 415 22545 "https://parma.elettroservicegroup.it/assistenza-candy-parma/" "Mozilla/5.0 AppleWebKit/537.36 (KHTML, like Gecko; compatible; GPTBot/1.4; +https://openai.com/gptbot)"
74.7.243.245 - - [22/Jun/2026:20:54:20 +0200] "GET /wp-json/wp/v2/pages/17278 HTTP/2.0" 415 8847 "https://parma.elettroservicegroup.it/assistenza-candy-parma/" "Mozilla/5.0 AppleWebKit/537.36 (KHTML, like Gecko; compatible; GPTBot/1.4; +https://openai.com/gptbot)"
74.7.228.196 - - [22/Jun/2026:20:54:18 +0200] "GET /assistenza-ariston-parma/ HTTP/2.0" 200 22797 "https://parma.elettroservicegroup.it/assistenza-miele-fidenza/" "Mozilla/5.0 (Macintosh; Intel Mac OS X 10_15_7) AppleWebKit/537.36 (KHTML, like Gecko) Chrome/131.0.0.0 Safari/537.36; compatible; OAI-SearchBot/1.4; +https://openai.com/searchbot"
74.7.243.245 - - [22/Jun/2026:20:54:23 +0200] "GET /wp-json/oembed/1.0/embed?url=https%3A%2F%2Fparma.elettroservicegroup.it%2Fassistenza-candy-parma%2F HTTP/2.0" 400 100 "https://parma.elettroservicegroup.it/assistenza-candy-parma/" "Mozilla/5.0 AppleWebKit/537.36 (KHTML, like Gecko; compatible; GPTBot/1.4; +https://openai.com/gptbot)"
74.7.228.246 - - [22/Jun/2026:20:54:24 +0200] "GET /assistenza-aeg-parma/ HTTP/2.0" 200 23039 "https://parma.elettroservicegroup.it/assistenza-miele-fidenza/" "Mozilla/5.0 (Macintosh; Intel Mac OS X 10_15_7) AppleWebKit/537.36 (KHTML, like Gecko) Chrome/131.0.0.0 Safari/537.36; compatible; OAI-SearchBot/1.4; +https://openai.com/searchbot"
74.7.243.245 - - [22/Jun/2026:20:54:26 +0200] "GET /wp-json/oembed/1.0/embed?format=xml&url=https%3A%2F%2Fparma.elettroservicegroup.it%2Fassistenza-candy-parma%2F HTTP/2.0" 400 100 "https://parma.elettroservicegroup.it/assistenza-candy-parma/" "Mozilla/5.0 AppleWebKit/537.36 (KHTML, like Gecko; compatible; GPTBot/1.4; +https://openai.com/gptbot)"
74.7.229.132 - - [22/Jun/2026:20:54:28 +0200] "GET /assistenza-siemens-parma/ HTTP/2.0" 415 22778 "https://parma.elettroservicegroup.it/assistenza-miele-fidenza/" "Mozilla/5.0 (Macintosh; Intel Mac OS X 10_15_7) AppleWebKit/537.36 (KHTML, like Gecko) Chrome/131.0.0.0 Safari/537.36; compatible; OAI-SearchBot/1.4; +https://openai.com/searchbot"
74.7.243.245 - - [22/Jun/2026:20:54:29 +0200] "GET /wp-content/uploads/elementor/css/post-17278.css?ver=1782154453 HTTP/2.0" 404 18285 "https://parma.elettroservicegroup.it/assistenza-candy-parma/" "Mozilla/5.0 AppleWebKit/537.36 (KHTML, like Gecko; compatible; GPTBot/1.4; +https://openai.com/gptbot)"
74.7.243.50 - - [22/Jun/2026:20:54:29 +0200] "GET /imprint/ HTTP/2.0" 415 17813 "https://parma.elettroservicegroup.it/assistenza-miele-fidenza/" "Mozilla/5.0 (Macintosh; Intel Mac OS X 10_15_7) AppleWebKit/537.36 (KHTML, like Gecko) Chrome/131.0.0.0 Safari/537.36; compatible; OAI-SearchBot/1.4; +https://openai.com/searchbot"
74.7.229.132 - - [22/Jun/2026:20:54:33 +0200] "GET /xmlrpc.php?rsd HTTP/2.0" 404 16982 "https://parma.elettroservicegroup.it/assistenza-miele-fidenza/" "Mozilla/5.0 (Macintosh; Intel Mac OS X 10_15_7) AppleWebKit/537.36 (KHTML, like Gecko) Chrome/131.0.0.0 Safari/537.36; compatible; OAI-SearchBot/1.4; +https://openai.com/searchbot"
74.7.243.245 - - [22/Jun/2026:20:54:33 +0200] "GET /wp-content/uploads/elementor/css/post-17366.css?ver=1782154457 HTTP/2.0" 404 18286 "https://parma.elettroservicegroup.it/assistenza-whirlpool-parma/" "Mozilla/5.0 AppleWebKit/537.36 (KHTML, like Gecko; compatible; GPTBot/1.4; +https://openai.com/gptbot)"
74.7.229.132 - - [22/Jun/2026:20:54:35 +0200] "GET /comments/feed/ HTTP/2.0" 415 375 "https://parma.elettroservicegroup.it/assistenza-miele-fidenza/" "Mozilla/5.0 (Macintosh; Intel Mac OS X 10_15_7) AppleWebKit/537.36 (KHTML, like Gecko) Chrome/131.0.0.0 Safari/537.36; compatible; OAI-SearchBot/1.4; +https://openai.com/searchbot"
74.7.243.245 - - [22/Jun/2026:20:54:36 +0200] "GET /wp-json/oembed/1.0/embed?format=xml&url=https%3A%2F%2Fparma.elettroservicegroup.it%2Fassistenza-whirlpool-parma%2F HTTP/2.0" 400 100 "https://parma.elettroservicegroup.it/assistenza-whirlpool-parma/" "Mozilla/5.0 AppleWebKit/537.36 (KHTML, like Gecko; compatible; GPTBot/1.4; +https://openai.com/gptbot)"
66.249.64.69 - - [22/Jun/2026:20:54:36 +0200] "GET /?p=18598 HTTP/1.1" 404 16958 "-" "Mozilla/5.0 (Linux; Android 6.0.1; Nexus 5X Build/MMB29P) AppleWebKit/537.36 (KHTML, like Gecko) Chrome/148.0.7778.96 Mobile Safari/537.36 (compatible; Googlebot/2.1; +http://www.google.com/bot.html)"
74.7.228.196 - - [22/Jun/2026:20:54:37 +0200] "GET /wp-json/oembed/1.0/embed?url=https%3A%2F%2Fparma.elettroservicegroup.it%2Fassistenza-miele-fidenza%2F HTTP/2.0" 200 971 "https://parma.elettroservicegroup.it/assistenza-miele-fidenza/" "Mozilla/5.0 (Macintosh; Intel Mac OS X 10_15_7) AppleWebKit/537.36 (KHTML, like Gecko) Chrome/131.0.0.0 Safari/537.36; compatible; OAI-SearchBot/1.4; +https://openai.com/searchbot"
74.7.242.140 - - [22/Jun/2026:20:54:39 +0200] "GET /wp-json/oembed/1.0/embed?format=xml&url=https%3A%2F%2Fparma.elettroservicegroup.it%2Fassistenza-miele-fidenza%2F HTTP/2.0" 400 100 "https://parma.elettroservicegroup.it/assistenza-miele-fidenza/" "Mozilla/5.0 (Macintosh; Intel Mac OS X 10_15_7) AppleWebKit/537.36 (KHTML, like Gecko) Chrome/131.0.0.0 Safari/537.36; compatible; OAI-SearchBot/1.4; +https://openai.com/searchbot"
65.108.235.243 - - [22/Jun/2026:20:54:41 +0200] "POST /wp-cron.php?doing_wp_cron=1782154481.0231499671936035156250 HTTP/1.1" 200 1 "-" "WordPress/7.0; https://parma.elettroservicegroup.it"
74.7.243.245 - - [22/Jun/2026:20:54:39 +0200] "GET /wp-json/oembed/1.0/embed?url=https%3A%2F%2Fparma.elettroservicegroup.it%2Fassistenza-whirlpool-parma%2F HTTP/2.0" 400 100 "https://parma.elettroservicegroup.it/assistenza-whirlpool-parma/" "Mozilla/5.0 AppleWebKit/537.36 (KHTML, like Gecko; compatible; GPTBot/1.4; +https://openai.com/gptbot)"
74.7.243.245 - - [22/Jun/2026:20:54:42 +0200] "GET /wp-json/wp/v2/pages/17366 HTTP/2.0" 415 9062 "https://parma.elettroservicegroup.it/assistenza-whirlpool-parma/" "Mozilla/5.0 AppleWebKit/537.36 (KHTML, like Gecko; compatible; GPTBot/1.4; +https://openai.com/gptbot)"
74.7.243.245 - - [22/Jun/2026:20:54:46 +0200] "GET /?p=17366 HTTP/2.0" 415 22545 "https://parma.elettroservicegroup.it/assistenza-whirlpool-parma/" "Mozilla/5.0 AppleWebKit/537.36 (KHTML, like Gecko; compatible; GPTBot/1.4; +https://openai.com/gptbot)"
74.7.243.245 - - [22/Jun/2026:20:54:49 +0200] "GET /wp-json/oembed/1.0/embed?url=https%3A%2F%2Fparma.elettroservicegroup.it%2Fassistenza-ariston-parma%2F HTTP/2.0" 400 100 "https://parma.elettroservicegroup.it/assistenza-ariston-parma/" "Mozilla/5.0 AppleWebKit/537.36 (KHTML, like Gecko; compatible; GPTBot/1.4; +https://openai.com/gptbot)"
65.108.235.243 - - [22/Jun/2026:20:54:52 +0200] "POST /wp-cron.php?doing_wp_cron=1782154492.7231369018554687500000 HTTP/1.1" 200 1 "-" "WordPress/7.0; https://parma.elettroservicegroup.it"
74.7.243.245 - - [22/Jun/2026:20:54:52 +0200] "GET /wp-json/wp/v2/pages/17270 HTTP/2.0" 415 9025 "https://parma.elettroservicegroup.it/assistenza-ariston-parma/" "Mozilla/5.0 AppleWebKit/537.36 (KHTML, like Gecko; compatible; GPTBot/1.4; +https://openai.com/gptbot)"
74.7.243.245 - - [22/Jun/2026:20:54:55 +0200] "GET /?p=17270 HTTP/2.0" 415 22545 "https://parma.elettroservicegroup.it/assistenza-ariston-parma/" "Mozilla/5.0 AppleWebKit/537.36 (KHTML, like Gecko; compatible; GPTBot/1.4; +https://openai.com/gptbot)"
74.7.243.245 - - [22/Jun/2026:20:54:58 +0200] "GET /?p=17266 HTTP/2.0" 415 22545 "https://parma.elettroservicegroup.it/assistenza-aeg-parma/" "Mozilla/5.0 AppleWebKit/537.36 (KHTML, like Gecko; compatible; GPTBot/1.4; +https://openai.com/gptbot)"
74.7.243.245 - - [22/Jun/2026:20:55:01 +0200] "GET /?p=17461 HTTP/2.0" 415 22545 "https://parma.elettroservicegroup.it/privacy-statement-eu/" "Mozilla/5.0 AppleWebKit/537.36 (KHTML, like Gecko; compatible; GPTBot/1.4; +https://openai.com/gptbot)"
65.108.235.243 - - [22/Jun/2026:20:55:05 +0200] "POST /wp-cron.php?doing_wp_cron=1782154505.1084709167480468750000 HTTP/1.1" 200 1 "-" "WordPress/7.0; https://parma.elettroservicegroup.it"
74.7.243.245 - - [22/Jun/2026:20:55:04 +0200] "GET /?p=17361 HTTP/2.0" 415 22545 "https://parma.elettroservicegroup.it/assistenza-smeg-parma/" "Mozilla/5.0 AppleWebKit/537.36 (KHTML, like Gecko; compatible; GPTBot/1.4; +https://openai.com/gptbot)"
74.7.243.245 - - [22/Jun/2026:20:55:08 +0200] "GET /wp-json/oembed/1.0/embed?format=xml&url=https%3A%2F%2Fparma.elettroservicegroup.it%2Fassistenza-ariston-parma%2F HTTP/2.0" 400 100 "https://parma.elettroservicegroup.it/assistenza-ariston-parma/" "Mozilla/5.0 AppleWebKit/537.36 (KHTML, like Gecko; compatible; GPTBot/1.4; +https://openai.com/gptbot)"
74.7.243.245 - - [22/Jun/2026:20:55:11 +0200] "GET /wp-content/plugins/complianz-gdpr-premium/DNSMPD/script.min.js?ver=1781535762 HTTP/2.0" 404 18295 "https://parma.elettroservicegroup.it/privacy-statement-eu/" "Mozilla/5.0 AppleWebKit/537.36 (KHTML, like Gecko; compatible; GPTBot/1.4; +https://openai.com/gptbot)"
74.7.243.245 - - [22/Jun/2026:20:55:14 +0200] "GET /wp-content/cache/wpfc-minified/etk1ozya/2eget.css HTTP/2.0" 415 16208 "https://parma.elettroservicegroup.it/privacy-statement-eu/" "Mozilla/5.0 AppleWebKit/537.36 (KHTML, like Gecko; compatible; GPTBot/1.4; +https://openai.com/gptbot)"
74.7.243.245 - - [22/Jun/2026:20:55:17 +0200] "GET /wp-content/cache/wpfc-minified/m7s3rwhw/2ege8.css HTTP/2.0" 415 2037 "https://parma.elettroservicegroup.it/privacy-statement-eu/" "Mozilla/5.0 AppleWebKit/537.36 (KHTML, like Gecko; compatible; GPTBot/1.4; +https://openai.com/gptbot)"
74.7.243.245 - - [22/Jun/2026:20:55:20 +0200] "GET /wp-content/cache/wpfc-minified/1os0z72g/2eget.css HTTP/2.0" 415 13806 "https://parma.elettroservicegroup.it/privacy-statement-eu/" "Mozilla/5.0 AppleWebKit/537.36 (KHTML, like Gecko; compatible; GPTBot/1.4; +https://openai.com/gptbot)"
74.7.243.245 - - [22/Jun/2026:20:55:23 +0200] "GET /wp-content/uploads/elementor/css/post-17270.css?ver=1782154462 HTTP/2.0" 404 18285 "https://parma.elettroservicegroup.it/assistenza-ariston-parma/" "Mozilla/5.0 AppleWebKit/537.36 (KHTML, like Gecko; compatible; GPTBot/1.4; +https://openai.com/gptbot)"
74.7.243.245 - - [22/Jun/2026:20:55:26 +0200] "GET /wp-content/uploads/elementor/css/post-17361.css?ver=1782154451 HTTP/2.0" 404 18285 "https://parma.elettroservicegroup.it/assistenza-smeg-parma/" "Mozilla/5.0 AppleWebKit/537.36 (KHTML, like Gecko; compatible; GPTBot/1.4; +https://openai.com/gptbot)"
74.7.243.245 - - [22/Jun/2026:20:55:30 +0200] "GET /wp-content/uploads/elementor/css/post-17266.css?ver=1782154466 HTTP/2.0" 404 18285 "https://parma.elettroservicegroup.it/assistenza-aeg-parma/" "Mozilla/5.0 AppleWebKit/537.36 (KHTML, like Gecko; compatible; GPTBot/1.4; +https://openai.com/gptbot)"
74.7.243.245 - - [22/Jun/2026:20:55:33 +0200] "GET /wp-content/uploads/elementor/css/post-17461.css?ver=1782154444 HTTP/2.0" 404 18285 "https://parma.elettroservicegroup.it/privacy-statement-eu/" "Mozilla/5.0 AppleWebKit/537.36 (KHTML, like Gecko; compatible; GPTBot/1.4; +https://openai.com/gptbot)"
162.120.187.9 - - [22/Jun/2026:20:59:16 +0200] "GET / HTTP/2.0" 200 - "https://www.google.com/" "Mozilla/5.0 (Linux; Android 10; K) AppleWebKit/537.36 (KHTML, like Gecko) Chrome/149.0.0.0 Mobile Safari/537.36"
65.108.235.243 - - [22/Jun/2026:20:59:25 +0200] "POST /wp-cron.php?doing_wp_cron=1782154765.1117389202117919921875 HTTP/1.1" 200 1 "-" "WordPress/7.0; https://parma.elettroservicegroup.it"
142.250.32.102 - - [22/Jun/2026:20:59:16 +0200] "GET /.well-known/traffic-advice HTTP/1.1" 404 17012 "-" "Chrome Privacy Preserving Prefetch Proxy"
65.108.235.243 - - [22/Jun/2026:21:02:27 +0200] "POST /wp-cron.php?doing_wp_cron=1782154947.9540801048278808593750 HTTP/1.1" 200 1 "-" "WordPress/7.0; https://parma.elettroservicegroup.it"
74.7.175.185 - - [22/Jun/2026:21:02:26 +0200] "GET /robots.txt HTTP/2.0" 301 1 "-" "Mozilla/5.0 (Macintosh; Intel Mac OS X 10_15_7) AppleWebKit/537.36 (KHTML, like Gecko) Chrome/131.0.0.0 Safari/537.36; compatible; OAI-SearchBot/1.4; robots.txt; +https://openai.com/searchbot"
74.7.175.185 - - [22/Jun/2026:21:02:28 +0200] "GET /robots.txt HTTP/2.0" 200 104 "https://www.parma.elettroservicegroup.it/robots.txt" "Mozilla/5.0 (Macintosh; Intel Mac OS X 10_15_7) AppleWebKit/537.36 (KHTML, like Gecko) Chrome/131.0.0.0 Safari/537.36; compatible; OAI-SearchBot/1.4; robots.txt; +https://openai.com/searchbot"
65.108.235.243 - - [22/Jun/2026:22:03:33 +0200] "POST /wp-cron.php?doing_wp_cron=1782158613.6123220920562744140625 HTTP/1.1" 200 1 "-" "WordPress/7.0; https://parma.elettroservicegroup.it"
66.249.89.135 - - [22/Jun/2026:22:03:26 +0200] "GET /apple-app-site-association HTTP/1.1" 404 16992 "-" "Mozilla/5.0 (Linux; Android 6.0.1; Nexus 5X Build/MMB29P) AppleWebKit/537.36 (KHTML, like Gecko) Chrome/148.0.7778.96 Mobile Safari/537.36 (compatible; AdsBot-Google-Mobile; +http://www.google.com/mobile/adsbot.html)"
65.108.235.243 - - [22/Jun/2026:22:03:35 +0200] "POST /wp-json/complianz/v1/wsc-scan HTTP/1.1" 400 88 "-" "WordPress/7.0; https://parma.elettroservicegroup.it"
65.108.235.243 - - [22/Jun/2026:22:07:41 +0200] "POST /wp-cron.php?doing_wp_cron=1782158861.2008419036865234375000 HTTP/1.1" 200 1 "-" "WordPress/7.0; https://parma.elettroservicegroup.it"
216.73.217.81 - - [22/Jun/2026:22:07:37 +0200] "GET /robots.txt HTTP/2.0" 200 104 "-" "Mozilla/5.0 AppleWebKit/537.36 (KHTML, like Gecko; compatible; ClaudeBot/1.0; +claudebot@anthropic.com)"
216.73.217.81 - - [22/Jun/2026:22:08:15 +0200] "GET /wp-content/cache/wpfc-minified/243l0v7c/2ajp9.js HTTP/2.0" 200 42447 "-" "Mozilla/5.0 AppleWebKit/537.36 (KHTML, like Gecko; compatible; ClaudeBot/1.0; +claudebot@anthropic.com)"
65.108.235.243 - - [22/Jun/2026:22:12:31 +0200] "POST /wp-cron.php?doing_wp_cron=1782159151.6025090217590332031250 HTTP/1.1" 200 1 "-" "WordPress/7.0; https://parma.elettroservicegroup.it"
66.249.64.70 - - [22/Jun/2026:22:12:24 +0200] "GET /assistenza-candy-collecchio/ HTTP/1.1" 200 22730 "-" "Mozilla/5.0 (Linux; Android 6.0.1; Nexus 5X Build/MMB29P) AppleWebKit/537.36 (KHTML, like Gecko) Chrome/148.0.7778.96 Mobile Safari/537.36 (compatible; Googlebot/2.1; +http://www.google.com/bot.html)"
66.249.64.69 - - [22/Jun/2026:22:12:39 +0200] "GET /wp-content/plugins/elementor/assets/css/frontend.min.css?ver=4.1.4 HTTP/1.1" 200 6618 "https://parma.elettroservicegroup.it/assistenza-candy-collecchio/" "Mozilla/5.0 (Linux; Android 6.0.1; Nexus 5X Build/MMB29P) AppleWebKit/537.36 (KHTML, like Gecko) Chrome/148.0.7778.96 Mobile Safari/537.36 (compatible; Googlebot/2.1; +http://www.google.com/bot.html)"
