65.108.235.243 - - [22/Jun/2026:14:40:29 +0200] "POST /wp-cron.php?doing_wp_cron=1782132029.6217949390411376953125 HTTP/1.1" 200 1 "-" "WordPress/7.0; https://elettroservicegroup.it"
74.7.175.159 - - [22/Jun/2026:14:40:23 +0200] "GET /robots.txt HTTP/2.0" 200 99 "-" "Mozilla/5.0 (Macintosh; Intel Mac OS X 10_15_7) AppleWebKit/537.36 (KHTML, like Gecko) Chrome/131.0.0.0 Safari/537.36; compatible; OAI-SearchBot/1.4; robots.txt; +https://openai.com/searchbot"
65.108.235.243 - - [22/Jun/2026:14:40:31 +0200] "POST /wp-json/complianz/v1/wsc-scan HTTP/1.1" 400 88 "-" "WordPress/7.0; https://elettroservicegroup.it"
54.38.210.253 - - [22/Jun/2026:15:12:45 +0200] "GET / HTTP/1.1" 200 12493 "-" "Mozilla/5.0 (Windows NT 10.0; Win64; x64) AppleWebKit/537.36"
65.108.235.243 - - [22/Jun/2026:15:24:23 +0200] "POST /wp-cron.php?doing_wp_cron=1782134663.5117409229278564453125 HTTP/1.1" 200 1 "-" "WordPress/7.0; https://elettroservicegroup.it"
134.119.236.92 - - [22/Jun/2026:15:24:15 +0200] "GET /plugins/editors/jce/jce.xml HTTP/1.1" 404 83783 "-" "SecurityAudit/1.0"
134.119.236.92 - - [22/Jun/2026:15:24:24 +0200] "GET /administrator/components/com_jce/jce.xml HTTP/1.1" 404 83874 "-" "SecurityAudit/1.0"
65.108.235.243 - - [22/Jun/2026:15:26:12 +0200] "POST /wp-cron.php?doing_wp_cron=1782134772.1209499835968017578125 HTTP/1.1" 200 1 "-" "WordPress/7.0; https://elettroservicegroup.it"
104.210.140.141 - - [22/Jun/2026:15:26:06 +0200] "GET /robots.txt HTTP/2.0" 200 99 "-" "Mozilla/5.0 (Macintosh; Intel Mac OS X 10_15_7) AppleWebKit/537.36 (KHTML, like Gecko) Chrome/131.0.0.0 Safari/537.36; compatible; OAI-SearchBot/1.0; +https://openai.com/searchbot"
65.108.235.243 - - [22/Jun/2026:16:06:47 +0200] "POST /wp-cron.php?doing_wp_cron=1782137207.6230919361114501953125 HTTP/1.1" 200 1 "-" "WordPress/7.0; https://elettroservicegroup.it"
137.184.112.33 - - [22/Jun/2026:16:06:36 +0200] "GET /.env HTTP/1.1" 404 17604 "-" "Mozilla/5.0 (X11; Linux x86_64) AppleWebKit/537.36 (KHTML, like Gecko) Chrome/81.0.4044.129 Safari/537.36"
65.108.235.243 - - [22/Jun/2026:16:06:49 +0200] "POST /wp-json/complianz/v1/wsc-scan HTTP/1.1" 400 88 "-" "WordPress/7.0; https://elettroservicegroup.it"
65.108.235.243 - - [22/Jun/2026:16:06:51 +0200] "POST /wp-admin/admin-ajax.php?action=wordfence_testAjax HTTP/1.1" 200 16 "-" "WordPress/7.0; https://elettroservicegroup.it"
65.108.235.243 - - [22/Jun/2026:16:06:52 +0200] "GET /wp-admin/admin-ajax.php?action=wordfence_doScan&isFork=0&scanMode=quick&cronKey=860519acefc3bf66220fa2b42051791a&signature=31f4ef3431c4a56e2258b5e72b6c918ef0db595073f8854eb8e86addc4b06721 HTTP/1.1" 200 1 "-" "WordPress/7.0; https://elettroservicegroup.it"
65.108.235.243 - - [22/Jun/2026:16:30:12 +0200] "POST /wp-cron.php?doing_wp_cron=1782138612.4090569019317626953125 HTTP/1.1" 200 1 "-" "WordPress/7.0; https://elettroservicegroup.it"
91.92.241.196 - - [22/Jun/2026:16:30:02 +0200] "GET /.env HTTP/1.1" 404 83601 "-" "Mozilla/5.0 (Windows NT 10.0; Win64; x64) AppleWebKit/537.36"
107.189.2.75 - - [22/Jun/2026:17:12:22 +0200] "POST / HTTP/1.1" 415 139499 "-" "python-requests/2.34.2"
51.68.111.239 - - [22/Jun/2026:17:15:00 +0200] "GET /robots.txt HTTP/1.1" 403 - "-" "Mozilla/5.0 (compatible; MJ12bot/v2.0.5; http://mj12bot.com/)"
65.108.235.243 - - [22/Jun/2026:17:38:43 +0200] "POST /wp-json/complianz/v1/wsc-scan HTTP/1.1" 400 88 "-" "WordPress/7.0; https://elettroservicegroup.it"
65.108.235.243 - - [22/Jun/2026:17:39:00 +0200] "POST /wp-admin/admin-ajax.php?action=elementor_1_elementor_updater&nonce=c988f1ddd6 HTTP/1.1" 503 576 "-" "WordPress/7.0; https://elettroservicegroup.it"
65.108.235.243 - - [22/Jun/2026:17:38:59 +0200] "GET /?wp_scrape_key=bf7a98a96d06ab240c5b0e718ff6529e&wp_scrape_nonce=1782142737 HTTP/1.1" 500 198 "-" "WordPress/7.0; https://elettroservicegroup.it"
137.184.112.33 - - [22/Jun/2026:18:24:28 +0200] "GET / HTTP/1.1" 200 11668 "-" "Mozilla/5.0 (X11; Linux x86_64) AppleWebKit/537.36 (KHTML, like Gecko) Chrome/81.0.4044.129 Safari/537.36"
65.108.235.243 - - [22/Jun/2026:19:02:57 +0200] "POST /wp-cron.php?doing_wp_cron=1782147777.8101520538330078125000 HTTP/1.1" 200 1 "-" "WordPress/7.0; https://elettroservicegroup.it"
161.115.235.15 - - [22/Jun/2026:19:02:51 +0200] "GET / HTTP/2.0" 200 21333 "https://www.google.com" "Mozilla/5.0 (Windows NT 10.0; Win64; x64) AppleWebKit/537.36 (KHTML, like Gecko) Chrome/99.0.4844.51 Safari/537.36 Edg/99.0.1150.30"
65.108.235.243 - - [22/Jun/2026:19:02:59 +0200] "GET /chi-siamo/ HTTP/1.1" 200 21804 "-" "WP Fastest Cache Preload Bot"
65.108.235.243 - - [22/Jun/2026:19:02:59 +0200] "GET /imprint/ HTTP/1.1" 200 17741 "-" "WP Fastest Cache Preload Bot"
65.108.235.243 - - [22/Jun/2026:19:03:02 +0200] "GET /dichiarazione-sulla-privacy-ue/ HTTP/1.1" 200 20772 "-" "WP Fastest Cache Preload Bot"
65.108.235.243 - - [22/Jun/2026:19:03:04 +0200] "GET /cookie-policy-ue/ HTTP/1.1" 200 20499 "-" "WP Fastest Cache Preload Bot"
65.108.235.243 - - [22/Jun/2026:19:03:07 +0200] "GET / HTTP/1.1" 200 21333 "-" "WP Fastest Cache Preload Bot"
65.108.235.243 - - [22/Jun/2026:19:03:10 +0200] "POST /wp-json/complianz/v1/wsc-scan HTTP/1.1" 400 88 "-" "WordPress/7.0; https://elettroservicegroup.it"
159.223.198.246 - - [22/Jun/2026:19:21:08 +0200] "GET /wp-json/link-factory/v1/health HTTP/1.1" 200 107 "-" "undici"
159.223.198.246 - - [22/Jun/2026:19:21:09 +0200] "GET /wp-login.php HTTP/1.1" 200 11673 "-" "Mozilla/5.0 (X11; Linux x86_64) AppleWebKit/537.36 (KHTML, like Gecko) Chrome/127.0 Safari/537.36"
159.223.198.246 - - [22/Jun/2026:19:21:11 +0200] "POST /wp-login.php HTTP/1.1" 200 11698 "https://elettroservicegroup.it/wp-login.php" "Mozilla/5.0 (X11; Linux x86_64) AppleWebKit/537.36 (KHTML, like Gecko) Chrome/127.0 Safari/537.36"
65.108.235.243 - - [22/Jun/2026:19:22:06 +0200] "POST /wp-cron.php?doing_wp_cron=1782148926.7430329322814941406250 HTTP/1.1" 200 1 "-" "WordPress/7.0; https://elettroservicegroup.it"
103.74.176.247 - - [22/Jun/2026:19:22:04 +0200] "GET / HTTP/2.0" 301 1 "-" "Mozilla/5.0 (iPhone; CPU iPhone OS 17_0 like Mac OS X) AppleWebKit/605.1.15 (KHTML, like Gecko) Version/17.0 Mobile/15E148 Safari/604.1"
65.108.235.243 - - [22/Jun/2026:19:22:07 +0200] "GET /chi-siamo/ HTTP/1.1" 200 21804 "-" "WP Fastest Cache Preload Bot"
103.74.176.247 - - [22/Jun/2026:19:22:07 +0200] "GET / HTTP/2.0" 200 21593 "https://www.elettroservicegroup.it/" "Mozilla/5.0 (iPhone; CPU iPhone OS 17_0 like Mac OS X) AppleWebKit/605.1.15 (KHTML, like Gecko) Version/17.0 Mobile/15E148 Safari/604.1"
65.108.235.243 - - [22/Jun/2026:19:22:07 +0200] "GET /imprint/ HTTP/1.1" 200 17741 "-" "WP Fastest Cache Preload Bot"
65.108.235.243 - - [22/Jun/2026:19:22:08 +0200] "GET /dichiarazione-sulla-privacy-ue/ HTTP/1.1" 200 20776 "-" "WP Fastest Cache Preload Bot"
65.108.235.243 - - [22/Jun/2026:19:22:09 +0200] "GET /cookie-policy-ue/ HTTP/1.1" 200 20490 "-" "WP Fastest Cache Preload Bot"
71.178.197.196 - - [22/Jun/2026:19:22:14 +0200] "GET / HTTP/2.0" 301 1 "https://www.yahoo.it/" "Mozilla/5.0 (iPhone; CPU iPhone OS 17_6 like Mac OS X) AppleWebKit/605.1.15 (KHTML, like Gecko) EdgiOS/128.0.2739.60 Version/17.0 Mobile/15E148 Safari/604.1"
71.178.197.196 - - [22/Jun/2026:19:22:16 +0200] "GET / HTTP/2.0" 200 21593 "https://www.yahoo.it/" "Mozilla/5.0 (iPhone; CPU iPhone OS 17_6 like Mac OS X) AppleWebKit/605.1.15 (KHTML, like Gecko) EdgiOS/128.0.2739.60 Version/17.0 Mobile/15E148 Safari/604.1"
107.174.122.193 - - [22/Jun/2026:19:22:23 +0200] "GET / HTTP/2.0" 301 1 "https://verona.elettroservicegroup.it/" "Mozilla/5.0 (iPhone; CPU iPhone OS 17_4 like Mac OS X) AppleWebKit/605.1.15 (KHTML, like Gecko) Version/17.4 Mobile/15E148 Safari/604.1"
107.174.122.193 - - [22/Jun/2026:19:22:25 +0200] "GET / HTTP/2.0" 200 21593 "https://verona.elettroservicegroup.it/" "Mozilla/5.0 (iPhone; CPU iPhone OS 17_4 like Mac OS X) AppleWebKit/605.1.15 (KHTML, like Gecko) Version/17.4 Mobile/15E148 Safari/604.1"
103.74.176.252 - - [22/Jun/2026:19:22:33 +0200] "GET / HTTP/2.0" 301 1 "https://verona.elettroservicegroup.it/" "Mozilla/5.0 (iPhone; CPU iPhone OS 17_3_1 like Mac OS X) AppleWebKit/605.1.15 (KHTML, like Gecko) FxiOS/124.0 Mobile/15E148 Safari/605.1.15"
103.74.176.252 - - [22/Jun/2026:19:22:34 +0200] "GET / HTTP/2.0" 200 21593 "https://verona.elettroservicegroup.it/" "Mozilla/5.0 (iPhone; CPU iPhone OS 17_3_1 like Mac OS X) AppleWebKit/605.1.15 (KHTML, like Gecko) FxiOS/124.0 Mobile/15E148 Safari/605.1.15"
83.225.25.105 - - [22/Jun/2026:19:22:45 +0200] "GET / HTTP/2.0" 301 1 "-" "Mozilla/5.0 (iPhone; CPU iPhone OS 17_6_1 like Mac OS X) AppleWebKit/605.1.15 (KHTML, like Gecko) FxiOS/133.4 Mobile/15E148 Safari/605.1.15"
83.225.25.105 - - [22/Jun/2026:19:22:47 +0200] "GET / HTTP/2.0" 200 21593 "https://www.elettroservicegroup.it/" "Mozilla/5.0 (iPhone; CPU iPhone OS 17_6_1 like Mac OS X) AppleWebKit/605.1.15 (KHTML, like Gecko) FxiOS/133.4 Mobile/15E148 Safari/605.1.15"
15.204.161.7 - - [22/Jun/2026:19:41:12 +0200] "GET /cookie-policy-ue/ HTTP/2.0" 200 11796 "-" "Mozilla/5.0 (Windows NT 10.0; Win64; x64) AppleWebKit/537.36 (KHTML, like Gecko) Chrome/149.0.0.0 Safari/537.36"
15.204.161.7 - - [22/Jun/2026:19:57:37 +0200] "GET /imprint/ HTTP/2.0" 200 11862 "-" "Mozilla/5.0 (Windows NT 10.0; Win64; x64) AppleWebKit/537.36 (KHTML, like Gecko) Chrome/149.0.0.0 Safari/537.36"
65.108.235.243 - - [22/Jun/2026:20:12:41 +0200] "POST /wp-cron.php?doing_wp_cron=1782151961.5105350017547607421875 HTTP/1.1" 200 1 "-" "WordPress/7.0; https://elettroservicegroup.it"
216.73.217.81 - - [22/Jun/2026:20:12:33 +0200] "GET /robots.txt HTTP/2.0" 200 99 "-" "Mozilla/5.0 AppleWebKit/537.36 (KHTML, like Gecko; compatible; ClaudeBot/1.0; +claudebot@anthropic.com)"
65.108.235.243 - - [22/Jun/2026:20:12:43 +0200] "GET /termini-e-condizioni/ HTTP/1.1" 200 18689 "-" "WP Fastest Cache Preload Bot"
65.108.235.243 - - [22/Jun/2026:20:12:45 +0200] "GET /cookie-policy/ HTTP/1.1" 200 22723 "-" "WP Fastest Cache Preload Bot"
65.108.235.243 - - [22/Jun/2026:20:12:48 +0200] "GET /informativa-privacy/ HTTP/1.1" 200 20846 "-" "WP Fastest Cache Preload Bot"
65.108.235.243 - - [22/Jun/2026:20:12:51 +0200] "GET / HTTP/1.1" 200 21324 "-" "WP Fastest Cache Preload Bot"
65.108.235.243 - - [22/Jun/2026:20:12:54 +0200] "POST /wp-json/complianz/v1/wsc-scan HTTP/1.1" 400 88 "-" "WordPress/7.0; https://elettroservicegroup.it"
65.108.235.243 - - [22/Jun/2026:20:52:18 +0200] "POST /wp-cron.php?doing_wp_cron=1782154338.0396559238433837890625 HTTP/1.1" 200 1 "-" "WordPress/7.0; https://elettroservicegroup.it"
192.178.4.102 - - [22/Jun/2026:20:52:10 +0200] "GET /?p=15683 HTTP/1.1" 404 17584 "-" "Mozilla/5.0 (Linux; Android 6.0.1; Nexus 5X Build/MMB29P) AppleWebKit/537.36 (KHTML, like Gecko) Chrome/148.0.7778.96 Mobile Safari/537.36 (compatible; Googlebot/2.1; +http://www.google.com/bot.html)"
65.108.235.243 - - [22/Jun/2026:20:58:03 +0200] "POST /wp-cron.php?doing_wp_cron=1782154683.7584691047668457031250 HTTP/1.1" 200 1 "-" "WordPress/7.0; https://elettroservicegroup.it"
192.178.4.102 - - [22/Jun/2026:20:58:00 +0200] "GET /?p=15680 HTTP/1.1" 404 17584 "-" "Mozilla/5.0 (Linux; Android 6.0.1; Nexus 5X Build/MMB29P) AppleWebKit/537.36 (KHTML, like Gecko) Chrome/148.0.7778.96 Mobile Safari/537.36 (compatible; Googlebot/2.1; +http://www.google.com/bot.html)"
65.108.235.243 - - [22/Jun/2026:21:08:22 +0200] "POST /wp-cron.php?doing_wp_cron=1782155302.5222709178924560546875 HTTP/1.1" 200 1 "-" "WordPress/7.0; https://elettroservicegroup.it"
187.120.52.160 - - [22/Jun/2026:21:08:16 +0200] "POST /xmlrpc.php HTTP/1.1" 404 83643 "-" "Mozilla/5.0 (Macintosh; Intel Mac OS X 10_15_7; x86) AppleWebKit/537.36 (KHTML, like Gecko) Chrome/92.0.0.0 Safari/537.36"
65.108.235.243 - - [22/Jun/2026:21:18:29 +0200] "POST /wp-cron.php?doing_wp_cron=1782155909.7142629623413085937500 HTTP/1.1" 200 1 "-" "WordPress/7.0; https://elettroservicegroup.it"
164.92.154.223 - - [22/Jun/2026:21:18:20 +0200] "POST /xmlrpc.php HTTP/1.1" 404 17615 "-" "undici"
164.92.154.223 - - [22/Jun/2026:21:18:30 +0200] "GET /wp-json/wp/v2/categories?search=Uncategorized&per_page=100 HTTP/1.1" 415 1379 "-" "undici"
65.108.235.243 - - [22/Jun/2026:21:18:32 +0200] "POST /wp-json/complianz/v1/wsc-scan HTTP/1.1" 400 88 "-" "WordPress/7.0; https://elettroservicegroup.it"
164.92.154.223 - - [22/Jun/2026:21:18:32 +0200] "GET /wp-json/wp/v2/settings HTTP/1.1" 401 84 "-" "undici"
65.108.235.243 - - [22/Jun/2026:21:20:17 +0200] "POST /wp-cron.php?doing_wp_cron=1782156017.1176080703735351562500 HTTP/1.1" 200 1 "-" "WordPress/7.0; https://elettroservicegroup.it"
74.7.175.159 - - [22/Jun/2026:21:20:08 +0200] "GET /robots.txt HTTP/2.0" 200 99 "-" "Mozilla/5.0 (Macintosh; Intel Mac OS X 10_15_7) AppleWebKit/537.36 (KHTML, like Gecko) Chrome/131.0.0.0 Safari/537.36; compatible; OAI-SearchBot/1.4; robots.txt; +https://openai.com/searchbot"
65.108.235.243 - - [22/Jun/2026:21:27:55 +0200] "POST /wp-cron.php?doing_wp_cron=1782156475.0004210472106933593750 HTTP/1.1" 200 1 "-" "WordPress/7.0; https://elettroservicegroup.it"
216.73.217.81 - - [22/Jun/2026:21:27:53 +0200] "GET /robots.txt HTTP/2.0" 200 99 "-" "Mozilla/5.0 AppleWebKit/537.36 (KHTML, like Gecko; compatible; ClaudeBot/1.0; +claudebot@anthropic.com)"
216.73.217.81 - - [22/Jun/2026:21:27:55 +0200] "GET /wp-content/cache/wpfc-minified/10hpkmg7/2bkg3.css HTTP/2.0" 200 418 "-" "Mozilla/5.0 AppleWebKit/537.36 (KHTML, like Gecko; compatible; ClaudeBot/1.0; +claudebot@anthropic.com)"
216.73.217.81 - - [22/Jun/2026:21:28:21 +0200] "GET /wp-content/cache/wpfc-minified/7ahyfouu/2bkg3.css HTTP/2.0" 200 4410 "-" "Mozilla/5.0 AppleWebKit/537.36 (KHTML, like Gecko; compatible; ClaudeBot/1.0; +claudebot@anthropic.com)"
216.73.217.81 - - [22/Jun/2026:21:28:21 +0200] "GET /wp-content/cache/wpfc-minified/21nu4lni/2bkg3.css HTTP/2.0" 200 7521 "-" "Mozilla/5.0 AppleWebKit/537.36 (KHTML, like Gecko; compatible; ClaudeBot/1.0; +claudebot@anthropic.com)"
193.32.162.11 - - [22/Jun/2026:21:36:32 +0200] "GET / HTTP/1.1" 200 11758 "-" "Mozilla/5.0 (Macintosh; Intel Mac OS X 10_15_7) AppleWebKit/605.1.15 (KHTML, like Gecko) Version/14.0 Safari/605.1.15"
65.108.235.243 - - [22/Jun/2026:21:43:13 +0200] "POST /wp-cron.php?doing_wp_cron=1782157393.3367888927459716796875 HTTP/1.1" 200 1 "-" "WordPress/7.0; https://elettroservicegroup.it"
91.92.241.196 - - [22/Jun/2026:21:43:11 +0200] "GET /.git/HEAD HTTP/1.1" 404 83467 "-" "Mozilla/5.0 (Windows NT 10.0; Win64; x64) AppleWebKit/537.36"
216.126.225.179 - - [22/Jun/2026:22:17:47 +0200] "GET / HTTP/1.1" 200 23173 "-" "Mozilla/5.0 (Windows NT 10.0; Win64; x64) AppleWebKit/537.36 (KHTML, like Gecko) Chrome/120.0.0.0 Safari/537.36"
65.108.235.243 - - [22/Jun/2026:22:35:44 +0200] "POST /wp-cron.php?doing_wp_cron=1782160544.9565439224243164062500 HTTP/1.1" 200 1 "-" "WordPress/7.0; https://elettroservicegroup.it"
216.73.217.81 - - [22/Jun/2026:22:35:42 +0200] "GET /robots.txt HTTP/2.0" 200 99 "-" "Mozilla/5.0 AppleWebKit/537.36 (KHTML, like Gecko; compatible; ClaudeBot/1.0; +claudebot@anthropic.com)"
65.108.235.243 - - [22/Jun/2026:22:35:45 +0200] "POST /wp-json/complianz/v1/wsc-scan HTTP/1.1" 400 88 "-" "WordPress/7.0; https://elettroservicegroup.it"
216.73.217.81 - - [22/Jun/2026:22:36:59 +0200] "GET /wp-content/cache/wpfc-minified/8mnxu7sd/2bkgh.css HTTP/2.0" 200 16200 "-" "Mozilla/5.0 AppleWebKit/537.36 (KHTML, like Gecko; compatible; ClaudeBot/1.0; +claudebot@anthropic.com)"
216.73.217.81 - - [22/Jun/2026:22:37:05 +0200] "GET /wp-content/cache/wpfc-minified/dih7xtos/2bkg3.css HTTP/2.0" 200 19016 "-" "Mozilla/5.0 AppleWebKit/537.36 (KHTML, like Gecko; compatible; ClaudeBot/1.0; +claudebot@anthropic.com)"
216.73.217.81 - - [22/Jun/2026:22:41:12 +0200] "GET /wp-content/cache/wpfc-minified/kdwvm73z/2bkg3.js HTTP/2.0" 200 32843 "-" "Mozilla/5.0 AppleWebKit/537.36 (KHTML, like Gecko; compatible; ClaudeBot/1.0; +claudebot@anthropic.com)"
8.230.127.227 - - [22/Jun/2026:23:06:35 +0200] "HEAD / HTTP/2.0" 200 - "http://elettroservicegroup.it/" "Mozilla/5.0 (iPhone; CPU iPhone OS 16_7 like Mac OS X) AppleWebKit/605.1.15 (KHTML, like Gecko) Version/16.7 Mobile/15E148 Safari/604.1"
65.108.235.243 - - [22/Jun/2026:23:09:57 +0200] "POST /wp-cron.php?doing_wp_cron=1782162597.0328578948974609375000 HTTP/1.1" 200 1 "-" "WordPress/7.0; https://elettroservicegroup.it"
192.178.4.101 - - [22/Jun/2026:23:09:53 +0200] "GET /?p=16270 HTTP/1.1" 404 17570 "-" "Mozilla/5.0 (Linux; Android 6.0.1; Nexus 5X Build/MMB29P) AppleWebKit/537.36 (KHTML, like Gecko) Chrome/148.0.7778.96 Mobile Safari/537.36 (compatible; Googlebot/2.1; +http://www.google.com/bot.html)"
65.108.235.243 - - [22/Jun/2026:23:11:10 +0200] "POST /wp-cron.php?doing_wp_cron=1782162670.7200930118560791015625 HTTP/1.1" 200 1 "-" "WordPress/7.0; https://elettroservicegroup.it"
192.178.4.102 - - [22/Jun/2026:23:11:01 +0200] "GET /2026/05/31/sale-gioco-agrigento/ HTTP/1.1" 404 17599 "-" "Mozilla/5.0 (Linux; Android 6.0.1; Nexus 5X Build/MMB29P) AppleWebKit/537.36 (KHTML, like Gecko) Chrome/148.0.7778.96 Mobile Safari/537.36 (compatible; Googlebot/2.1; +http://www.google.com/bot.html)"
65.108.235.243 - - [22/Jun/2026:23:12:13 +0200] "POST /wp-cron.php?doing_wp_cron=1782162733.4390909671783447265625 HTTP/1.1" 200 1 "-" "WordPress/7.0; https://elettroservicegroup.it"
192.178.4.103 - - [22/Jun/2026:23:12:07 +0200] "GET /?p=16202 HTTP/1.1" 404 17569 "-" "Mozilla/5.0 (Linux; Android 6.0.1; Nexus 5X Build/MMB29P) AppleWebKit/537.36 (KHTML, like Gecko) Chrome/148.0.7778.96 Mobile Safari/537.36 (compatible; Googlebot/2.1; +http://www.google.com/bot.html)"
74.7.227.184 - - [22/Jun/2026:23:15:52 +0200] "GET / HTTP/2.0" 415 21310 "-" "Mozilla/5.0 AppleWebKit/537.36 (KHTML, like Gecko; compatible; GPTBot/1.4; +https://openai.com/gptbot)"
65.108.235.243 - - [22/Jun/2026:23:27:52 +0200] "POST /wp-cron.php?doing_wp_cron=1782163672.9379448890686035156250 HTTP/1.1" 200 1 "-" "WordPress/7.0; https://elettroservicegroup.it"
40.77.167.24 - - [22/Jun/2026:23:27:45 +0200] "GET /sitemap.xml HTTP/2.0" 200 309 "-" "Mozilla/5.0 AppleWebKit/537.36 (KHTML, like Gecko; compatible; bingbot/2.0; +http://www.bing.com/bingbot.htm) Chrome/116.0.1938.76 Safari/537.36"
65.108.235.243 - - [22/Jun/2026:23:49:14 +0200] "POST /wp-cron.php?doing_wp_cron=1782164954.8199899196624755859375 HTTP/1.1" 200 1 "-" "WordPress/7.0; https://elettroservicegroup.it"
192.178.4.103 - - [22/Jun/2026:23:49:12 +0200] "GET /?p=15468 HTTP/1.1" 404 17585 "-" "Mozilla/5.0 (Linux; Android 6.0.1; Nexus 5X Build/MMB29P) AppleWebKit/537.36 (KHTML, like Gecko) Chrome/148.0.7778.96 Mobile Safari/537.36 (compatible; Googlebot/2.1; +http://www.google.com/bot.html)"
65.108.235.243 - - [22/Jun/2026:23:49:15 +0200] "POST /wp-json/complianz/v1/wsc-scan HTTP/1.1" 400 88 "-" "WordPress/7.0; https://elettroservicegroup.it"
65.108.235.243 - - [22/Jun/2026:23:50:22 +0200] "POST /wp-cron.php?doing_wp_cron=1782165021.9188499450683593750000 HTTP/1.1" 200 1 "-" "WordPress/7.0; https://elettroservicegroup.it"
216.73.217.81 - - [22/Jun/2026:23:50:15 +0200] "GET /robots.txt HTTP/2.0" 200 99 "-" "Mozilla/5.0 AppleWebKit/537.36 (KHTML, like Gecko; compatible; ClaudeBot/1.0; +claudebot@anthropic.com)"
216.73.217.81 - - [22/Jun/2026:23:50:24 +0200] "GET /wp-content/cache/wpfc-minified/11bl93bf/2bkgh.css HTTP/2.0" 200 13792 "-" "Mozilla/5.0 AppleWebKit/537.36 (KHTML, like Gecko; compatible; ClaudeBot/1.0; +claudebot@anthropic.com)"
216.73.217.81 - - [22/Jun/2026:23:50:24 +0200] "GET /wp-content/cache/wpfc-minified/44agi09/2bkgh.css HTTP/2.0" 200 2031 "-" "Mozilla/5.0 AppleWebKit/537.36 (KHTML, like Gecko; compatible; ClaudeBot/1.0; +claudebot@anthropic.com)"
65.108.235.243 - - [22/Jun/2026:23:51:40 +0200] "POST /wp-cron.php?doing_wp_cron=1782165100.3260719776153564453125 HTTP/1.1" 200 1 "-" "WordPress/7.0; https://elettroservicegroup.it"
192.178.4.101 - - [22/Jun/2026:23:51:36 +0200] "GET /?p=15685 HTTP/1.1" 404 17585 "-" "Mozilla/5.0 (Linux; Android 6.0.1; Nexus 5X Build/MMB29P) AppleWebKit/537.36 (KHTML, like Gecko) Chrome/148.0.7778.96 Mobile Safari/537.36 (compatible; Googlebot/2.1; +http://www.google.com/bot.html)"
65.108.235.243 - - [23/Jun/2026:00:11:17 +0200] "POST /wp-cron.php?doing_wp_cron=1782166277.6054370403289794921875 HTTP/1.1" 200 1 "-" "WordPress/7.0; https://elettroservicegroup.it"
192.178.4.102 - - [23/Jun/2026:00:11:11 +0200] "GET /?p=16076 HTTP/1.1" 404 17584 "-" "Mozilla/5.0 (Linux; Android 6.0.1; Nexus 5X Build/MMB29P) AppleWebKit/537.36 (KHTML, like Gecko) Chrome/148.0.7778.96 Mobile Safari/537.36 (compatible; Googlebot/2.1; +http://www.google.com/bot.html)"
65.108.235.243 - - [23/Jun/2026:00:15:52 +0200] "POST /wp-cron.php?doing_wp_cron=1782166552.7268710136413574218750 HTTP/1.1" 200 1 "-" "WordPress/7.0; https://elettroservicegroup.it"
192.178.4.102 - - [23/Jun/2026:00:15:50 +0200] "GET /?p=15716 HTTP/1.1" 404 17584 "-" "Mozilla/5.0 (Linux; Android 6.0.1; Nexus 5X Build/MMB29P) AppleWebKit/537.36 (KHTML, like Gecko) Chrome/148.0.7778.96 Mobile Safari/537.36 (compatible; Googlebot/2.1; +http://www.google.com/bot.html)"