65.108.235.243 - - [22/Jun/2026:14:47:25 +0200] "POST /wp-cron.php?doing_wp_cron=1782132445.5745799541473388671875 HTTP/1.1" 200 1 "-" "WordPress/7.0; https://brescia.elettroservicegroup.it"
66.249.64.231 - - [22/Jun/2026:14:47:23 +0200] "GET /?p=16379 HTTP/1.1" 404 17861 "-" "Mozilla/5.0 (Linux; Android 6.0.1; Nexus 5X Build/MMB29P) AppleWebKit/537.36 (KHTML, like Gecko) Chrome/148.0.7778.96 Mobile Safari/537.36 (compatible; Googlebot/2.1; +http://www.google.com/bot.html)"
65.108.235.243 - - [22/Jun/2026:14:47:25 +0200] "POST /wp-json/complianz/v1/wsc-scan HTTP/1.1" 400 88 "-" "WordPress/7.0; https://brescia.elettroservicegroup.it"
65.108.235.243 - - [22/Jun/2026:15:25:07 +0200] "POST /wp-cron.php?doing_wp_cron=1782134707.6211509704589843750000 HTTP/1.1" 200 1 "-" "WordPress/7.0; https://brescia.elettroservicegroup.it"
5.181.170.244 - - [22/Jun/2026:15:25:02 +0200] "GET /wp-login.php HTTP/2.0" 200 2693 "-" "Mozilla/5.0 (Windows NT 10.0; Win64; x64) AppleWebKit/537.36 (KHTML, like Gecko) Chrome/124.0.0.0 Safari/537.36"
5.181.170.244 - - [22/Jun/2026:15:25:08 +0200] "POST /xmlrpc.php HTTP/2.0" 403 52 "-" "Mozilla/5.0 (Windows NT 10.0; Win64; x64) AppleWebKit/537.36 (KHTML, like Gecko) Chrome/124.0.0.0 Safari/537.36"
193.203.8.159 - - [22/Jun/2026:15:25:09 +0200] "POST /xmlrpc.php HTTP/2.0" 200 11693 "-" "Mozilla/5.0 (Macintosh; Intel Mac OS X 10_15_7) AppleWebKit/605.1.15 (KHTML, like Gecko) Version/18.0 Safari/605.1.15"
77.220.193.14 - - [22/Jun/2026:15:25:10 +0200] "POST /xmlrpc.php HTTP/2.0" 403 52 "-" "Mozilla/5.0 (Windows NT 10.0; Win64; x64) AppleWebKit/537.36 (KHTML, like Gecko) Chrome/124.0.0.0 Safari/537.36"
194.99.24.252 - - [22/Jun/2026:15:25:11 +0200] "POST /xmlrpc.php HTTP/2.0" 403 52 "-" "Mozilla/5.0 (Macintosh; Intel Mac OS X 10_15_7) AppleWebKit/605.1.15 (KHTML, like Gecko) Version/18.0 Safari/605.1.15"
178.20.31.106 - - [22/Jun/2026:15:25:11 +0200] "POST /xmlrpc.php HTTP/2.0" 200 11810 "-" "Mozilla/5.0 (Macintosh; Intel Mac OS X 10_15_7) AppleWebKit/605.1.15 (KHTML, like Gecko) Version/18.0 Safari/605.1.15"
185.61.219.207 - - [22/Jun/2026:15:25:12 +0200] "POST /xmlrpc.php HTTP/2.0" 200 11744 "-" "Mozilla/5.0 (Windows NT 10.0; Win64; x64) AppleWebKit/537.36 (KHTML, like Gecko) Chrome/124.0.0.0 Safari/537.36"
83.97.117.128 - - [22/Jun/2026:15:25:12 +0200] "POST /xmlrpc.php HTTP/2.0" 200 11785 "-" "Mozilla/5.0 (Macintosh; Intel Mac OS X 10_15_7) AppleWebKit/605.1.15 (KHTML, like Gecko) Version/18.0 Safari/605.1.15"
5.183.255.219 - - [22/Jun/2026:15:25:13 +0200] "POST /xmlrpc.php HTTP/2.0" 403 52 "-" "Mozilla/5.0 (Windows NT 10.0; Win64; x64; rv:133.0) Gecko/20100101 Firefox/133.0"
130.49.78.110 - - [22/Jun/2026:15:25:13 +0200] "POST /xmlrpc.php HTTP/2.0" 200 11745 "-" "Mozilla/5.0 (Windows NT 10.0; Win64; x64) AppleWebKit/537.36 (KHTML, like Gecko) Chrome/124.0.0.0 Safari/537.36"
93.177.119.84 - - [22/Jun/2026:15:25:14 +0200] "POST /xmlrpc.php HTTP/2.0" 403 52 "-" "Mozilla/5.0 (Windows NT 10.0; Win64; x64; rv:133.0) Gecko/20100101 Firefox/133.0"
45.140.206.77 - - [22/Jun/2026:15:25:15 +0200] "POST /xmlrpc.php HTTP/2.0" 403 52 "-" "Mozilla/5.0 (Windows NT 10.0; Win64; x64) AppleWebKit/537.36 (KHTML, like Gecko) Chrome/124.0.0.0 Safari/537.36"
5.181.170.244 - - [22/Jun/2026:15:25:16 +0200] "GET /wp-login.php HTTP/2.0" 200 2693 "-" "Mozilla/5.0 (Windows NT 10.0; Win64; x64) AppleWebKit/537.36 (KHTML, like Gecko) Chrome/124.0.0.0 Safari/537.36"
5.181.170.244 - - [22/Jun/2026:15:25:16 +0200] "POST /wp-login.php HTTP/2.0" 200 2808 "https://brescia.elettroservicegroup.it/wp-login.php" "Mozilla/5.0 (Windows NT 10.0; Win64; x64) AppleWebKit/537.36 (KHTML, like Gecko) Chrome/124.0.0.0 Safari/537.36"
65.108.235.243 - - [22/Jun/2026:16:01:33 +0200] "POST /wp-cron.php?doing_wp_cron=1782136893.3244559764862060546875 HTTP/1.1" 200 1 "-" "WordPress/7.0; https://brescia.elettroservicegroup.it"
74.7.175.180 - - [22/Jun/2026:16:01:31 +0200] "GET /robots.txt HTTP/2.0" 301 1 "-" "Mozilla/5.0 (Macintosh; Intel Mac OS X 10_15_7) AppleWebKit/537.36 (KHTML, like Gecko) Chrome/131.0.0.0 Safari/537.36; compatible; OAI-SearchBot/1.4; robots.txt; +https://openai.com/searchbot"
65.108.235.243 - - [22/Jun/2026:16:01:33 +0200] "POST /wp-json/complianz/v1/wsc-scan HTTP/1.1" 400 88 "-" "WordPress/7.0; https://brescia.elettroservicegroup.it"
74.7.175.180 - - [22/Jun/2026:16:01:33 +0200] "GET /robots.txt HTTP/2.0" 200 106 "https://www.brescia.elettroservicegroup.it/robots.txt" "Mozilla/5.0 (Macintosh; Intel Mac OS X 10_15_7) AppleWebKit/537.36 (KHTML, like Gecko) Chrome/131.0.0.0 Safari/537.36; compatible; OAI-SearchBot/1.4; robots.txt; +https://openai.com/searchbot"
65.108.235.243 - - [22/Jun/2026:16:27:32 +0200] "POST /wp-cron.php?doing_wp_cron=1782138452.4034419059753417968750 HTTP/1.1" 200 1 "-" "WordPress/7.0; https://brescia.elettroservicegroup.it"
66.249.64.231 - - [22/Jun/2026:16:27:30 +0200] "GET /?p=16320 HTTP/1.1" 404 17861 "-" "Mozilla/5.0 (Linux; Android 6.0.1; Nexus 5X Build/MMB29P) AppleWebKit/537.36 (KHTML, like Gecko) Chrome/148.0.7778.96 Mobile Safari/537.36 (compatible; Googlebot/2.1; +http://www.google.com/bot.html)"
65.108.235.243 - - [22/Jun/2026:17:37:22 +0200] "POST /wp-cron.php?doing_wp_cron=1782142642.9155590534210205078125 HTTP/1.1" 200 1 "-" "WordPress/7.0; https://brescia.elettroservicegroup.it"
66.249.64.230 - - [22/Jun/2026:17:37:21 +0200] "GET /?p=16448 HTTP/1.1" 404 17861 "-" "Mozilla/5.0 (Linux; Android 6.0.1; Nexus 5X Build/MMB29P) AppleWebKit/537.36 (KHTML, like Gecko) Chrome/148.0.7778.96 Mobile Safari/537.36 (compatible; Googlebot/2.1; +http://www.google.com/bot.html)"
65.108.235.243 - - [22/Jun/2026:17:37:23 +0200] "POST /wp-json/complianz/v1/wsc-scan HTTP/1.1" 400 88 "-" "WordPress/7.0; https://brescia.elettroservicegroup.it"
65.108.235.243 - - [22/Jun/2026:17:37:39 +0200] "POST /wp-admin/admin-ajax.php?action=elementor_1_elementor_updater&nonce=1ba74e2076 HTTP/1.1" 503 583 "-" "WordPress/7.0; https://brescia.elettroservicegroup.it"
65.108.235.243 - - [22/Jun/2026:17:37:39 +0200] "GET /?wp_scrape_key=eb1e3fb8e7d6026b8c733d77e770b248&wp_scrape_nonce=1782142657 HTTP/1.1" 200 20053 "-" "WordPress/7.0; https://brescia.elettroservicegroup.it"
65.108.235.243 - - [22/Jun/2026:17:58:27 +0200] "POST /wp-cron.php?doing_wp_cron=1782143907.9087378978729248046875 HTTP/1.1" 200 1 "-" "WordPress/7.0; https://brescia.elettroservicegroup.it"
38.154.190.38 - - [22/Jun/2026:17:58:22 +0200] "GET /handymen-repairing-clients-home-appliance/ HTTP/1.1" 200 18947 "https://brescia.elettroservicegroup.it/" "Mozilla/5.0 (Windows NT 10.0; Win64; x64; rv:140.0) Gecko/20100101 Firefox/140.0"
65.108.235.243 - - [22/Jun/2026:18:02:28 +0200] "POST /wp-cron.php?doing_wp_cron=1782144148.6149489879608154296875 HTTP/1.1" 200 1 "-" "WordPress/7.0; https://brescia.elettroservicegroup.it"
66.249.64.231 - - [22/Jun/2026:18:02:22 +0200] "GET /home-copertina-2/ HTTP/1.1" 200 18805 "-" "Mozilla/5.0 (compatible; Googlebot/2.1; +http://www.google.com/bot.html)"
65.108.235.243 - - [22/Jun/2026:19:08:16 +0200] "POST /wp-cron.php?doing_wp_cron=1782148096.7218708992004394531250 HTTP/1.1" 200 1 "-" "WordPress/7.0; https://brescia.elettroservicegroup.it"
66.249.64.230 - - [22/Jun/2026:19:08:14 +0200] "GET /robots.txt HTTP/1.1" 200 106 "-" "Mozilla/5.0 (compatible; Googlebot/2.1; +http://www.google.com/bot.html)"
66.249.64.229 - - [22/Jun/2026:19:08:14 +0200] "GET /?p=16706 HTTP/1.1" 404 17873 "-" "Mozilla/5.0 (Linux; Android 6.0.1; Nexus 5X Build/MMB29P) AppleWebKit/537.36 (KHTML, like Gecko) Chrome/148.0.7778.96 Mobile Safari/537.36 (compatible; Googlebot/2.1; +http://www.google.com/bot.html)"
65.108.235.243 - - [22/Jun/2026:19:08:17 +0200] "POST /wp-json/complianz/v1/wsc-scan HTTP/1.1" 400 88 "-" "WordPress/7.0; https://brescia.elettroservicegroup.it"
65.108.235.243 - - [22/Jun/2026:19:27:23 +0200] "POST /wp-cron.php?doing_wp_cron=1782149243.5122470855712890625000 HTTP/1.1" 200 1 "-" "WordPress/7.0; https://brescia.elettroservicegroup.it"
17.22.245.17 - - [22/Jun/2026:19:27:17 +0200] "GET /assistenza-lavatrici/lavatrice-1/ HTTP/2.0" 301 - "-" "Mozilla/5.0 (Macintosh; Intel Mac OS X 10_15_7) AppleWebKit/605.1.15 (KHTML, like Gecko) Version/17.4 Safari/605.1.15 (Applebot/0.1; +http://www.apple.com/go/applebot)"
17.22.245.17 - - [22/Jun/2026:19:27:23 +0200] "GET /lavatrice-1/ HTTP/2.0" 200 96031 "-" "Mozilla/5.0 (Macintosh; Intel Mac OS X 10_15_7) AppleWebKit/605.1.15 (KHTML, like Gecko) Version/17.4 Safari/605.1.15 (Applebot/0.1; +http://www.apple.com/go/applebot)"
164.92.154.223 - - [22/Jun/2026:19:30:59 +0200] "GET /wp-json/link-factory/v1/health HTTP/1.1" 200 107 "-" "undici"
164.92.154.223 - - [22/Jun/2026:19:30:59 +0200] "GET /wp-login.php HTTP/1.1" 200 11747 "-" "Mozilla/5.0 (X11; Linux x86_64) AppleWebKit/537.36 (KHTML, like Gecko) Chrome/127.0 Safari/537.36"
164.92.154.223 - - [22/Jun/2026:19:30:59 +0200] "POST /wp-login.php HTTP/1.1" 200 11747 "https://brescia.elettroservicegroup.it/wp-login.php" "Mozilla/5.0 (X11; Linux x86_64) AppleWebKit/537.36 (KHTML, like Gecko) Chrome/127.0 Safari/537.36"
17.22.245.114 - - [22/Jun/2026:19:32:23 +0200] "GET /wp-content/plugins/all-in-one-seo-pack/dist/Lite/assets/css/table-of-contents/global.e90f6d47.css?ver=4.9.8 HTTP/2.0" 200 420 "https://brescia.elettroservicegroup.it/lavatrice-1/" "Mozilla/5.0 (Macintosh; Intel Mac OS X 10_15_7) AppleWebKit/605.1.15 (KHTML, like Gecko) Version/17.4 Safari/605.1.15 (Applebot/0.1; +http://www.apple.com/go/applebot)"
17.22.245.114 - - [22/Jun/2026:19:32:24 +0200] "GET /wp-content/plugins/header-footer-elementor/assets/css/header-footer-elementor.css?ver=2.8.8 HTTP/2.0" 200 260 "https://brescia.elettroservicegroup.it/lavatrice-1/" "Mozilla/5.0 (Macintosh; Intel Mac OS X 10_15_7) AppleWebKit/605.1.15 (KHTML, like Gecko) Version/17.4 Safari/605.1.15 (Applebot/0.1; +http://www.apple.com/go/applebot)"
17.22.245.114 - - [22/Jun/2026:19:32:25 +0200] "GET /wp-content/plugins/header-footer-elementor/inc/widgets-css/frontend.css?ver=2.8.8 HTTP/2.0" 200 8711 "https://brescia.elettroservicegroup.it/lavatrice-1/" "Mozilla/5.0 (Macintosh; Intel Mac OS X 10_15_7) AppleWebKit/605.1.15 (KHTML, like Gecko) Version/17.4 Safari/605.1.15 (Applebot/0.1; +http://www.apple.com/go/applebot)"
17.22.245.114 - - [22/Jun/2026:19:32:27 +0200] "GET /wp-includes/css/dist/block-library/style.min.css?ver=7.0 HTTP/2.0" 200 15998 "https://brescia.elettroservicegroup.it/lavatrice-1/" "Mozilla/5.0 (Macintosh; Intel Mac OS X 10_15_7) AppleWebKit/605.1.15 (KHTML, like Gecko) Version/17.4 Safari/605.1.15 (Applebot/0.1; +http://www.apple.com/go/applebot)"
17.22.245.114 - - [22/Jun/2026:19:32:28 +0200] "GET /wp-content/plugins/complianz-gdpr-premium/assets/css/cookieblocker.min.css?ver=1781581210 HTTP/2.0" 200 615 "https://brescia.elettroservicegroup.it/lavatrice-1/" "Mozilla/5.0 (Macintosh; Intel Mac OS X 10_15_7) AppleWebKit/605.1.15 (KHTML, like Gecko) Version/17.4 Safari/605.1.15 (Applebot/0.1; +http://www.apple.com/go/applebot)"
17.22.245.114 - - [22/Jun/2026:19:32:30 +0200] "GET /wp-content/plugins/elementor/assets/lib/eicons/css/elementor-icons.min.css?ver=5.50.0 HTTP/2.0" 200 4125 "https://brescia.elettroservicegroup.it/lavatrice-1/" "Mozilla/5.0 (Macintosh; Intel Mac OS X 10_15_7) AppleWebKit/605.1.15 (KHTML, like Gecko) Version/17.4 Safari/605.1.15 (Applebot/0.1; +http://www.apple.com/go/applebot)"
17.22.245.114 - - [22/Jun/2026:19:32:31 +0200] "GET /wp-content/plugins/elementor/assets/css/frontend.min.css?ver=4.1.4 HTTP/2.0" 200 6618 "https://brescia.elettroservicegroup.it/lavatrice-1/" "Mozilla/5.0 (Macintosh; Intel Mac OS X 10_15_7) AppleWebKit/605.1.15 (KHTML, like Gecko) Version/17.4 Safari/605.1.15 (Applebot/0.1; +http://www.apple.com/go/applebot)"
17.22.245.114 - - [22/Jun/2026:19:32:33 +0200] "GET /wp-content/uploads/elementor/css/post-14146.css?ver=1782144147 HTTP/2.0" 200 428 "https://brescia.elettroservicegroup.it/lavatrice-1/" "Mozilla/5.0 (Macintosh; Intel Mac OS X 10_15_7) AppleWebKit/605.1.15 (KHTML, like Gecko) Version/17.4 Safari/605.1.15 (Applebot/0.1; +http://www.apple.com/go/applebot)"
17.22.245.114 - - [22/Jun/2026:19:32:34 +0200] "GET /wp-content/plugins/elementor/assets/lib/font-awesome/css/all.min.css?ver=4.1.4 HTTP/2.0" 200 12402 "https://brescia.elettroservicegroup.it/lavatrice-1/" "Mozilla/5.0 (Macintosh; Intel Mac OS X 10_15_7) AppleWebKit/605.1.15 (KHTML, like Gecko) Version/17.4 Safari/605.1.15 (Applebot/0.1; +http://www.apple.com/go/applebot)"
17.22.245.114 - - [22/Jun/2026:19:32:36 +0200] "GET /wp-content/plugins/elementor/assets/lib/font-awesome/css/v4-shims.min.css?ver=4.1.4 HTTP/2.0" 200 3986 "https://brescia.elettroservicegroup.it/lavatrice-1/" "Mozilla/5.0 (Macintosh; Intel Mac OS X 10_15_7) AppleWebKit/605.1.15 (KHTML, like Gecko) Version/17.4 Safari/605.1.15 (Applebot/0.1; +http://www.apple.com/go/applebot)"
17.22.245.114 - - [22/Jun/2026:19:32:37 +0200] "GET /wp-content/uploads/elementor/css/post-14366.css?ver=1782144148 HTTP/2.0" 200 297 "https://brescia.elettroservicegroup.it/lavatrice-1/" "Mozilla/5.0 (Macintosh; Intel Mac OS X 10_15_7) AppleWebKit/605.1.15 (KHTML, like Gecko) Version/17.4 Safari/605.1.15 (Applebot/0.1; +http://www.apple.com/go/applebot)"
17.22.245.114 - - [22/Jun/2026:19:32:39 +0200] "GET /wp-content/plugins/wpfront-notification-bar/css/wpfront-notification-bar.min.css?ver=3.5.1.05102 HTTP/2.0" 200 665 "https://brescia.elettroservicegroup.it/lavatrice-1/" "Mozilla/5.0 (Macintosh; Intel Mac OS X 10_15_7) AppleWebKit/605.1.15 (KHTML, like Gecko) Version/17.4 Safari/605.1.15 (Applebot/0.1; +http://www.apple.com/go/applebot)"
17.22.245.114 - - [22/Jun/2026:19:32:40 +0200] "GET /wp-content/themes/generatepress/assets/css/components/comments.min.css?ver=3.6.1 HTTP/2.0" 200 488 "https://brescia.elettroservicegroup.it/lavatrice-1/" "Mozilla/5.0 (Macintosh; Intel Mac OS X 10_15_7) AppleWebKit/605.1.15 (KHTML, like Gecko) Version/17.4 Safari/605.1.15 (Applebot/0.1; +http://www.apple.com/go/applebot)"
17.22.245.114 - - [22/Jun/2026:19:32:42 +0200] "GET /wp-content/themes/generatepress/assets/css/main.min.css?ver=3.6.1 HTTP/2.0" 200 4410 "https://brescia.elettroservicegroup.it/lavatrice-1/" "Mozilla/5.0 (Macintosh; Intel Mac OS X 10_15_7) AppleWebKit/605.1.15 (KHTML, like Gecko) Version/17.4 Safari/605.1.15 (Applebot/0.1; +http://www.apple.com/go/applebot)"
17.22.245.114 - - [22/Jun/2026:19:32:43 +0200] "GET /wp-content/plugins/elementor/assets/lib/eicons/css/elementor-icons.min.css?ver=5.34.0 HTTP/2.0" 200 4125 "https://brescia.elettroservicegroup.it/lavatrice-1/" "Mozilla/5.0 (Macintosh; Intel Mac OS X 10_15_7) AppleWebKit/605.1.15 (KHTML, like Gecko) Version/17.4 Safari/605.1.15 (Applebot/0.1; +http://www.apple.com/go/applebot)"
17.22.245.114 - - [22/Jun/2026:19:32:45 +0200] "GET /wp-content/plugins/elementor/assets/css/widget-icon-list.min.css?ver=3.24.3 HTTP/2.0" 200 928 "https://brescia.elettroservicegroup.it/lavatrice-1/" "Mozilla/5.0 (Macintosh; Intel Mac OS X 10_15_7) AppleWebKit/605.1.15 (KHTML, like Gecko) Version/17.4 Safari/605.1.15 (Applebot/0.1; +http://www.apple.com/go/applebot)"
17.22.245.114 - - [22/Jun/2026:19:32:46 +0200] "GET /wp-content/plugins/elementor/assets/css/widget-social-icons.min.css?ver=3.24.0 HTTP/2.0" 200 1039 "https://brescia.elettroservicegroup.it/lavatrice-1/" "Mozilla/5.0 (Macintosh; Intel Mac OS X 10_15_7) AppleWebKit/605.1.15 (KHTML, like Gecko) Version/17.4 Safari/605.1.15 (Applebot/0.1; +http://www.apple.com/go/applebot)"
17.22.245.114 - - [22/Jun/2026:19:32:48 +0200] "GET /wp-content/plugins/elementor/assets/lib/font-awesome/css/brands.css?ver=5.15.3 HTTP/2.0" 200 298 "https://brescia.elettroservicegroup.it/lavatrice-1/" "Mozilla/5.0 (Macintosh; Intel Mac OS X 10_15_7) AppleWebKit/605.1.15 (KHTML, like Gecko) Version/17.4 Safari/605.1.15 (Applebot/0.1; +http://www.apple.com/go/applebot)"
17.22.245.114 - - [22/Jun/2026:19:32:49 +0200] "GET /wp-content/plugins/elementor/assets/lib/font-awesome/css/fontawesome.css?ver=5.15.3 HTTP/2.0" 200 12535 "https://brescia.elettroservicegroup.it/lavatrice-1/" "Mozilla/5.0 (Macintosh; Intel Mac OS X 10_15_7) AppleWebKit/605.1.15 (KHTML, like Gecko) Version/17.4 Safari/605.1.15 (Applebot/0.1; +http://www.apple.com/go/applebot)"
17.22.245.114 - - [22/Jun/2026:19:32:51 +0200] "GET /wp-content/plugins/elementor/assets/lib/font-awesome/css/solid.css?ver=5.15.3 HTTP/2.0" 200 299 "https://brescia.elettroservicegroup.it/lavatrice-1/" "Mozilla/5.0 (Macintosh; Intel Mac OS X 10_15_7) AppleWebKit/605.1.15 (KHTML, like Gecko) Version/17.4 Safari/605.1.15 (Applebot/0.1; +http://www.apple.com/go/applebot)"
17.22.245.114 - - [22/Jun/2026:19:32:52 +0200] "GET /wp-content/plugins/gp-premium/menu-plus/functions/css/navigation-branding-flex.min.css?ver=2.5.5 HTTP/2.0" 200 542 "https://brescia.elettroservicegroup.it/lavatrice-1/" "Mozilla/5.0 (Macintosh; Intel Mac OS X 10_15_7) AppleWebKit/605.1.15 (KHTML, like Gecko) Version/17.4 Safari/605.1.15 (Applebot/0.1; +http://www.apple.com/go/applebot)"
17.22.245.114 - - [22/Jun/2026:19:32:54 +0200] "GET /wp-content/plugins/essential-addons-for-elementor-lite/assets/front-end/css/view/general.min.css?ver=6.6.7 HTTP/2.0" 200 1422 "https://brescia.elettroservicegroup.it/lavatrice-1/" "Mozilla/5.0 (Macintosh; Intel Mac OS X 10_15_7) AppleWebKit/605.1.15 (KHTML, like Gecko) Version/17.4 Safari/605.1.15 (Applebot/0.1; +http://www.apple.com/go/applebot)"
17.22.245.114 - - [22/Jun/2026:19:32:55 +0200] "GET /wp-content/uploads/elementor/google-fonts/css/roboto.css?ver=1742275292 HTTP/2.0" 200 1886 "https://brescia.elettroservicegroup.it/lavatrice-1/" "Mozilla/5.0 (Macintosh; Intel Mac OS X 10_15_7) AppleWebKit/605.1.15 (KHTML, like Gecko) Version/17.4 Safari/605.1.15 (Applebot/0.1; +http://www.apple.com/go/applebot)"
17.22.245.114 - - [22/Jun/2026:19:32:57 +0200] "GET /wp-content/uploads/elementor/google-fonts/css/robotoslab.css?ver=1742275294 HTTP/2.0" 200 717 "https://brescia.elettroservicegroup.it/lavatrice-1/" "Mozilla/5.0 (Macintosh; Intel Mac OS X 10_15_7) AppleWebKit/605.1.15 (KHTML, like Gecko) Version/17.4 Safari/605.1.15 (Applebot/0.1; +http://www.apple.com/go/applebot)"
17.22.245.114 - - [22/Jun/2026:19:32:58 +0200] "GET /wp-includes/js/jquery/jquery.min.js?ver=3.7.1 HTTP/2.0" 200 29769 "https://brescia.elettroservicegroup.it/lavatrice-1/" "Mozilla/5.0 (Macintosh; Intel Mac OS X 10_15_7) AppleWebKit/605.1.15 (KHTML, like Gecko) Version/17.4 Safari/605.1.15 (Applebot/0.1; +http://www.apple.com/go/applebot)"
17.22.245.114 - - [22/Jun/2026:19:33:00 +0200] "GET /wp-content/plugins/elementor/assets/lib/font-awesome/js/v4-shims.min.js?ver=4.1.4 HTTP/2.0" 200 4043 "https://brescia.elettroservicegroup.it/lavatrice-1/" "Mozilla/5.0 (Macintosh; Intel Mac OS X 10_15_7) AppleWebKit/605.1.15 (KHTML, like Gecko) Version/17.4 Safari/605.1.15 (Applebot/0.1; +http://www.apple.com/go/applebot)"
17.22.245.114 - - [22/Jun/2026:19:33:01 +0200] "GET /wp-includes/js/jquery/jquery-migrate.min.js?ver=3.4.1 HTTP/2.0" 200 4685 "https://brescia.elettroservicegroup.it/lavatrice-1/" "Mozilla/5.0 (Macintosh; Intel Mac OS X 10_15_7) AppleWebKit/605.1.15 (KHTML, like Gecko) Version/17.4 Safari/605.1.15 (Applebot/0.1; +http://www.apple.com/go/applebot)"
17.22.245.114 - - [22/Jun/2026:19:33:03 +0200] "GET /wp-content/plugins/wpfront-notification-bar/js/wpfront-notification-bar.min.js?ver=3.5.1.05102 HTTP/2.0" 200 1497 "https://brescia.elettroservicegroup.it/lavatrice-1/" "Mozilla/5.0 (Macintosh; Intel Mac OS X 10_15_7) AppleWebKit/605.1.15 (KHTML, like Gecko) Version/17.4 Safari/605.1.15 (Applebot/0.1; +http://www.apple.com/go/applebot)"
17.22.245.114 - - [22/Jun/2026:19:33:04 +0200] "GET /wp-content/plugins/gp-premium/menu-plus/functions/js/sticky.min.js?ver=2.5.5 HTTP/2.0" 200 2670 "https://brescia.elettroservicegroup.it/lavatrice-1/" "Mozilla/5.0 (Macintosh; Intel Mac OS X 10_15_7) AppleWebKit/605.1.15 (KHTML, like Gecko) Version/17.4 Safari/605.1.15 (Applebot/0.1; +http://www.apple.com/go/applebot)"
17.22.245.114 - - [22/Jun/2026:19:33:05 +0200] "GET /wp-content/themes/generatepress/assets/js/menu.min.js?ver=3.6.1 HTTP/2.0" 200 1688 "https://brescia.elettroservicegroup.it/lavatrice-1/" "Mozilla/5.0 (Macintosh; Intel Mac OS X 10_15_7) AppleWebKit/605.1.15 (KHTML, like Gecko) Version/17.4 Safari/605.1.15 (Applebot/0.1; +http://www.apple.com/go/applebot)"
17.22.245.114 - - [22/Jun/2026:19:33:07 +0200] "GET /wp-content/themes/generatepress/assets/js/back-to-top.min.js?ver=3.6.1 HTTP/2.0" 200 336 "https://brescia.elettroservicegroup.it/lavatrice-1/" "Mozilla/5.0 (Macintosh; Intel Mac OS X 10_15_7) AppleWebKit/605.1.15 (KHTML, like Gecko) Version/17.4 Safari/605.1.15 (Applebot/0.1; +http://www.apple.com/go/applebot)"
17.22.245.114 - - [22/Jun/2026:19:33:08 +0200] "GET /wp-content/plugins/essential-addons-for-elementor-lite/assets/front-end/js/view/general.min.js?ver=6.6.7 HTTP/2.0" 200 3900 "https://brescia.elettroservicegroup.it/lavatrice-1/" "Mozilla/5.0 (Macintosh; Intel Mac OS X 10_15_7) AppleWebKit/605.1.15 (KHTML, like Gecko) Version/17.4 Safari/605.1.15 (Applebot/0.1; +http://www.apple.com/go/applebot)"
17.22.245.114 - - [22/Jun/2026:19:33:10 +0200] "GET /wp-content/plugins/complianz-gdpr-premium/cookiebanner/js/complianz.min.js?ver=1781581210 HTTP/2.0" 200 10762 "https://brescia.elettroservicegroup.it/lavatrice-1/" "Mozilla/5.0 (Macintosh; Intel Mac OS X 10_15_7) AppleWebKit/605.1.15 (KHTML, like Gecko) Version/17.4 Safari/605.1.15 (Applebot/0.1; +http://www.apple.com/go/applebot)"
17.22.245.114 - - [22/Jun/2026:19:33:11 +0200] "GET /wp-content/plugins/elementor/assets/js/webpack.runtime.min.js?ver=4.1.4 HTTP/2.0" 200 2340 "https://brescia.elettroservicegroup.it/lavatrice-1/" "Mozilla/5.0 (Macintosh; Intel Mac OS X 10_15_7) AppleWebKit/605.1.15 (KHTML, like Gecko) Version/17.4 Safari/605.1.15 (Applebot/0.1; +http://www.apple.com/go/applebot)"
17.22.245.114 - - [22/Jun/2026:19:33:13 +0200] "GET /wp-content/plugins/elementor/assets/js/frontend-modules.min.js?ver=4.1.4 HTTP/2.0" 200 15454 "https://brescia.elettroservicegroup.it/lavatrice-1/" "Mozilla/5.0 (Macintosh; Intel Mac OS X 10_15_7) AppleWebKit/605.1.15 (KHTML, like Gecko) Version/17.4 Safari/605.1.15 (Applebot/0.1; +http://www.apple.com/go/applebot)"
17.22.245.114 - - [22/Jun/2026:19:33:14 +0200] "GET /wp-includes/js/jquery/ui/core.min.js?ver=1.13.3 HTTP/2.0" 200 6820 "https://brescia.elettroservicegroup.it/lavatrice-1/" "Mozilla/5.0 (Macintosh; Intel Mac OS X 10_15_7) AppleWebKit/605.1.15 (KHTML, like Gecko) Version/17.4 Safari/605.1.15 (Applebot/0.1; +http://www.apple.com/go/applebot)"
17.22.245.114 - - [22/Jun/2026:19:33:16 +0200] "GET /wp-content/plugins/elementor/assets/js/frontend.min.js?ver=4.1.4 HTTP/2.0" 200 10140 "https://brescia.elettroservicegroup.it/lavatrice-1/" "Mozilla/5.0 (Macintosh; Intel Mac OS X 10_15_7) AppleWebKit/605.1.15 (KHTML, like Gecko) Version/17.4 Safari/605.1.15 (Applebot/0.1; +http://www.apple.com/go/applebot)"
17.22.245.114 - - [22/Jun/2026:19:33:19 +0200] "GET /wp-content/plugins/elementor/assets/css/conditionals/dialog.min.css?ver=4.1.4 HTTP/2.0" 200 1428 "https://brescia.elettroservicegroup.it/lavatrice-1/" "Mozilla/5.0 (Macintosh; Intel Mac OS X 10_15_7) AppleWebKit/605.1.15 (KHTML, like Gecko) Version/17.4 Safari/605.1.15 (Applebot/0.1; +http://www.apple.com/go/applebot)"
65.108.235.243 - - [22/Jun/2026:19:33:19 +0200] "POST /wp-cron.php?doing_wp_cron=1782149599.6366829872131347656250 HTTP/1.1" 200 1 "-" "WordPress/7.0; https://brescia.elettroservicegroup.it"
17.22.245.114 - - [22/Jun/2026:19:33:17 +0200] "GET /wp-json/complianz/v1/banner?lang=it&locale=it_IT&token=vhlic HTTP/2.0" 200 81 "https://brescia.elettroservicegroup.it/lavatrice-1/" "Mozilla/5.0 (Macintosh; Intel Mac OS X 10_15_7) AppleWebKit/605.1.15 (KHTML, like Gecko) Version/17.4 Safari/605.1.15 (Applebot/0.1; +http://www.apple.com/go/applebot)"
17.22.245.114 - - [22/Jun/2026:19:33:20 +0200] "GET /wp-content/plugins/elementor/assets/lib/dialog/dialog.min.js?ver=4.9.3 HTTP/2.0" 200 3595 "https://brescia.elettroservicegroup.it/lavatrice-1/" "Mozilla/5.0 (Macintosh; Intel Mac OS X 10_15_7) AppleWebKit/605.1.15 (KHTML, like Gecko) Version/17.4 Safari/605.1.15 (Applebot/0.1; +http://www.apple.com/go/applebot)"
17.22.245.114 - - [22/Jun/2026:19:33:22 +0200] "GET /wp-content/plugins/elementor/assets/js/lightbox.570c05c5a283cfb6b223.bundle.min.js HTTP/2.0" 200 9102 "https://brescia.elettroservicegroup.it/lavatrice-1/" "Mozilla/5.0 (Macintosh; Intel Mac OS X 10_15_7) AppleWebKit/605.1.15 (KHTML, like Gecko) Version/17.4 Safari/605.1.15 (Applebot/0.1; +http://www.apple.com/go/applebot)"
17.22.245.114 - - [22/Jun/2026:19:33:23 +0200] "GET /wp-content/plugins/elementor/assets/js/397f2d183c19202777d6.bundle.min.js HTTP/2.0" 200 8477 "https://brescia.elettroservicegroup.it/lavatrice-1/" "Mozilla/5.0 (Macintosh; Intel Mac OS X 10_15_7) AppleWebKit/605.1.15 (KHTML, like Gecko) Version/17.4 Safari/605.1.15 (Applebot/0.1; +http://www.apple.com/go/applebot)"
17.22.245.114 - - [22/Jun/2026:19:33:25 +0200] "GET /wp-content/plugins/elementor/assets/lib/share-link/share-link.min.js?ver=4.1.4 HTTP/2.0" 200 1077 "https://brescia.elettroservicegroup.it/lavatrice-1/" "Mozilla/5.0 (Macintosh; Intel Mac OS X 10_15_7) AppleWebKit/605.1.15 (KHTML, like Gecko) Version/17.4 Safari/605.1.15 (Applebot/0.1; +http://www.apple.com/go/applebot)"
17.22.245.114 - - [22/Jun/2026:19:33:26 +0200] "GET /wp-content/plugins/elementor/assets/lib/swiper/v8/css/swiper.min.css?ver=8.4.5 HTTP/2.0" 200 4251 "https://brescia.elettroservicegroup.it/lavatrice-1/" "Mozilla/5.0 (Macintosh; Intel Mac OS X 10_15_7) AppleWebKit/605.1.15 (KHTML, like Gecko) Version/17.4 Safari/605.1.15 (Applebot/0.1; +http://www.apple.com/go/applebot)"
17.22.245.114 - - [22/Jun/2026:19:33:28 +0200] "GET /wp-content/plugins/elementor/assets/css/conditionals/lightbox.min.css?ver=4.1.4 HTTP/2.0" 200 1760 "https://brescia.elettroservicegroup.it/lavatrice-1/" "Mozilla/5.0 (Macintosh; Intel Mac OS X 10_15_7) AppleWebKit/605.1.15 (KHTML, like Gecko) Version/17.4 Safari/605.1.15 (Applebot/0.1; +http://www.apple.com/go/applebot)"
17.22.245.114 - - [22/Jun/2026:19:33:29 +0200] "GET /wp-includes/js/wp-emoji-release.min.js?ver=7.0 HTTP/2.0" 200 4940 "https://brescia.elettroservicegroup.it/lavatrice-1/" "Mozilla/5.0 (Macintosh; Intel Mac OS X 10_15_7) AppleWebKit/605.1.15 (KHTML, like Gecko) Version/17.4 Safari/605.1.15 (Applebot/0.1; +http://www.apple.com/go/applebot)"
17.22.245.114 - - [22/Jun/2026:19:33:30 +0200] "GET /wp-content/plugins/elementor/assets/js/section-frontend-handlers.d85ab872da118940910d.bundle.min.js HTTP/2.0" 200 230 "https://brescia.elettroservicegroup.it/lavatrice-1/" "Mozilla/5.0 (Macintosh; Intel Mac OS X 10_15_7) AppleWebKit/605.1.15 (KHTML, like Gecko) Version/17.4 Safari/605.1.15 (Applebot/0.1; +http://www.apple.com/go/applebot)"
17.22.245.114 - - [22/Jun/2026:19:33:32 +0200] "GET /wp-content/plugins/elementor/assets/js/shared-frontend-handlers.03caa53373b56d3bab67.bundle.min.js HTTP/2.0" 200 2515 "https://brescia.elettroservicegroup.it/lavatrice-1/" "Mozilla/5.0 (Macintosh; Intel Mac OS X 10_15_7) AppleWebKit/605.1.15 (KHTML, like Gecko) Version/17.4 Safari/605.1.15 (Applebot/0.1; +http://www.apple.com/go/applebot)"
17.22.245.114 - - [22/Jun/2026:19:33:33 +0200] "GET /wp-content/plugins/elementor/assets/js/text-editor.45609661e409413f1cef.bundle.min.js HTTP/2.0" 200 592 "https://brescia.elettroservicegroup.it/lavatrice-1/" "Mozilla/5.0 (Macintosh; Intel Mac OS X 10_15_7) AppleWebKit/605.1.15 (KHTML, like Gecko) Version/17.4 Safari/605.1.15 (Applebot/0.1; +http://www.apple.com/go/applebot)"
17.22.245.114 - - [22/Jun/2026:19:33:35 +0200] "GET /wp-content/uploads/complianz/css/banner-1-optin.css?v=22 HTTP/2.0" 200 2848 "https://brescia.elettroservicegroup.it/lavatrice-1/" "Mozilla/5.0 (Macintosh; Intel Mac OS X 10_15_7) AppleWebKit/605.1.15 (KHTML, like Gecko) Version/17.4 Safari/605.1.15 (Applebot/0.1; +http://www.apple.com/go/applebot)"
65.108.235.243 - - [22/Jun/2026:20:26:01 +0200] "POST /wp-cron.php?doing_wp_cron=1782152761.4681029319763183593750 HTTP/1.1" 200 1 "-" "WordPress/7.0; https://brescia.elettroservicegroup.it"
64.137.79.103 - - [22/Jun/2026:20:25:59 +0200] "GET /handymen-repairing-clients-home-appliance/ HTTP/1.1" 200 18948 "https://brescia.elettroservicegroup.it/" "Mozilla/5.0 (Windows NT 10.0; Win64; x64; rv:149.0) Gecko/20100101 Firefox/149.0"
65.108.235.243 - - [22/Jun/2026:20:31:36 +0200] "POST /wp-cron.php?doing_wp_cron=1782153096.8114180564880371093750 HTTP/1.1" 200 1 "-" "WordPress/7.0; https://brescia.elettroservicegroup.it"
66.249.64.231 - - [22/Jun/2026:20:31:33 +0200] "GET /?p=16158 HTTP/1.1" 404 17912 "-" "Mozilla/5.0 (Linux; Android 6.0.1; Nexus 5X Build/MMB29P) AppleWebKit/537.36 (KHTML, like Gecko) Chrome/148.0.7778.96 Mobile Safari/537.36 (compatible; Googlebot/2.1; +http://www.google.com/bot.html)"
65.108.235.243 - - [22/Jun/2026:20:31:38 +0200] "POST /wp-json/complianz/v1/wsc-scan HTTP/1.1" 400 88 "-" "WordPress/7.0; https://brescia.elettroservicegroup.it"
65.108.235.243 - - [22/Jun/2026:20:51:11 +0200] "POST /wp-cron.php?doing_wp_cron=1782154271.7113339900970458984375 HTTP/1.1" 200 1 "-" "WordPress/7.0; https://brescia.elettroservicegroup.it"
66.249.64.230 - - [22/Jun/2026:20:51:06 +0200] "GET /?p=16776 HTTP/1.1" 404 17873 "-" "Mozilla/5.0 (Linux; Android 6.0.1; Nexus 5X Build/MMB29P) AppleWebKit/537.36 (KHTML, like Gecko) Chrome/148.0.7778.96 Mobile Safari/537.36 (compatible; Googlebot/2.1; +http://www.google.com/bot.html)"
65.108.235.243 - - [22/Jun/2026:21:10:04 +0200] "POST /wp-cron.php?doing_wp_cron=1782155404.6090219020843505859375 HTTP/1.1" 200 1 "-" "WordPress/7.0; https://brescia.elettroservicegroup.it"
35.86.184.13 - - [22/Jun/2026:21:10:01 +0200] "GET /robots.txt HTTP/2.0" 200 193 "-" "Mozilla/5.0 (compatible; wpbot/1.4; +https://forms.gle/ajBaxygz9jSR8p8G9)"
35.86.184.13 - - [22/Jun/2026:21:10:04 +0200] "GET /enhancecp HTTP/2.0" 404 91923 "-" "Mozilla/5.0 (compatible; wpbot/1.4; +https://forms.gle/ajBaxygz9jSR8p8G9)"
65.108.235.243 - - [22/Jun/2026:21:33:01 +0200] "POST /wp-cron.php?doing_wp_cron=1782156781.2127339839935302734375 HTTP/1.1" 200 1 "-" "WordPress/7.0; https://brescia.elettroservicegroup.it"
164.92.154.223 - - [22/Jun/2026:21:32:55 +0200] "POST /xmlrpc.php HTTP/1.1" 404 16896 "-" "undici"
164.92.154.223 - - [22/Jun/2026:21:33:01 +0200] "GET /wp-json/wp/v2/categories?search=Uncategorized&per_page=100 HTTP/1.1" 415 1951 "-" "undici"
65.108.235.243 - - [22/Jun/2026:21:33:02 +0200] "POST /wp-json/complianz/v1/wsc-scan HTTP/1.1" 400 88 "-" "WordPress/7.0; https://brescia.elettroservicegroup.it"
164.92.154.223 - - [22/Jun/2026:21:33:02 +0200] "GET /wp-json/wp/v2/settings HTTP/1.1" 401 84 "-" "undici"
65.108.235.243 - - [22/Jun/2026:23:14:44 +0200] "POST /wp-cron.php?doing_wp_cron=1782162884.0136930942535400390625 HTTP/1.1" 200 1 "-" "WordPress/7.0; https://brescia.elettroservicegroup.it"
66.249.64.229 - - [22/Jun/2026:23:14:35 +0200] "GET /?p=15778 HTTP/1.1" 404 17873 "-" "Mozilla/5.0 (Linux; Android 6.0.1; Nexus 5X Build/MMB29P) AppleWebKit/537.36 (KHTML, like Gecko) Chrome/148.0.7778.96 Mobile Safari/537.36 (compatible; Googlebot/2.1; +http://www.google.com/bot.html)"
65.108.235.243 - - [22/Jun/2026:23:14:45 +0200] "POST /wp-json/complianz/v1/wsc-scan HTTP/1.1" 400 88 "-" "WordPress/7.0; https://brescia.elettroservicegroup.it"
66.249.64.229 - - [22/Jun/2026:23:15:11 +0200] "GET /?p=15987 HTTP/1.1" 404 17873 "-" "Mozilla/5.0 (Linux; Android 6.0.1; Nexus 5X Build/MMB29P) AppleWebKit/537.36 (KHTML, like Gecko) Chrome/148.0.7778.96 Mobile Safari/537.36 (compatible; Googlebot/2.1; +http://www.google.com/bot.html)"
65.108.235.243 - - [22/Jun/2026:23:15:25 +0200] "POST /wp-cron.php?doing_wp_cron=1782162925.6017069816589355468750 HTTP/1.1" 200 1 "-" "WordPress/7.0; https://brescia.elettroservicegroup.it"
66.249.64.229 - - [22/Jun/2026:23:15:23 +0200] "GET /?p=16010 HTTP/1.1" 404 17873 "-" "Mozilla/5.0 (Linux; Android 6.0.1; Nexus 5X Build/MMB29P) AppleWebKit/537.36 (KHTML, like Gecko) Chrome/148.0.7778.96 Mobile Safari/537.36 (compatible; Googlebot/2.1; +http://www.google.com/bot.html)"
65.108.235.243 - - [22/Jun/2026:23:15:36 +0200] "POST /wp-cron.php?doing_wp_cron=1782162936.3155040740966796875000 HTTP/1.1" 200 1 "-" "WordPress/7.0; https://brescia.elettroservicegroup.it"
66.249.64.229 - - [22/Jun/2026:23:15:35 +0200] "GET /?p=16356 HTTP/1.1" 404 17873 "-" "Mozilla/5.0 (Linux; Android 6.0.1; Nexus 5X Build/MMB29P) AppleWebKit/537.36 (KHTML, like Gecko) Chrome/148.0.7778.96 Mobile Safari/537.36 (compatible; Googlebot/2.1; +http://www.google.com/bot.html)"
66.249.64.229 - - [22/Jun/2026:23:15:51 +0200] "GET /?p=16737 HTTP/1.1" 404 17873 "-" "Mozilla/5.0 (Linux; Android 6.0.1; Nexus 5X Build/MMB29P) AppleWebKit/537.36 (KHTML, like Gecko) Chrome/148.0.7778.96 Mobile Safari/537.36 (compatible; Googlebot/2.1; +http://www.google.com/bot.html)"
66.249.64.229 - - [22/Jun/2026:23:16:03 +0200] "GET /?p=16395 HTTP/1.1" 404 17873 "-" "Mozilla/5.0 (Linux; Android 6.0.1; Nexus 5X Build/MMB29P) AppleWebKit/537.36 (KHTML, like Gecko) Chrome/148.0.7778.96 Mobile Safari/537.36 (compatible; Googlebot/2.1; +http://www.google.com/bot.html)"
66.249.64.229 - - [22/Jun/2026:23:16:22 +0200] "GET /?p=16051 HTTP/1.1" 404 17873 "-" "Mozilla/5.0 (Linux; Android 6.0.1; Nexus 5X Build/MMB29P) AppleWebKit/537.36 (KHTML, like Gecko) Chrome/148.0.7778.96 Mobile Safari/537.36 (compatible; Googlebot/2.1; +http://www.google.com/bot.html)"
65.108.235.243 - - [22/Jun/2026:23:16:41 +0200] "POST /wp-cron.php?doing_wp_cron=1782163001.2120690345764160156250 HTTP/1.1" 200 1 "-" "WordPress/7.0; https://brescia.elettroservicegroup.it"
66.249.64.229 - - [22/Jun/2026:23:16:39 +0200] "GET /?p=16368 HTTP/1.1" 404 17873 "-" "Mozilla/5.0 (Linux; Android 6.0.1; Nexus 5X Build/MMB29P) AppleWebKit/537.36 (KHTML, like Gecko) Chrome/148.0.7778.96 Mobile Safari/537.36 (compatible; Googlebot/2.1; +http://www.google.com/bot.html)"
66.249.64.229 - - [22/Jun/2026:23:16:51 +0200] "GET /?p=15977 HTTP/1.1" 404 17873 "-" "Mozilla/5.0 (Linux; Android 6.0.1; Nexus 5X Build/MMB29P) AppleWebKit/537.36 (KHTML, like Gecko) Chrome/148.0.7778.96 Mobile Safari/537.36 (compatible; Googlebot/2.1; +http://www.google.com/bot.html)"
66.249.64.230 - - [22/Jun/2026:23:17:08 +0200] "GET /?p=16027 HTTP/1.1" 404 17873 "-" "Mozilla/5.0 (Linux; Android 6.0.1; Nexus 5X Build/MMB29P) AppleWebKit/537.36 (KHTML, like Gecko) Chrome/148.0.7778.96 Mobile Safari/537.36 (compatible; Googlebot/2.1; +http://www.google.com/bot.html)"
65.108.235.243 - - [22/Jun/2026:23:17:28 +0200] "POST /wp-cron.php?doing_wp_cron=1782163048.8054258823394775390625 HTTP/1.1" 200 1 "-" "WordPress/7.0; https://brescia.elettroservicegroup.it"
66.249.64.229 - - [22/Jun/2026:23:17:27 +0200] "GET /?p=16020 HTTP/1.1" 404 17873 "-" "Mozilla/5.0 (Linux; Android 6.0.1; Nexus 5X Build/MMB29P) AppleWebKit/537.36 (KHTML, like Gecko) Chrome/148.0.7778.96 Mobile Safari/537.36 (compatible; Googlebot/2.1; +http://www.google.com/bot.html)"
66.249.64.229 - - [22/Jun/2026:23:17:53 +0200] "GET /?p=15861 HTTP/1.1" 404 17873 "-" "Mozilla/5.0 (Linux; Android 6.0.1; Nexus 5X Build/MMB29P) AppleWebKit/537.36 (KHTML, like Gecko) Chrome/148.0.7778.96 Mobile Safari/537.36 (compatible; Googlebot/2.1; +http://www.google.com/bot.html)"
74.7.243.200 - - [22/Jun/2026:23:41:10 +0200] "GET /sitemap.xml HTTP/2.0" 415 338 "-" "Mozilla/5.0 AppleWebKit/537.36 (KHTML, like Gecko; compatible; GPTBot/1.4; +https://openai.com/gptbot)"
65.108.235.243 - - [22/Jun/2026:23:41:13 +0200] "POST /wp-cron.php?doing_wp_cron=1782164473.3138310909271240234375 HTTP/1.1" 200 1 "-" "WordPress/7.0; https://brescia.elettroservicegroup.it"
74.7.241.133 - - [22/Jun/2026:23:41:11 +0200] "GET /robots.txt HTTP/2.0" 200 106 "-" "Mozilla/5.0 (Macintosh; Intel Mac OS X 10_15_7) AppleWebKit/537.36 (KHTML, like Gecko) Chrome/131.0.0.0 Safari/537.36; compatible; OAI-SearchBot/1.4; robots.txt; +https://openai.com/searchbot"
65.108.235.243 - - [22/Jun/2026:23:42:56 +0200] "POST /wp-cron.php?doing_wp_cron=1782164576.7125380039215087890625 HTTP/1.1" 200 1 "-" "WordPress/7.0; https://brescia.elettroservicegroup.it"
74.7.243.200 - - [22/Jun/2026:23:42:54 +0200] "GET /sitemap.rss HTTP/2.0" 404 383 "-" "Mozilla/5.0 AppleWebKit/537.36 (KHTML, like Gecko; compatible; GPTBot/1.4; +https://openai.com/gptbot)"
65.108.235.243 - - [22/Jun/2026:23:52:35 +0200] "POST /wp-cron.php?doing_wp_cron=1782165154.9133429527282714843750 HTTP/1.1" 200 1 "-" "WordPress/7.0; https://brescia.elettroservicegroup.it"
66.249.64.231 - - [22/Jun/2026:23:52:26 +0200] "GET /?p=16338 HTTP/1.1" 404 17873 "-" "Mozilla/5.0 (Linux; Android 6.0.1; Nexus 5X Build/MMB29P) AppleWebKit/537.36 (KHTML, like Gecko) Chrome/148.0.7778.96 Mobile Safari/537.36 (compatible; Googlebot/2.1; +http://www.google.com/bot.html)"
65.108.235.243 - - [22/Jun/2026:23:57:09 +0200] "POST /wp-cron.php?doing_wp_cron=1782165429.5200240612030029296875 HTTP/1.1" 200 1 "-" "WordPress/7.0; https://brescia.elettroservicegroup.it"
66.249.64.231 - - [22/Jun/2026:23:57:07 +0200] "GET /?p=15656 HTTP/1.1" 404 17873 "-" "Mozilla/5.0 (Linux; Android 6.0.1; Nexus 5X Build/MMB29P) AppleWebKit/537.36 (KHTML, like Gecko) Chrome/148.0.7778.96 Mobile Safari/537.36 (compatible; Googlebot/2.1; +http://www.google.com/bot.html)"
65.108.235.243 - - [23/Jun/2026:00:02:34 +0200] "POST /wp-cron.php?doing_wp_cron=1782165754.0082828998565673828125 HTTP/1.1" 200 1 "-" "WordPress/7.0; https://brescia.elettroservicegroup.it"
66.249.64.230 - - [23/Jun/2026:00:02:30 +0200] "GET /?p=16688 HTTP/1.1" 404 17873 "-" "Mozilla/5.0 (Linux; Android 6.0.1; Nexus 5X Build/MMB29P) AppleWebKit/537.36 (KHTML, like Gecko) Chrome/148.0.7778.96 Mobile Safari/537.36 (compatible; Googlebot/2.1; +http://www.google.com/bot.html)"
66.249.64.229 - - [23/Jun/2026:00:03:19 +0200] "GET /?p=16206 HTTP/1.1" 404 17873 "-" "Mozilla/5.0 (Linux; Android 6.0.1; Nexus 5X Build/MMB29P) AppleWebKit/537.36 (KHTML, like Gecko) Chrome/148.0.7778.96 Mobile Safari/537.36 (compatible; Googlebot/2.1; +http://www.google.com/bot.html)"
65.108.235.243 - - [23/Jun/2026:00:20:59 +0200] "POST /wp-cron.php?doing_wp_cron=1782166859.6151020526885986328125 HTTP/1.1" 200 1 "-" "WordPress/7.0; https://brescia.elettroservicegroup.it"
66.249.64.229 - - [23/Jun/2026:00:20:56 +0200] "GET /?p=16309 HTTP/1.1" 404 17873 "-" "Mozilla/5.0 (Linux; Android 6.0.1; Nexus 5X Build/MMB29P) AppleWebKit/537.36 (KHTML, like Gecko) Chrome/148.0.7778.96 Mobile Safari/537.36 (compatible; Googlebot/2.1; +http://www.google.com/bot.html)"
65.108.235.243 - - [23/Jun/2026:00:21:00 +0200] "POST /wp-json/complianz/v1/wsc-scan HTTP/1.1" 400 88 "-" "WordPress/7.0; https://brescia.elettroservicegroup.it"
65.108.235.243 - - [23/Jun/2026:00:21:28 +0200] "POST /wp-cron.php?doing_wp_cron=1782166888.4127509593963623046875 HTTP/1.1" 200 1 "-" "WordPress/7.0; https://brescia.elettroservicegroup.it"
66.249.64.230 - - [23/Jun/2026:00:21:26 +0200] "GET /?p=15787 HTTP/1.1" 404 17873 "-" "Mozilla/5.0 (Linux; Android 6.0.1; Nexus 5X Build/MMB29P) AppleWebKit/537.36 (KHTML, like Gecko) Chrome/148.0.7778.96 Mobile Safari/537.36 (compatible; Googlebot/2.1; +http://www.google.com/bot.html)"
65.108.235.243 - - [23/Jun/2026:00:23:09 +0200] "POST /wp-cron.php?doing_wp_cron=1782166989.0718450546264648437500 HTTP/1.1" 200 1 "-" "WordPress/7.0; https://brescia.elettroservicegroup.it"
66.249.64.229 - - [23/Jun/2026:00:23:07 +0200] "GET /?p=16756 HTTP/1.1" 404 17873 "-" "Mozilla/5.0 (Linux; Android 6.0.1; Nexus 5X Build/MMB29P) AppleWebKit/537.36 (KHTML, like Gecko) Chrome/148.0.7778.96 Mobile Safari/537.36 (compatible; Googlebot/2.1; +http://www.google.com/bot.html)"