65.108.235.243 - - [08/Jul/2026:14:34:40 +0200] "POST /wp-cron.php?doing_wp_cron=1783514080.7551889419555664062500 HTTP/1.1" 200 1 "-" "WordPress/7.0; https://piacenza.elettroservicegroup.it"
216.73.216.187 - - [08/Jul/2026:14:34:34 +0200] "GET /robots.txt HTTP/2.0" 200 108 "-" "Mozilla/5.0 AppleWebKit/537.36 (KHTML, like Gecko; compatible; ClaudeBot/1.0; +claudebot@anthropic.com)"
65.108.235.243 - - [08/Jul/2026:14:34:42 +0200] "POST /wp-json/complianz/v1/wsc-scan HTTP/1.1" 400 88 "-" "WordPress/7.0; https://piacenza.elettroservicegroup.it"
65.108.235.243 - - [08/Jul/2026:14:34:44 +0200] "GET /imprint/ HTTP/1.1" 200 17184 "-" "WP Fastest Cache Preload Bot"
216.73.216.187 - - [08/Jul/2026:14:34:47 +0200] "GET /sitemap.rss HTTP/2.0" 200 1299 "-" "Mozilla/5.0 AppleWebKit/537.36 (KHTML, like Gecko; compatible; ClaudeBot/1.0; +claudebot@anthropic.com)"
65.108.235.243 - - [08/Jul/2026:14:34:47 +0200] "GET /dichiarazione-sulla-privacy-ue/ HTTP/1.1" 200 19673 "-" "WP Fastest Cache Preload Bot"
65.108.235.243 - - [08/Jul/2026:14:34:48 +0200] "GET /assistenza-whirlpool-piacenza/ HTTP/1.1" 200 21850 "-" "WP Fastest Cache Preload Bot"
65.108.235.243 - - [08/Jul/2026:14:34:48 +0200] "GET /assistenza-smeg-piacenza/ HTTP/1.1" 200 21797 "-" "WP Fastest Cache Preload Bot"
43.157.22.57 - - [08/Jul/2026:14:44:28 +0200] "GET / HTTP/1.1" 200 23700 "http://piacenza.elettroservicegroup.it" "Mozilla/5.0 (iPhone; CPU iPhone OS 13_2_3 like Mac OS X) AppleWebKit/605.1.15 (KHTML, like Gecko) Version/13.0.3 Mobile/15E148 Safari/604.1"
65.108.235.243 - - [08/Jul/2026:14:44:28 +0200] "GET /assistenza-siemens-piacenza/ HTTP/1.1" 200 21990 "-" "WP Fastest Cache Preload Bot"
65.108.235.243 - - [08/Jul/2026:14:44:32 +0200] "GET /assistenza-rex-electrolux-piacenza/ HTTP/1.1" 200 21840 "-" "WP Fastest Cache Preload Bot"
65.108.235.243 - - [08/Jul/2026:14:44:35 +0200] "GET /assistenza-miele-piacenza/ HTTP/1.1" 200 22093 "-" "WP Fastest Cache Preload Bot"
65.108.235.243 - - [08/Jul/2026:14:44:37 +0200] "GET /assistenza-lavatrici-whirlpool-piacenza/ HTTP/1.1" 200 21954 "-" "WP Fastest Cache Preload Bot"
65.108.235.243 - - [08/Jul/2026:14:51:26 +0200] "POST /wp-cron.php?doing_wp_cron=1783515086.2611811161041259765625 HTTP/1.1" 200 1 "-" "WordPress/7.0; https://piacenza.elettroservicegroup.it"
216.73.216.187 - - [08/Jul/2026:14:51:24 +0200] "GET /sitemap.rss HTTP/2.0" 200 1298 "-" "Mozilla/5.0 AppleWebKit/537.36 (KHTML, like Gecko; compatible; ClaudeBot/1.0; +claudebot@anthropic.com)"
65.108.235.243 - - [08/Jul/2026:14:51:27 +0200] "GET /assistenza-lavatrici-smeg-piacenza/ HTTP/1.1" 200 21700 "-" "WP Fastest Cache Preload Bot"
65.108.235.243 - - [08/Jul/2026:14:51:29 +0200] "GET /assistenza-lavatrici-rex-electrolux-piacenza/ HTTP/1.1" 200 21677 "-" "WP Fastest Cache Preload Bot"
65.108.235.243 - - [08/Jul/2026:14:51:31 +0200] "GET /assistenza-lavatrici-indesit-piacenza/ HTTP/1.1" 200 21700 "-" "WP Fastest Cache Preload Bot"
65.108.235.243 - - [08/Jul/2026:14:51:33 +0200] "GET /assistenza-lavatrici-bosch-piacenza/ HTTP/1.1" 200 21745 "-" "WP Fastest Cache Preload Bot"
65.108.235.243 - - [08/Jul/2026:15:01:50 +0200] "POST /wp-cron.php?doing_wp_cron=1783515710.1673069000244140625000 HTTP/1.1" 200 1 "-" "WordPress/7.0; https://piacenza.elettroservicegroup.it"
216.73.216.187 - - [08/Jul/2026:15:01:48 +0200] "GET /feed/?attachment_id=15683 HTTP/2.0" 200 399 "-" "Mozilla/5.0 AppleWebKit/537.36 (KHTML, like Gecko; compatible; ClaudeBot/1.0; +claudebot@anthropic.com)"
65.108.235.243 - - [08/Jul/2026:15:01:52 +0200] "GET /assistenza-lavatrici-ariston-piacenza/ HTTP/1.1" 200 21765 "-" "WP Fastest Cache Preload Bot"
65.108.235.243 - - [08/Jul/2026:15:01:54 +0200] "GET /assistenza-lavatrici-aeg-piacenza/ HTTP/1.1" 200 21772 "-" "WP Fastest Cache Preload Bot"
65.108.235.243 - - [08/Jul/2026:15:01:56 +0200] "GET /assistenza-lavatrici-piacenza/ HTTP/1.1" 200 22014 "-" "WP Fastest Cache Preload Bot"
65.108.235.243 - - [08/Jul/2026:15:01:59 +0200] "GET /assistenza-lavastoviglie-whirlpool-piacenza/ HTTP/1.1" 200 21716 "-" "WP Fastest Cache Preload Bot"
65.108.235.243 - - [08/Jul/2026:15:07:35 +0200] "POST /wp-cron.php?doing_wp_cron=1783516055.1539549827575683593750 HTTP/1.1" 200 1 "-" "WordPress/7.0; https://piacenza.elettroservicegroup.it"
216.73.216.187 - - [08/Jul/2026:15:07:33 +0200] "GET /sitemap.rss HTTP/2.0" 200 1298 "-" "Mozilla/5.0 AppleWebKit/537.36 (KHTML, like Gecko; compatible; ClaudeBot/1.0; +claudebot@anthropic.com)"
65.108.235.243 - - [08/Jul/2026:15:07:35 +0200] "GET /assistenza-lavastoviglie-smeg-piacenza/ HTTP/1.1" 200 21662 "-" "WP Fastest Cache Preload Bot"
65.108.235.243 - - [08/Jul/2026:15:07:36 +0200] "GET /assistenza-lavastoviglie-rex-electrolux-piacenza/ HTTP/1.1" 200 21622 "-" "WP Fastest Cache Preload Bot"
65.108.235.243 - - [08/Jul/2026:15:07:38 +0200] "GET /assistenza-lavastoviglie-indesit-piacenza/ HTTP/1.1" 200 22124 "-" "WP Fastest Cache Preload Bot"
65.108.235.243 - - [08/Jul/2026:15:07:39 +0200] "GET /assistenza-lavastoviglie-bosch-piacenza/ HTTP/1.1" 200 22146 "-" "WP Fastest Cache Preload Bot"
46.137.21.217 - - [08/Jul/2026:15:09:11 +0200] "GET / HTTP/1.0" 200 159258 "-" "Mozilla/5.0 (compatible; NetcraftSurveyAgent/1.0; +info@netcraft.com)"
178.95.173.42 - - [08/Jul/2026:15:39:03 +0200] "GET / HTTP/1.1" 200 23700 "https://reggio-emilia.elettroservicegroup.it" "Mozilla/5.0 (Macintosh; Intel Mac OS X 10_15_7) AppleWebKit/537.36 (KHTML, like Gecko) Chrome/131.0.0.0 Safari/537.36"
65.108.235.243 - - [08/Jul/2026:16:16:49 +0200] "POST /wp-cron.php?doing_wp_cron=1783520209.6541819572448730468750 HTTP/1.1" 200 1 "-" "WordPress/7.0; https://piacenza.elettroservicegroup.it"
17.22.237.125 - - [08/Jul/2026:16:16:45 +0200] "GET /robots.txt HTTP/2.0" 200 132 "-" "Mozilla/5.0 (Macintosh; Intel Mac OS X 10_15_7) AppleWebKit/605.1.15 (KHTML, like Gecko) Version/17.4 Safari/605.1.15 (Applebot/0.1; +http://www.apple.com/go/applebot)"
17.22.237.125 - - [08/Jul/2026:16:16:50 +0200] "GET /feed/?attachment_id=15831 HTTP/2.0" 200 456 "-" "Mozilla/5.0 (Macintosh; Intel Mac OS X 10_15_7) AppleWebKit/605.1.15 (KHTML, like Gecko) Version/17.4 Safari/605.1.15 (Applebot/0.1; +http://www.apple.com/go/applebot)"
65.108.235.243 - - [08/Jul/2026:16:16:51 +0200] "GET /assistenza-lavastoviglie-ariston-piacenza/ HTTP/1.1" 200 22084 "-" "WP Fastest Cache Preload Bot"
65.108.235.243 - - [08/Jul/2026:16:16:53 +0200] "GET /assistenza-lavastoviglie-aeg-piacenza/ HTTP/1.1" 200 22141 "-" "WP Fastest Cache Preload Bot"
65.108.235.243 - - [08/Jul/2026:16:16:54 +0200] "GET /assistenza-lavastoviglie-piacenza/ HTTP/1.1" 200 21788 "-" "WP Fastest Cache Preload Bot"
65.108.235.243 - - [08/Jul/2026:16:16:55 +0200] "GET /assistenza-indesit-piacenza/ HTTP/1.1" 200 21798 "-" "WP Fastest Cache Preload Bot"
65.108.235.243 - - [08/Jul/2026:16:16:56 +0200] "POST /wp-json/complianz/v1/wsc-scan HTTP/1.1" 400 88 "-" "WordPress/7.0; https://piacenza.elettroservicegroup.it"
65.108.235.243 - - [08/Jul/2026:17:25:36 +0200] "POST /wp-cron.php?doing_wp_cron=1783524336.7405929565429687500000 HTTP/1.1" 200 1 "-" "WordPress/7.0; https://piacenza.elettroservicegroup.it"
216.73.216.187 - - [08/Jul/2026:17:25:30 +0200] "GET /robots.txt HTTP/2.0" 200 108 "-" "Mozilla/5.0 AppleWebKit/537.36 (KHTML, like Gecko; compatible; ClaudeBot/1.0; +claudebot@anthropic.com)"
65.108.235.243 - - [08/Jul/2026:17:25:38 +0200] "POST /wp-json/complianz/v1/wsc-scan HTTP/1.1" 400 88 "-" "WordPress/7.0; https://piacenza.elettroservicegroup.it"
65.108.235.243 - - [08/Jul/2026:17:25:40 +0200] "GET /assistenza-candy-piacenza/ HTTP/1.1" 200 21887 "-" "WP Fastest Cache Preload Bot"
65.108.235.243 - - [08/Jul/2026:17:25:43 +0200] "GET /assistenza-bosch-piacenza/ HTTP/1.1" 200 21893 "-" "WP Fastest Cache Preload Bot"
65.108.235.243 - - [08/Jul/2026:17:25:47 +0200] "GET /assistenza-ariston-piacenza/ HTTP/1.1" 200 21881 "-" "WP Fastest Cache Preload Bot"
65.108.235.243 - - [08/Jul/2026:17:25:50 +0200] "GET /assistenza-aeg-piacenza/ HTTP/1.1" 200 21884 "-" "WP Fastest Cache Preload Bot"
65.108.235.243 - - [08/Jul/2026:17:25:59 +0200] "GET /?wp_scrape_key=361ada46560801698318a65887b76d45&wp_scrape_nonce=1783524357 HTTP/1.1" 200 21956 "-" "WordPress/7.0; https://piacenza.elettroservicegroup.it"
65.108.235.243 - - [08/Jul/2026:17:26:13 +0200] "POST /wp-cron.php?doing_wp_cron=1783524373.0634989738464355468750 HTTP/1.1" 200 1 "-" "WordPress/7.0; https://piacenza.elettroservicegroup.it"
216.73.216.187 - - [08/Jul/2026:17:26:12 +0200] "GET /feed/?attachment_id=15726 HTTP/2.0" 200 409 "-" "Mozilla/5.0 AppleWebKit/537.36 (KHTML, like Gecko; compatible; ClaudeBot/1.0; +claudebot@anthropic.com)"
65.108.235.243 - - [08/Jul/2026:17:38:54 +0200] "POST /wp-cron.php?doing_wp_cron=1783525134.1508729457855224609375 HTTP/1.1" 200 1 "-" "WordPress/7.0; https://piacenza.elettroservicegroup.it"
40.77.167.121 - - [08/Jul/2026:17:38:47 +0200] "GET /sitemap.xml HTTP/2.0" 200 331 "-" "Mozilla/5.0 AppleWebKit/537.36 (KHTML, like Gecko; compatible; bingbot/2.0; +http://www.bing.com/bingbot.htm) Chrome/116.0.1938.76 Safari/537.36"
65.108.235.243 - - [08/Jul/2026:17:38:55 +0200] "GET /cookie-policy/ HTTP/1.1" 200 18022 "-" "WP Fastest Cache Preload Bot"
65.108.235.243 - - [08/Jul/2026:17:38:57 +0200] "GET /termini-e-condizioni/ HTTP/1.1" 200 17577 "-" "WP Fastest Cache Preload Bot"
65.108.235.243 - - [08/Jul/2026:17:39:00 +0200] "GET /cookie-policy-ue/ HTTP/1.1" 200 19440 "-" "WP Fastest Cache Preload Bot"
65.108.235.243 - - [08/Jul/2026:17:39:02 +0200] "GET /informativa-privacy/ HTTP/1.1" 200 19828 "-" "WP Fastest Cache Preload Bot"
43.159.152.184 - - [08/Jul/2026:18:17:30 +0200] "GET / HTTP/1.1" 200 23700 "http://piacenza.elettroservicegroup.it" "Mozilla/5.0 (iPhone; CPU iPhone OS 13_2_3 like Mac OS X) AppleWebKit/605.1.15 (KHTML, like Gecko) Version/13.0.3 Mobile/15E148 Safari/604.1"
65.108.235.243 - - [08/Jul/2026:18:17:30 +0200] "GET /assistenza-frigoriferi/ HTTP/1.1" 200 19893 "-" "WP Fastest Cache Preload Bot"
65.108.235.243 - - [08/Jul/2026:18:17:34 +0200] "GET /assistenza-lavastoviglie/ HTTP/1.1" 200 19950 "-" "WP Fastest Cache Preload Bot"
65.108.235.243 - - [08/Jul/2026:18:17:35 +0200] "GET /assistenza-asciugatrici/ HTTP/1.1" 200 19705 "-" "WP Fastest Cache Preload Bot"
65.108.235.243 - - [08/Jul/2026:18:17:38 +0200] "GET /assistenza-lavatrici/ HTTP/1.1" 200 19444 "-" "WP Fastest Cache Preload Bot"
65.108.235.243 - - [08/Jul/2026:18:38:55 +0200] "POST /wp-cron.php?doing_wp_cron=1783528735.8481199741363525390625 HTTP/1.1" 200 1 "-" "WordPress/7.0; https://piacenza.elettroservicegroup.it"
52.167.144.184 - - [08/Jul/2026:18:38:48 +0200] "GET /sitemap.rss HTTP/2.0" 200 1298 "-" "Mozilla/5.0 AppleWebKit/537.36 (KHTML, like Gecko; compatible; bingbot/2.0; +http://www.bing.com/bingbot.htm) Chrome/116.0.1938.76 Safari/537.36"
65.108.235.243 - - [08/Jul/2026:18:38:57 +0200] "POST /wp-json/complianz/v1/wsc-scan HTTP/1.1" 400 88 "-" "WordPress/7.0; https://piacenza.elettroservicegroup.it"
65.108.235.243 - - [08/Jul/2026:18:38:58 +0200] "GET / HTTP/1.1" 200 21817 "-" "WP Fastest Cache Preload Bot"
65.108.235.243 - - [08/Jul/2026:18:52:20 +0200] "POST /wp-cron.php?doing_wp_cron=1783529540.9646639823913574218750 HTTP/1.1" 200 1 "-" "WordPress/7.0; https://piacenza.elettroservicegroup.it"
66.249.64.166 - - [08/Jul/2026:18:52:16 +0200] "GET /robots.txt HTTP/1.1" 200 108 "-" "Mozilla/5.0 (compatible; Googlebot/2.1; +http://www.google.com/bot.html)"
66.249.64.166 - - [08/Jul/2026:18:52:21 +0200] "GET /page-sitemap.xml HTTP/1.1" 200 1723 "-" "Mozilla/5.0 (compatible; Googlebot/2.1; +http://www.google.com/bot.html)"
65.108.235.243 - - [08/Jul/2026:19:05:21 +0200] "POST /wp-cron.php?doing_wp_cron=1783530321.7858960628509521484375 HTTP/1.1" 200 1 "-" "WordPress/7.0; https://piacenza.elettroservicegroup.it"
40.77.167.151 - - [08/Jul/2026:19:05:19 +0200] "GET /sitemap.xml HTTP/2.0" 200 331 "-" "Mozilla/5.0 AppleWebKit/537.36 (KHTML, like Gecko; compatible; bingbot/2.0; +http://www.bing.com/bingbot.htm) Chrome/116.0.1938.76 Safari/537.36"
65.108.235.243 - - [08/Jul/2026:19:05:22 +0200] "GET /imprint/ HTTP/1.1" 200 17188 "-" "WP Fastest Cache Preload Bot"
65.108.235.243 - - [08/Jul/2026:19:05:23 +0200] "GET /dichiarazione-sulla-privacy-ue/ HTTP/1.1" 200 19692 "-" "WP Fastest Cache Preload Bot"
65.108.235.243 - - [08/Jul/2026:19:05:24 +0200] "GET /assistenza-whirlpool-piacenza/ HTTP/1.1" 200 21859 "-" "WP Fastest Cache Preload Bot"
65.108.235.243 - - [08/Jul/2026:19:05:26 +0200] "GET /assistenza-smeg-piacenza/ HTTP/1.1" 200 21807 "-" "WP Fastest Cache Preload Bot"
65.108.235.243 - - [08/Jul/2026:19:05:27 +0200] "GET / HTTP/1.1" 200 21817 "-" "WP Fastest Cache Preload Bot"
65.108.235.243 - - [08/Jul/2026:19:09:04 +0200] "POST /wp-cron.php?doing_wp_cron=1783530544.2660100460052490234375 HTTP/1.1" 200 1 "-" "WordPress/7.0; https://piacenza.elettroservicegroup.it"
66.249.64.166 - - [08/Jul/2026:19:09:01 +0200] "GET /?p=17383 HTTP/1.1" 404 16242 "-" "Mozilla/5.0 (Linux; Android 6.0.1; Nexus 5X Build/MMB29P) AppleWebKit/537.36 (KHTML, like Gecko) Chrome/150.0.7871.46 Mobile Safari/537.36 (compatible; Googlebot/2.1; +http://www.google.com/bot.html)"
65.108.235.243 - - [08/Jul/2026:20:01:52 +0200] "GET /imprint/ HTTP/1.1" 200 17192 "-" "WP Fastest Cache Preload Bot"
65.108.235.243 - - [08/Jul/2026:20:01:53 +0200] "GET /dichiarazione-sulla-privacy-ue/ HTTP/1.1" 200 19694 "-" "WP Fastest Cache Preload Bot"
65.108.235.243 - - [08/Jul/2026:20:01:53 +0200] "GET /assistenza-whirlpool-piacenza/ HTTP/1.1" 200 21859 "-" "WP Fastest Cache Preload Bot"
65.108.235.243 - - [08/Jul/2026:20:01:54 +0200] "GET /assistenza-smeg-piacenza/ HTTP/1.1" 200 21807 "-" "WP Fastest Cache Preload Bot"
65.108.235.243 - - [08/Jul/2026:20:01:55 +0200] "POST /wp-json/complianz/v1/wsc-scan HTTP/1.1" 400 88 "-" "WordPress/7.0; https://piacenza.elettroservicegroup.it"
65.108.235.243 - - [08/Jul/2026:20:17:04 +0200] "GET /assistenza-siemens-piacenza/ HTTP/1.1" 200 21995 "-" "WP Fastest Cache Preload Bot"
65.108.235.243 - - [08/Jul/2026:20:17:07 +0200] "GET /assistenza-rex-electrolux-piacenza/ HTTP/1.1" 200 21849 "-" "WP Fastest Cache Preload Bot"
65.108.235.243 - - [08/Jul/2026:20:17:10 +0200] "GET /assistenza-miele-piacenza/ HTTP/1.1" 200 22099 "-" "WP Fastest Cache Preload Bot"
65.108.235.243 - - [08/Jul/2026:20:17:14 +0200] "GET /assistenza-lavatrici-whirlpool-piacenza/ HTTP/1.1" 200 21961 "-" "WP Fastest Cache Preload Bot"
65.108.235.243 - - [08/Jul/2026:20:48:29 +0200] "GET /assistenza-lavatrici-smeg-piacenza/ HTTP/1.1" 200 21710 "-" "WP Fastest Cache Preload Bot"
65.108.235.243 - - [08/Jul/2026:20:48:30 +0200] "GET /assistenza-lavatrici-rex-electrolux-piacenza/ HTTP/1.1" 200 21684 "-" "WP Fastest Cache Preload Bot"
65.108.235.243 - - [08/Jul/2026:20:48:32 +0200] "GET /assistenza-lavatrici-indesit-piacenza/ HTTP/1.1" 200 21705 "-" "WP Fastest Cache Preload Bot"
65.108.235.243 - - [08/Jul/2026:20:48:35 +0200] "GET /assistenza-lavatrici-bosch-piacenza/ HTTP/1.1" 200 21752 "-" "WP Fastest Cache Preload Bot"
65.108.235.243 - - [08/Jul/2026:21:05:51 +0200] "GET /assistenza-lavatrici-ariston-piacenza/ HTTP/1.1" 200 21771 "-" "WP Fastest Cache Preload Bot"
65.108.235.243 - - [08/Jul/2026:21:05:54 +0200] "GET /assistenza-lavatrici-aeg-piacenza/ HTTP/1.1" 200 21781 "-" "WP Fastest Cache Preload Bot"
65.108.235.243 - - [08/Jul/2026:21:05:54 +0200] "GET /assistenza-lavatrici-piacenza/ HTTP/1.1" 200 22021 "-" "WP Fastest Cache Preload Bot"
65.108.235.243 - - [08/Jul/2026:21:05:55 +0200] "GET /assistenza-lavastoviglie-whirlpool-piacenza/ HTTP/1.1" 200 21724 "-" "WP Fastest Cache Preload Bot"
65.108.235.243 - - [08/Jul/2026:21:06:00 +0200] "POST /wp-admin/admin-ajax.php?action=wordfence_testAjax HTTP/1.1" 200 16 "-" "WordPress/7.0; https://piacenza.elettroservicegroup.it"
65.108.235.243 - - [08/Jul/2026:21:06:01 +0200] "GET /wp-admin/admin-ajax.php?action=wordfence_doScan&isFork=0&scanMode=quick&cronKey=79ea9b97a4985a83a43632ea3565d1f7&signature=e6ed7f1f32f0354af7306e4df89063d96206391e367cae373d16adb7c4ff539b HTTP/1.1" 200 1 "-" "WordPress/7.0; https://piacenza.elettroservicegroup.it"
65.108.235.243 - - [08/Jul/2026:21:06:02 +0200] "POST /wp-json/complianz/v1/wsc-scan HTTP/1.1" 400 88 "-" "WordPress/7.0; https://piacenza.elettroservicegroup.it"
168.0.212.14 - - [08/Jul/2026:21:10:28 +0200] "POST /xmlrpc.php HTTP/1.1" 403 52 "-" "Mozilla/5.0 (Windows NT 10.0; Win64; x64) AppleWebKit/537.36 (KHTML, like Gecko) Chrome/121.0.0.0 Safari/537.36"
168.0.212.14 - - [08/Jul/2026:21:10:29 +0200] "POST /xmlrpc.php HTTP/1.1" 403 52 "-" "Mozilla/5.0 (Windows NT 10.0; Win64; x64) AppleWebKit/537.36 (KHTML, like Gecko) Chrome/121.0.0.0 Safari/537.36"
168.0.212.14 - - [08/Jul/2026:21:10:30 +0200] "POST /xmlrpc.php HTTP/1.1" 403 52 "-" "Mozilla/5.0 (Windows NT 10.0; Win64; x64) AppleWebKit/537.36 (KHTML, like Gecko) Chrome/121.0.0.0 Safari/537.36"
168.0.212.6 - - [08/Jul/2026:21:10:31 +0200] "POST /xmlrpc.php HTTP/1.1" 403 52 "-" "Mozilla/5.0 (Windows NT 10.0; Win64; x64) AppleWebKit/537.36 (KHTML, like Gecko) Chrome/121.0.0.0 Safari/537.36"
168.0.212.6 - - [08/Jul/2026:21:10:32 +0200] "POST /xmlrpc.php HTTP/1.1" 403 52 "-" "Mozilla/5.0 (Windows NT 10.0; Win64; x64) AppleWebKit/537.36 (KHTML, like Gecko) Chrome/121.0.0.0 Safari/537.36"
168.0.212.6 - - [08/Jul/2026:21:10:33 +0200] "POST /xmlrpc.php HTTP/1.1" 403 52 "-" "Mozilla/5.0 (Windows NT 10.0; Win64; x64) AppleWebKit/537.36 (KHTML, like Gecko) Chrome/121.0.0.0 Safari/537.36"
168.0.212.251 - - [08/Jul/2026:21:10:34 +0200] "POST /xmlrpc.php HTTP/1.1" 403 52 "-" "Mozilla/5.0 (Windows NT 10.0; Win64; x64) AppleWebKit/537.36 (KHTML, like Gecko) Chrome/121.0.0.0 Safari/537.36"
168.0.212.251 - - [08/Jul/2026:21:10:35 +0200] "POST /xmlrpc.php HTTP/1.1" 403 52 "-" "Mozilla/5.0 (Windows NT 10.0; Win64; x64) AppleWebKit/537.36 (KHTML, like Gecko) Chrome/121.0.0.0 Safari/537.36"
168.0.212.251 - - [08/Jul/2026:21:10:36 +0200] "POST /xmlrpc.php HTTP/1.1" 403 52 "-" "Mozilla/5.0 (Windows NT 10.0; Win64; x64) AppleWebKit/537.36 (KHTML, like Gecko) Chrome/121.0.0.0 Safari/537.36"
168.0.212.240 - - [08/Jul/2026:21:10:37 +0200] "POST /xmlrpc.php HTTP/1.1" 403 52 "-" "Mozilla/5.0 (Windows NT 10.0; Win64; x64) AppleWebKit/537.36 (KHTML, like Gecko) Chrome/121.0.0.0 Safari/537.36"
168.0.212.240 - - [08/Jul/2026:21:10:38 +0200] "POST /xmlrpc.php HTTP/1.1" 403 52 "-" "Mozilla/5.0 (Windows NT 10.0; Win64; x64) AppleWebKit/537.36 (KHTML, like Gecko) Chrome/121.0.0.0 Safari/537.36"
168.0.212.240 - - [08/Jul/2026:21:10:39 +0200] "POST /xmlrpc.php HTTP/1.1" 403 52 "-" "Mozilla/5.0 (Windows NT 10.0; Win64; x64) AppleWebKit/537.36 (KHTML, like Gecko) Chrome/121.0.0.0 Safari/537.36"
168.0.212.138 - - [08/Jul/2026:21:10:40 +0200] "POST /xmlrpc.php HTTP/1.1" 403 52 "-" "Mozilla/5.0 (Windows NT 10.0; Win64; x64) AppleWebKit/537.36 (KHTML, like Gecko) Chrome/121.0.0.0 Safari/537.36"
168.0.212.138 - - [08/Jul/2026:21:10:41 +0200] "POST /xmlrpc.php HTTP/1.1" 403 52 "-" "Mozilla/5.0 (Windows NT 10.0; Win64; x64) AppleWebKit/537.36 (KHTML, like Gecko) Chrome/121.0.0.0 Safari/537.36"
168.0.212.138 - - [08/Jul/2026:21:10:42 +0200] "POST /xmlrpc.php HTTP/1.1" 403 52 "-" "Mozilla/5.0 (Windows NT 10.0; Win64; x64) AppleWebKit/537.36 (KHTML, like Gecko) Chrome/121.0.0.0 Safari/537.36"
65.108.235.243 - - [08/Jul/2026:21:22:45 +0200] "GET /assistenza-lavastoviglie-smeg-piacenza/ HTTP/1.1" 200 21668 "-" "WP Fastest Cache Preload Bot"
65.108.235.243 - - [08/Jul/2026:21:22:46 +0200] "GET /assistenza-lavastoviglie-rex-electrolux-piacenza/ HTTP/1.1" 200 21627 "-" "WP Fastest Cache Preload Bot"
65.108.235.243 - - [08/Jul/2026:21:22:48 +0200] "GET /assistenza-lavastoviglie-indesit-piacenza/ HTTP/1.1" 200 22130 "-" "WP Fastest Cache Preload Bot"
65.108.235.243 - - [08/Jul/2026:21:22:50 +0200] "GET /assistenza-lavastoviglie-bosch-piacenza/ HTTP/1.1" 200 22154 "-" "WP Fastest Cache Preload Bot"
65.108.235.243 - - [08/Jul/2026:21:26:21 +0200] "GET /assistenza-lavastoviglie-ariston-piacenza/ HTTP/1.1" 200 22091 "-" "WP Fastest Cache Preload Bot"
65.108.235.243 - - [08/Jul/2026:21:26:22 +0200] "GET /assistenza-lavastoviglie-aeg-piacenza/ HTTP/1.1" 200 22147 "-" "WP Fastest Cache Preload Bot"
65.108.235.243 - - [08/Jul/2026:21:26:26 +0200] "GET /assistenza-lavastoviglie-piacenza/ HTTP/1.1" 200 21766 "-" "WP Fastest Cache Preload Bot"
65.108.235.243 - - [08/Jul/2026:21:26:29 +0200] "GET /assistenza-indesit-piacenza/ HTTP/1.1" 200 21803 "-" "WP Fastest Cache Preload Bot"
65.108.235.243 - - [08/Jul/2026:21:55:51 +0200] "POST /wp-cron.php?doing_wp_cron=1783540551.6428170204162597656250 HTTP/1.1" 200 1 "-" "WordPress/7.0; https://piacenza.elettroservicegroup.it"
216.73.216.187 - - [08/Jul/2026:21:55:46 +0200] "GET /robots.txt HTTP/2.0" 200 108 "-" "Mozilla/5.0 AppleWebKit/537.36 (KHTML, like Gecko; compatible; ClaudeBot/1.0; +claudebot@anthropic.com)"
65.108.235.243 - - [08/Jul/2026:21:55:54 +0200] "GET /assistenza-candy-piacenza/ HTTP/1.1" 200 21894 "-" "WP Fastest Cache Preload Bot"
65.108.235.243 - - [08/Jul/2026:21:55:56 +0200] "GET /assistenza-bosch-piacenza/ HTTP/1.1" 200 21899 "-" "WP Fastest Cache Preload Bot"
65.108.235.243 - - [08/Jul/2026:21:55:58 +0200] "GET /assistenza-ariston-piacenza/ HTTP/1.1" 200 21890 "-" "WP Fastest Cache Preload Bot"
65.108.235.243 - - [08/Jul/2026:21:56:02 +0200] "GET /assistenza-aeg-piacenza/ HTTP/1.1" 200 21892 "-" "WP Fastest Cache Preload Bot"
43.166.224.244 - - [08/Jul/2026:22:13:03 +0200] "GET / HTTP/1.1" 200 23708 "http://piacenza.elettroservicegroup.it" "Mozilla/5.0 (iPhone; CPU iPhone OS 13_2_3 like Mac OS X) AppleWebKit/605.1.15 (KHTML, like Gecko) Version/13.0.3 Mobile/15E148 Safari/604.1"
65.108.235.243 - - [08/Jul/2026:22:13:04 +0200] "POST /wp-json/complianz/v1/wsc-scan HTTP/1.1" 400 88 "-" "WordPress/7.0; https://piacenza.elettroservicegroup.it"
65.108.235.243 - - [08/Jul/2026:22:13:05 +0200] "GET /cookie-policy/ HTTP/1.1" 200 18022 "-" "WP Fastest Cache Preload Bot"
65.108.235.243 - - [08/Jul/2026:22:13:05 +0200] "GET /termini-e-condizioni/ HTTP/1.1" 200 17577 "-" "WP Fastest Cache Preload Bot"
65.108.235.243 - - [08/Jul/2026:22:13:06 +0200] "GET /cookie-policy-ue/ HTTP/1.1" 200 19433 "-" "WP Fastest Cache Preload Bot"
65.108.235.243 - - [08/Jul/2026:22:13:06 +0200] "GET /informativa-privacy/ HTTP/1.1" 200 19828 "-" "WP Fastest Cache Preload Bot"
66.249.64.165 - - [08/Jul/2026:22:25:26 +0200] "GET /assistenza-siemens-piacenza/ HTTP/1.1" 200 21973 "-" "Mozilla/5.0 (compatible; Googlebot/2.1; +http://www.google.com/bot.html)"
65.108.235.243 - - [08/Jul/2026:23:12:13 +0200] "POST /wp-cron.php?doing_wp_cron=1783545133.9107749462127685546875 HTTP/1.1" 200 1 "-" "WordPress/7.0; https://piacenza.elettroservicegroup.it"
216.73.216.187 - - [08/Jul/2026:23:12:12 +0200] "GET /robots.txt HTTP/2.0" 200 108 "-" "Mozilla/5.0 AppleWebKit/537.36 (KHTML, like Gecko; compatible; ClaudeBot/1.0; +claudebot@anthropic.com)"
216.73.216.187 - - [08/Jul/2026:23:12:14 +0200] "GET /sitemap.rss HTTP/2.0" 200 1298 "-" "Mozilla/5.0 AppleWebKit/537.36 (KHTML, like Gecko; compatible; ClaudeBot/1.0; +claudebot@anthropic.com)"
65.108.235.243 - - [08/Jul/2026:23:12:14 +0200] "GET /assistenza-frigoriferi/ HTTP/1.1" 200 19893 "-" "WP Fastest Cache Preload Bot"
216.73.216.187 - - [08/Jul/2026:23:12:14 +0200] "GET /sitemap.xml HTTP/2.0" 200 332 "-" "Mozilla/5.0 AppleWebKit/537.36 (KHTML, like Gecko; compatible; ClaudeBot/1.0; +claudebot@anthropic.com)"
65.108.235.243 - - [08/Jul/2026:23:12:15 +0200] "GET /assistenza-lavastoviglie/ HTTP/1.1" 200 19950 "-" "WP Fastest Cache Preload Bot"
65.108.235.243 - - [08/Jul/2026:23:12:15 +0200] "GET /assistenza-asciugatrici/ HTTP/1.1" 200 19705 "-" "WP Fastest Cache Preload Bot"
65.108.235.243 - - [08/Jul/2026:23:12:15 +0200] "GET /assistenza-lavatrici/ HTTP/1.1" 200 19444 "-" "WP Fastest Cache Preload Bot"
65.108.235.243 - - [08/Jul/2026:23:45:25 +0200] "POST /wp-cron.php?doing_wp_cron=1783547125.5432600975036621093750 HTTP/1.1" 200 1 "-" "WordPress/7.0; https://piacenza.elettroservicegroup.it"
135.181.138.46 - - [08/Jul/2026:23:45:13 +0200] "GET /robots.txt HTTP/2.0" 200 108 "-" "Mozilla/5.0 (compatible; SeekportBot; +https://bot.seekport.com)"
65.108.235.243 - - [08/Jul/2026:23:45:28 +0200] "POST /wp-json/complianz/v1/wsc-scan HTTP/1.1" 400 88 "-" "WordPress/7.0; https://piacenza.elettroservicegroup.it"
135.181.138.46 - - [08/Jul/2026:23:45:33 +0200] "GET /robots.txt HTTP/2.0" 421 362 "-" "Mozilla/5.0 (compatible; SeekportBot; +https://bot.seekport.com)"
135.181.138.46 - - [08/Jul/2026:23:45:33 +0200] "GET /robots.txt HTTP/2.0" 200 108 "-" "Mozilla/5.0 (compatible; SeekportBot; +https://bot.seekport.com)"
65.108.235.243 - - [08/Jul/2026:23:45:30 +0200] "GET / HTTP/1.1" 200 21817 "-" "WP Fastest Cache Preload Bot"
135.181.138.46 - - [08/Jul/2026:23:45:42 +0200] "GET /assistenza-whirlpool-piacenza/ HTTP/2.0" 200 21837 "-" "Mozilla/5.0 (compatible; SeekportBot; +https://bot.seekport.com)"
135.181.138.46 - - [08/Jul/2026:23:45:42 +0200] "GET /wp-content/uploads/2022/01/COPERTINA-3-300x150.png HTTP/2.0" 200 29437 "https://piacenza.elettroservicegroup.it/assistenza-whirlpool-piacenza/" "Mozilla/5.0 (compatible; SeekportBot; +https://bot.seekport.com)"
135.181.138.46 - - [08/Jul/2026:23:45:42 +0200] "GET /wp-content/uploads/2021/10/cropped-cropped-cropped-logo_white_background.png HTTP/2.0" 200 10924 "https://piacenza.elettroservicegroup.it/assistenza-whirlpool-piacenza/" "Mozilla/5.0 (compatible; SeekportBot; +https://bot.seekport.com)"
135.181.138.46 - - [08/Jul/2026:23:45:42 +0200] "GET /wp-content/cache/wpfc-minified/kajgjpa1/w4sl.js HTTP/2.0" 200 37594 "https://piacenza.elettroservicegroup.it/assistenza-whirlpool-piacenza/" "Mozilla/5.0 (compatible; SeekportBot; +https://bot.seekport.com)"
135.181.138.46 - - [08/Jul/2026:23:45:42 +0200] "GET /wp-content/plugins/elementor/assets/js/webpack.runtime.min.js?ver=4.1.4 HTTP/2.0" 200 2340 "https://piacenza.elettroservicegroup.it/assistenza-whirlpool-piacenza/" "Mozilla/5.0 (compatible; SeekportBot; +https://bot.seekport.com)"
135.181.138.46 - - [08/Jul/2026:23:45:42 +0200] "GET /wp-content/plugins/gp-premium/menu-plus/functions/js/sticky.min.js?ver=2.5.5 HTTP/2.0" 200 2670 "https://piacenza.elettroservicegroup.it/assistenza-whirlpool-piacenza/" "Mozilla/5.0 (compatible; SeekportBot; +https://bot.seekport.com)"
135.181.138.46 - - [08/Jul/2026:23:45:42 +0200] "GET /wp-content/plugins/elementor/assets/js/frontend-modules.min.js?ver=4.1.4 HTTP/2.0" 200 15454 "https://piacenza.elettroservicegroup.it/assistenza-whirlpool-piacenza/" "Mozilla/5.0 (compatible; SeekportBot; +https://bot.seekport.com)"
135.181.138.46 - - [08/Jul/2026:23:45:42 +0200] "GET /wp-content/themes/generatepress/assets/js/back-to-top.min.js?ver=3.6.1 HTTP/2.0" 200 336 "https://piacenza.elettroservicegroup.it/assistenza-whirlpool-piacenza/" "Mozilla/5.0 (compatible; SeekportBot; +https://bot.seekport.com)"
135.181.138.46 - - [08/Jul/2026:23:45:42 +0200] "GET /wp-content/themes/generatepress/assets/js/menu.min.js?ver=3.6.1 HTTP/2.0" 200 1688 "https://piacenza.elettroservicegroup.it/assistenza-whirlpool-piacenza/" "Mozilla/5.0 (compatible; SeekportBot; +https://bot.seekport.com)"
135.181.138.46 - - [08/Jul/2026:23:45:42 +0200] "GET /wp-includes/js/jquery/ui/core.min.js?ver=1.13.3 HTTP/2.0" 200 6820 "https://piacenza.elettroservicegroup.it/assistenza-whirlpool-piacenza/" "Mozilla/5.0 (compatible; SeekportBot; +https://bot.seekport.com)"
135.181.138.46 - - [08/Jul/2026:23:45:42 +0200] "GET /wp-content/plugins/elementor/assets/js/frontend.min.js?ver=4.1.4 HTTP/2.0" 200 10140 "https://piacenza.elettroservicegroup.it/assistenza-whirlpool-piacenza/" "Mozilla/5.0 (compatible; SeekportBot; +https://bot.seekport.com)"
135.181.138.46 - - [08/Jul/2026:23:45:42 +0200] "GET /wp-content/plugins/complianz-gdpr-premium/cookiebanner/js/complianz.min.js?ver=1783097777 HTTP/2.0" 200 10762 "https://piacenza.elettroservicegroup.it/assistenza-whirlpool-piacenza/" "Mozilla/5.0 (compatible; SeekportBot; +https://bot.seekport.com)"
135.181.138.46 - - [08/Jul/2026:23:45:42 +0200] "GET /wp-content/uploads/2022/01/ASCIUGATRICE-TECNIC-3-300x225.jpg HTTP/2.0" 200 16834 "https://piacenza.elettroservicegroup.it/assistenza-whirlpool-piacenza/" "Mozilla/5.0 (compatible; SeekportBot; +https://bot.seekport.com)"
135.181.138.46 - - [08/Jul/2026:23:45:42 +0200] "GET /wp-content/uploads/2022/01/elettro7-300x120.jpg HTTP/2.0" 200 4070 "https://piacenza.elettroservicegroup.it/assistenza-whirlpool-piacenza/" "Mozilla/5.0 (compatible; SeekportBot; +https://bot.seekport.com)"
135.181.138.46 - - [08/Jul/2026:23:45:42 +0200] "GET /wp-json/complianz/v1/banner?lang=it&locale=it_IT&token=khjip HTTP/2.0" 200 - "https://piacenza.elettroservicegroup.it/assistenza-whirlpool-piacenza/" "Mozilla/5.0 (compatible; SeekportBot; +https://bot.seekport.com)"
135.181.138.46 - - [08/Jul/2026:23:45:51 +0200] "GET /assistenza-aeg-piacenza/ HTTP/2.0" 421 362 "-" "Mozilla/5.0 (compatible; SeekportBot; +https://bot.seekport.com)"
135.181.138.46 - - [08/Jul/2026:23:45:51 +0200] "GET /assistenza-aeg-piacenza/ HTTP/2.0" 200 21869 "-" "Mozilla/5.0 (compatible; SeekportBot; +https://bot.seekport.com)"
135.181.138.46 - - [08/Jul/2026:23:45:51 +0200] "GET /wp-content/uploads/2021/10/cropped-cropped-cropped-logo_white_background.png HTTP/2.0" 200 10924 "https://piacenza.elettroservicegroup.it/assistenza-aeg-piacenza/" "Mozilla/5.0 (compatible; SeekportBot; +https://bot.seekport.com)"
135.181.138.46 - - [08/Jul/2026:23:45:51 +0200] "GET /wp-content/uploads/2022/10/COPERTINA-6-300x150.png HTTP/2.0" 200 30285 "https://piacenza.elettroservicegroup.it/assistenza-aeg-piacenza/" "Mozilla/5.0 (compatible; SeekportBot; +https://bot.seekport.com)"
135.181.138.46 - - [08/Jul/2026:23:45:51 +0200] "GET /wp-content/cache/wpfc-minified/kajgjpa1/w4sl.js HTTP/2.0" 200 37594 "https://piacenza.elettroservicegroup.it/assistenza-aeg-piacenza/" "Mozilla/5.0 (compatible; SeekportBot; +https://bot.seekport.com)"
135.181.138.46 - - [08/Jul/2026:23:45:51 +0200] "GET /wp-content/plugins/gp-premium/menu-plus/functions/js/sticky.min.js?ver=2.5.5 HTTP/2.0" 200 2670 "https://piacenza.elettroservicegroup.it/assistenza-aeg-piacenza/" "Mozilla/5.0 (compatible; SeekportBot; +https://bot.seekport.com)"
135.181.138.46 - - [08/Jul/2026:23:45:51 +0200] "GET /wp-content/plugins/elementor/assets/js/webpack.runtime.min.js?ver=4.1.4 HTTP/2.0" 200 2340 "https://piacenza.elettroservicegroup.it/assistenza-aeg-piacenza/" "Mozilla/5.0 (compatible; SeekportBot; +https://bot.seekport.com)"
135.181.138.46 - - [08/Jul/2026:23:45:51 +0200] "GET /wp-includes/js/jquery/ui/core.min.js?ver=1.13.3 HTTP/2.0" 200 6820 "https://piacenza.elettroservicegroup.it/assistenza-aeg-piacenza/" "Mozilla/5.0 (compatible; SeekportBot; +https://bot.seekport.com)"
135.181.138.46 - - [08/Jul/2026:23:45:51 +0200] "GET /wp-content/plugins/elementor/assets/js/frontend-modules.min.js?ver=4.1.4 HTTP/2.0" 200 15454 "https://piacenza.elettroservicegroup.it/assistenza-aeg-piacenza/" "Mozilla/5.0 (compatible; SeekportBot; +https://bot.seekport.com)"
135.181.138.46 - - [08/Jul/2026:23:45:51 +0200] "GET /wp-content/themes/generatepress/assets/js/menu.min.js?ver=3.6.1 HTTP/2.0" 200 1688 "https://piacenza.elettroservicegroup.it/assistenza-aeg-piacenza/" "Mozilla/5.0 (compatible; SeekportBot; +https://bot.seekport.com)"
135.181.138.46 - - [08/Jul/2026:23:45:51 +0200] "GET /wp-content/plugins/elementor/assets/js/frontend.min.js?ver=4.1.4 HTTP/2.0" 200 10140 "https://piacenza.elettroservicegroup.it/assistenza-aeg-piacenza/" "Mozilla/5.0 (compatible; SeekportBot; +https://bot.seekport.com)"
135.181.138.46 - - [08/Jul/2026:23:45:51 +0200] "GET /wp-content/themes/generatepress/assets/js/back-to-top.min.js?ver=3.6.1 HTTP/2.0" 200 336 "https://piacenza.elettroservicegroup.it/assistenza-aeg-piacenza/" "Mozilla/5.0 (compatible; SeekportBot; +https://bot.seekport.com)"
135.181.138.46 - - [08/Jul/2026:23:45:51 +0200] "GET /wp-content/plugins/complianz-gdpr-premium/cookiebanner/js/complianz.min.js?ver=1783097777 HTTP/2.0" 200 10762 "https://piacenza.elettroservicegroup.it/assistenza-aeg-piacenza/" "Mozilla/5.0 (compatible; SeekportBot; +https://bot.seekport.com)"
135.181.138.46 - - [08/Jul/2026:23:45:51 +0200] "GET /wp-content/uploads/2022/01/TECNICO-FRIGO-300x200.jpg HTTP/2.0" 200 12932 "https://piacenza.elettroservicegroup.it/assistenza-aeg-piacenza/" "Mozilla/5.0 (compatible; SeekportBot; +https://bot.seekport.com)"
135.181.138.46 - - [08/Jul/2026:23:45:51 +0200] "GET /wp-content/uploads/2026/05/logo.png HTTP/2.0" 200 48185 "https://piacenza.elettroservicegroup.it/assistenza-aeg-piacenza/" "Mozilla/5.0 (compatible; SeekportBot; +https://bot.seekport.com)"
135.181.138.46 - - [08/Jul/2026:23:45:51 +0200] "GET /wp-json/complianz/v1/banner?lang=it&locale=it_IT&token=wizqj HTTP/2.0" 200 - "https://piacenza.elettroservicegroup.it/assistenza-aeg-piacenza/" "Mozilla/5.0 (compatible; SeekportBot; +https://bot.seekport.com)"
135.181.138.46 - - [08/Jul/2026:23:45:57 +0200] "GET /assistenza-ariston-piacenza/ HTTP/2.0" 200 21867 "-" "Mozilla/5.0 (compatible; SeekportBot; +https://bot.seekport.com)"
135.181.138.46 - - [08/Jul/2026:23:45:57 +0200] "GET /wp-content/uploads/2022/10/COPERTINA-6-300x150.png HTTP/2.0" 200 30285 "https://piacenza.elettroservicegroup.it/assistenza-ariston-piacenza/" "Mozilla/5.0 (compatible; SeekportBot; +https://bot.seekport.com)"
135.181.138.46 - - [08/Jul/2026:23:45:57 +0200] "GET /wp-content/uploads/2021/10/cropped-cropped-cropped-logo_white_background.png HTTP/2.0" 200 10924 "https://piacenza.elettroservicegroup.it/assistenza-ariston-piacenza/" "Mozilla/5.0 (compatible; SeekportBot; +https://bot.seekport.com)"
135.181.138.46 - - [08/Jul/2026:23:45:57 +0200] "GET /wp-content/cache/wpfc-minified/kajgjpa1/w4sl.js HTTP/2.0" 200 37594 "https://piacenza.elettroservicegroup.it/assistenza-ariston-piacenza/" "Mozilla/5.0 (compatible; SeekportBot; +https://bot.seekport.com)"
135.181.138.46 - - [08/Jul/2026:23:45:57 +0200] "GET /wp-content/plugins/elementor/assets/js/webpack.runtime.min.js?ver=4.1.4 HTTP/2.0" 200 2340 "https://piacenza.elettroservicegroup.it/assistenza-ariston-piacenza/" "Mozilla/5.0 (compatible; SeekportBot; +https://bot.seekport.com)"
135.181.138.46 - - [08/Jul/2026:23:45:57 +0200] "GET /wp-content/plugins/gp-premium/menu-plus/functions/js/sticky.min.js?ver=2.5.5 HTTP/2.0" 200 2670 "https://piacenza.elettroservicegroup.it/assistenza-ariston-piacenza/" "Mozilla/5.0 (compatible; SeekportBot; +https://bot.seekport.com)"
135.181.138.46 - - [08/Jul/2026:23:45:57 +0200] "GET /wp-includes/js/jquery/ui/core.min.js?ver=1.13.3 HTTP/2.0" 200 6820 "https://piacenza.elettroservicegroup.it/assistenza-ariston-piacenza/" "Mozilla/5.0 (compatible; SeekportBot; +https://bot.seekport.com)"
135.181.138.46 - - [08/Jul/2026:23:45:57 +0200] "GET /wp-content/plugins/elementor/assets/js/frontend-modules.min.js?ver=4.1.4 HTTP/2.0" 200 15454 "https://piacenza.elettroservicegroup.it/assistenza-ariston-piacenza/" "Mozilla/5.0 (compatible; SeekportBot; +https://bot.seekport.com)"
135.181.138.46 - - [08/Jul/2026:23:45:57 +0200] "GET /wp-content/themes/generatepress/assets/js/menu.min.js?ver=3.6.1 HTTP/2.0" 200 1688 "https://piacenza.elettroservicegroup.it/assistenza-ariston-piacenza/" "Mozilla/5.0 (compatible; SeekportBot; +https://bot.seekport.com)"
135.181.138.46 - - [08/Jul/2026:23:45:57 +0200] "GET /wp-content/plugins/elementor/assets/js/frontend.min.js?ver=4.1.4 HTTP/2.0" 200 10140 "https://piacenza.elettroservicegroup.it/assistenza-ariston-piacenza/" "Mozilla/5.0 (compatible; SeekportBot; +https://bot.seekport.com)"
135.181.138.46 - - [08/Jul/2026:23:45:57 +0200] "GET /wp-content/themes/generatepress/assets/js/back-to-top.min.js?ver=3.6.1 HTTP/2.0" 200 336 "https://piacenza.elettroservicegroup.it/assistenza-ariston-piacenza/" "Mozilla/5.0 (compatible; SeekportBot; +https://bot.seekport.com)"
135.181.138.46 - - [08/Jul/2026:23:45:57 +0200] "GET /wp-content/plugins/complianz-gdpr-premium/cookiebanner/js/complianz.min.js?ver=1783097777 HTTP/2.0" 200 10762 "https://piacenza.elettroservicegroup.it/assistenza-ariston-piacenza/" "Mozilla/5.0 (compatible; SeekportBot; +https://bot.seekport.com)"
135.181.138.46 - - [08/Jul/2026:23:45:57 +0200] "GET /wp-content/uploads/2022/01/TECNIC-LAVATRICE-300x169.jpg HTTP/2.0" 200 12560 "https://piacenza.elettroservicegroup.it/assistenza-ariston-piacenza/" "Mozilla/5.0 (compatible; SeekportBot; +https://bot.seekport.com)"
135.181.138.46 - - [08/Jul/2026:23:45:57 +0200] "GET /wp-content/uploads/2026/05/logo.png HTTP/2.0" 200 48185 "https://piacenza.elettroservicegroup.it/assistenza-ariston-piacenza/" "Mozilla/5.0 (compatible; SeekportBot; +https://bot.seekport.com)"
135.181.138.46 - - [08/Jul/2026:23:45:57 +0200] "GET /wp-json/complianz/v1/banner?lang=it&locale=it_IT&token=segug HTTP/2.0" 200 - "https://piacenza.elettroservicegroup.it/assistenza-ariston-piacenza/" "Mozilla/5.0 (compatible; SeekportBot; +https://bot.seekport.com)"
135.181.138.46 - - [08/Jul/2026:23:46:00 +0200] "GET /assistenza-smeg-piacenza/ HTTP/2.0" 200 21784 "-" "Mozilla/5.0 (compatible; SeekportBot; +https://bot.seekport.com)"
135.181.138.46 - - [08/Jul/2026:23:46:00 +0200] "GET /wp-content/uploads/2021/10/cropped-cropped-cropped-logo_white_background.png HTTP/2.0" 200 10924 "https://piacenza.elettroservicegroup.it/assistenza-smeg-piacenza/" "Mozilla/5.0 (compatible; SeekportBot; +https://bot.seekport.com)"
135.181.138.46 - - [08/Jul/2026:23:46:00 +0200] "GET /wp-content/uploads/2022/01/elet1-7-300x136.jpg HTTP/2.0" 200 5295 "https://piacenza.elettroservicegroup.it/assistenza-smeg-piacenza/" "Mozilla/5.0 (compatible; SeekportBot; +https://bot.seekport.com)"
135.181.138.46 - - [08/Jul/2026:23:46:00 +0200] "GET /wp-content/cache/wpfc-minified/kajgjpa1/w4sl.js HTTP/2.0" 200 37594 "https://piacenza.elettroservicegroup.it/assistenza-smeg-piacenza/" "Mozilla/5.0 (compatible; SeekportBot; +https://bot.seekport.com)"
135.181.138.46 - - [08/Jul/2026:23:46:00 +0200] "GET /wp-content/plugins/elementor/assets/js/webpack.runtime.min.js?ver=4.1.4 HTTP/2.0" 200 2340 "https://piacenza.elettroservicegroup.it/assistenza-smeg-piacenza/" "Mozilla/5.0 (compatible; SeekportBot; +https://bot.seekport.com)"
135.181.138.46 - - [08/Jul/2026:23:46:00 +0200] "GET /wp-content/plugins/gp-premium/menu-plus/functions/js/sticky.min.js?ver=2.5.5 HTTP/2.0" 200 2670 "https://piacenza.elettroservicegroup.it/assistenza-smeg-piacenza/" "Mozilla/5.0 (compatible; SeekportBot; +https://bot.seekport.com)"
135.181.138.46 - - [08/Jul/2026:23:46:00 +0200] "GET /wp-includes/js/jquery/ui/core.min.js?ver=1.13.3 HTTP/2.0" 200 6820 "https://piacenza.elettroservicegroup.it/assistenza-smeg-piacenza/" "Mozilla/5.0 (compatible; SeekportBot; +https://bot.seekport.com)"
135.181.138.46 - - [08/Jul/2026:23:46:00 +0200] "GET /wp-content/plugins/elementor/assets/js/frontend-modules.min.js?ver=4.1.4 HTTP/2.0" 200 15454 "https://piacenza.elettroservicegroup.it/assistenza-smeg-piacenza/" "Mozilla/5.0 (compatible; SeekportBot; +https://bot.seekport.com)"
135.181.138.46 - - [08/Jul/2026:23:46:00 +0200] "GET /wp-content/themes/generatepress/assets/js/menu.min.js?ver=3.6.1 HTTP/2.0" 200 1688 "https://piacenza.elettroservicegroup.it/assistenza-smeg-piacenza/" "Mozilla/5.0 (compatible; SeekportBot; +https://bot.seekport.com)"
135.181.138.46 - - [08/Jul/2026:23:46:00 +0200] "GET /wp-content/themes/generatepress/assets/js/back-to-top.min.js?ver=3.6.1 HTTP/2.0" 200 336 "https://piacenza.elettroservicegroup.it/assistenza-smeg-piacenza/" "Mozilla/5.0 (compatible; SeekportBot; +https://bot.seekport.com)"
135.181.138.46 - - [08/Jul/2026:23:46:00 +0200] "GET /wp-content/plugins/elementor/assets/js/frontend.min.js?ver=4.1.4 HTTP/2.0" 200 10140 "https://piacenza.elettroservicegroup.it/assistenza-smeg-piacenza/" "Mozilla/5.0 (compatible; SeekportBot; +https://bot.seekport.com)"
135.181.138.46 - - [08/Jul/2026:23:46:00 +0200] "GET /wp-content/plugins/complianz-gdpr-premium/cookiebanner/js/complianz.min.js?ver=1783097777 HTTP/2.0" 200 10762 "https://piacenza.elettroservicegroup.it/assistenza-smeg-piacenza/" "Mozilla/5.0 (compatible; SeekportBot; +https://bot.seekport.com)"
135.181.138.46 - - [08/Jul/2026:23:46:00 +0200] "GET /wp-content/uploads/2022/01/lavastoviglie2-2-300x200.jpg HTTP/2.0" 200 21099 "https://piacenza.elettroservicegroup.it/assistenza-smeg-piacenza/" "Mozilla/5.0 (compatible; SeekportBot; +https://bot.seekport.com)"
135.181.138.46 - - [08/Jul/2026:23:46:00 +0200] "GET /wp-content/uploads/2022/01/copertina-Riparazione_Lavastoviglie-1-5-300x200.jpg HTTP/2.0" 200 13797 "https://piacenza.elettroservicegroup.it/assistenza-smeg-piacenza/" "Mozilla/5.0 (compatible; SeekportBot; +https://bot.seekport.com)"
65.108.235.243 - - [08/Jul/2026:23:46:02 +0200] "POST /wp-cron.php?doing_wp_cron=1783547162.2508640289306640625000 HTTP/1.1" 200 1 "-" "WordPress/7.0; https://piacenza.elettroservicegroup.it"
135.181.138.46 - - [08/Jul/2026:23:46:00 +0200] "GET /wp-json/complianz/v1/banner?lang=it&locale=it_IT&token=nzchb HTTP/2.0" 200 - "https://piacenza.elettroservicegroup.it/assistenza-smeg-piacenza/" "Mozilla/5.0 (compatible; SeekportBot; +https://bot.seekport.com)"
135.181.138.46 - - [08/Jul/2026:23:46:03 +0200] "GET / HTTP/2.0" 421 362 "-" "Mozilla/5.0 (compatible; SeekportBot; +https://bot.seekport.com)"
135.181.138.46 - - [08/Jul/2026:23:46:03 +0200] "GET / HTTP/2.0" 200 21795 "-" "Mozilla/5.0 (compatible; SeekportBot; +https://bot.seekport.com)"
135.181.138.46 - - [08/Jul/2026:23:46:03 +0200] "GET /wp-content/uploads/2022/01/TECNICO-ELETTRODOMESTICI-2.jpg HTTP/2.0" 200 24210 "https://piacenza.elettroservicegroup.it/" "Mozilla/5.0 (compatible; SeekportBot; +https://bot.seekport.com)"
135.181.138.46 - - [08/Jul/2026:23:46:03 +0200] "GET /wp-content/uploads/2021/10/cropped-cropped-cropped-logo_white_background.png HTTP/2.0" 200 10924 "https://piacenza.elettroservicegroup.it/" "Mozilla/5.0 (compatible; SeekportBot; +https://bot.seekport.com)"
135.181.138.46 - - [08/Jul/2026:23:46:03 +0200] "GET /wp-content/cache/wpfc-minified/kajgjpa1/w4sl.js HTTP/2.0" 200 37594 "https://piacenza.elettroservicegroup.it/" "Mozilla/5.0 (compatible; SeekportBot; +https://bot.seekport.com)"
135.181.138.46 - - [08/Jul/2026:23:46:03 +0200] "GET /wp-content/plugins/elementor/assets/js/webpack.runtime.min.js?ver=4.1.4 HTTP/2.0" 200 2340 "https://piacenza.elettroservicegroup.it/" "Mozilla/5.0 (compatible; SeekportBot; +https://bot.seekport.com)"
135.181.138.46 - - [08/Jul/2026:23:46:03 +0200] "GET /wp-content/plugins/gp-premium/menu-plus/functions/js/sticky.min.js?ver=2.5.5 HTTP/2.0" 200 2670 "https://piacenza.elettroservicegroup.it/" "Mozilla/5.0 (compatible; SeekportBot; +https://bot.seekport.com)"
135.181.138.46 - - [08/Jul/2026:23:46:03 +0200] "GET /wp-includes/js/jquery/ui/core.min.js?ver=1.13.3 HTTP/2.0" 200 6820 "https://piacenza.elettroservicegroup.it/" "Mozilla/5.0 (compatible; SeekportBot; +https://bot.seekport.com)"
135.181.138.46 - - [08/Jul/2026:23:46:03 +0200] "GET /wp-content/plugins/elementor/assets/js/frontend-modules.min.js?ver=4.1.4 HTTP/2.0" 200 15454 "https://piacenza.elettroservicegroup.it/" "Mozilla/5.0 (compatible; SeekportBot; +https://bot.seekport.com)"
135.181.138.46 - - [08/Jul/2026:23:46:03 +0200] "GET /wp-content/themes/generatepress/assets/js/back-to-top.min.js?ver=3.6.1 HTTP/2.0" 200 336 "https://piacenza.elettroservicegroup.it/" "Mozilla/5.0 (compatible; SeekportBot; +https://bot.seekport.com)"
135.181.138.46 - - [08/Jul/2026:23:46:03 +0200] "GET /wp-content/themes/generatepress/assets/js/menu.min.js?ver=3.6.1 HTTP/2.0" 200 1688 "https://piacenza.elettroservicegroup.it/" "Mozilla/5.0 (compatible; SeekportBot; +https://bot.seekport.com)"
135.181.138.46 - - [08/Jul/2026:23:46:03 +0200] "GET /wp-content/plugins/elementor/assets/js/frontend.min.js?ver=4.1.4 HTTP/2.0" 200 10140 "https://piacenza.elettroservicegroup.it/" "Mozilla/5.0 (compatible; SeekportBot; +https://bot.seekport.com)"
135.181.138.46 - - [08/Jul/2026:23:46:03 +0200] "GET /wp-content/plugins/complianz-gdpr-premium/cookiebanner/js/complianz.min.js?ver=1783097777 HTTP/2.0" 200 10762 "https://piacenza.elettroservicegroup.it/" "Mozilla/5.0 (compatible; SeekportBot; +https://bot.seekport.com)"
135.181.138.46 - - [08/Jul/2026:23:46:03 +0200] "GET /wp-content/uploads/2021/10/copertina-washing-machine-2668472_1920-1024x683.jpg HTTP/2.0" 200 51558 "https://piacenza.elettroservicegroup.it/" "Mozilla/5.0 (compatible; SeekportBot; +https://bot.seekport.com)"
135.181.138.46 - - [08/Jul/2026:23:46:03 +0200] "GET /wp-content/uploads/2021/10/asko-e1634463631713-1024x675.jpg HTTP/2.0" 200 30076 "https://piacenza.elettroservicegroup.it/" "Mozilla/5.0 (compatible; SeekportBot; +https://bot.seekport.com)"
135.181.138.46 - - [08/Jul/2026:23:46:03 +0200] "GET /wp-json/complianz/v1/banner?lang=it&locale=it_IT&token=fnxxz HTTP/2.0" 200 - "https://piacenza.elettroservicegroup.it/" "Mozilla/5.0 (compatible; SeekportBot; +https://bot.seekport.com)"
47.128.23.47 - - [09/Jul/2026:01:04:07 +0200] "GET /robots.txt HTTP/1.1" 200 11760 "-" "Mozilla/5.0 (Linux; Android 5.0) AppleWebKit/537.36 (KHTML, like Gecko) Mobile Safari/537.36 (compatible; Bytespider; spider-feedback@bytedance.com)"
65.108.235.243 - - [09/Jul/2026:01:36:51 +0200] "POST /wp-json/complianz/v1/wsc-scan HTTP/1.1" 400 88 "-" "WordPress/7.0; https://piacenza.elettroservicegroup.it"
65.108.235.243 - - [09/Jul/2026:01:40:36 +0200] "GET /imprint/ HTTP/1.1" 200 17180 "-" "WP Fastest Cache Preload Bot"
65.108.235.243 - - [09/Jul/2026:01:40:37 +0200] "GET /dichiarazione-sulla-privacy-ue/ HTTP/1.1" 200 19695 "-" "WP Fastest Cache Preload Bot"
65.108.235.243 - - [09/Jul/2026:01:40:37 +0200] "GET /assistenza-whirlpool-piacenza/ HTTP/1.1" 200 21859 "-" "WP Fastest Cache Preload Bot"
65.108.235.243 - - [09/Jul/2026:01:40:37 +0200] "GET /assistenza-smeg-piacenza/ HTTP/1.1" 200 21807 "-" "WP Fastest Cache Preload Bot"
65.108.235.243 - - [09/Jul/2026:01:40:38 +0200] "GET / HTTP/1.1" 200 21817 "-" "WP Fastest Cache Preload Bot"
65.108.235.243 - - [09/Jul/2026:01:49:02 +0200] "POST /wp-cron.php?doing_wp_cron=1783554542.6877639293670654296875 HTTP/1.1" 200 1 "-" "WordPress/7.0; https://piacenza.elettroservicegroup.it"
66.249.64.165 - - [09/Jul/2026:01:48:57 +0200] "GET /?p=17629 HTTP/1.1" 404 16242 "-" "Mozilla/5.0 (Linux; Android 6.0.1; Nexus 5X Build/MMB29P) AppleWebKit/537.36 (KHTML, like Gecko) Chrome/150.0.7871.46 Mobile Safari/537.36 (compatible; Googlebot/2.1; +http://www.google.com/bot.html)"
65.108.235.243 - - [09/Jul/2026:01:49:04 +0200] "GET /imprint/ HTTP/1.1" 200 17200 "-" "WP Fastest Cache Preload Bot"
65.108.235.243 - - [09/Jul/2026:01:49:05 +0200] "GET /dichiarazione-sulla-privacy-ue/ HTTP/1.1" 200 19692 "-" "WP Fastest Cache Preload Bot"
65.108.235.243 - - [09/Jul/2026:01:49:05 +0200] "GET /assistenza-whirlpool-piacenza/ HTTP/1.1" 200 21859 "-" "WP Fastest Cache Preload Bot"
65.108.235.243 - - [09/Jul/2026:01:49:06 +0200] "GET /assistenza-smeg-piacenza/ HTTP/1.1" 200 21807 "-" "WP Fastest Cache Preload Bot"
74.7.241.62 - - [09/Jul/2026:02:08:54 +0200] "GET /sitemap.xml HTTP/2.0" 415 331 "-" "Mozilla/5.0 AppleWebKit/537.36 (KHTML, like Gecko; compatible; GPTBot/1.4; +https://openai.com/gptbot)"
65.108.235.243 - - [09/Jul/2026:02:09:03 +0200] "POST /wp-cron.php?doing_wp_cron=1783555743.0673680305480957031250 HTTP/1.1" 200 1 "-" "WordPress/7.0; https://piacenza.elettroservicegroup.it"
74.7.175.168 - - [09/Jul/2026:02:08:54 +0200] "GET /robots.txt HTTP/2.0" 200 108 "-" "Mozilla/5.0 (Macintosh; Intel Mac OS X 10_15_7) AppleWebKit/537.36 (KHTML, like Gecko) Chrome/131.0.0.0 Safari/537.36; compatible; OAI-SearchBot/1.4; robots.txt; +https://openai.com/searchbot"
65.108.235.243 - - [09/Jul/2026:02:09:05 +0200] "GET /assistenza-siemens-piacenza/ HTTP/1.1" 200 21988 "-" "WP Fastest Cache Preload Bot"
65.108.235.243 - - [09/Jul/2026:02:09:09 +0200] "GET /assistenza-rex-electrolux-piacenza/ HTTP/1.1" 200 21847 "-" "WP Fastest Cache Preload Bot"
65.108.235.243 - - [09/Jul/2026:02:09:12 +0200] "GET /assistenza-miele-piacenza/ HTTP/1.1" 200 22097 "-" "WP Fastest Cache Preload Bot"
65.108.235.243 - - [09/Jul/2026:02:09:15 +0200] "GET /assistenza-lavatrici-whirlpool-piacenza/ HTTP/1.1" 200 21961 "-" "WP Fastest Cache Preload Bot"
65.108.235.243 - - [09/Jul/2026:02:11:34 +0200] "POST /wp-cron.php?doing_wp_cron=1783555894.1878209114074707031250 HTTP/1.1" 200 1 "-" "WordPress/7.0; https://piacenza.elettroservicegroup.it"
74.7.241.62 - - [09/Jul/2026:02:11:29 +0200] "GET /sitemap.rss HTTP/2.0" 415 1297 "-" "Mozilla/5.0 AppleWebKit/537.36 (KHTML, like Gecko; compatible; GPTBot/1.4; +https://openai.com/gptbot)"
65.108.235.243 - - [09/Jul/2026:02:11:36 +0200] "GET /assistenza-lavatrici-smeg-piacenza/ HTTP/1.1" 200 21710 "-" "WP Fastest Cache Preload Bot"
65.108.235.243 - - [09/Jul/2026:02:11:37 +0200] "GET /assistenza-lavatrici-rex-electrolux-piacenza/ HTTP/1.1" 200 21683 "-" "WP Fastest Cache Preload Bot"
65.108.235.243 - - [09/Jul/2026:02:11:37 +0200] "GET /assistenza-lavatrici-indesit-piacenza/ HTTP/1.1" 200 21704 "-" "WP Fastest Cache Preload Bot"
65.108.235.243 - - [09/Jul/2026:02:11:38 +0200] "GET /assistenza-lavatrici-bosch-piacenza/ HTTP/1.1" 200 21753 "-" "WP Fastest Cache Preload Bot"
65.108.235.243 - - [09/Jul/2026:02:13:24 +0200] "POST /wp-cron.php?doing_wp_cron=1783556004.8811130523681640625000 HTTP/1.1" 200 1 "-" "WordPress/7.0; https://piacenza.elettroservicegroup.it"
66.249.64.166 - - [09/Jul/2026:02:13:21 +0200] "GET /assistenza-lavatrici-castel-san-giovanni/ HTTP/1.1" 404 16287 "-" "Mozilla/5.0 (Linux; Android 6.0.1; Nexus 5X Build/MMB29P) AppleWebKit/537.36 (KHTML, like Gecko) Chrome/150.0.7871.46 Mobile Safari/537.36 (compatible; Googlebot/2.1; +http://www.google.com/bot.html)"
65.108.235.243 - - [09/Jul/2026:02:19:54 +0200] "POST /wp-cron.php?doing_wp_cron=1783556394.6698479652404785156250 HTTP/1.1" 200 1 "-" "WordPress/7.0; https://piacenza.elettroservicegroup.it"
