146.241.198.143 - - [08/Jun/2026:17:26:12 +0200] "GET /wp-content/plugins/elementor/assets/lib/font-awesome/css/fontawesome.min.css?ver=5.15.3 HTTP/2.0" 200 12179 "https://parma.elettroservicegroup.it/assistenza-miele-fidenza/?gad_source=1&gad_campaignid=23795906066&gbraid=0AAAABDgs-LTFxi5oL2BpZSgQSQYo9GW0n&gclid=Cj0KCQjw0JnRBhDJARIsALobnXazczWG_Vm3JvbjnsjUX185LC8Kr-loI5sG3SRvLjga2GL2qJRjR4oaAtwBEALw_wcB" "Mozilla/5.0 (Linux; Android 10; K) AppleWebKit/537.36 (KHTML, like Gecko) Chrome/138.0.0.0 Mobile Safari/537.36"
146.241.198.143 - - [08/Jun/2026:17:26:12 +0200] "GET /wp-includes/js/jquery/jquery.min.js?ver=3.7.1 HTTP/2.0" 200 29769 "https://parma.elettroservicegroup.it/assistenza-miele-fidenza/?gad_source=1&gad_campaignid=23795906066&gbraid=0AAAABDgs-LTFxi5oL2BpZSgQSQYo9GW0n&gclid=Cj0KCQjw0JnRBhDJARIsALobnXazczWG_Vm3JvbjnsjUX185LC8Kr-loI5sG3SRvLjga2GL2qJRjR4oaAtwBEALw_wcB" "Mozilla/5.0 (Linux; Android 10; K) AppleWebKit/537.36 (KHTML, like Gecko) Chrome/138.0.0.0 Mobile Safari/537.36"
146.241.198.143 - - [08/Jun/2026:17:26:12 +0200] "GET /wp-content/plugins/elementor/assets/lib/font-awesome/js/v4-shims.min.js?ver=4.1.1 HTTP/2.0" 200 4043 "https://parma.elettroservicegroup.it/assistenza-miele-fidenza/?gad_source=1&gad_campaignid=23795906066&gbraid=0AAAABDgs-LTFxi5oL2BpZSgQSQYo9GW0n&gclid=Cj0KCQjw0JnRBhDJARIsALobnXazczWG_Vm3JvbjnsjUX185LC8Kr-loI5sG3SRvLjga2GL2qJRjR4oaAtwBEALw_wcB" "Mozilla/5.0 (Linux; Android 10; K) AppleWebKit/537.36 (KHTML, like Gecko) Chrome/138.0.0.0 Mobile Safari/537.36"
146.241.198.143 - - [08/Jun/2026:17:26:12 +0200] "GET /wp-includes/js/jquery/jquery-migrate.min.js?ver=3.4.1 HTTP/2.0" 200 4685 "https://parma.elettroservicegroup.it/assistenza-miele-fidenza/?gad_source=1&gad_campaignid=23795906066&gbraid=0AAAABDgs-LTFxi5oL2BpZSgQSQYo9GW0n&gclid=Cj0KCQjw0JnRBhDJARIsALobnXazczWG_Vm3JvbjnsjUX185LC8Kr-loI5sG3SRvLjga2GL2qJRjR4oaAtwBEALw_wcB" "Mozilla/5.0 (Linux; Android 10; K) AppleWebKit/537.36 (KHTML, like Gecko) Chrome/138.0.0.0 Mobile Safari/537.36"
146.241.198.143 - - [08/Jun/2026:17:26:12 +0200] "GET /wp-content/uploads/2021/10/cropped-cropped-cropped-logo_white_background.png HTTP/2.0" 200 38971 "https://parma.elettroservicegroup.it/assistenza-miele-fidenza/?gad_source=1&gad_campaignid=23795906066&gbraid=0AAAABDgs-LTFxi5oL2BpZSgQSQYo9GW0n&gclid=Cj0KCQjw0JnRBhDJARIsALobnXazczWG_Vm3JvbjnsjUX185LC8Kr-loI5sG3SRvLjga2GL2qJRjR4oaAtwBEALw_wcB" "Mozilla/5.0 (Linux; Android 10; K) AppleWebKit/537.36 (KHTML, like Gecko) Chrome/138.0.0.0 Mobile Safari/537.36"
146.241.198.143 - - [08/Jun/2026:17:26:12 +0200] "GET /wp-content/plugins/gp-premium/menu-plus/functions/js/sticky.min.js?ver=2.5.5 HTTP/2.0" 200 2670 "https://parma.elettroservicegroup.it/assistenza-miele-fidenza/?gad_source=1&gad_campaignid=23795906066&gbraid=0AAAABDgs-LTFxi5oL2BpZSgQSQYo9GW0n&gclid=Cj0KCQjw0JnRBhDJARIsALobnXazczWG_Vm3JvbjnsjUX185LC8Kr-loI5sG3SRvLjga2GL2qJRjR4oaAtwBEALw_wcB" "Mozilla/5.0 (Linux; Android 10; K) AppleWebKit/537.36 (KHTML, like Gecko) Chrome/138.0.0.0 Mobile Safari/537.36"
146.241.198.143 - - [08/Jun/2026:17:26:13 +0200] "GET /wp-content/plugins/elementor/assets/js/webpack.runtime.min.js?ver=4.1.1 HTTP/2.0" 200 2340 "https://parma.elettroservicegroup.it/assistenza-miele-fidenza/?gad_source=1&gad_campaignid=23795906066&gbraid=0AAAABDgs-LTFxi5oL2BpZSgQSQYo9GW0n&gclid=Cj0KCQjw0JnRBhDJARIsALobnXazczWG_Vm3JvbjnsjUX185LC8Kr-loI5sG3SRvLjga2GL2qJRjR4oaAtwBEALw_wcB" "Mozilla/5.0 (Linux; Android 10; K) AppleWebKit/537.36 (KHTML, like Gecko) Chrome/138.0.0.0 Mobile Safari/537.36"
146.241.198.143 - - [08/Jun/2026:17:26:13 +0200] "GET /wp-includes/js/jquery/ui/core.min.js?ver=1.13.3 HTTP/2.0" 200 6820 "https://parma.elettroservicegroup.it/assistenza-miele-fidenza/?gad_source=1&gad_campaignid=23795906066&gbraid=0AAAABDgs-LTFxi5oL2BpZSgQSQYo9GW0n&gclid=Cj0KCQjw0JnRBhDJARIsALobnXazczWG_Vm3JvbjnsjUX185LC8Kr-loI5sG3SRvLjga2GL2qJRjR4oaAtwBEALw_wcB" "Mozilla/5.0 (Linux; Android 10; K) AppleWebKit/537.36 (KHTML, like Gecko) Chrome/138.0.0.0 Mobile Safari/537.36"
146.241.198.143 - - [08/Jun/2026:17:26:13 +0200] "GET /wp-content/plugins/elementor/assets/js/frontend-modules.min.js?ver=4.1.1 HTTP/2.0" 200 15454 "https://parma.elettroservicegroup.it/assistenza-miele-fidenza/?gad_source=1&gad_campaignid=23795906066&gbraid=0AAAABDgs-LTFxi5oL2BpZSgQSQYo9GW0n&gclid=Cj0KCQjw0JnRBhDJARIsALobnXazczWG_Vm3JvbjnsjUX185LC8Kr-loI5sG3SRvLjga2GL2qJRjR4oaAtwBEALw_wcB" "Mozilla/5.0 (Linux; Android 10; K) AppleWebKit/537.36 (KHTML, like Gecko) Chrome/138.0.0.0 Mobile Safari/537.36"
146.241.198.143 - - [08/Jun/2026:17:26:13 +0200] "GET /wp-content/plugins/elementor/assets/js/frontend.min.js?ver=4.1.1 HTTP/2.0" 200 10140 "https://parma.elettroservicegroup.it/assistenza-miele-fidenza/?gad_source=1&gad_campaignid=23795906066&gbraid=0AAAABDgs-LTFxi5oL2BpZSgQSQYo9GW0n&gclid=Cj0KCQjw0JnRBhDJARIsALobnXazczWG_Vm3JvbjnsjUX185LC8Kr-loI5sG3SRvLjga2GL2qJRjR4oaAtwBEALw_wcB" "Mozilla/5.0 (Linux; Android 10; K) AppleWebKit/537.36 (KHTML, like Gecko) Chrome/138.0.0.0 Mobile Safari/537.36"
146.241.198.143 - - [08/Jun/2026:17:26:13 +0200] "GET /wp-content/themes/generatepress/assets/js/back-to-top.min.js?ver=3.6.1 HTTP/2.0" 200 336 "https://parma.elettroservicegroup.it/assistenza-miele-fidenza/?gad_source=1&gad_campaignid=23795906066&gbraid=0AAAABDgs-LTFxi5oL2BpZSgQSQYo9GW0n&gclid=Cj0KCQjw0JnRBhDJARIsALobnXazczWG_Vm3JvbjnsjUX185LC8Kr-loI5sG3SRvLjga2GL2qJRjR4oaAtwBEALw_wcB" "Mozilla/5.0 (Linux; Android 10; K) AppleWebKit/537.36 (KHTML, like Gecko) Chrome/138.0.0.0 Mobile Safari/537.36"
146.241.198.143 - - [08/Jun/2026:17:26:13 +0200] "GET /wp-content/themes/generatepress/assets/js/menu.min.js?ver=3.6.1 HTTP/2.0" 200 1688 "https://parma.elettroservicegroup.it/assistenza-miele-fidenza/?gad_source=1&gad_campaignid=23795906066&gbraid=0AAAABDgs-LTFxi5oL2BpZSgQSQYo9GW0n&gclid=Cj0KCQjw0JnRBhDJARIsALobnXazczWG_Vm3JvbjnsjUX185LC8Kr-loI5sG3SRvLjga2GL2qJRjR4oaAtwBEALw_wcB" "Mozilla/5.0 (Linux; Android 10; K) AppleWebKit/537.36 (KHTML, like Gecko) Chrome/138.0.0.0 Mobile Safari/537.36"
146.241.198.143 - - [08/Jun/2026:17:26:13 +0200] "GET /wp-content/plugins/burst-statistics/assets/js/timeme/timeme.min.js?ver=1780499187 HTTP/2.0" 200 1835 "https://parma.elettroservicegroup.it/assistenza-miele-fidenza/?gad_source=1&gad_campaignid=23795906066&gbraid=0AAAABDgs-LTFxi5oL2BpZSgQSQYo9GW0n&gclid=Cj0KCQjw0JnRBhDJARIsALobnXazczWG_Vm3JvbjnsjUX185LC8Kr-loI5sG3SRvLjga2GL2qJRjR4oaAtwBEALw_wcB" "Mozilla/5.0 (Linux; Android 10; K) AppleWebKit/537.36 (KHTML, like Gecko) Chrome/138.0.0.0 Mobile Safari/537.36"
146.241.198.143 - - [08/Jun/2026:17:26:13 +0200] "GET /wp-content/uploads/burst/js/burst.min.js?ver=1780912256 HTTP/2.0" 200 3381 "https://parma.elettroservicegroup.it/assistenza-miele-fidenza/?gad_source=1&gad_campaignid=23795906066&gbraid=0AAAABDgs-LTFxi5oL2BpZSgQSQYo9GW0n&gclid=Cj0KCQjw0JnRBhDJARIsALobnXazczWG_Vm3JvbjnsjUX185LC8Kr-loI5sG3SRvLjga2GL2qJRjR4oaAtwBEALw_wcB" "Mozilla/5.0 (Linux; Android 10; K) AppleWebKit/537.36 (KHTML, like Gecko) Chrome/138.0.0.0 Mobile Safari/537.36"
146.241.198.143 - - [08/Jun/2026:17:26:13 +0200] "GET /wp-content/plugins/complianz-gdpr-premium/cookiebanner/js/complianz.min.js?ver=1780326315 HTTP/2.0" 200 10708 "https://parma.elettroservicegroup.it/assistenza-miele-fidenza/?gad_source=1&gad_campaignid=23795906066&gbraid=0AAAABDgs-LTFxi5oL2BpZSgQSQYo9GW0n&gclid=Cj0KCQjw0JnRBhDJARIsALobnXazczWG_Vm3JvbjnsjUX185LC8Kr-loI5sG3SRvLjga2GL2qJRjR4oaAtwBEALw_wcB" "Mozilla/5.0 (Linux; Android 10; K) AppleWebKit/537.36 (KHTML, like Gecko) Chrome/138.0.0.0 Mobile Safari/537.36"
146.241.198.143 - - [08/Jun/2026:17:26:13 +0200] "GET /wp-content/uploads/elementor/google-fonts/fonts/roboto-kfo7cnqeu92fr1me7ksn66agldtyluama3yuba.woff2 HTTP/2.0" 200 40132 "https://parma.elettroservicegroup.it/wp-content/uploads/elementor/google-fonts/css/roboto.css?ver=1742280360" "Mozilla/5.0 (Linux; Android 10; K) AppleWebKit/537.36 (KHTML, like Gecko) Chrome/138.0.0.0 Mobile Safari/537.36"
146.241.198.143 - - [08/Jun/2026:17:26:13 +0200] "GET /wp-content/plugins/elementor/assets/lib/font-awesome/webfonts/fa-solid-900.woff2 HTTP/2.0" 200 78201 "https://parma.elettroservicegroup.it/wp-content/plugins/elementor/assets/lib/font-awesome/css/all.min.css?ver=4.1.1" "Mozilla/5.0 (Linux; Android 10; K) AppleWebKit/537.36 (KHTML, like Gecko) Chrome/138.0.0.0 Mobile Safari/537.36"
146.241.198.143 - - [08/Jun/2026:17:26:14 +0200] "GET /wp-content/plugins/elementor/assets/lib/font-awesome/webfonts/fa-regular-400.woff2 HTTP/2.0" 200 13277 "https://parma.elettroservicegroup.it/wp-content/plugins/elementor/assets/lib/font-awesome/css/all.min.css?ver=4.1.1" "Mozilla/5.0 (Linux; Android 10; K) AppleWebKit/537.36 (KHTML, like Gecko) Chrome/138.0.0.0 Mobile Safari/537.36"
146.241.198.143 - - [08/Jun/2026:17:26:14 +0200] "GET /wp-content/uploads/2022/08/COPERTINA-300x150.png HTTP/2.0" 200 29437 "https://parma.elettroservicegroup.it/assistenza-miele-fidenza/?gad_source=1&gad_campaignid=23795906066&gbraid=0AAAABDgs-LTFxi5oL2BpZSgQSQYo9GW0n&gclid=Cj0KCQjw0JnRBhDJARIsALobnXazczWG_Vm3JvbjnsjUX185LC8Kr-loI5sG3SRvLjga2GL2qJRjR4oaAtwBEALw_wcB" "Mozilla/5.0 (Linux; Android 10; K) AppleWebKit/537.36 (KHTML, like Gecko) Chrome/138.0.0.0 Mobile Safari/537.36"
146.241.198.143 - - [08/Jun/2026:17:26:14 +0200] "POST /wp-content/plugins/burst-statistics/endpoint.php HTTP/2.0" 200 1 "https://parma.elettroservicegroup.it/assistenza-miele-fidenza/?gad_source=1&gad_campaignid=23795906066&gbraid=0AAAABDgs-LTFxi5oL2BpZSgQSQYo9GW0n&gclid=Cj0KCQjw0JnRBhDJARIsALobnXazczWG_Vm3JvbjnsjUX185LC8Kr-loI5sG3SRvLjga2GL2qJRjR4oaAtwBEALw_wcB" "Mozilla/5.0 (Linux; Android 10; K) AppleWebKit/537.36 (KHTML, like Gecko) Chrome/138.0.0.0 Mobile Safari/537.36"
146.241.198.143 - - [08/Jun/2026:17:26:16 +0200] "GET /wp-json/complianz/v1/banner?lang=it&locale=it_IT&token=lossl HTTP/2.0" 200 84 "https://parma.elettroservicegroup.it/assistenza-miele-fidenza/?gad_source=1&gad_campaignid=23795906066&gbraid=0AAAABDgs-LTFxi5oL2BpZSgQSQYo9GW0n&gclid=Cj0KCQjw0JnRBhDJARIsALobnXazczWG_Vm3JvbjnsjUX185LC8Kr-loI5sG3SRvLjga2GL2qJRjR4oaAtwBEALw_wcB" "Mozilla/5.0 (Linux; Android 10; K) AppleWebKit/537.36 (KHTML, like Gecko) Chrome/138.0.0.0 Mobile Safari/537.36"
146.241.198.143 - - [08/Jun/2026:17:26:16 +0200] "GET /wp-content/plugins/elementor/assets/js/section-frontend-handlers.d85ab872da118940910d.bundle.min.js HTTP/2.0" 200 230 "https://parma.elettroservicegroup.it/assistenza-miele-fidenza/?gad_source=1&gad_campaignid=23795906066&gbraid=0AAAABDgs-LTFxi5oL2BpZSgQSQYo9GW0n&gclid=Cj0KCQjw0JnRBhDJARIsALobnXazczWG_Vm3JvbjnsjUX185LC8Kr-loI5sG3SRvLjga2GL2qJRjR4oaAtwBEALw_wcB" "Mozilla/5.0 (Linux; Android 10; K) AppleWebKit/537.36 (KHTML, like Gecko) Chrome/138.0.0.0 Mobile Safari/537.36"
146.241.198.143 - - [08/Jun/2026:17:26:16 +0200] "GET /wp-content/plugins/elementor/assets/js/text-editor.45609661e409413f1cef.bundle.min.js HTTP/2.0" 200 592 "https://parma.elettroservicegroup.it/assistenza-miele-fidenza/?gad_source=1&gad_campaignid=23795906066&gbraid=0AAAABDgs-LTFxi5oL2BpZSgQSQYo9GW0n&gclid=Cj0KCQjw0JnRBhDJARIsALobnXazczWG_Vm3JvbjnsjUX185LC8Kr-loI5sG3SRvLjga2GL2qJRjR4oaAtwBEALw_wcB" "Mozilla/5.0 (Linux; Android 10; K) AppleWebKit/537.36 (KHTML, like Gecko) Chrome/138.0.0.0 Mobile Safari/537.36"
146.241.198.143 - - [08/Jun/2026:17:26:16 +0200] "GET /wp-content/plugins/elementor/assets/js/shared-frontend-handlers.03caa53373b56d3bab67.bundle.min.js HTTP/2.0" 200 2515 "https://parma.elettroservicegroup.it/assistenza-miele-fidenza/?gad_source=1&gad_campaignid=23795906066&gbraid=0AAAABDgs-LTFxi5oL2BpZSgQSQYo9GW0n&gclid=Cj0KCQjw0JnRBhDJARIsALobnXazczWG_Vm3JvbjnsjUX185LC8Kr-loI5sG3SRvLjga2GL2qJRjR4oaAtwBEALw_wcB" "Mozilla/5.0 (Linux; Android 10; K) AppleWebKit/537.36 (KHTML, like Gecko) Chrome/138.0.0.0 Mobile Safari/537.36"
146.241.198.143 - - [08/Jun/2026:17:26:17 +0200] "GET /wp-content/uploads/complianz/css/banner-1-optin.css?v=46 HTTP/2.0" 200 2617 "https://parma.elettroservicegroup.it/assistenza-miele-fidenza/?gad_source=1&gad_campaignid=23795906066&gbraid=0AAAABDgs-LTFxi5oL2BpZSgQSQYo9GW0n&gclid=Cj0KCQjw0JnRBhDJARIsALobnXazczWG_Vm3JvbjnsjUX185LC8Kr-loI5sG3SRvLjga2GL2qJRjR4oaAtwBEALw_wcB" "Mozilla/5.0 (Linux; Android 10; K) AppleWebKit/537.36 (KHTML, like Gecko) Chrome/138.0.0.0 Mobile Safari/537.36"
146.241.198.143 - - [08/Jun/2026:17:26:17 +0200] "GET /wp-json/complianz/v1/cookie_data HTTP/2.0" 200 81 "https://parma.elettroservicegroup.it/assistenza-miele-fidenza/?gad_source=1&gad_campaignid=23795906066&gbraid=0AAAABDgs-LTFxi5oL2BpZSgQSQYo9GW0n&gclid=Cj0KCQjw0JnRBhDJARIsALobnXazczWG_Vm3JvbjnsjUX185LC8Kr-loI5sG3SRvLjga2GL2qJRjR4oaAtwBEALw_wcB" "Mozilla/5.0 (Linux; Android 10; K) AppleWebKit/537.36 (KHTML, like Gecko) Chrome/138.0.0.0 Mobile Safari/537.36"
146.241.198.143 - - [08/Jun/2026:17:26:19 +0200] "GET /wp-content/uploads/2021/10/cropped-cropped-cropped-cropped-logo_white_background-192x192.png HTTP/2.0" 200 19089 "https://parma.elettroservicegroup.it/assistenza-miele-fidenza/?gad_source=1&gad_campaignid=23795906066&gbraid=0AAAABDgs-LTFxi5oL2BpZSgQSQYo9GW0n&gclid=Cj0KCQjw0JnRBhDJARIsALobnXazczWG_Vm3JvbjnsjUX185LC8Kr-loI5sG3SRvLjga2GL2qJRjR4oaAtwBEALw_wcB" "Mozilla/5.0 (Linux; Android 10; K) AppleWebKit/537.36 (KHTML, like Gecko) Chrome/138.0.0.0 Mobile Safari/537.36"
146.241.198.143 - - [08/Jun/2026:17:26:19 +0200] "GET /wp-content/uploads/2021/10/cropped-cropped-cropped-cropped-logo_white_background-180x180.png HTTP/2.0" 200 21353 "https://parma.elettroservicegroup.it/assistenza-miele-fidenza/?gad_source=1&gad_campaignid=23795906066&gbraid=0AAAABDgs-LTFxi5oL2BpZSgQSQYo9GW0n&gclid=Cj0KCQjw0JnRBhDJARIsALobnXazczWG_Vm3JvbjnsjUX185LC8Kr-loI5sG3SRvLjga2GL2qJRjR4oaAtwBEALw_wcB" "Mozilla/5.0 (Linux; Android 10; K) AppleWebKit/537.36 (KHTML, like Gecko) Chrome/138.0.0.0 Mobile Safari/537.36"
146.241.198.143 - - [08/Jun/2026:17:26:21 +0200] "POST /wp-content/plugins/burst-statistics/endpoint.php HTTP/2.0" 200 1 "https://parma.elettroservicegroup.it/assistenza-miele-fidenza/?gad_source=1&gad_campaignid=23795906066&gbraid=0AAAABDgs-LTFxi5oL2BpZSgQSQYo9GW0n&gclid=Cj0KCQjw0JnRBhDJARIsALobnXazczWG_Vm3JvbjnsjUX185LC8Kr-loI5sG3SRvLjga2GL2qJRjR4oaAtwBEALw_wcB" "Mozilla/5.0 (Linux; Android 10; K) AppleWebKit/537.36 (KHTML, like Gecko) Chrome/138.0.0.0 Mobile Safari/537.36"
146.241.198.143 - - [08/Jun/2026:17:26:21 +0200] "POST /wp-content/plugins/burst-statistics/endpoint.php HTTP/2.0" 200 1 "https://parma.elettroservicegroup.it/assistenza-miele-fidenza/?gad_source=1&gad_campaignid=23795906066&gbraid=0AAAABDgs-LTFxi5oL2BpZSgQSQYo9GW0n&gclid=Cj0KCQjw0JnRBhDJARIsALobnXazczWG_Vm3JvbjnsjUX185LC8Kr-loI5sG3SRvLjga2GL2qJRjR4oaAtwBEALw_wcB" "Mozilla/5.0 (Linux; Android 10; K) AppleWebKit/537.36 (KHTML, like Gecko) Chrome/138.0.0.0 Mobile Safari/537.36"
146.241.198.143 - - [08/Jun/2026:17:26:21 +0200] "POST /wp-content/plugins/burst-statistics/endpoint.php HTTP/2.0" 200 1 "https://parma.elettroservicegroup.it/assistenza-miele-fidenza/?gad_source=1&gad_campaignid=23795906066&gbraid=0AAAABDgs-LTFxi5oL2BpZSgQSQYo9GW0n&gclid=Cj0KCQjw0JnRBhDJARIsALobnXazczWG_Vm3JvbjnsjUX185LC8Kr-loI5sG3SRvLjga2GL2qJRjR4oaAtwBEALw_wcB" "Mozilla/5.0 (Linux; Android 10; K) AppleWebKit/537.36 (KHTML, like Gecko) Chrome/138.0.0.0 Mobile Safari/537.36"
146.241.198.143 - - [08/Jun/2026:17:26:21 +0200] "POST /wp-json/complianz/v1/track HTTP/2.0" 200 20 "https://parma.elettroservicegroup.it/assistenza-miele-fidenza/?gad_source=1&gad_campaignid=23795906066&gbraid=0AAAABDgs-LTFxi5oL2BpZSgQSQYo9GW0n&gclid=Cj0KCQjw0JnRBhDJARIsALobnXazczWG_Vm3JvbjnsjUX185LC8Kr-loI5sG3SRvLjga2GL2qJRjR4oaAtwBEALw_wcB" "Mozilla/5.0 (Linux; Android 10; K) AppleWebKit/537.36 (KHTML, like Gecko) Chrome/138.0.0.0 Mobile Safari/537.36"
146.241.198.143 - - [08/Jun/2026:17:26:49 +0200] "GET /wp-content/uploads/2021/11/TECNIC-LAVATRICE-300x169.jpg HTTP/2.0" 200 12560 "https://parma.elettroservicegroup.it/assistenza-miele-fidenza/?gad_source=1&gad_campaignid=23795906066&gbraid=0AAAABDgs-LTFxi5oL2BpZSgQSQYo9GW0n&gclid=Cj0KCQjw0JnRBhDJARIsALobnXazczWG_Vm3JvbjnsjUX185LC8Kr-loI5sG3SRvLjga2GL2qJRjR4oaAtwBEALw_wcB" "Mozilla/5.0 (Linux; Android 10; K) AppleWebKit/537.36 (KHTML, like Gecko) Chrome/138.0.0.0 Mobile Safari/537.36"
146.241.198.143 - - [08/Jun/2026:17:27:15 +0200] "GET /wp-content/uploads/2026/05/logo.png HTTP/2.0" 200 48185 "https://parma.elettroservicegroup.it/assistenza-miele-fidenza/?gad_source=1&gad_campaignid=23795906066&gbraid=0AAAABDgs-LTFxi5oL2BpZSgQSQYo9GW0n&gclid=Cj0KCQjw0JnRBhDJARIsALobnXazczWG_Vm3JvbjnsjUX185LC8Kr-loI5sG3SRvLjga2GL2qJRjR4oaAtwBEALw_wcB" "Mozilla/5.0 (Linux; Android 10; K) AppleWebKit/537.36 (KHTML, like Gecko) Chrome/138.0.0.0 Mobile Safari/537.36"
146.241.198.143 - - [08/Jun/2026:17:27:39 +0200] "POST /wp-content/plugins/burst-statistics/endpoint.php HTTP/2.0" 200 1 "https://parma.elettroservicegroup.it/assistenza-miele-fidenza/?gad_source=1&gad_campaignid=23795906066&gbraid=0AAAABDgs-LTFxi5oL2BpZSgQSQYo9GW0n&gclid=Cj0KCQjw0JnRBhDJARIsALobnXazczWG_Vm3JvbjnsjUX185LC8Kr-loI5sG3SRvLjga2GL2qJRjR4oaAtwBEALw_wcB" "Mozilla/5.0 (Linux; Android 10; K) AppleWebKit/537.36 (KHTML, like Gecko) Chrome/138.0.0.0 Mobile Safari/537.36"
65.108.235.243 - - [08/Jun/2026:17:44:09 +0200] "POST /wp-cron.php?doing_wp_cron=1780933449.2409789562225341796875 HTTP/1.1" 200 1 "-" "WordPress/7.0; https://parma.elettroservicegroup.it"
66.249.89.133 - - [08/Jun/2026:17:44:07 +0200] "GET /assistenza-indesit-parma/ HTTP/1.1" 200 22712 "-" "Mozilla/5.0 (Linux; Android 6.0.1; Nexus 5X Build/MMB29P) AppleWebKit/537.36 (KHTML, like Gecko) Chrome/148.0.7778.96 Mobile Safari/537.36 (compatible; AdsBot-Google-Mobile; +http://www.google.com/mobile/adsbot.html)"
65.108.235.243 - - [08/Jun/2026:17:44:24 +0200] "POST /wp-cron.php?doing_wp_cron=1780933464.5332388877868652343750 HTTP/1.1" 200 1 "-" "WordPress/7.0; https://parma.elettroservicegroup.it"
66.249.89.133 - - [08/Jun/2026:17:44:24 +0200] "GET /assistenza-miele-fidenza/ HTTP/1.1" 200 22612 "-" "Mozilla/5.0 (Linux; Android 6.0.1; Nexus 5X Build/MMB29P) AppleWebKit/537.36 (KHTML, like Gecko) Chrome/148.0.7778.96 Mobile Safari/537.36 (compatible; AdsBot-Google-Mobile; +http://www.google.com/mobile/adsbot.html)"
66.249.89.133 - - [08/Jun/2026:17:44:41 +0200] "GET /wp-content/plugins/all-in-one-seo-pack/dist/Lite/assets/css/table-of-contents/global.e90f6d47.css?ver=4.9.7.2 HTTP/1.1" 200 420 "https://parma.elettroservicegroup.it/assistenza-indesit-parma/" "AdsBot-Google (+http://www.google.com/adsbot.html)"
66.249.89.133 - - [08/Jun/2026:17:44:42 +0200] "GET /wp-content/plugins/elementor/assets/lib/animations/styles/bounceIn.min.css?ver=4.1.1 HTTP/1.1" 200 186 "https://parma.elettroservicegroup.it/assistenza-indesit-parma/" "AdsBot-Google (+http://www.google.com/adsbot.html)"
66.249.89.133 - - [08/Jun/2026:17:44:42 +0200] "GET /wp-content/plugins/elementor/assets/css/widget-spacer.min.css?ver=4.1.1 HTTP/1.1" 200 287 "https://parma.elettroservicegroup.it/assistenza-indesit-parma/" "AdsBot-Google (+http://www.google.com/adsbot.html)"
66.249.89.133 - - [08/Jun/2026:17:44:42 +0200] "GET /wp-content/plugins/elementor/assets/css/widget-icon-list.min.css?ver=3.24.3 HTTP/1.1" 200 928 "https://parma.elettroservicegroup.it/assistenza-indesit-parma/" "AdsBot-Google (+http://www.google.com/adsbot.html)"
66.249.89.133 - - [08/Jun/2026:17:44:42 +0200] "GET /wp-content/plugins/elementor/assets/lib/eicons/css/elementor-icons.min.css?ver=5.34.0 HTTP/1.1" 200 4115 "https://parma.elettroservicegroup.it/assistenza-indesit-parma/" "AdsBot-Google (+http://www.google.com/adsbot.html)"
66.249.89.133 - - [08/Jun/2026:17:44:43 +0200] "GET /wp-content/plugins/gp-premium/menu-plus/functions/css/navigation-branding-flex.min.css?ver=2.5.5 HTTP/1.1" 200 542 "https://parma.elettroservicegroup.it/assistenza-indesit-parma/" "AdsBot-Google (+http://www.google.com/adsbot.html)"
66.249.89.133 - - [08/Jun/2026:17:44:43 +0200] "GET /wp-content/plugins/elementor/assets/lib/font-awesome/css/brands.css?ver=5.15.3 HTTP/1.1" 200 298 "https://parma.elettroservicegroup.it/assistenza-indesit-parma/" "AdsBot-Google (+http://www.google.com/adsbot.html)"
66.249.89.133 - - [08/Jun/2026:17:44:43 +0200] "GET /wp-content/plugins/elementor/assets/lib/font-awesome/css/solid.css?ver=5.15.3 HTTP/1.1" 200 299 "https://parma.elettroservicegroup.it/assistenza-indesit-parma/" "AdsBot-Google (+http://www.google.com/adsbot.html)"
66.249.89.133 - - [08/Jun/2026:17:44:43 +0200] "GET /wp-content/plugins/elementor/assets/lib/font-awesome/css/v4-shims.min.css?ver=4.1.1 HTTP/1.1" 200 3986 "https://parma.elettroservicegroup.it/assistenza-indesit-parma/" "AdsBot-Google (+http://www.google.com/adsbot.html)"
66.249.89.133 - - [08/Jun/2026:17:44:44 +0200] "GET /wp-includes/js/jquery/jquery-migrate.min.js?ver=3.4.1 HTTP/1.1" 200 4685 "https://parma.elettroservicegroup.it/assistenza-indesit-parma/" "AdsBot-Google (+http://www.google.com/adsbot.html)"
66.249.89.133 - - [08/Jun/2026:17:44:44 +0200] "GET /wp-content/plugins/elementor/assets/css/widget-heading.min.css?ver=4.1.1 HTTP/1.1" 200 127 "https://parma.elettroservicegroup.it/assistenza-indesit-parma/" "AdsBot-Google (+http://www.google.com/adsbot.html)"
66.249.89.133 - - [08/Jun/2026:17:44:44 +0200] "GET /wp-content/plugins/header-footer-elementor/inc/widgets-css/frontend.css?ver=2.8.8 HTTP/1.1" 200 8711 "https://parma.elettroservicegroup.it/assistenza-indesit-parma/" "AdsBot-Google (+http://www.google.com/adsbot.html)"
66.249.89.133 - - [08/Jun/2026:17:44:45 +0200] "GET /wp-content/plugins/elementor/assets/css/widget-social-icons.min.css?ver=3.24.0 HTTP/1.1" 200 1039 "https://parma.elettroservicegroup.it/assistenza-indesit-parma/" "AdsBot-Google (+http://www.google.com/adsbot.html)"
66.249.89.133 - - [08/Jun/2026:17:44:45 +0200] "GET /wp-content/plugins/elementor/assets/lib/font-awesome/css/all.min.css?ver=4.1.1 HTTP/1.1" 200 12402 "https://parma.elettroservicegroup.it/assistenza-indesit-parma/" "AdsBot-Google (+http://www.google.com/adsbot.html)"
66.249.89.133 - - [08/Jun/2026:17:44:45 +0200] "GET /wp-content/plugins/elementor/assets/lib/font-awesome/js/v4-shims.min.js?ver=4.1.1 HTTP/1.1" 200 4043 "https://parma.elettroservicegroup.it/assistenza-indesit-parma/" "AdsBot-Google (+http://www.google.com/adsbot.html)"
66.249.89.133 - - [08/Jun/2026:17:44:46 +0200] "GET /wp-content/themes/generatepress/assets/css/main.min.css?ver=3.6.1 HTTP/1.1" 200 4410 "https://parma.elettroservicegroup.it/assistenza-indesit-parma/" "AdsBot-Google (+http://www.google.com/adsbot.html)"
66.249.89.133 - - [08/Jun/2026:17:44:46 +0200] "GET /wp-content/uploads/elementor/google-fonts/css/roboto.css?ver=1742280360 HTTP/1.1" 200 1880 "https://parma.elettroservicegroup.it/assistenza-indesit-parma/" "AdsBot-Google (+http://www.google.com/adsbot.html)"
66.249.89.133 - - [08/Jun/2026:17:44:46 +0200] "GET /wp-content/plugins/elementor/assets/lib/font-awesome/css/fontawesome.min.css?ver=5.15.3 HTTP/1.1" 200 12179 "https://parma.elettroservicegroup.it/assistenza-indesit-parma/" "AdsBot-Google (+http://www.google.com/adsbot.html)"
66.249.89.133 - - [08/Jun/2026:17:44:47 +0200] "GET /wp-content/plugins/header-footer-elementor/assets/css/header-footer-elementor.css?ver=2.8.8 HTTP/1.1" 200 260 "https://parma.elettroservicegroup.it/assistenza-indesit-parma/" "AdsBot-Google (+http://www.google.com/adsbot.html)"
66.249.89.133 - - [08/Jun/2026:17:44:47 +0200] "GET /wp-content/plugins/elementor/assets/js/webpack.runtime.min.js?ver=4.1.1 HTTP/1.1" 200 2340 "https://parma.elettroservicegroup.it/assistenza-indesit-parma/" "AdsBot-Google (+http://www.google.com/adsbot.html)"
66.249.89.133 - - [08/Jun/2026:17:44:47 +0200] "GET /wp-content/plugins/elementor/assets/lib/font-awesome/css/solid.min.css?ver=5.15.3 HTTP/1.1" 200 286 "https://parma.elettroservicegroup.it/assistenza-indesit-parma/" "AdsBot-Google (+http://www.google.com/adsbot.html)"
66.249.89.133 - - [08/Jun/2026:17:44:47 +0200] "GET /wp-content/plugins/elementor/assets/css/widget-image.min.css?ver=4.1.1 HTTP/1.1" 200 96 "https://parma.elettroservicegroup.it/assistenza-indesit-parma/" "AdsBot-Google (+http://www.google.com/adsbot.html)"
66.249.89.133 - - [08/Jun/2026:17:44:48 +0200] "GET /wp-includes/js/jquery/jquery.min.js?ver=3.7.1 HTTP/1.1" 200 29769 "https://parma.elettroservicegroup.it/assistenza-indesit-parma/" "AdsBot-Google (+http://www.google.com/adsbot.html)"
66.249.89.133 - - [08/Jun/2026:17:44:48 +0200] "GET /wp-content/uploads/elementor/css/post-14146.css?ver=1780586499 HTTP/1.1" 200 428 "https://parma.elettroservicegroup.it/assistenza-indesit-parma/" "AdsBot-Google (+http://www.google.com/adsbot.html)"
66.249.89.133 - - [08/Jun/2026:17:44:48 +0200] "GET /wp-content/uploads/elementor/css/post-14366.css?ver=1780586501 HTTP/1.1" 200 302 "https://parma.elettroservicegroup.it/assistenza-indesit-parma/" "AdsBot-Google (+http://www.google.com/adsbot.html)"
66.249.89.133 - - [08/Jun/2026:17:44:49 +0200] "GET /wp-content/plugins/elementor/assets/lib/eicons/css/elementor-icons.min.css?ver=5.49.0 HTTP/1.1" 200 4115 "https://parma.elettroservicegroup.it/assistenza-indesit-parma/" "AdsBot-Google (+http://www.google.com/adsbot.html)"
66.249.89.133 - - [08/Jun/2026:17:44:49 +0200] "GET /wp-content/plugins/elementor/assets/lib/animations/styles/zoomIn.min.css?ver=4.1.1 HTTP/1.1" 200 87 "https://parma.elettroservicegroup.it/assistenza-indesit-parma/" "AdsBot-Google (+http://www.google.com/adsbot.html)"
66.249.89.133 - - [08/Jun/2026:17:44:51 +0200] "GET /wp-content/plugins/gp-premium/menu-plus/functions/js/sticky.min.js?ver=2.5.5 HTTP/1.1" 200 2670 "https://parma.elettroservicegroup.it/assistenza-indesit-parma/" "AdsBot-Google (+http://www.google.com/adsbot.html)"
66.249.89.133 - - [08/Jun/2026:17:44:52 +0200] "GET /wp-content/uploads/elementor/google-fonts/css/robotoslab.css?ver=1742280362 HTTP/1.1" 200 715 "https://parma.elettroservicegroup.it/assistenza-indesit-parma/" "AdsBot-Google (+http://www.google.com/adsbot.html)"
66.249.89.133 - - [08/Jun/2026:17:44:52 +0200] "GET /wp-content/plugins/complianz-gdpr-premium/assets/css/cookieblocker.min.css?ver=1780326315 HTTP/1.1" 200 615 "https://parma.elettroservicegroup.it/assistenza-indesit-parma/" "AdsBot-Google (+http://www.google.com/adsbot.html)"
66.249.89.133 - - [08/Jun/2026:17:44:52 +0200] "GET /wp-content/plugins/elementor/assets/lib/font-awesome/css/fontawesome.css?ver=5.15.3 HTTP/1.1" 200 12535 "https://parma.elettroservicegroup.it/assistenza-indesit-parma/" "AdsBot-Google (+http://www.google.com/adsbot.html)"
66.249.89.133 - - [08/Jun/2026:17:44:53 +0200] "GET /wp-content/uploads/elementor/css/post-17282.css?ver=1780592678 HTTP/1.1" 200 2152 "https://parma.elettroservicegroup.it/assistenza-indesit-parma/" "AdsBot-Google (+http://www.google.com/adsbot.html)"
66.249.89.133 - - [08/Jun/2026:17:44:53 +0200] "GET /wp-content/plugins/elementor/assets/css/frontend.min.css?ver=4.1.1 HTTP/1.1" 200 6618 "https://parma.elettroservicegroup.it/assistenza-indesit-parma/" "AdsBot-Google (+http://www.google.com/adsbot.html)"
66.249.89.133 - - [08/Jun/2026:17:44:53 +0200] "GET /wp-content/plugins/elementor/assets/lib/font-awesome/css/regular.min.css?ver=5.15.3 HTTP/1.1" 200 282 "https://parma.elettroservicegroup.it/assistenza-indesit-parma/" "AdsBot-Google (+http://www.google.com/adsbot.html)"
66.249.89.133 - - [08/Jun/2026:17:44:54 +0200] "GET /wp-content/plugins/elementor/assets/js/frontend-modules.min.js?ver=4.1.1 HTTP/1.1" 200 15454 "https://parma.elettroservicegroup.it/assistenza-indesit-parma/" "AdsBot-Google (+http://www.google.com/adsbot.html)"
66.249.89.133 - - [08/Jun/2026:17:44:55 +0200] "GET /wp-includes/js/jquery/ui/core.min.js?ver=1.13.3 HTTP/1.1" 200 6820 "https://parma.elettroservicegroup.it/assistenza-indesit-parma/" "AdsBot-Google (+http://www.google.com/adsbot.html)"
66.249.89.133 - - [08/Jun/2026:17:44:56 +0200] "GET /wp-content/plugins/elementor/assets/js/frontend.min.js?ver=4.1.1 HTTP/1.1" 200 10140 "https://parma.elettroservicegroup.it/assistenza-indesit-parma/" "AdsBot-Google (+http://www.google.com/adsbot.html)"
66.249.89.133 - - [08/Jun/2026:17:44:56 +0200] "GET /wp-content/themes/generatepress/assets/js/back-to-top.min.js?ver=3.6.1 HTTP/1.1" 200 336 "https://parma.elettroservicegroup.it/assistenza-indesit-parma/" "AdsBot-Google (+http://www.google.com/adsbot.html)"
66.249.89.133 - - [08/Jun/2026:17:44:57 +0200] "GET /wp-content/themes/generatepress/assets/js/menu.min.js?ver=3.6.1 HTTP/1.1" 200 1688 "https://parma.elettroservicegroup.it/assistenza-indesit-parma/" "AdsBot-Google (+http://www.google.com/adsbot.html)"
66.249.89.133 - - [08/Jun/2026:17:44:57 +0200] "GET /wp-content/uploads/elementor/google-fonts/fonts/roboto-kfo7cnqeu92fr1me7ksn66agldtyluama3yuba.woff2 HTTP/1.1" 200 40132 "https://parma.elettroservicegroup.it/wp-content/uploads/elementor/google-fonts/css/roboto.css?ver=1742280360" "AdsBot-Google (+http://www.google.com/adsbot.html)"
66.249.89.133 - - [08/Jun/2026:17:44:59 +0200] "GET /wp-content/plugins/complianz-gdpr-premium/cookiebanner/js/complianz.min.js?ver=1780326315 HTTP/1.1" 200 10708 "https://parma.elettroservicegroup.it/assistenza-indesit-parma/" "AdsBot-Google (+http://www.google.com/adsbot.html)"
66.249.89.133 - - [08/Jun/2026:17:45:00 +0200] "GET /wp-content/plugins/elementor/assets/lib/font-awesome/webfonts/fa-solid-900.woff2 HTTP/1.1" 200 78201 "https://parma.elettroservicegroup.it/wp-content/plugins/elementor/assets/lib/font-awesome/css/all.min.css?ver=4.1.1" "AdsBot-Google (+http://www.google.com/adsbot.html)"
66.249.89.133 - - [08/Jun/2026:17:45:01 +0200] "GET /wp-content/plugins/elementor/assets/lib/font-awesome/webfonts/fa-regular-400.woff2 HTTP/1.1" 200 13277 "https://parma.elettroservicegroup.it/wp-content/plugins/elementor/assets/lib/font-awesome/css/all.min.css?ver=4.1.1" "AdsBot-Google (+http://www.google.com/adsbot.html)"
66.249.89.133 - - [08/Jun/2026:17:45:01 +0200] "GET /wp-content/plugins/burst-statistics/assets/js/timeme/timeme.min.js?ver=1780499187 HTTP/1.1" 200 1835 "https://parma.elettroservicegroup.it/assistenza-indesit-parma/" "AdsBot-Google (+http://www.google.com/adsbot.html)"
66.249.89.133 - - [08/Jun/2026:17:45:02 +0200] "GET /wp-content/uploads/burst/js/burst.min.js?ver=1780912256 HTTP/1.1" 200 3381 "https://parma.elettroservicegroup.it/assistenza-indesit-parma/" "AdsBot-Google (+http://www.google.com/adsbot.html)"
66.249.89.133 - - [08/Jun/2026:17:45:11 +0200] "GET /wp-content/uploads/elementor/css/post-17351.css?ver=1780858157 HTTP/1.1" 200 2146 "https://parma.elettroservicegroup.it/assistenza-miele-fidenza/" "AdsBot-Google (+http://www.google.com/adsbot.html)"
65.108.235.243 - - [08/Jun/2026:17:45:17 +0200] "POST /wp-cron.php?doing_wp_cron=1780933517.2137200832366943359375 HTTP/1.1" 200 1 "-" "WordPress/7.0; https://parma.elettroservicegroup.it"
66.249.89.133 - - [08/Jun/2026:17:45:14 +0200] "GET /wp-json/complianz/v1/banner?lang=it&locale=it_IT&token=elxap HTTP/1.1" 200 84 "https://parma.elettroservicegroup.it/assistenza-indesit-parma/" "AdsBot-Google (+http://www.google.com/adsbot.html)"
66.249.89.133 - - [08/Jun/2026:17:45:17 +0200] "GET /wp-content/uploads/complianz/css/banner-1-optin.css?v=46 HTTP/1.1" 200 2617 "https://parma.elettroservicegroup.it/assistenza-indesit-parma/" "AdsBot-Google (+http://www.google.com/adsbot.html)"
66.249.89.133 - - [08/Jun/2026:17:45:17 +0200] "GET /wp-json/complianz/v1/cookie_data HTTP/1.1" 200 81 "https://parma.elettroservicegroup.it/assistenza-indesit-parma/" "AdsBot-Google (+http://www.google.com/adsbot.html)"
66.249.89.133 - - [08/Jun/2026:17:45:47 +0200] "GET /wp-content/plugins/elementor/assets/js/text-editor.45609661e409413f1cef.bundle.min.js HTTP/1.1" 200 592 "https://parma.elettroservicegroup.it/assistenza-indesit-parma/" "AdsBot-Google (+http://www.google.com/adsbot.html)"
66.249.89.133 - - [08/Jun/2026:17:45:48 +0200] "GET /wp-content/plugins/elementor/assets/js/section-frontend-handlers.d85ab872da118940910d.bundle.min.js HTTP/1.1" 200 230 "https://parma.elettroservicegroup.it/assistenza-indesit-parma/" "AdsBot-Google (+http://www.google.com/adsbot.html)"
66.249.89.133 - - [08/Jun/2026:17:45:48 +0200] "GET /wp-content/plugins/elementor/assets/js/shared-frontend-handlers.03caa53373b56d3bab67.bundle.min.js HTTP/1.1" 200 2515 "https://parma.elettroservicegroup.it/assistenza-indesit-parma/" "AdsBot-Google (+http://www.google.com/adsbot.html)"
65.108.235.243 - - [08/Jun/2026:17:56:06 +0200] "POST /wp-cron.php?doing_wp_cron=1780934166.8775119781494140625000 HTTP/1.1" 200 1 "-" "WordPress/7.0; https://parma.elettroservicegroup.it"
142.250.32.100 - - [08/Jun/2026:17:55:58 +0200] "GET /.well-known/traffic-advice HTTP/1.1" 404 16884 "-" "Chrome Privacy Preserving Prefetch Proxy"
162.120.188.139 - - [08/Jun/2026:17:55:58 +0200] "GET /assistenza-whirlpool-parma/?gad_source=1&gad_campaignid=23795906066&gbraid=0AAAABDgs-LTFxi5oL2BpZSgQSQYo9GW0n&gclid=Cj0KCQjw0JnRBhDJARIsALobnXY9gEu96E0rehpx9cwXo8NWJkWMCBRJbgkS5YA6CyynBlrzS6TX9sAaAgyIEALw_wcB HTTP/2.0" 200 - "https://www.google.com/" "Mozilla/5.0 (Linux; Android 10; K) AppleWebKit/537.36 (KHTML, like Gecko) Chrome/148.0.0.0 Mobile Safari/537.36"
65.108.235.243 - - [08/Jun/2026:18:00:42 +0200] "POST /wp-cron.php?doing_wp_cron=1780934442.0979940891265869140625 HTTP/1.1" 200 1 "-" "WordPress/7.0; https://parma.elettroservicegroup.it"
52.167.144.175 - - [08/Jun/2026:18:00:39 +0200] "GET /bassbet-casino-quels-moyens-de-contact-pour-un-support-efficace/ HTTP/2.0" 404 16924 "-" "Mozilla/5.0 AppleWebKit/537.36 (KHTML, like Gecko; compatible; bingbot/2.0; +http://www.bing.com/bingbot.htm) Chrome/116.0.1938.76 Safari/537.36"
216.26.245.109 - - [08/Jun/2026:18:11:27 +0200] "POST /xmlrpc.php HTTP/1.1" 403 52 "-" "Wget/1.21.4"
216.26.245.109 - - [08/Jun/2026:18:11:28 +0200] "POST /xmlrpc.php HTTP/1.1" 403 52 "-" "curl/8.6.0"
216.26.245.109 - - [08/Jun/2026:18:11:28 +0200] "POST /xmlrpc.php HTTP/1.1" 403 52 "-" "curl/7.88.1"
65.111.3.11 - - [08/Jun/2026:18:11:25 +0200] "HEAD / HTTP/1.1" 200 - "-" "curl/8.6.0"
65.108.235.243 - - [08/Jun/2026:18:11:30 +0200] "POST /wp-cron.php?doing_wp_cron=1780935090.6721599102020263671875 HTTP/1.1" 200 1 "-" "WordPress/7.0; https://parma.elettroservicegroup.it"
151.123.178.200 - - [08/Jun/2026:18:11:28 +0200] "GET /wp-login.php HTTP/1.1" 200 12847 "-" "curl/7.88.1"
151.123.178.200 - - [08/Jun/2026:18:11:30 +0200] "POST /wp-login.php HTTP/1.1" 200 13254 "https://parma.elettroservicegroup.it/wp-login.php" "curl/8.6.0"
52.167.144.211 - - [08/Jun/2026:18:31:51 +0200] "GET /assistenza-forni-elettrici/ HTTP/2.0" 200 20608 "-" "Mozilla/5.0 AppleWebKit/537.36 (KHTML, like Gecko; compatible; bingbot/2.0; +http://www.bing.com/bingbot.htm) Chrome/116.0.1938.76 Safari/537.36"
5.161.190.194 - - [08/Jun/2026:18:36:48 +0200] "GET /assistenza-rex-electrolux-parma/ HTTP/2.0" 200 22658 "-" "Mozilla/5.0 (Macintosh; Intel Mac OS X 10_15_7) AppleWebKit/537.36 (KHTML, like Gecko) Chrome/146.0.0.0 Safari/537.36"
65.108.235.243 - - [08/Jun/2026:18:36:54 +0200] "POST /wp-cron.php?doing_wp_cron=1780936614.4992620944976806640625 HTTP/1.1" 200 1 "-" "WordPress/7.0; https://parma.elettroservicegroup.it"
5.78.94.165 - - [08/Jun/2026:18:36:47 +0200] "GET /assistenza-rex-electrolux-collecchio/ HTTP/2.0" 200 22616 "-" "Mozilla/5.0 (Macintosh; Intel Mac OS X 10_15_7) AppleWebKit/537.36 (KHTML, like Gecko) Chrome/146.0.0.0 Safari/537.36"
40.77.177.43 - - [08/Jun/2026:18:48:02 +0200] "GET /wp-content/uploads/elementor/css/post-15288.css?ver=1780284574 HTTP/2.0" 200 26300 "https://parma.elettroservicegroup.it/assistenza-forni-elettrici/" "Mozilla/5.0 AppleWebKit/537.36 (KHTML, like Gecko; compatible; bingbot/2.0; +http://www.bing.com/bingbot.htm) Chrome/136.0.0.0 Safari/537.36"
144.76.19.27 - - [08/Jun/2026:18:59:34 +0200] "GET /robots.txt HTTP/1.1" 200 11793 "-" "Mozilla/5.0 (compatible; SERankingBacklinksBot/1.0; +https://seranking.com/backlinks-crawler)"
144.76.19.27 - - [08/Jun/2026:18:59:34 +0200] "GET / HTTP/1.1" 200 11780 "-" "Mozilla/5.0 (compatible; SERankingBacklinksBot/1.0; +https://seranking.com/backlinks-crawler)"
79.59.92.83 - - [08/Jun/2026:19:04:50 +0200] "POST /wp-content/plugins/burst-statistics/endpoint.php HTTP/2.0" 200 1 "https://parma.elettroservicegroup.it/assistenza-bosch-parma/" "Mozilla/5.0 (Windows NT 10.0; Win64; x64) AppleWebKit/537.36 (KHTML, like Gecko) Chrome/147.0.0.0 Safari/537.36 Edg/147.0.0.0"
79.59.92.83 - - [08/Jun/2026:19:04:55 +0200] "POST /wp-content/plugins/burst-statistics/endpoint.php HTTP/2.0" 200 1 "https://parma.elettroservicegroup.it/assistenza-bosch-parma/" "Mozilla/5.0 (Windows NT 10.0; Win64; x64) AppleWebKit/537.36 (KHTML, like Gecko) Chrome/147.0.0.0 Safari/537.36 Edg/147.0.0.0"
65.108.235.243 - - [08/Jun/2026:19:24:42 +0200] "POST /wp-cron.php?doing_wp_cron=1780939482.5738539695739746093750 HTTP/1.1" 200 1 "-" "WordPress/7.0; https://parma.elettroservicegroup.it"
104.194.9.138 - - [08/Jun/2026:19:24:38 +0200] "GET /wp-json/wp/v2/users HTTP/1.1" 401 108 "-" "Mozilla/5.0 (Windows NT 10.0; Win64; x64) AppleWebKit/537.36 (KHTML, like Gecko) Edge/120.0.0.0"
104.194.9.138 - - [08/Jun/2026:19:24:43 +0200] "GET /?author=1 HTTP/1.1" 415 165231 "-" "Mozilla/5.0 (Windows NT 10.0; Win64; x64) AppleWebKit/537.36 (KHTML, like Gecko) Edge/120.0.0.0"
104.194.9.138 - - [08/Jun/2026:19:24:46 +0200] "GET /?author=2 HTTP/1.1" 415 165231 "-" "Mozilla/5.0 (X11; Linux x86_64; rv:121.0) Gecko/20100101 Firefox/121.0"
65.108.235.243 - - [08/Jun/2026:19:24:50 +0200] "POST /wp-cron.php?doing_wp_cron=1780939490.7689559459686279296875 HTTP/1.1" 200 1 "-" "WordPress/7.0; https://parma.elettroservicegroup.it"
104.194.9.138 - - [08/Jun/2026:19:24:49 +0200] "GET /?author=3 HTTP/1.1" 415 165231 "-" "Mozilla/5.0 (Macintosh; Intel Mac OS X 14_2) AppleWebKit/605.1.15 (KHTML, like Gecko) Version/17.2 Safari/605.1.15"
104.194.9.138 - - [08/Jun/2026:19:24:51 +0200] "GET /?author=4 HTTP/1.1" 415 165231 "-" "Mozilla/5.0 (Windows NT 10.0; Win64; x64) AppleWebKit/537.36 (KHTML, like Gecko) Edge/120.0.0.0"
104.194.9.138 - - [08/Jun/2026:19:24:53 +0200] "GET /?author=5 HTTP/1.1" 415 165231 "-" "Mozilla/5.0 (Macintosh; Intel Mac OS X 14_2) AppleWebKit/605.1.15 (KHTML, like Gecko) Version/17.2 Safari/605.1.15"
65.108.235.243 - - [08/Jun/2026:19:24:57 +0200] "POST /wp-cron.php?doing_wp_cron=1780939497.0716660022735595703125 HTTP/1.1" 200 1 "-" "WordPress/7.0; https://parma.elettroservicegroup.it"
104.194.9.138 - - [08/Jun/2026:19:24:55 +0200] "GET /?author=6 HTTP/1.1" 415 165231 "-" "Mozilla/5.0 (Windows NT 10.0; Win64; x64) AppleWebKit/537.36 (KHTML, like Gecko) Edge/120.0.0.0"
104.194.9.138 - - [08/Jun/2026:19:24:57 +0200] "GET /?author=7 HTTP/1.1" 415 165231 "-" "Mozilla/5.0 (Windows NT 10.0; Win64; x64) AppleWebKit/537.36 (KHTML, like Gecko) Chrome/120.0.0.0 Safari/537.36"
104.194.9.138 - - [08/Jun/2026:19:24:58 +0200] "GET /?author=8 HTTP/1.1" 415 165231 "-" "Mozilla/5.0 (Windows NT 10.0; Win64; x64) AppleWebKit/537.36 (KHTML, like Gecko) Edge/120.0.0.0"
104.194.9.138 - - [08/Jun/2026:19:24:59 +0200] "GET /?author=9 HTTP/1.1" 415 165231 "-" "Mozilla/5.0 (Windows NT 10.0; Win64; x64) AppleWebKit/537.36 (KHTML, like Gecko) Chrome/120.0.0.0 Safari/537.36"
104.194.9.138 - - [08/Jun/2026:19:25:00 +0200] "POST /wp-json/wp/v2/users HTTP/1.1" 401 108 "-" "Mozilla/5.0 (X11; Linux x86_64; rv:121.0) Gecko/20100101 Firefox/121.0"
104.194.9.138 - - [08/Jun/2026:19:25:01 +0200] "POST /wp-json/wp/v2/users HTTP/1.1" 401 108 "-" "Mozilla/5.0 (Windows NT 10.0; Win64; x64) AppleWebKit/537.36 (KHTML, like Gecko) Edge/120.0.0.0"
38.180.116.244 - - [08/Jun/2026:20:03:16 +0200] "POST /xmlrpc.php HTTP/1.1" 403 52 "-" "Mozilla/5.0 (X11; Linux x86_64) AppleWebKit/537.36 (KHTML, like Gecko) Chrome/81.0.4044.129 Safari/537.36"
65.108.235.243 - - [08/Jun/2026:20:12:54 +0200] "POST /wp-cron.php?doing_wp_cron=1780942374.7246088981628417968750 HTTP/1.1" 200 1 "-" "WordPress/7.0; https://parma.elettroservicegroup.it"
52.167.144.190 - - [08/Jun/2026:20:12:52 +0200] "GET /comment-desactiver-son-compte-instant-casino-temporairement-ou-definitivement/ HTTP/2.0" 404 16925 "-" "Mozilla/5.0 AppleWebKit/537.36 (KHTML, like Gecko; compatible; bingbot/2.0; +http://www.bing.com/bingbot.htm) Chrome/116.0.1938.76 Safari/537.36"
65.108.235.243 - - [08/Jun/2026:20:24:38 +0200] "POST /wp-cron.php?doing_wp_cron=1780943078.3751978874206542968750 HTTP/1.1" 200 1 "-" "WordPress/7.0; https://parma.elettroservicegroup.it"
158.94.208.225 - - [08/Jun/2026:20:24:27 +0200] "GET /wp-login.php HTTP/1.1" 200 3298 "-" "Mozilla/5.0 (Windows NT 10.0; Win64; x64) AppleWebKit/537.36 (KHTML, like Gecko) Chrome/142.0.0.0 Safari/537.36"
158.94.208.225 - - [08/Jun/2026:20:24:41 +0200] "POST /wp-login.php HTTP/1.1" 503 6752 "https://parma.elettroservicegroup.it/wp-login.php" "Mozilla/5.0 (Windows NT 10.0; Win64; x64) AppleWebKit/537.36 (KHTML, like Gecko) Chrome/142.0.0.0 Safari/537.36"
65.108.235.243 - - [08/Jun/2026:20:53:55 +0200] "POST /wp-cron.php?doing_wp_cron=1780944835.3054490089416503906250 HTTP/1.1" 200 1 "-" "WordPress/7.0; https://parma.elettroservicegroup.it"
66.249.89.135 - - [08/Jun/2026:20:53:53 +0200] "GET /assistenza-whirlpool-parma/ HTTP/1.1" 200 22787 "-" "Mozilla/5.0 (Linux; Android 6.0.1; Nexus 5X Build/MMB29P) AppleWebKit/537.36 (KHTML, like Gecko) Chrome/148.0.7778.96 Mobile Safari/537.36 (compatible; AdsBot-Google-Mobile; +http://www.google.com/mobile/adsbot.html)"
66.249.89.134 - - [08/Jun/2026:20:54:00 +0200] "GET /wp-content/uploads/elementor/css/post-17366.css?ver=1780645699 HTTP/1.1" 200 2160 "https://parma.elettroservicegroup.it/assistenza-whirlpool-parma/" "AdsBot-Google (+http://www.google.com/adsbot.html)"
65.108.235.243 - - [08/Jun/2026:20:55:22 +0200] "POST /wp-cron.php?doing_wp_cron=1780944922.9270451068878173828125 HTTP/1.1" 200 1 "-" "WordPress/7.0; https://parma.elettroservicegroup.it"
66.249.89.134 - - [08/Jun/2026:20:55:19 +0200] "GET /assistenza-bosch-parma/ HTTP/1.1" 200 22745 "-" "Mozilla/5.0 (Linux; Android 6.0.1; Nexus 5X Build/MMB29P) AppleWebKit/537.36 (KHTML, like Gecko) Chrome/148.0.7778.96 Mobile Safari/537.36 (compatible; AdsBot-Google-Mobile; +http://www.google.com/mobile/adsbot.html)"
66.249.89.134 - - [08/Jun/2026:20:55:23 +0200] "GET /assistenza-forni-elettrici/ HTTP/1.1" 200 20726 "-" "Mozilla/5.0 (Linux; Android 6.0.1; Nexus 5X Build/MMB29P) AppleWebKit/537.36 (KHTML, like Gecko) Chrome/148.0.7778.96 Mobile Safari/537.36 (compatible; AdsBot-Google-Mobile; +http://www.google.com/mobile/adsbot.html)"
66.249.89.133 - - [08/Jun/2026:20:55:27 +0200] "GET /wp-content/uploads/elementor/css/post-17274.css?ver=1780641063 HTTP/1.1" 200 2163 "https://parma.elettroservicegroup.it/assistenza-bosch-parma/" "AdsBot-Google (+http://www.google.com/adsbot.html)"
65.108.235.243 - - [08/Jun/2026:20:57:18 +0200] "POST /wp-cron.php?doing_wp_cron=1780945038.3655519485473632812500 HTTP/1.1" 200 1 "-" "WordPress/7.0; https://parma.elettroservicegroup.it"
40.77.167.26 - - [08/Jun/2026:20:57:16 +0200] "GET /sitemap.rss HTTP/2.0" 200 1348 "-" "Mozilla/5.0 AppleWebKit/537.36 (KHTML, like Gecko; compatible; bingbot/2.0; +http://www.bing.com/bingbot.htm) Chrome/116.0.1938.76 Safari/537.36"
66.249.89.135 - - [08/Jun/2026:20:57:14 +0200] "GET /assistenza-smeg-parma/ HTTP/1.1" 200 22822 "-" "Mozilla/5.0 (Linux; Android 6.0.1; Nexus 5X Build/MMB29P) AppleWebKit/537.36 (KHTML, like Gecko) Chrome/148.0.7778.96 Mobile Safari/537.36 (compatible; AdsBot-Google-Mobile; +http://www.google.com/mobile/adsbot.html)"
66.249.89.134 - - [08/Jun/2026:20:57:20 +0200] "GET /wp-content/uploads/elementor/css/post-17361.css?ver=1780589144 HTTP/1.1" 200 2168 "https://parma.elettroservicegroup.it/assistenza-smeg-parma/" "AdsBot-Google (+http://www.google.com/adsbot.html)"
66.249.89.134 - - [08/Jun/2026:20:57:21 +0200] "GET /wp-content/plugins/elementor/assets/lib/font-awesome/css/regular.min.css?ver=5.15.3 HTTP/1.1" 200 282 "https://parma.elettroservicegroup.it/assistenza-smeg-parma/" "AdsBot-Google (+http://www.google.com/adsbot.html)"
66.249.89.134 - - [08/Jun/2026:20:57:21 +0200] "GET /wp-content/plugins/gp-premium/menu-plus/functions/css/navigation-branding-flex.min.css?ver=2.5.5 HTTP/1.1" 200 542 "https://parma.elettroservicegroup.it/assistenza-smeg-parma/" "AdsBot-Google (+http://www.google.com/adsbot.html)"
66.249.89.134 - - [08/Jun/2026:20:57:21 +0200] "GET /wp-content/plugins/elementor/assets/lib/font-awesome/js/v4-shims.min.js?ver=4.1.1 HTTP/1.1" 200 4043 "https://parma.elettroservicegroup.it/assistenza-smeg-parma/" "AdsBot-Google (+http://www.google.com/adsbot.html)"
66.249.89.134 - - [08/Jun/2026:20:57:21 +0200] "GET /wp-content/plugins/gp-premium/menu-plus/functions/js/sticky.min.js?ver=2.5.5 HTTP/1.1" 200 2670 "https://parma.elettroservicegroup.it/assistenza-smeg-parma/" "AdsBot-Google (+http://www.google.com/adsbot.html)"
66.249.89.133 - - [08/Jun/2026:20:57:22 +0200] "GET /wp-content/plugins/elementor/assets/js/frontend.min.js?ver=4.1.1 HTTP/1.1" 200 10140 "https://parma.elettroservicegroup.it/assistenza-smeg-parma/" "AdsBot-Google (+http://www.google.com/adsbot.html)"
66.249.89.134 - - [08/Jun/2026:20:58:45 +0200] "GET /wp-content/uploads/elementor/css/post-15288.css?ver=1780600728 HTTP/1.1" 200 1981 "https://parma.elettroservicegroup.it/assistenza-forni-elettrici/" "AdsBot-Google (+http://www.google.com/adsbot.html)"
65.108.235.243 - - [08/Jun/2026:21:01:33 +0200] "POST /wp-cron.php?doing_wp_cron=1780945293.1799540519714355468750 HTTP/1.1" 200 1 "-" "WordPress/7.0; https://parma.elettroservicegroup.it"
54.222.209.83 - - [08/Jun/2026:21:01:29 +0200] "GET /assistenza-lavatrici-indesit-parma/ HTTP/2.0" 200 22689 "-" "Mozilla/5.0 (Linux; Android 8.0; Pixel 2 Build/OPD3.170816.012) AppleWebKit/537.36 (KHTML, like Gecko) Chrome/43.0.1064.1057 Mobile Safari/537.36"
54.222.209.83 - - [08/Jun/2026:21:01:33 +0200] "GET /wp-content/plugins/header-footer-elementor/inc/widgets-css/frontend.css?ver=2.8.8 HTTP/2.0" 200 8711 "https://parma.elettroservicegroup.it/assistenza-lavatrici-indesit-parma/" "Mozilla/5.0 (Linux; Android 8.0; Pixel 2 Build/OPD3.170816.012) AppleWebKit/537.36 (KHTML, like Gecko) Chrome/43.0.1064.1057 Mobile Safari/537.36"
54.222.209.83 - - [08/Jun/2026:21:01:33 +0200] "GET /wp-content/plugins/elementor/assets/css/widget-image.min.css?ver=4.1.1 HTTP/2.0" 200 96 "https://parma.elettroservicegroup.it/assistenza-lavatrici-indesit-parma/" "Mozilla/5.0 (Linux; Android 8.0; Pixel 2 Build/OPD3.170816.012) AppleWebKit/537.36 (KHTML, like Gecko) Chrome/43.0.1064.1057 Mobile Safari/537.36"
54.222.209.83 - - [08/Jun/2026:21:01:33 +0200] "GET /wp-content/uploads/elementor/css/post-17334.css?ver=1780679611 HTTP/2.0" 200 2055 "https://parma.elettroservicegroup.it/assistenza-lavatrici-indesit-parma/" "Mozilla/5.0 (Linux; Android 8.0; Pixel 2 Build/OPD3.170816.012) AppleWebKit/537.36 (KHTML, like Gecko) Chrome/43.0.1064.1057 Mobile Safari/537.36"
54.222.209.83 - - [08/Jun/2026:21:01:34 +0200] "GET /wp-content/plugins/gp-premium/menu-plus/functions/css/navigation-branding-flex.min.css?ver=2.5.5 HTTP/2.0" 200 542 "https://parma.elettroservicegroup.it/assistenza-lavatrici-indesit-parma/" "Mozilla/5.0 (Linux; Android 8.0; Pixel 2 Build/OPD3.170816.012) AppleWebKit/537.36 (KHTML, like Gecko) Chrome/43.0.1064.1057 Mobile Safari/537.36"
54.222.209.83 - - [08/Jun/2026:21:01:34 +0200] "GET /wp-content/plugins/elementor/assets/css/widget-social-icons.min.css?ver=3.24.0 HTTP/2.0" 200 1039 "https://parma.elettroservicegroup.it/assistenza-lavatrici-indesit-parma/" "Mozilla/5.0 (Linux; Android 8.0; Pixel 2 Build/OPD3.170816.012) AppleWebKit/537.36 (KHTML, like Gecko) Chrome/43.0.1064.1057 Mobile Safari/537.36"
54.222.209.83 - - [08/Jun/2026:21:01:34 +0200] "GET /wp-content/uploads/elementor/google-fonts/css/robotoslab.css?ver=1742280362 HTTP/2.0" 200 715 "https://parma.elettroservicegroup.it/assistenza-lavatrici-indesit-parma/" "Mozilla/5.0 (Linux; Android 8.0; Pixel 2 Build/OPD3.170816.012) AppleWebKit/537.36 (KHTML, like Gecko) Chrome/43.0.1064.1057 Mobile Safari/537.36"
54.222.209.83 - - [08/Jun/2026:21:01:34 +0200] "GET /wp-content/plugins/elementor/assets/lib/font-awesome/js/v4-shims.min.js?ver=4.1.1 HTTP/2.0" 200 4043 "https://parma.elettroservicegroup.it/assistenza-lavatrici-indesit-parma/" "Mozilla/5.0 (Linux; Android 8.0; Pixel 2 Build/OPD3.170816.012) AppleWebKit/537.36 (KHTML, like Gecko) Chrome/43.0.1064.1057 Mobile Safari/537.36"
54.222.209.83 - - [08/Jun/2026:21:01:34 +0200] "GET /wp-content/plugins/elementor/assets/lib/font-awesome/css/fontawesome.min.css?ver=5.15.3 HTTP/2.0" 200 12179 "https://parma.elettroservicegroup.it/assistenza-lavatrici-indesit-parma/" "Mozilla/5.0 (Linux; Android 8.0; Pixel 2 Build/OPD3.170816.012) AppleWebKit/537.36 (KHTML, like Gecko) Chrome/43.0.1064.1057 Mobile Safari/537.36"
54.222.209.83 - - [08/Jun/2026:21:01:34 +0200] "GET /wp-includes/js/jquery/jquery.min.js?ver=3.7.1 HTTP/2.0" 200 29769 "https://parma.elettroservicegroup.it/assistenza-lavatrici-indesit-parma/" "Mozilla/5.0 (Linux; Android 8.0; Pixel 2 Build/OPD3.170816.012) AppleWebKit/537.36 (KHTML, like Gecko) Chrome/43.0.1064.1057 Mobile Safari/537.36"
54.222.209.83 - - [08/Jun/2026:21:01:34 +0200] "GET /wp-includes/js/jquery/ui/core.min.js?ver=1.13.3 HTTP/2.0" 200 6820 "https://parma.elettroservicegroup.it/assistenza-lavatrici-indesit-parma/" "Mozilla/5.0 (Linux; Android 8.0; Pixel 2 Build/OPD3.170816.012) AppleWebKit/537.36 (KHTML, like Gecko) Chrome/43.0.1064.1057 Mobile Safari/537.36"
54.222.209.83 - - [08/Jun/2026:21:01:34 +0200] "GET /wp-content/plugins/elementor/assets/js/frontend.min.js?ver=4.1.1 HTTP/2.0" 200 10140 "https://parma.elettroservicegroup.it/assistenza-lavatrici-indesit-parma/" "Mozilla/5.0 (Linux; Android 8.0; Pixel 2 Build/OPD3.170816.012) AppleWebKit/537.36 (KHTML, like Gecko) Chrome/43.0.1064.1057 Mobile Safari/537.36"
