66.249.64.169 - - [10/Jul/2026:14:04:37 +0200] "GET /?h=34608254041100 HTTP/1.1" 301 313 "-" "Mozilla/5.0 (Linux; Android 6.0.1; Nexus 5X Build/MMB29P) AppleWebKit/537.36 (KHTML, like Gecko) Chrome/150.0.7871.46 Mobile Safari/537.36 (compatible; Googlebot/2.1; +http://www.google.com/bot.html)"
66.249.64.169 - - [10/Jul/2026:14:04:37 +0200] "GET /index.php/?h=34608254041100 HTTP/1.1" 301 - "-" "Mozilla/5.0 (Linux; Android 6.0.1; Nexus 5X Build/MMB29P) AppleWebKit/537.36 (KHTML, like Gecko) Chrome/150.0.7871.46 Mobile Safari/537.36 (compatible; Googlebot/2.1; +http://www.google.com/bot.html)"
66.249.64.170 - - [10/Jul/2026:14:08:16 +0200] "GET /?h=30088821921100 HTTP/1.1" 301 313 "-" "Mozilla/5.0 (compatible; Googlebot/2.1; +http://www.google.com/bot.html)"
66.249.64.170 - - [10/Jul/2026:14:08:16 +0200] "GET /index.php/?h=30088821921100 HTTP/1.1" 301 - "-" "Mozilla/5.0 (compatible; Googlebot/2.1; +http://www.google.com/bot.html)"
66.249.64.169 - - [10/Jul/2026:14:08:34 +0200] "GET /?h=4942161561100 HTTP/1.1" 301 312 "-" "Mozilla/5.0 (Linux; Android 6.0.1; Nexus 5X Build/MMB29P) AppleWebKit/537.36 (KHTML, like Gecko) Chrome/150.0.7871.46 Mobile Safari/537.36 (compatible; Googlebot/2.1; +http://www.google.com/bot.html)"
66.249.64.169 - - [10/Jul/2026:14:08:34 +0200] "GET /index.php/?h=4942161561100 HTTP/1.1" 301 - "-" "Mozilla/5.0 (Linux; Android 6.0.1; Nexus 5X Build/MMB29P) AppleWebKit/537.36 (KHTML, like Gecko) Chrome/150.0.7871.46 Mobile Safari/537.36 (compatible; Googlebot/2.1; +http://www.google.com/bot.html)"
66.249.64.171 - - [10/Jul/2026:14:10:07 +0200] "GET /?h=36387583401100 HTTP/1.1" 301 313 "-" "Mozilla/5.0 (compatible; Googlebot/2.1; +http://www.google.com/bot.html)"
66.249.64.169 - - [10/Jul/2026:14:10:07 +0200] "GET /index.php/?h=36387583401100 HTTP/1.1" 301 - "-" "Mozilla/5.0 (compatible; Googlebot/2.1; +http://www.google.com/bot.html)"
212.193.3.149 - - [10/Jul/2026:14:10:12 +0200] "HEAD / HTTP/1.1" 301 - "-" "Mozilla/5.0 (compatible; Googlebot/2.1; +http://www.google.com/bot.html)"
66.249.64.170 - - [10/Jul/2026:14:10:35 +0200] "GET /?h=36172526521100 HTTP/1.1" 301 313 "-" "Mozilla/5.0 (Linux; Android 6.0.1; Nexus 5X Build/MMB29P) AppleWebKit/537.36 (KHTML, like Gecko) Chrome/150.0.7871.46 Mobile Safari/537.36 (compatible; Googlebot/2.1; +http://www.google.com/bot.html)"
66.249.64.169 - - [10/Jul/2026:14:10:36 +0200] "GET /index.php/?h=36172526521100 HTTP/1.1" 301 - "-" "Mozilla/5.0 (Linux; Android 6.0.1; Nexus 5X Build/MMB29P) AppleWebKit/537.36 (KHTML, like Gecko) Chrome/150.0.7871.46 Mobile Safari/537.36 (compatible; Googlebot/2.1; +http://www.google.com/bot.html)"
66.249.64.169 - - [10/Jul/2026:14:11:25 +0200] "GET /?h=41004860881100 HTTP/1.1" 301 313 "-" "Mozilla/5.0 (Linux; Android 6.0.1; Nexus 5X Build/MMB29P) AppleWebKit/537.36 (KHTML, like Gecko) Chrome/150.0.7871.46 Mobile Safari/537.36 (compatible; Googlebot/2.1; +http://www.google.com/bot.html)"
66.249.64.170 - - [10/Jul/2026:14:11:26 +0200] "GET /index.php/?h=41004860881100 HTTP/1.1" 301 - "-" "Mozilla/5.0 (Linux; Android 6.0.1; Nexus 5X Build/MMB29P) AppleWebKit/537.36 (KHTML, like Gecko) Chrome/150.0.7871.46 Mobile Safari/537.36 (compatible; Googlebot/2.1; +http://www.google.com/bot.html)"
149.102.229.138 - - [10/Jul/2026:14:12:44 +0200] "GET / HTTP/1.1" 200 11932 "-" "Mozilla/5.0 (Windows NT 10.0; Win64; x64) AppleWebKit/537.36 (KHTML, like Gecko) Chrome/120.0.0.0 Safari/537.36"
149.102.229.138 - - [10/Jul/2026:14:12:46 +0200] "GET /wp-login.php HTTP/1.1" 200 11952 "https://verona.elettroservicegroup.it" "Mozilla/5.0 (Windows NT 10.0; Win64; x64) AppleWebKit/537.36 (KHTML, like Gecko) Chrome/120.0.0.0 Safari/537.36"
149.102.229.138 - - [10/Jul/2026:14:12:50 +0200] "GET / HTTP/1.1" 200 11825 "-" "Mozilla/5.0 (Windows NT 10.0; Win64; x64) AppleWebKit/537.36 (KHTML, like Gecko) Chrome/120.0.0.0 Safari/537.36"
149.102.229.138 - - [10/Jul/2026:14:12:51 +0200] "GET /wp-login.php HTTP/1.1" 200 11871 "https://verona.elettroservicegroup.it" "Mozilla/5.0 (Windows NT 10.0; Win64; x64) AppleWebKit/537.36 (KHTML, like Gecko) Chrome/120.0.0.0 Safari/537.36"
149.102.229.138 - - [10/Jul/2026:14:12:57 +0200] "GET / HTTP/1.1" 200 11946 "-" "Mozilla/5.0 (Windows NT 10.0; Win64; x64) AppleWebKit/537.36 (KHTML, like Gecko) Chrome/120.0.0.0 Safari/537.36"
149.102.229.138 - - [10/Jul/2026:14:12:59 +0200] "GET /wp-login.php HTTP/1.1" 200 11937 "https://verona.elettroservicegroup.it" "Mozilla/5.0 (Windows NT 10.0; Win64; x64) AppleWebKit/537.36 (KHTML, like Gecko) Chrome/120.0.0.0 Safari/537.36"
65.108.235.243 - - [10/Jul/2026:14:13:13 +0200] "POST /wp-cron.php?doing_wp_cron=1783685593.1866459846496582031250 HTTP/1.1" 200 1 "-" "WordPress/7.0; https://verona.elettroservicegroup.it"
152.232.59.126 - - [10/Jul/2026:14:13:06 +0200] "HEAD /wp-admin/ HTTP/1.1" 302 - "-" "curl/8.6.0"
65.108.235.243 - - [10/Jul/2026:14:13:14 +0200] "POST /wp-json/complianz/v1/wsc-scan HTTP/1.1" 301 296 "-" "WordPress/7.0; https://verona.elettroservicegroup.it"
65.108.235.243 - - [10/Jul/2026:14:13:14 +0200] "POST /index.php/ HTTP/1.1" 301 - "-" "WordPress/7.0; https://verona.elettroservicegroup.it"
65.108.235.243 - - [10/Jul/2026:14:13:15 +0200] "GET / HTTP/1.1" 301 296 "-" "WP Fastest Cache Preload Bot"
65.108.235.243 - - [10/Jul/2026:14:13:15 +0200] "GET /index.php/ HTTP/1.1" 301 - "-" "WP Fastest Cache Preload Bot"
152.232.59.126 - - [10/Jul/2026:14:13:14 +0200] "HEAD /wp-login.php?redirect_to=https%3A%2F%2Fverona.elettroservicegroup.it%2Fwp-admin%2F&reauth=1 HTTP/1.1" 200 - "https://verona.elettroservicegroup.it/wp-admin/" "curl/8.6.0"
152.232.59.126 - - [10/Jul/2026:14:13:16 +0200] "GET /wp-admin/admin.php?page=wc-orders HTTP/1.1" 403 2569 "-" "curl/8.6.0"
152.232.59.126 - - [10/Jul/2026:14:13:16 +0200] "GET /wp-admin/edit.php?post_type=shop_order HTTP/1.1" 500 2562 "-" "curl/8.6.0"
152.232.59.126 - - [10/Jul/2026:14:13:18 +0200] "GET /wp-admin/admin.php?page=wc-reports&range=year HTTP/1.1" 403 2569 "-" "curl/7.88.1"
152.232.59.126 - - [10/Jul/2026:14:13:21 +0200] "GET /wp-admin/admin.php?page=wc-reports&range=last_month HTTP/1.1" 403 2569 "-" "Wget/1.21.4"
152.232.59.126 - - [10/Jul/2026:14:13:23 +0200] "GET /wp-admin/admin.php?page=wc-reports&range=month HTTP/1.1" 403 2569 "-" "Wget/1.21.4"
65.108.235.243 - - [10/Jul/2026:14:13:26 +0200] "POST /wp-cron.php?doing_wp_cron=1783685606.3853669166564941406250 HTTP/1.1" 200 1 "-" "WordPress/7.0; https://verona.elettroservicegroup.it"
152.232.59.126 - - [10/Jul/2026:14:13:25 +0200] "GET /wp-login.php HTTP/1.1" 200 3481 "-" "curl/7.88.1"
152.232.59.126 - - [10/Jul/2026:14:13:27 +0200] "POST /wp-login.php HTTP/1.1" 302 - "https://verona.elettroservicegroup.it/wp-login.php" "Wget/1.21.4"
66.249.64.170 - - [10/Jul/2026:14:13:31 +0200] "GET /productSearch/pictureSearch?id=18525598121100 HTTP/1.1" 301 314 "-" "Mozilla/5.0 (Linux; Android 6.0.1; Nexus 5X Build/MMB29P) AppleWebKit/537.36 (KHTML, like Gecko) Chrome/150.0.7871.46 Mobile Safari/537.36 (compatible; Googlebot/2.1; +http://www.google.com/bot.html)"
66.249.64.170 - - [10/Jul/2026:14:13:31 +0200] "GET /index.php/?id=18525598121100 HTTP/1.1" 301 - "-" "Mozilla/5.0 (Linux; Android 6.0.1; Nexus 5X Build/MMB29P) AppleWebKit/537.36 (KHTML, like Gecko) Chrome/150.0.7871.46 Mobile Safari/537.36 (compatible; Googlebot/2.1; +http://www.google.com/bot.html)"
152.232.59.126 - - [10/Jul/2026:14:13:29 +0200] "GET /wp-admin/ HTTP/1.1" 200 92425 "https://verona.elettroservicegroup.it/wp-login.php" "Wget/1.21.4"
152.232.59.126 - - [10/Jul/2026:14:13:32 +0200] "GET /wp-admin/admin.php?page=wc-orders HTTP/1.1" 403 2569 "-" "curl/7.88.1"
152.232.59.126 - - [10/Jul/2026:14:13:32 +0200] "GET /wp-admin/edit.php?post_type=shop_order HTTP/1.1" 500 2562 "-" "curl/7.88.1"
152.232.59.126 - - [10/Jul/2026:14:13:35 +0200] "GET /wp-admin/admin.php?page=wc-reports&range=year HTTP/1.1" 403 2569 "-" "Wget/1.21.4"
152.232.59.126 - - [10/Jul/2026:14:13:38 +0200] "GET /wp-admin/admin.php?page=wc-reports&range=last_month HTTP/1.1" 403 2569 "-" "Wget/1.21.4"
65.108.235.243 - - [10/Jul/2026:14:13:41 +0200] "POST /wp-cron.php?doing_wp_cron=1783685621.0798470973968505859375 HTTP/1.1" 200 1 "-" "WordPress/7.0; https://verona.elettroservicegroup.it"
152.232.59.126 - - [10/Jul/2026:14:13:40 +0200] "GET /wp-admin/admin.php?page=wc-reports&range=month HTTP/1.1" 403 2569 "-" "curl/8.6.0"
89.208.53.16 - - [10/Jul/2026:14:13:42 +0200] "HEAD /wp-admin/ HTTP/1.1" 302 - "-" "Wget/1.21.4"
89.208.53.16 - - [10/Jul/2026:14:13:44 +0200] "HEAD /wp-login.php?redirect_to=https%3A%2F%2Fverona.elettroservicegroup.it%2Fwp-admin%2F&reauth=1 HTTP/1.1" 200 - "https://verona.elettroservicegroup.it/wp-admin/" "Wget/1.21.4"
89.208.53.16 - - [10/Jul/2026:14:13:46 +0200] "GET /wp-admin/admin.php?page=wc-orders HTTP/1.1" 403 2569 "-" "curl/7.88.1"
89.208.53.16 - - [10/Jul/2026:14:13:46 +0200] "GET /wp-admin/edit.php?post_type=shop_order HTTP/1.1" 500 2562 "-" "curl/7.88.1"
89.208.53.16 - - [10/Jul/2026:14:13:48 +0200] "GET /wp-admin/admin.php?page=wc-reports&range=year HTTP/1.1" 403 2569 "-" "curl/8.6.0"
89.208.53.16 - - [10/Jul/2026:14:13:49 +0200] "GET /wp-admin/admin.php?page=wc-reports&range=last_month HTTP/1.1" 403 2569 "-" "curl/7.88.1"
89.208.53.16 - - [10/Jul/2026:14:13:50 +0200] "GET /wp-admin/admin.php?page=wc-reports&range=month HTTP/1.1" 403 2569 "-" "Wget/1.21.4"
89.208.53.16 - - [10/Jul/2026:14:13:52 +0200] "GET /wp-login.php HTTP/1.1" 200 3481 "-" "Wget/1.21.4"
89.208.53.16 - - [10/Jul/2026:14:13:53 +0200] "POST /wp-login.php HTTP/1.1" 302 - "https://verona.elettroservicegroup.it/wp-login.php" "Wget/1.21.4"
89.208.53.16 - - [10/Jul/2026:14:13:54 +0200] "GET /wp-admin/ HTTP/1.1" 200 92426 "https://verona.elettroservicegroup.it/wp-login.php" "Wget/1.21.4"
89.208.53.16 - - [10/Jul/2026:14:13:56 +0200] "GET /wp-admin/admin.php?page=wc-orders HTTP/1.1" 403 2569 "-" "Wget/1.21.4"
89.208.53.16 - - [10/Jul/2026:14:13:56 +0200] "GET /wp-admin/edit.php?post_type=shop_order HTTP/1.1" 500 2562 "-" "Wget/1.21.4"
89.208.53.16 - - [10/Jul/2026:14:13:57 +0200] "GET /wp-admin/admin.php?page=wc-reports&range=year HTTP/1.1" 403 2569 "-" "Wget/1.21.4"
89.208.53.16 - - [10/Jul/2026:14:13:59 +0200] "GET /wp-admin/admin.php?page=wc-reports&range=last_month HTTP/1.1" 403 2569 "-" "curl/8.6.0"
89.208.53.16 - - [10/Jul/2026:14:14:00 +0200] "GET /wp-admin/admin.php?page=wc-reports&range=month HTTP/1.1" 403 2569 "-" "curl/8.6.0"
66.249.64.169 - - [10/Jul/2026:14:14:14 +0200] "GET /?h=38083375681100 HTTP/1.1" 301 313 "-" "Mozilla/5.0 (compatible; Googlebot/2.1; +http://www.google.com/bot.html)"
66.249.64.169 - - [10/Jul/2026:14:14:15 +0200] "GET /index.php/?h=38083375681100 HTTP/1.1" 301 - "-" "Mozilla/5.0 (compatible; Googlebot/2.1; +http://www.google.com/bot.html)"
66.249.64.170 - - [10/Jul/2026:14:15:32 +0200] "GET /?h=37787810481100 HTTP/1.1" 301 313 "-" "Mozilla/5.0 (compatible; Googlebot/2.1; +http://www.google.com/bot.html)"
66.249.64.169 - - [10/Jul/2026:14:15:32 +0200] "GET /index.php/?h=37787810481100 HTTP/1.1" 301 - "-" "Mozilla/5.0 (compatible; Googlebot/2.1; +http://www.google.com/bot.html)"
66.249.64.169 - - [10/Jul/2026:14:15:41 +0200] "GET /?h=16407972681100 HTTP/1.1" 301 313 "-" "Mozilla/5.0 (Linux; Android 6.0.1; Nexus 5X Build/MMB29P) AppleWebKit/537.36 (KHTML, like Gecko) Chrome/150.0.7871.46 Mobile Safari/537.36 (compatible; Googlebot/2.1; +http://www.google.com/bot.html)"
66.249.64.169 - - [10/Jul/2026:14:15:41 +0200] "GET /index.php/?h=16407972681100 HTTP/1.1" 301 - "-" "Mozilla/5.0 (Linux; Android 6.0.1; Nexus 5X Build/MMB29P) AppleWebKit/537.36 (KHTML, like Gecko) Chrome/150.0.7871.46 Mobile Safari/537.36 (compatible; Googlebot/2.1; +http://www.google.com/bot.html)"
66.249.64.171 - - [10/Jul/2026:14:16:46 +0200] "GET /?h=30915389921100 HTTP/1.1" 301 313 "-" "Mozilla/5.0 (Linux; Android 6.0.1; Nexus 5X Build/MMB29P) AppleWebKit/537.36 (KHTML, like Gecko) Chrome/150.0.7871.46 Mobile Safari/537.36 (compatible; Googlebot/2.1; +http://www.google.com/bot.html)"
66.249.64.171 - - [10/Jul/2026:14:16:46 +0200] "GET /index.php/?h=30915389921100 HTTP/1.1" 301 - "-" "Mozilla/5.0 (Linux; Android 6.0.1; Nexus 5X Build/MMB29P) AppleWebKit/537.36 (KHTML, like Gecko) Chrome/150.0.7871.46 Mobile Safari/537.36 (compatible; Googlebot/2.1; +http://www.google.com/bot.html)"
66.249.64.170 - - [10/Jul/2026:14:17:17 +0200] "GET /?h=41738283321100 HTTP/1.1" 301 313 "-" "Mozilla/5.0 (compatible; Googlebot/2.1; +http://www.google.com/bot.html)"
66.249.64.170 - - [10/Jul/2026:14:17:17 +0200] "GET /index.php/?h=41738283321100 HTTP/1.1" 301 - "-" "Mozilla/5.0 (compatible; Googlebot/2.1; +http://www.google.com/bot.html)"
212.193.3.149 - - [10/Jul/2026:14:19:20 +0200] "HEAD / HTTP/1.1" 301 - "-" "Mozilla/5.0 (compatible; Googlebot/2.1; +http://www.google.com/bot.html)"
66.249.64.170 - - [10/Jul/2026:14:19:53 +0200] "GET /?h=38003076241100 HTTP/1.1" 301 313 "-" "Mozilla/5.0 (compatible; Googlebot/2.1; +http://www.google.com/bot.html)"
66.249.64.169 - - [10/Jul/2026:14:19:53 +0200] "GET /index.php/?h=38003076241100 HTTP/1.1" 301 - "-" "Mozilla/5.0 (compatible; Googlebot/2.1; +http://www.google.com/bot.html)"
66.249.64.169 - - [10/Jul/2026:14:19:55 +0200] "GET /?h=24713011641100 HTTP/1.1" 301 313 "-" "Mozilla/5.0 (compatible; Googlebot/2.1; +http://www.google.com/bot.html)"
66.249.64.169 - - [10/Jul/2026:14:19:55 +0200] "GET /index.php/?h=24713011641100 HTTP/1.1" 301 - "-" "Mozilla/5.0 (compatible; Googlebot/2.1; +http://www.google.com/bot.html)"
66.249.64.169 - - [10/Jul/2026:14:20:22 +0200] "GET /?h=28799450441100 HTTP/1.1" 301 313 "-" "Mozilla/5.0 (Linux; Android 6.0.1; Nexus 5X Build/MMB29P) AppleWebKit/537.36 (KHTML, like Gecko) Chrome/150.0.7871.46 Mobile Safari/537.36 (compatible; Googlebot/2.1; +http://www.google.com/bot.html)"
66.249.64.170 - - [10/Jul/2026:14:20:22 +0200] "GET /index.php/?h=28799450441100 HTTP/1.1" 301 - "-" "Mozilla/5.0 (Linux; Android 6.0.1; Nexus 5X Build/MMB29P) AppleWebKit/537.36 (KHTML, like Gecko) Chrome/150.0.7871.46 Mobile Safari/537.36 (compatible; Googlebot/2.1; +http://www.google.com/bot.html)"
66.249.64.171 - - [10/Jul/2026:14:26:15 +0200] "GET /?h=26186108001100 HTTP/1.1" 301 313 "-" "Mozilla/5.0 (compatible; Googlebot/2.1; +http://www.google.com/bot.html)"
66.249.64.170 - - [10/Jul/2026:14:26:15 +0200] "GET /index.php/?h=26186108001100 HTTP/1.1" 301 - "-" "Mozilla/5.0 (compatible; Googlebot/2.1; +http://www.google.com/bot.html)"
66.249.89.233 - - [10/Jul/2026:14:28:05 +0200] "GET /?h=15987288361100 HTTP/1.1" 301 313 "-" "Mozilla/5.0 (X11; Linux x86_64) AppleWebKit/537.36 (KHTML, like Gecko) Chrome/150.0.7871.46 Safari/537.36"
66.249.89.233 - - [10/Jul/2026:14:28:05 +0200] "GET /index.php/?h=9540430961100 HTTP/1.1" 301 - "-" "Mozilla/5.0 (X11; Linux x86_64) AppleWebKit/537.36 (KHTML, like Gecko) Chrome/150.0.7871.46 Safari/537.36"
66.249.89.235 - - [10/Jul/2026:14:28:05 +0200] "GET /index.php/?h=15987288361100 HTTP/1.1" 301 - "-" "Mozilla/5.0 (X11; Linux x86_64) AppleWebKit/537.36 (KHTML, like Gecko) Chrome/150.0.7871.46 Safari/537.36"
66.249.64.169 - - [10/Jul/2026:14:28:35 +0200] "GET /?h=19238430961100 HTTP/1.1" 301 313 "-" "Mozilla/5.0 (compatible; Googlebot/2.1; +http://www.google.com/bot.html)"
66.249.64.169 - - [10/Jul/2026:14:28:36 +0200] "GET /index.php/?h=19238430961100 HTTP/1.1" 301 - "-" "Mozilla/5.0 (compatible; Googlebot/2.1; +http://www.google.com/bot.html)"
212.193.3.149 - - [10/Jul/2026:14:29:38 +0200] "HEAD / HTTP/1.1" 301 - "-" "Mozilla/5.0 (compatible; Googlebot/2.1; +http://www.google.com/bot.html)"
66.249.64.170 - - [10/Jul/2026:14:30:09 +0200] "GET /?h=16851633801100 HTTP/1.1" 301 313 "-" "Mozilla/5.0 (compatible; Googlebot/2.1; +http://www.google.com/bot.html)"
66.249.64.169 - - [10/Jul/2026:14:30:09 +0200] "GET /index.php/?h=16851633801100 HTTP/1.1" 301 - "-" "Mozilla/5.0 (compatible; Googlebot/2.1; +http://www.google.com/bot.html)"
66.249.64.171 - - [10/Jul/2026:14:32:28 +0200] "GET /?h=38028634201100 HTTP/1.1" 301 313 "-" "Mozilla/5.0 (compatible; Googlebot/2.1; +http://www.google.com/bot.html)"
66.249.64.169 - - [10/Jul/2026:14:32:28 +0200] "GET /index.php/?h=38028634201100 HTTP/1.1" 301 - "-" "Mozilla/5.0 (compatible; Googlebot/2.1; +http://www.google.com/bot.html)"
66.249.64.170 - - [10/Jul/2026:14:32:32 +0200] "GET /?h=15387444681100 HTTP/1.1" 301 313 "-" "Mozilla/5.0 (Linux; Android 6.0.1; Nexus 5X Build/MMB29P) AppleWebKit/537.36 (KHTML, like Gecko) Chrome/150.0.7871.46 Mobile Safari/537.36 (compatible; Googlebot/2.1; +http://www.google.com/bot.html)"
66.249.64.170 - - [10/Jul/2026:14:32:32 +0200] "GET /index.php/?h=15387444681100 HTTP/1.1" 301 - "-" "Mozilla/5.0 (Linux; Android 6.0.1; Nexus 5X Build/MMB29P) AppleWebKit/537.36 (KHTML, like Gecko) Chrome/150.0.7871.46 Mobile Safari/537.36 (compatible; Googlebot/2.1; +http://www.google.com/bot.html)"
66.249.64.169 - - [10/Jul/2026:14:32:41 +0200] "GET /?h=22700706481100 HTTP/1.1" 301 313 "-" "Mozilla/5.0 (compatible; Googlebot/2.1; +http://www.google.com/bot.html)"
66.249.64.169 - - [10/Jul/2026:14:32:42 +0200] "GET /index.php/?h=22700706481100 HTTP/1.1" 301 - "-" "Mozilla/5.0 (compatible; Googlebot/2.1; +http://www.google.com/bot.html)"
66.249.64.171 - - [10/Jul/2026:14:33:29 +0200] "GET /?h=38758759321100 HTTP/1.1" 301 313 "-" "Mozilla/5.0 (Linux; Android 6.0.1; Nexus 5X Build/MMB29P) AppleWebKit/537.36 (KHTML, like Gecko) Chrome/150.0.7871.46 Mobile Safari/537.36 (compatible; Googlebot/2.1; +http://www.google.com/bot.html)"
66.249.64.171 - - [10/Jul/2026:14:33:29 +0200] "GET /index.php/?h=38758759321100 HTTP/1.1" 301 - "-" "Mozilla/5.0 (Linux; Android 6.0.1; Nexus 5X Build/MMB29P) AppleWebKit/537.36 (KHTML, like Gecko) Chrome/150.0.7871.46 Mobile Safari/537.36 (compatible; Googlebot/2.1; +http://www.google.com/bot.html)"
66.249.64.169 - - [10/Jul/2026:14:33:47 +0200] "GET /?h=20118815401100 HTTP/1.1" 301 313 "-" "Mozilla/5.0 (Linux; Android 6.0.1; Nexus 5X Build/MMB29P) AppleWebKit/537.36 (KHTML, like Gecko) Chrome/150.0.7871.46 Mobile Safari/537.36 (compatible; Googlebot/2.1; +http://www.google.com/bot.html)"
66.249.64.169 - - [10/Jul/2026:14:33:47 +0200] "GET /index.php/?h=20118815401100 HTTP/1.1" 301 - "-" "Mozilla/5.0 (Linux; Android 6.0.1; Nexus 5X Build/MMB29P) AppleWebKit/537.36 (KHTML, like Gecko) Chrome/150.0.7871.46 Mobile Safari/537.36 (compatible; Googlebot/2.1; +http://www.google.com/bot.html)"
66.249.64.170 - - [10/Jul/2026:14:36:32 +0200] "GET /?h=38798550961100 HTTP/1.1" 301 313 "-" "Mozilla/5.0 (compatible; Googlebot/2.1; +http://www.google.com/bot.html)"
66.249.64.169 - - [10/Jul/2026:14:36:33 +0200] "GET /index.php/?h=38798550961100 HTTP/1.1" 301 - "-" "Mozilla/5.0 (compatible; Googlebot/2.1; +http://www.google.com/bot.html)"
66.249.64.170 - - [10/Jul/2026:14:36:33 +0200] "GET /?h=36333259681100 HTTP/1.1" 301 313 "-" "Mozilla/5.0 (compatible; Googlebot/2.1; +http://www.google.com/bot.html)"
66.249.64.169 - - [10/Jul/2026:14:36:34 +0200] "GET /index.php/?h=36333259681100 HTTP/1.1" 301 - "-" "Mozilla/5.0 (compatible; Googlebot/2.1; +http://www.google.com/bot.html)"
66.249.64.169 - - [10/Jul/2026:14:37:13 +0200] "GET /?h=42043397321100 HTTP/1.1" 301 313 "-" "Mozilla/5.0 (Linux; Android 6.0.1; Nexus 5X Build/MMB29P) AppleWebKit/537.36 (KHTML, like Gecko) Chrome/150.0.7871.46 Mobile Safari/537.36 (compatible; Googlebot/2.1; +http://www.google.com/bot.html)"
66.249.64.170 - - [10/Jul/2026:14:37:13 +0200] "GET /index.php/?h=42043397321100 HTTP/1.1" 301 - "-" "Mozilla/5.0 (Linux; Android 6.0.1; Nexus 5X Build/MMB29P) AppleWebKit/537.36 (KHTML, like Gecko) Chrome/150.0.7871.46 Mobile Safari/537.36 (compatible; Googlebot/2.1; +http://www.google.com/bot.html)"
66.249.64.170 - - [10/Jul/2026:14:38:02 +0200] "GET /?h=23110484281100 HTTP/1.1" 301 313 "-" "Mozilla/5.0 (Linux; Android 6.0.1; Nexus 5X Build/MMB29P) AppleWebKit/537.36 (KHTML, like Gecko) Chrome/150.0.7871.46 Mobile Safari/537.36 (compatible; Googlebot/2.1; +http://www.google.com/bot.html)"
66.249.64.169 - - [10/Jul/2026:14:38:03 +0200] "GET /index.php/?h=23110484281100 HTTP/1.1" 301 - "-" "Mozilla/5.0 (Linux; Android 6.0.1; Nexus 5X Build/MMB29P) AppleWebKit/537.36 (KHTML, like Gecko) Chrome/150.0.7871.46 Mobile Safari/537.36 (compatible; Googlebot/2.1; +http://www.google.com/bot.html)"
66.249.64.170 - - [10/Jul/2026:14:38:08 +0200] "GET /?h=35375902961100 HTTP/1.1" 301 313 "-" "Mozilla/5.0 (compatible; Googlebot/2.1; +http://www.google.com/bot.html)"
66.249.64.170 - - [10/Jul/2026:14:38:09 +0200] "GET /index.php/?h=35375902961100 HTTP/1.1" 301 - "-" "Mozilla/5.0 (compatible; Googlebot/2.1; +http://www.google.com/bot.html)"
66.249.64.169 - - [10/Jul/2026:14:38:35 +0200] "GET /?h=43559493121100 HTTP/1.1" 301 313 "-" "Mozilla/5.0 (compatible; Googlebot/2.1; +http://www.google.com/bot.html)"
66.249.64.169 - - [10/Jul/2026:14:38:35 +0200] "GET /index.php/?h=43559493121100 HTTP/1.1" 301 - "-" "Mozilla/5.0 (compatible; Googlebot/2.1; +http://www.google.com/bot.html)"
66.249.64.170 - - [10/Jul/2026:14:40:17 +0200] "GET /?h=42003396801100 HTTP/1.1" 301 313 "-" "Mozilla/5.0 (Linux; Android 6.0.1; Nexus 5X Build/MMB29P) AppleWebKit/537.36 (KHTML, like Gecko) Chrome/150.0.7871.46 Mobile Safari/537.36 (compatible; Googlebot/2.1; +http://www.google.com/bot.html)"
66.249.64.170 - - [10/Jul/2026:14:40:17 +0200] "GET /index.php/?h=42003396801100 HTTP/1.1" 301 - "-" "Mozilla/5.0 (Linux; Android 6.0.1; Nexus 5X Build/MMB29P) AppleWebKit/537.36 (KHTML, like Gecko) Chrome/150.0.7871.46 Mobile Safari/537.36 (compatible; Googlebot/2.1; +http://www.google.com/bot.html)"
212.193.3.149 - - [10/Jul/2026:14:41:14 +0200] "HEAD / HTTP/1.1" 301 - "-" "Mozilla/5.0 (compatible; Googlebot/2.1; +http://www.google.com/bot.html)"
66.249.64.169 - - [10/Jul/2026:14:41:41 +0200] "GET /?h=22330929201100 HTTP/1.1" 301 313 "-" "Mozilla/5.0 (compatible; Googlebot/2.1; +http://www.google.com/bot.html)"
66.249.64.170 - - [10/Jul/2026:14:41:41 +0200] "GET /index.php/?h=22330929201100 HTTP/1.1" 301 - "-" "Mozilla/5.0 (compatible; Googlebot/2.1; +http://www.google.com/bot.html)"
66.249.64.169 - - [10/Jul/2026:14:41:57 +0200] "GET /?h=44392402121100 HTTP/1.1" 301 313 "-" "Mozilla/5.0 (compatible; Googlebot/2.1; +http://www.google.com/bot.html)"
66.249.64.169 - - [10/Jul/2026:14:41:57 +0200] "GET /index.php/?h=44392402121100 HTTP/1.1" 301 - "-" "Mozilla/5.0 (compatible; Googlebot/2.1; +http://www.google.com/bot.html)"
66.249.64.170 - - [10/Jul/2026:14:42:48 +0200] "GET /?h=39227142881100 HTTP/1.1" 301 313 "-" "Mozilla/5.0 (compatible; Googlebot/2.1; +http://www.google.com/bot.html)"
66.249.64.171 - - [10/Jul/2026:14:42:49 +0200] "GET /index.php/?h=39227142881100 HTTP/1.1" 301 - "-" "Mozilla/5.0 (compatible; Googlebot/2.1; +http://www.google.com/bot.html)"
66.249.64.169 - - [10/Jul/2026:14:44:12 +0200] "GET /?h=7250628721100 HTTP/1.1" 301 312 "-" "Mozilla/5.0 (Linux; Android 6.0.1; Nexus 5X Build/MMB29P) AppleWebKit/537.36 (KHTML, like Gecko) Chrome/150.0.7871.46 Mobile Safari/537.36 (compatible; Googlebot/2.1; +http://www.google.com/bot.html)"
66.249.64.169 - - [10/Jul/2026:14:44:13 +0200] "GET /index.php/?h=7250628721100 HTTP/1.1" 301 - "-" "Mozilla/5.0 (Linux; Android 6.0.1; Nexus 5X Build/MMB29P) AppleWebKit/537.36 (KHTML, like Gecko) Chrome/150.0.7871.46 Mobile Safari/537.36 (compatible; Googlebot/2.1; +http://www.google.com/bot.html)"
66.249.64.170 - - [10/Jul/2026:14:44:27 +0200] "GET /?h=41367282601100 HTTP/1.1" 301 313 "-" "Mozilla/5.0 (compatible; Googlebot/2.1; +http://www.google.com/bot.html)"
66.249.64.170 - - [10/Jul/2026:14:44:27 +0200] "GET /index.php/?h=41367282601100 HTTP/1.1" 301 - "-" "Mozilla/5.0 (compatible; Googlebot/2.1; +http://www.google.com/bot.html)"
66.249.64.171 - - [10/Jul/2026:14:47:16 +0200] "GET /?h=26038385081100 HTTP/1.1" 301 313 "-" "Mozilla/5.0 (Linux; Android 6.0.1; Nexus 5X Build/MMB29P) AppleWebKit/537.36 (KHTML, like Gecko) Chrome/150.0.7871.46 Mobile Safari/537.36 (compatible; Googlebot/2.1; +http://www.google.com/bot.html)"
66.249.64.170 - - [10/Jul/2026:14:47:16 +0200] "GET /index.php/?h=26038385081100 HTTP/1.1" 301 - "-" "Mozilla/5.0 (Linux; Android 6.0.1; Nexus 5X Build/MMB29P) AppleWebKit/537.36 (KHTML, like Gecko) Chrome/150.0.7871.46 Mobile Safari/537.36 (compatible; Googlebot/2.1; +http://www.google.com/bot.html)"
66.249.64.169 - - [10/Jul/2026:14:49:16 +0200] "GET /?h=5172242881100 HTTP/1.1" 301 312 "-" "Mozilla/5.0 (Linux; Android 6.0.1; Nexus 5X Build/MMB29P) AppleWebKit/537.36 (KHTML, like Gecko) Chrome/150.0.7871.46 Mobile Safari/537.36 (compatible; Googlebot/2.1; +http://www.google.com/bot.html)"
66.249.64.169 - - [10/Jul/2026:14:49:16 +0200] "GET /index.php/?h=5172242881100 HTTP/1.1" 301 - "-" "Mozilla/5.0 (Linux; Android 6.0.1; Nexus 5X Build/MMB29P) AppleWebKit/537.36 (KHTML, like Gecko) Chrome/150.0.7871.46 Mobile Safari/537.36 (compatible; Googlebot/2.1; +http://www.google.com/bot.html)"
212.193.3.149 - - [10/Jul/2026:14:49:54 +0200] "HEAD / HTTP/1.1" 301 - "-" "Mozilla/5.0 (compatible; Googlebot/2.1; +http://www.google.com/bot.html)"
40.77.167.116 - - [10/Jul/2026:14:51:32 +0200] "GET /assistenza-aeg-verona/ HTTP/2.0" 301 296 "-" "Mozilla/5.0 AppleWebKit/537.36 (KHTML, like Gecko; compatible; bingbot/2.0; +http://www.bing.com/bingbot.htm) Chrome/116.0.1938.76 Safari/537.36"
40.77.167.116 - - [10/Jul/2026:14:51:33 +0200] "GET /index.php/ HTTP/2.0" 301 - "-" "Mozilla/5.0 AppleWebKit/537.36 (KHTML, like Gecko; compatible; bingbot/2.0; +http://www.bing.com/bingbot.htm) Chrome/116.0.1938.76 Safari/537.36"
66.249.64.170 - - [10/Jul/2026:14:52:58 +0200] "GET /?h=13065012401100 HTTP/1.1" 301 313 "-" "Mozilla/5.0 (Linux; Android 6.0.1; Nexus 5X Build/MMB29P) AppleWebKit/537.36 (KHTML, like Gecko) Chrome/150.0.7871.46 Mobile Safari/537.36 (compatible; Googlebot/2.1; +http://www.google.com/bot.html)"
66.249.64.171 - - [10/Jul/2026:14:52:58 +0200] "GET /index.php/?h=13065012401100 HTTP/1.1" 301 - "-" "Mozilla/5.0 (Linux; Android 6.0.1; Nexus 5X Build/MMB29P) AppleWebKit/537.36 (KHTML, like Gecko) Chrome/150.0.7871.46 Mobile Safari/537.36 (compatible; Googlebot/2.1; +http://www.google.com/bot.html)"
159.146.40.230 - - [10/Jul/2026:14:53:33 +0200] "POST /wp-login.php HTTP/1.1" 200 11865 "-" "Mozilla/5.0 (Windows NT 10.0; Win64; x64) AppleWebKit/537.36"
66.249.64.170 - - [10/Jul/2026:14:55:12 +0200] "GET /?h=12656174561100 HTTP/1.1" 301 313 "-" "Mozilla/5.0 (Linux; Android 6.0.1; Nexus 5X Build/MMB29P) AppleWebKit/537.36 (KHTML, like Gecko) Chrome/150.0.7871.46 Mobile Safari/537.36 (compatible; Googlebot/2.1; +http://www.google.com/bot.html)"
66.249.64.169 - - [10/Jul/2026:14:55:12 +0200] "GET /index.php/?h=12656174561100 HTTP/1.1" 301 - "-" "Mozilla/5.0 (Linux; Android 6.0.1; Nexus 5X Build/MMB29P) AppleWebKit/537.36 (KHTML, like Gecko) Chrome/150.0.7871.46 Mobile Safari/537.36 (compatible; Googlebot/2.1; +http://www.google.com/bot.html)"
66.249.64.171 - - [10/Jul/2026:14:56:33 +0200] "GET /?h=21238501721100 HTTP/1.1" 301 313 "-" "Mozilla/5.0 (Linux; Android 6.0.1; Nexus 5X Build/MMB29P) AppleWebKit/537.36 (KHTML, like Gecko) Chrome/150.0.7871.46 Mobile Safari/537.36 (compatible; Googlebot/2.1; +http://www.google.com/bot.html)"
66.249.64.171 - - [10/Jul/2026:14:56:33 +0200] "GET /index.php/?h=21238501721100 HTTP/1.1" 301 - "-" "Mozilla/5.0 (Linux; Android 6.0.1; Nexus 5X Build/MMB29P) AppleWebKit/537.36 (KHTML, like Gecko) Chrome/150.0.7871.46 Mobile Safari/537.36 (compatible; Googlebot/2.1; +http://www.google.com/bot.html)"
66.249.89.233 - - [10/Jul/2026:14:56:36 +0200] "GET /index.php/?h=15393218721100 HTTP/1.1" 301 - "-" "Mozilla/5.0 (X11; Linux x86_64) AppleWebKit/537.36 (KHTML, like Gecko) Chrome/150.0.7871.46 Safari/537.36"
66.249.64.169 - - [10/Jul/2026:14:57:39 +0200] "GET /?h=40505443721100 HTTP/1.1" 301 313 "-" "Mozilla/5.0 (compatible; Googlebot/2.1; +http://www.google.com/bot.html)"
66.249.64.170 - - [10/Jul/2026:14:57:40 +0200] "GET /index.php/?h=40505443721100 HTTP/1.1" 301 - "-" "Mozilla/5.0 (compatible; Googlebot/2.1; +http://www.google.com/bot.html)"
66.249.89.233 - - [10/Jul/2026:14:57:44 +0200] "GET /index.php/?h=41674485401100 HTTP/1.1" 301 - "-" "Mozilla/5.0 (X11; Linux x86_64) AppleWebKit/537.36 (KHTML, like Gecko) Chrome/150.0.7871.46 Safari/537.36"
66.249.89.234 - - [10/Jul/2026:14:58:42 +0200] "GET /index.php/?h=7421194161100 HTTP/1.1" 301 - "-" "Mozilla/5.0 (X11; Linux x86_64) AppleWebKit/537.36 (KHTML, like Gecko) Chrome/150.0.7871.46 Safari/537.36"
66.249.64.169 - - [10/Jul/2026:14:59:14 +0200] "GET /?h=10463755161100 HTTP/1.1" 301 313 "-" "Mozilla/5.0 (compatible; Googlebot/2.1; +http://www.google.com/bot.html)"
66.249.64.169 - - [10/Jul/2026:14:59:14 +0200] "GET /index.php/?h=10463755161100 HTTP/1.1" 301 - "-" "Mozilla/5.0 (compatible; Googlebot/2.1; +http://www.google.com/bot.html)"
212.193.3.149 - - [10/Jul/2026:14:59:47 +0200] "HEAD / HTTP/1.1" 301 - "-" "Mozilla/5.0 (compatible; Googlebot/2.1; +http://www.google.com/bot.html)"
66.249.64.171 - - [10/Jul/2026:15:01:16 +0200] "GET /?h=994866681100 HTTP/1.1" 301 311 "-" "Mozilla/5.0 (compatible; Googlebot/2.1; +http://www.google.com/bot.html)"
66.249.64.171 - - [10/Jul/2026:15:01:16 +0200] "GET /index.php/?h=994866681100 HTTP/1.1" 301 - "-" "Mozilla/5.0 (compatible; Googlebot/2.1; +http://www.google.com/bot.html)"
65.108.235.243 - - [10/Jul/2026:15:02:27 +0200] "POST /wp-cron.php?doing_wp_cron=1783688547.2795670032501220703125 HTTP/1.1" 200 1 "-" "WordPress/7.0; https://verona.elettroservicegroup.it"
131.255.60.181 - - [10/Jul/2026:15:02:22 +0200] "POST /wp-login.php HTTP/1.1" 302 - "-" "Mozilla/5.0 (Windows NT 10.0; Win64; x64) AppleWebKit/537.36 (KHTML, like Gecko) Chrome/124.0 Safari/537.36"
65.108.235.243 - - [10/Jul/2026:15:02:29 +0200] "GET / HTTP/1.1" 301 296 "-" "WP Fastest Cache Preload Bot"
65.108.235.243 - - [10/Jul/2026:15:02:29 +0200] "GET /index.php/ HTTP/1.1" 301 - "-" "WP Fastest Cache Preload Bot"
131.255.60.181 - - [10/Jul/2026:15:02:29 +0200] "GET /wp-admin/admin-ajax.php?action=rest-nonce HTTP/1.1" 200 10 "-" "Mozilla/5.0 (Windows NT 10.0; Win64; x64) AppleWebKit/537.36 (KHTML, like Gecko) Chrome/124.0 Safari/537.36"
131.255.60.181 - - [10/Jul/2026:15:02:34 +0200] "POST /wp-json/wp/v2/posts HTTP/1.1" 301 296 "-" "Mozilla/5.0 (Windows NT 10.0; Win64; x64) AppleWebKit/537.36 (KHTML, like Gecko) Chrome/124.0 Safari/537.36"
66.249.64.170 - - [10/Jul/2026:15:02:52 +0200] "GET /?h=30177028961100 HTTP/1.1" 301 313 "-" "Mozilla/5.0 (compatible; Googlebot/2.1; +http://www.google.com/bot.html)"
66.249.64.171 - - [10/Jul/2026:15:02:52 +0200] "GET /?h=30177028961100 HTTP/1.1" 301 313 "-" "Mozilla/5.0 (Linux; Android 6.0.1; Nexus 5X Build/MMB29P) AppleWebKit/537.36 (KHTML, like Gecko) Chrome/150.0.7871.46 Mobile Safari/537.36 (compatible; Googlebot/2.1; +http://www.google.com/bot.html)"
66.249.64.170 - - [10/Jul/2026:15:02:52 +0200] "GET /index.php/?h=30177028961100 HTTP/1.1" 301 - "-" "Mozilla/5.0 (compatible; Googlebot/2.1; +http://www.google.com/bot.html)"
66.249.64.171 - - [10/Jul/2026:15:02:52 +0200] "GET /index.php/?h=30177028961100 HTTP/1.1" 301 - "-" "Mozilla/5.0 (Linux; Android 6.0.1; Nexus 5X Build/MMB29P) AppleWebKit/537.36 (KHTML, like Gecko) Chrome/150.0.7871.46 Mobile Safari/537.36 (compatible; Googlebot/2.1; +http://www.google.com/bot.html)"