157.245.135.39 - - [12/Jun/2026:14:49:10 +0200] "GET /wp-json/link-factory/v1/health HTTP/1.1" 200 107 "-" "undici"
157.245.135.39 - - [12/Jun/2026:14:49:11 +0200] "GET /wp-login.php HTTP/1.1" 200 11736 "-" "Mozilla/5.0 (X11; Linux x86_64) AppleWebKit/537.36 (KHTML, like Gecko) Chrome/127.0 Safari/537.36"
157.245.135.39 - - [12/Jun/2026:14:49:11 +0200] "POST /wp-login.php HTTP/1.1" 200 11736 "https://brescia.elettroservicegroup.it/wp-login.php" "Mozilla/5.0 (X11; Linux x86_64) AppleWebKit/537.36 (KHTML, like Gecko) Chrome/127.0 Safari/537.36"
65.108.235.243 - - [12/Jun/2026:15:29:36 +0200] "POST /wp-cron.php?doing_wp_cron=1781270975.9374940395355224609375 HTTP/1.1" 200 1 "-" "WordPress/7.0; https://brescia.elettroservicegroup.it"
34.251.18.133 - - [12/Jun/2026:15:29:28 +0200] "GET / HTTP/1.0" 200 124257 "-" "Mozilla/5.0 (compatible; NetcraftSurveyAgent/1.0; +info@netcraft.com)"
65.108.235.243 - - [12/Jun/2026:15:37:42 +0200] "POST /wp-cron.php?doing_wp_cron=1781271462.8322649002075195312500 HTTP/1.1" 200 1 "-" "WordPress/7.0; https://brescia.elettroservicegroup.it"
216.73.217.89 - - [12/Jun/2026:15:37:39 +0200] "GET /robots.txt HTTP/2.0" 200 106 "-" "Mozilla/5.0 AppleWebKit/537.36 (KHTML, like Gecko; compatible; ClaudeBot/1.0; +claudebot@anthropic.com)"
65.108.235.243 - - [12/Jun/2026:15:38:10 +0200] "POST /wp-cron.php?doing_wp_cron=1781271490.6752719879150390625000 HTTP/1.1" 200 1 "-" "WordPress/7.0; https://brescia.elettroservicegroup.it"
216.73.217.89 - - [12/Jun/2026:15:38:10 +0200] "GET /feed/?attachment_id=14200 HTTP/2.0" 200 387 "-" "Mozilla/5.0 AppleWebKit/537.36 (KHTML, like Gecko; compatible; ClaudeBot/1.0; +claudebot@anthropic.com)"
65.108.235.243 - - [12/Jun/2026:15:46:31 +0200] "POST /wp-cron.php?doing_wp_cron=1781271990.9288361072540283203125 HTTP/1.1" 200 1 "-" "WordPress/7.0; https://brescia.elettroservicegroup.it"
216.73.217.89 - - [12/Jun/2026:15:46:25 +0200] "GET /feed/?attachment_id=13826 HTTP/2.0" 200 386 "-" "Mozilla/5.0 AppleWebKit/537.36 (KHTML, like Gecko; compatible; ClaudeBot/1.0; +claudebot@anthropic.com)"
65.108.235.243 - - [12/Jun/2026:15:46:32 +0200] "POST /wp-cron.php?doing_wp_cron=1781271992.8349130153656005859375 HTTP/1.1" 200 1 "-" "WordPress/7.0; https://brescia.elettroservicegroup.it"
216.73.217.89 - - [12/Jun/2026:15:46:25 +0200] "GET / HTTP/2.0" 200 26903 "-" "Mozilla/5.0 AppleWebKit/537.36 (KHTML, like Gecko; compatible; ClaudeBot/1.0; +claudebot@anthropic.com)"
65.108.235.243 - - [12/Jun/2026:16:05:52 +0200] "POST /wp-cron.php?doing_wp_cron=1781273152.3590219020843505859375 HTTP/1.1" 200 1 "-" "WordPress/7.0; https://brescia.elettroservicegroup.it"
216.73.217.89 - - [12/Jun/2026:16:05:51 +0200] "GET /sitemap.xml HTTP/2.0" 200 341 "-" "Mozilla/5.0 AppleWebKit/537.36 (KHTML, like Gecko; compatible; ClaudeBot/1.0; +claudebot@anthropic.com)"
216.73.217.89 - - [12/Jun/2026:16:24:58 +0200] "GET /feed/?attachment_id=13827 HTTP/2.0" 200 386 "-" "Mozilla/5.0 AppleWebKit/537.36 (KHTML, like Gecko; compatible; ClaudeBot/1.0; +claudebot@anthropic.com)"
65.108.235.243 - - [12/Jun/2026:16:25:01 +0200] "POST /wp-cron.php?doing_wp_cron=1781274301.8355059623718261718750 HTTP/1.1" 200 1 "-" "WordPress/7.0; https://brescia.elettroservicegroup.it"
216.73.217.89 - - [12/Jun/2026:16:24:58 +0200] "GET /sitemap.rss HTTP/2.0" 404 384 "-" "Mozilla/5.0 AppleWebKit/537.36 (KHTML, like Gecko; compatible; ClaudeBot/1.0; +claudebot@anthropic.com)"
65.108.235.243 - - [12/Jun/2026:16:53:45 +0200] "POST /wp-cron.php?doing_wp_cron=1781276025.9020290374755859375000 HTTP/1.1" 200 1 "-" "WordPress/7.0; https://brescia.elettroservicegroup.it"
159.89.19.201 - - [12/Jun/2026:16:53:44 +0200] "POST /xmlrpc.php HTTP/1.1" 404 23839 "-" "undici"
159.89.19.201 - - [12/Jun/2026:16:53:46 +0200] "GET /wp-json/wp/v2/categories?search=Uncategorized&per_page=100 HTTP/1.1" 415 420 "-" "undici"
159.89.19.201 - - [12/Jun/2026:16:53:46 +0200] "GET /wp-json/wp/v2/settings HTTP/1.1" 401 84 "-" "undici"
65.108.235.243 - - [12/Jun/2026:17:19:48 +0200] "POST /wp-cron.php?doing_wp_cron=1781277588.2281749248504638671875 HTTP/1.1" 200 1 "-" "WordPress/7.0; https://brescia.elettroservicegroup.it"
216.73.217.89 - - [12/Jun/2026:17:19:44 +0200] "GET /robots.txt HTTP/2.0" 200 106 "-" "Mozilla/5.0 AppleWebKit/537.36 (KHTML, like Gecko; compatible; ClaudeBot/1.0; +claudebot@anthropic.com)"
65.108.235.243 - - [12/Jun/2026:17:23:21 +0200] "POST /wp-cron.php?doing_wp_cron=1781277801.0906739234924316406250 HTTP/1.1" 200 1 "-" "WordPress/7.0; https://brescia.elettroservicegroup.it"
185.110.128.24 - - [12/Jun/2026:17:23:18 +0200] "GET / HTTP/1.1" 200 26903 "-" "Mozilla/5.0 (Windows NT 10.0; Win64; x64) AppleWebKit/537.36 (KHTML, like Gecko) Chrome/131.0.0.0 Safari/537.36"
185.110.128.24 - - [12/Jun/2026:17:23:21 +0200] "GET /wp-login.php HTTP/1.1" 200 2697 "-" "Mozilla/5.0 (Windows NT 10.0; Win64; x64) AppleWebKit/537.36 (KHTML, like Gecko) Chrome/131.0.0.0 Safari/537.36"
185.110.128.24 - - [12/Jun/2026:17:23:21 +0200] "POST /wp-login.php HTTP/1.1" 200 2812 "-" "Mozilla/5.0 (Windows NT 10.0; Win64; x64) AppleWebKit/537.36 (KHTML, like Gecko) Chrome/131.0.0.0 Safari/537.36"
208.115.248.68 - - [12/Jun/2026:17:29:28 +0200] "POST /xmlrpc.php HTTP/1.1" 403 52 "-" "Mozilla/5.0 (Windows NT 10.0; Win64; x64) AppleWebKit/537.36 (KHTML, like Gecko) Chrome/114.0.0.0 Safari/537.36"
208.115.248.68 - - [12/Jun/2026:17:29:30 +0200] "POST /xmlrpc.php HTTP/1.1" 403 52 "-" "Mozilla/5.0 (Windows NT 10.0; Win64; x64) AppleWebKit/537.36 (KHTML, like Gecko) Chrome/114.0.0.0 Safari/537.36"
195.62.24.242 - - [12/Jun/2026:17:30:03 +0200] "POST /xmlrpc.php HTTP/1.1" 403 52 "-" "Mozilla/5.0 (Windows NT 10.0; Win64; x64) AppleWebKit/537.36 (KHTML, like Gecko) Chrome/114.0.0.0 Safari/537.36"
195.62.24.242 - - [12/Jun/2026:17:30:05 +0200] "POST /xmlrpc.php HTTP/1.1" 403 52 "-" "Mozilla/5.0 (Windows NT 10.0; Win64; x64) AppleWebKit/537.36 (KHTML, like Gecko) Chrome/114.0.0.0 Safari/537.36"
79.127.246.199 - - [12/Jun/2026:17:30:40 +0200] "POST /xmlrpc.php HTTP/1.1" 403 52 "-" "Mozilla/5.0 (Windows NT 10.0; Win64; x64) AppleWebKit/537.36 (KHTML, like Gecko) Chrome/114.0.0.0 Safari/537.36"
79.127.246.199 - - [12/Jun/2026:17:30:40 +0200] "POST /xmlrpc.php HTTP/1.1" 403 52 "-" "Mozilla/5.0 (Windows NT 10.0; Win64; x64) AppleWebKit/537.36 (KHTML, like Gecko) Chrome/114.0.0.0 Safari/537.36"
65.108.235.243 - - [12/Jun/2026:17:38:04 +0200] "POST /wp-cron.php?doing_wp_cron=1781278684.8526570796966552734375 HTTP/1.1" 200 1 "-" "WordPress/7.0; https://brescia.elettroservicegroup.it"
74.7.175.180 - - [12/Jun/2026:17:38:03 +0200] "GET /robots.txt HTTP/2.0" 301 1 "-" "Mozilla/5.0 (Macintosh; Intel Mac OS X 10_15_7) AppleWebKit/537.36 (KHTML, like Gecko) Chrome/131.0.0.0 Safari/537.36; compatible; OAI-SearchBot/1.4; robots.txt; +https://openai.com/searchbot"
74.7.175.180 - - [12/Jun/2026:17:38:05 +0200] "GET /robots.txt HTTP/2.0" 200 106 "https://www.brescia.elettroservicegroup.it/robots.txt" "Mozilla/5.0 (Macintosh; Intel Mac OS X 10_15_7) AppleWebKit/537.36 (KHTML, like Gecko) Chrome/131.0.0.0 Safari/537.36; compatible; OAI-SearchBot/1.4; robots.txt; +https://openai.com/searchbot"
74.7.242.27 - - [12/Jun/2026:17:38:06 +0200] "GET / HTTP/2.0" 301 1 "-" "Mozilla/5.0 AppleWebKit/537.36 (KHTML, like Gecko; compatible; GPTBot/1.4; +https://openai.com/gptbot)"
74.7.228.0 - - [12/Jun/2026:17:38:06 +0200] "GET /robots.txt HTTP/2.0" 200 106 "-" "Mozilla/5.0 (Macintosh; Intel Mac OS X 10_15_7) AppleWebKit/537.36 (KHTML, like Gecko) Chrome/131.0.0.0 Safari/537.36; compatible; OAI-SearchBot/1.4; robots.txt; +https://openai.com/searchbot"
74.7.227.20 - - [12/Jun/2026:17:38:06 +0200] "GET / HTTP/2.0" 200 26903 "https://www.brescia.elettroservicegroup.it" "Mozilla/5.0 AppleWebKit/537.36 (KHTML, like Gecko; compatible; GPTBot/1.4; +https://openai.com/gptbot)"
74.7.227.20 - - [12/Jun/2026:17:38:09 +0200] "GET /wp-content/plugins/elementor/assets/css/frontend.min.css?ver=4.1.3 HTTP/2.0" 200 6618 "https://brescia.elettroservicegroup.it/" "Mozilla/5.0 AppleWebKit/537.36 (KHTML, like Gecko; compatible; GPTBot/1.4; +https://openai.com/gptbot)"
74.7.227.20 - - [12/Jun/2026:17:38:12 +0200] "GET /wp-content/plugins/elementor/assets/lib/font-awesome/js/v4-shims.min.js?ver=4.1.3 HTTP/2.0" 200 4043 "https://brescia.elettroservicegroup.it/" "Mozilla/5.0 AppleWebKit/537.36 (KHTML, like Gecko; compatible; GPTBot/1.4; +https://openai.com/gptbot)"
74.7.227.20 - - [12/Jun/2026:17:38:15 +0200] "GET /comments/feed/ HTTP/2.0" 200 378 "https://brescia.elettroservicegroup.it/" "Mozilla/5.0 AppleWebKit/537.36 (KHTML, like Gecko; compatible; GPTBot/1.4; +https://openai.com/gptbot)"
74.7.227.20 - - [12/Jun/2026:17:38:17 +0200] "GET /wp-content/plugins/elementor/assets/lib/font-awesome/css/all.min.css?ver=4.1.3 HTTP/2.0" 200 12402 "https://brescia.elettroservicegroup.it/" "Mozilla/5.0 AppleWebKit/537.36 (KHTML, like Gecko; compatible; GPTBot/1.4; +https://openai.com/gptbot)"
74.7.227.20 - - [12/Jun/2026:17:38:19 +0200] "GET /post-3-2/ HTTP/2.0" 200 25650 "https://brescia.elettroservicegroup.it/" "Mozilla/5.0 AppleWebKit/537.36 (KHTML, like Gecko; compatible; GPTBot/1.4; +https://openai.com/gptbot)"
74.7.227.20 - - [12/Jun/2026:17:38:22 +0200] "GET /wp-content/plugins/elementor/assets/css/widget-icon-list.min.css?ver=3.24.3 HTTP/2.0" 200 928 "https://brescia.elettroservicegroup.it/" "Mozilla/5.0 AppleWebKit/537.36 (KHTML, like Gecko; compatible; GPTBot/1.4; +https://openai.com/gptbot)"
74.7.227.20 - - [12/Jun/2026:17:38:24 +0200] "GET /wp-content/plugins/elementor/assets/js/frontend.min.js?ver=4.1.3 HTTP/2.0" 200 10140 "https://brescia.elettroservicegroup.it/" "Mozilla/5.0 AppleWebKit/537.36 (KHTML, like Gecko; compatible; GPTBot/1.4; +https://openai.com/gptbot)"
74.7.227.20 - - [12/Jun/2026:17:38:25 +0200] "GET /wp-includes/css/dist/block-library/style.min.css?ver=7.0 HTTP/2.0" 200 15998 "https://brescia.elettroservicegroup.it/" "Mozilla/5.0 AppleWebKit/537.36 (KHTML, like Gecko; compatible; GPTBot/1.4; +https://openai.com/gptbot)"
65.108.235.243 - - [12/Jun/2026:17:38:29 +0200] "POST /wp-cron.php?doing_wp_cron=1781278709.0296869277954101562500 HTTP/1.1" 200 1 "-" "WordPress/7.0; https://brescia.elettroservicegroup.it"
74.7.227.20 - - [12/Jun/2026:17:38:27 +0200] "GET /post-2-2/ HTTP/2.0" 200 25646 "https://brescia.elettroservicegroup.it/" "Mozilla/5.0 AppleWebKit/537.36 (KHTML, like Gecko; compatible; GPTBot/1.4; +https://openai.com/gptbot)"
74.7.227.20 - - [12/Jun/2026:17:38:29 +0200] "GET /category/uncategorized/ HTTP/2.0" 200 26698 "https://brescia.elettroservicegroup.it/" "Mozilla/5.0 AppleWebKit/537.36 (KHTML, like Gecko; compatible; GPTBot/1.4; +https://openai.com/gptbot)"
74.7.227.20 - - [12/Jun/2026:17:38:32 +0200] "GET /?p=13826 HTTP/2.0" 301 1 "https://brescia.elettroservicegroup.it/post-2-2/" "Mozilla/5.0 AppleWebKit/537.36 (KHTML, like Gecko; compatible; GPTBot/1.4; +https://openai.com/gptbot)"
74.7.227.20 - - [12/Jun/2026:17:38:33 +0200] "GET /wp-json/wp/v2/categories/1 HTTP/2.0" 200 280 "https://brescia.elettroservicegroup.it/category/uncategorized/" "Mozilla/5.0 AppleWebKit/537.36 (KHTML, like Gecko; compatible; GPTBot/1.4; +https://openai.com/gptbot)"
74.7.227.20 - - [12/Jun/2026:17:38:34 +0200] "GET /category/uncategorized/feed/ HTTP/2.0" 200 16277 "https://brescia.elettroservicegroup.it/category/uncategorized/" "Mozilla/5.0 AppleWebKit/537.36 (KHTML, like Gecko; compatible; GPTBot/1.4; +https://openai.com/gptbot)"
74.7.227.20 - - [12/Jun/2026:17:38:35 +0200] "GET /jak-szybko-zdobyc-bonus-vavada-bez-wplaty-krok-po-kroku/ HTTP/2.0" 200 31740 "https://brescia.elettroservicegroup.it/" "Mozilla/5.0 AppleWebKit/537.36 (KHTML, like Gecko; compatible; GPTBot/1.4; +https://openai.com/gptbot)"
74.7.227.20 - - [12/Jun/2026:17:38:36 +0200] "GET /vavada-kazino-obzor-i-zerkalo/ HTTP/2.0" 200 33051 "https://brescia.elettroservicegroup.it/" "Mozilla/5.0 AppleWebKit/537.36 (KHTML, like Gecko; compatible; GPTBot/1.4; +https://openai.com/gptbot)"
74.7.227.20 - - [12/Jun/2026:17:38:36 +0200] "GET /jak-zdobyc-bonus-bez-wplaty-w-vavadzie-2026/ HTTP/2.0" 200 32180 "https://brescia.elettroservicegroup.it/" "Mozilla/5.0 AppleWebKit/537.36 (KHTML, like Gecko; compatible; GPTBot/1.4; +https://openai.com/gptbot)"
74.7.227.20 - - [12/Jun/2026:17:38:37 +0200] "GET /post-9-2/ HTTP/2.0" 200 25648 "https://brescia.elettroservicegroup.it/" "Mozilla/5.0 AppleWebKit/537.36 (KHTML, like Gecko; compatible; GPTBot/1.4; +https://openai.com/gptbot)"
74.7.227.20 - - [12/Jun/2026:17:38:37 +0200] "GET /post-7-2/ HTTP/2.0" 200 25648 "https://brescia.elettroservicegroup.it/" "Mozilla/5.0 AppleWebKit/537.36 (KHTML, like Gecko; compatible; GPTBot/1.4; +https://openai.com/gptbot)"
74.7.227.20 - - [12/Jun/2026:17:38:38 +0200] "GET /?p=13827 HTTP/2.0" 301 1 "https://brescia.elettroservicegroup.it/post-3-2/" "Mozilla/5.0 AppleWebKit/537.36 (KHTML, like Gecko; compatible; GPTBot/1.4; +https://openai.com/gptbot)"
74.7.227.20 - - [12/Jun/2026:17:38:39 +0200] "GET /post-10-2/ HTTP/2.0" 200 25647 "https://brescia.elettroservicegroup.it/" "Mozilla/5.0 AppleWebKit/537.36 (KHTML, like Gecko; compatible; GPTBot/1.4; +https://openai.com/gptbot)"
74.7.227.20 - - [12/Jun/2026:17:38:39 +0200] "GET /feed/ HTTP/2.0" 200 16306 "https://brescia.elettroservicegroup.it/" "Mozilla/5.0 AppleWebKit/537.36 (KHTML, like Gecko; compatible; GPTBot/1.4; +https://openai.com/gptbot)"
74.7.227.20 - - [12/Jun/2026:17:38:40 +0200] "GET /wp-content/plugins/complianz-gdpr-premium/cookiebanner/js/complianz.min.js?ver=1780326839 HTTP/2.0" 200 10708 "https://brescia.elettroservicegroup.it/" "Mozilla/5.0 AppleWebKit/537.36 (KHTML, like Gecko; compatible; GPTBot/1.4; +https://openai.com/gptbot)"
74.7.227.20 - - [12/Jun/2026:17:38:40 +0200] "GET /?p=13826 HTTP/2.0" 301 1 "https://brescia.elettroservicegroup.it/post-2-2/" "Mozilla/5.0 AppleWebKit/537.36 (KHTML, like Gecko; compatible; GPTBot/1.4; +https://openai.com/gptbot)"
74.7.227.20 - - [12/Jun/2026:17:38:41 +0200] "GET /category/uncategorized/feed/ HTTP/2.0" 200 16277 "https://brescia.elettroservicegroup.it/category/uncategorized/" "Mozilla/5.0 AppleWebKit/537.36 (KHTML, like Gecko; compatible; GPTBot/1.4; +https://openai.com/gptbot)"
74.7.227.20 - - [12/Jun/2026:17:38:41 +0200] "GET /?p=15647 HTTP/2.0" 301 1 "https://brescia.elettroservicegroup.it/jak-szybko-zdobyc-bonus-vavada-bez-wplaty-krok-po-kroku/" "Mozilla/5.0 AppleWebKit/537.36 (KHTML, like Gecko; compatible; GPTBot/1.4; +https://openai.com/gptbot)"
74.7.227.20 - - [12/Jun/2026:17:38:42 +0200] "GET /?p=15648 HTTP/2.0" 301 1 "https://brescia.elettroservicegroup.it/vavada-kazino-obzor-i-zerkalo/" "Mozilla/5.0 AppleWebKit/537.36 (KHTML, like Gecko; compatible; GPTBot/1.4; +https://openai.com/gptbot)"
74.7.227.20 - - [12/Jun/2026:17:38:42 +0200] "GET /?p=15649 HTTP/2.0" 301 1 "https://brescia.elettroservicegroup.it/jak-zdobyc-bonus-bez-wplaty-w-vavadzie-2026/" "Mozilla/5.0 AppleWebKit/537.36 (KHTML, like Gecko; compatible; GPTBot/1.4; +https://openai.com/gptbot)"
74.7.227.20 - - [12/Jun/2026:17:38:43 +0200] "GET /?p=13833 HTTP/2.0" 301 1 "https://brescia.elettroservicegroup.it/post-9-2/" "Mozilla/5.0 AppleWebKit/537.36 (KHTML, like Gecko; compatible; GPTBot/1.4; +https://openai.com/gptbot)"
74.7.227.20 - - [12/Jun/2026:17:38:43 +0200] "GET /?p=13831 HTTP/2.0" 301 1 "https://brescia.elettroservicegroup.it/post-7-2/" "Mozilla/5.0 AppleWebKit/537.36 (KHTML, like Gecko; compatible; GPTBot/1.4; +https://openai.com/gptbot)"
74.7.227.20 - - [12/Jun/2026:17:38:44 +0200] "GET /wp-json/oembed/1.0/embed?url=https%3A%2F%2Fbrescia.elettroservicegroup.it%2Fjak-szybko-zdobyc-bonus-vavada-bez-wplaty-krok-po-kroku%2F HTTP/2.0" 200 1059 "https://brescia.elettroservicegroup.it/jak-szybko-zdobyc-bonus-vavada-bez-wplaty-krok-po-kroku/" "Mozilla/5.0 AppleWebKit/537.36 (KHTML, like Gecko; compatible; GPTBot/1.4; +https://openai.com/gptbot)"
74.7.227.20 - - [12/Jun/2026:17:38:44 +0200] "GET /?p=13834 HTTP/2.0" 301 1 "https://brescia.elettroservicegroup.it/post-10-2/" "Mozilla/5.0 AppleWebKit/537.36 (KHTML, like Gecko; compatible; GPTBot/1.4; +https://openai.com/gptbot)"
74.7.227.20 - - [12/Jun/2026:17:38:45 +0200] "GET /wp-json/oembed/1.0/embed?url=https%3A%2F%2Fbrescia.elettroservicegroup.it%2Fjak-zdobyc-bonus-bez-wplaty-w-vavadzie-2026%2F HTTP/2.0" 200 1045 "https://brescia.elettroservicegroup.it/jak-zdobyc-bonus-bez-wplaty-w-vavadzie-2026/" "Mozilla/5.0 AppleWebKit/537.36 (KHTML, like Gecko; compatible; GPTBot/1.4; +https://openai.com/gptbot)"
74.7.227.20 - - [12/Jun/2026:17:38:45 +0200] "GET /wp-content/plugins/complianz-gdpr-premium/cookiebanner/js/+n+ HTTP/2.0" 404 24940 "https://brescia.elettroservicegroup.it/wp-content/plugins/complianz-gdpr-premium/cookiebanner/js/complianz.min.js?ver=1780326839" "Mozilla/5.0 AppleWebKit/537.36 (KHTML, like Gecko; compatible; GPTBot/1.4; +https://openai.com/gptbot)"
74.7.227.20 - - [12/Jun/2026:17:38:46 +0200] "GET /wp-json/oembed/1.0/embed?url=https%3A%2F%2Fbrescia.elettroservicegroup.it%2Fvavada-kazino-obzor-i-zerkalo%2F HTTP/2.0" 200 1052 "https://brescia.elettroservicegroup.it/vavada-kazino-obzor-i-zerkalo/" "Mozilla/5.0 AppleWebKit/537.36 (KHTML, like Gecko; compatible; GPTBot/1.4; +https://openai.com/gptbot)"
74.7.227.20 - - [12/Jun/2026:17:38:46 +0200] "GET /wp-json/wp/v2/posts/15647 HTTP/2.0" 200 6307 "https://brescia.elettroservicegroup.it/jak-szybko-zdobyc-bonus-vavada-bez-wplaty-krok-po-kroku/" "Mozilla/5.0 AppleWebKit/537.36 (KHTML, like Gecko; compatible; GPTBot/1.4; +https://openai.com/gptbot)"
74.7.227.20 - - [12/Jun/2026:17:38:47 +0200] "GET /wp-json/wp/v2/posts/15648 HTTP/2.0" 200 8417 "https://brescia.elettroservicegroup.it/vavada-kazino-obzor-i-zerkalo/" "Mozilla/5.0 AppleWebKit/537.36 (KHTML, like Gecko; compatible; GPTBot/1.4; +https://openai.com/gptbot)"
74.7.227.20 - - [12/Jun/2026:17:38:48 +0200] "GET /wp-json/wp/v2/posts/15649 HTTP/2.0" 200 6519 "https://brescia.elettroservicegroup.it/jak-zdobyc-bonus-bez-wplaty-w-vavadzie-2026/" "Mozilla/5.0 AppleWebKit/537.36 (KHTML, like Gecko; compatible; GPTBot/1.4; +https://openai.com/gptbot)"
74.7.227.20 - - [12/Jun/2026:17:38:48 +0200] "GET /wp-content/plugins/essential-addons-for-elementor-lite/assets/front-end/js/view/general.min.js?ver=6.6.7 HTTP/2.0" 200 3900 "https://brescia.elettroservicegroup.it/" "Mozilla/5.0 AppleWebKit/537.36 (KHTML, like Gecko; compatible; GPTBot/1.4; +https://openai.com/gptbot)"
74.7.227.20 - - [12/Jun/2026:17:38:49 +0200] "GET /wp-json/oembed/1.0/embed?format=xml&url=https%3A%2F%2Fbrescia.elettroservicegroup.it%2Fjak-szybko-zdobyc-bonus-vavada-bez-wplaty-krok-po-kroku%2F HTTP/2.0" 200 1075 "https://brescia.elettroservicegroup.it/jak-szybko-zdobyc-bonus-vavada-bez-wplaty-krok-po-kroku/" "Mozilla/5.0 AppleWebKit/537.36 (KHTML, like Gecko; compatible; GPTBot/1.4; +https://openai.com/gptbot)"
74.7.227.20 - - [12/Jun/2026:17:38:49 +0200] "GET /wp-json/oembed/1.0/embed?format=xml&url=https%3A%2F%2Fbrescia.elettroservicegroup.it%2Fjak-zdobyc-bonus-bez-wplaty-w-vavadzie-2026%2F HTTP/2.0" 200 1061 "https://brescia.elettroservicegroup.it/jak-zdobyc-bonus-bez-wplaty-w-vavadzie-2026/" "Mozilla/5.0 AppleWebKit/537.36 (KHTML, like Gecko; compatible; GPTBot/1.4; +https://openai.com/gptbot)"
74.7.227.20 - - [12/Jun/2026:17:38:50 +0200] "GET /wp-json/oembed/1.0/embed?format=xml&url=https%3A%2F%2Fbrescia.elettroservicegroup.it%2Fvavada-kazino-obzor-i-zerkalo%2F HTTP/2.0" 200 1069 "https://brescia.elettroservicegroup.it/vavada-kazino-obzor-i-zerkalo/" "Mozilla/5.0 AppleWebKit/537.36 (KHTML, like Gecko; compatible; GPTBot/1.4; +https://openai.com/gptbot)"
74.7.227.20 - - [12/Jun/2026:17:38:50 +0200] "GET /wp-content/plugins/elementor/assets/js/webpack.runtime.min.js?ver=4.1.3 HTTP/2.0" 200 2340 "https://brescia.elettroservicegroup.it/" "Mozilla/5.0 AppleWebKit/537.36 (KHTML, like Gecko; compatible; GPTBot/1.4; +https://openai.com/gptbot)"
74.7.227.20 - - [12/Jun/2026:17:38:51 +0200] "GET /wp-content/plugins/elementor/assets/js/frontend-modules.min.js?ver=4.1.3 HTTP/2.0" 200 15454 "https://brescia.elettroservicegroup.it/" "Mozilla/5.0 AppleWebKit/537.36 (KHTML, like Gecko; compatible; GPTBot/1.4; +https://openai.com/gptbot)"
74.7.227.20 - - [12/Jun/2026:17:38:51 +0200] "GET /wp-content/plugins/essential-addons-for-elementor-lite/assets/front-end/css/view/general.min.css?ver=6.6.7 HTTP/2.0" 200 1422 "https://brescia.elettroservicegroup.it/" "Mozilla/5.0 AppleWebKit/537.36 (KHTML, like Gecko; compatible; GPTBot/1.4; +https://openai.com/gptbot)"
74.7.227.20 - - [12/Jun/2026:17:38:52 +0200] "GET /wp-content/plugins/gp-premium/blog/functions/css/style.min.css?ver=2.5.5 HTTP/2.0" 200 1018 "https://brescia.elettroservicegroup.it/" "Mozilla/5.0 AppleWebKit/537.36 (KHTML, like Gecko; compatible; GPTBot/1.4; +https://openai.com/gptbot)"
74.7.227.20 - - [12/Jun/2026:17:38:52 +0200] "GET /wp-content/plugins/elementor/assets/lib/font-awesome/css/fontawesome.css?ver=5.15.3 HTTP/2.0" 200 12535 "https://brescia.elettroservicegroup.it/" "Mozilla/5.0 AppleWebKit/537.36 (KHTML, like Gecko; compatible; GPTBot/1.4; +https://openai.com/gptbot)"
74.7.227.20 - - [12/Jun/2026:17:38:53 +0200] "GET /wp-content/plugins/elementor/assets/lib/font-awesome/css/v4-shims.min.css?ver=4.1.3 HTTP/2.0" 200 3986 "https://brescia.elettroservicegroup.it/" "Mozilla/5.0 AppleWebKit/537.36 (KHTML, like Gecko; compatible; GPTBot/1.4; +https://openai.com/gptbot)"
74.7.227.20 - - [12/Jun/2026:17:38:53 +0200] "GET /wp-content/plugins/header-footer-elementor/inc/widgets-css/frontend.css?ver=2.8.8 HTTP/2.0" 200 8711 "https://brescia.elettroservicegroup.it/" "Mozilla/5.0 AppleWebKit/537.36 (KHTML, like Gecko; compatible; GPTBot/1.4; +https://openai.com/gptbot)"
74.7.227.20 - - [12/Jun/2026:17:38:54 +0200] "GET /wp-content/plugins/elementor/assets/css/widget-social-icons.min.css?ver=3.24.0 HTTP/2.0" 200 1039 "https://brescia.elettroservicegroup.it/" "Mozilla/5.0 AppleWebKit/537.36 (KHTML, like Gecko; compatible; GPTBot/1.4; +https://openai.com/gptbot)"
74.7.227.20 - - [12/Jun/2026:17:38:54 +0200] "GET /wp-content/plugins/header-footer-elementor/assets/css/header-footer-elementor.css?ver=2.8.8 HTTP/2.0" 200 260 "https://brescia.elettroservicegroup.it/" "Mozilla/5.0 AppleWebKit/537.36 (KHTML, like Gecko; compatible; GPTBot/1.4; +https://openai.com/gptbot)"
74.7.227.20 - - [12/Jun/2026:17:38:55 +0200] "GET /wp-content/plugins/complianz-gdpr-premium/assets/css/cookieblocker.min.css?ver=1780326839 HTTP/2.0" 200 615 "https://brescia.elettroservicegroup.it/" "Mozilla/5.0 AppleWebKit/537.36 (KHTML, like Gecko; compatible; GPTBot/1.4; +https://openai.com/gptbot)"
74.7.227.20 - - [12/Jun/2026:17:38:55 +0200] "GET /wp-content/uploads/elementor/css/post-14366.css?ver=1781210968 HTTP/2.0" 200 297 "https://brescia.elettroservicegroup.it/" "Mozilla/5.0 AppleWebKit/537.36 (KHTML, like Gecko; compatible; GPTBot/1.4; +https://openai.com/gptbot)"
74.7.227.20 - - [12/Jun/2026:17:38:56 +0200] "GET /wp-content/uploads/elementor/css/post-14146.css?ver=1781210967 HTTP/2.0" 200 428 "https://brescia.elettroservicegroup.it/" "Mozilla/5.0 AppleWebKit/537.36 (KHTML, like Gecko; compatible; GPTBot/1.4; +https://openai.com/gptbot)"
65.108.235.243 - - [12/Jun/2026:18:07:16 +0200] "POST /wp-cron.php?doing_wp_cron=1781280436.5648720264434814453125 HTTP/1.1" 200 1 "-" "WordPress/7.0; https://brescia.elettroservicegroup.it"
74.7.227.20 - - [12/Jun/2026:18:07:15 +0200] "GET /wp-json/complianz/v1/banner?lang=it&locale=it_IT&token=txluu HTTP/2.0" 415 83 "https://brescia.elettroservicegroup.it/post-2-2/" "Mozilla/5.0 AppleWebKit/537.36 (KHTML, like Gecko; compatible; GPTBot/1.4; +https://openai.com/gptbot)"
74.7.227.20 - - [12/Jun/2026:18:07:18 +0200] "GET /wp-json/complianz/v1/banner?lang=it&locale=it_IT&token=yrhzq HTTP/2.0" 415 83 "https://brescia.elettroservicegroup.it/category/uncategorized/" "Mozilla/5.0 AppleWebKit/537.36 (KHTML, like Gecko; compatible; GPTBot/1.4; +https://openai.com/gptbot)"
65.108.235.243 - - [12/Jun/2026:18:11:09 +0200] "POST /wp-cron.php?doing_wp_cron=1781280669.5274419784545898437500 HTTP/1.1" 200 1 "-" "WordPress/7.0; https://brescia.elettroservicegroup.it"
217.113.194.220 - - [12/Jun/2026:18:11:00 +0200] "GET /robots.txt HTTP/1.1" 200 193 "-" "Mozilla/5.0 (compatible; Barkrowler/0.9; +https://babbar.tech/crawler)"
65.108.235.243 - - [12/Jun/2026:18:11:56 +0200] "POST /wp-cron.php?doing_wp_cron=1781280716.7402238845825195312500 HTTP/1.1" 200 1 "-" "WordPress/7.0; https://brescia.elettroservicegroup.it"
217.113.194.82 - - [12/Jun/2026:18:11:54 +0200] "GET /post-9-2/ HTTP/1.1" 200 117058 "-" "Mozilla/5.0 (compatible; Barkrowler/0.9; +https://babbar.tech/crawler)"
217.113.194.220 - - [12/Jun/2026:18:12:24 +0200] "GET /post-5-2/ HTTP/1.1" 200 117058 "-" "Mozilla/5.0 (compatible; Barkrowler/0.9; +https://babbar.tech/crawler)"
217.113.194.219 - - [12/Jun/2026:18:12:42 +0200] "GET /assistenza-lavatrici/ HTTP/1.1" 200 11822 "-" "Mozilla/5.0 (compatible; Barkrowler/0.9; +https://babbar.tech/crawler)"
65.108.235.243 - - [12/Jun/2026:18:12:59 +0200] "POST /wp-cron.php?doing_wp_cron=1781280779.0970098972320556640625 HTTP/1.1" 200 1 "-" "WordPress/7.0; https://brescia.elettroservicegroup.it"
217.113.194.89 - - [12/Jun/2026:18:12:57 +0200] "GET /assistenza-frigoriferi/ HTTP/1.1" 404 113295 "-" "Mozilla/5.0 (compatible; Barkrowler/0.9; +https://babbar.tech/crawler)"
217.113.194.219 - - [12/Jun/2026:18:13:14 +0200] "GET /assistenza-condizionatori/ HTTP/1.1" 200 11852 "-" "Mozilla/5.0 (compatible; Barkrowler/0.9; +https://babbar.tech/crawler)"
65.108.235.243 - - [12/Jun/2026:18:45:08 +0200] "POST /wp-cron.php?doing_wp_cron=1781282708.4298288822174072265625 HTTP/1.1" 200 1 "-" "WordPress/7.0; https://brescia.elettroservicegroup.it"
216.73.217.89 - - [12/Jun/2026:18:45:03 +0200] "GET /robots.txt HTTP/2.0" 200 106 "-" "Mozilla/5.0 AppleWebKit/537.36 (KHTML, like Gecko; compatible; ClaudeBot/1.0; +claudebot@anthropic.com)"
65.108.235.243 - - [12/Jun/2026:19:25:35 +0200] "POST /wp-cron.php?doing_wp_cron=1781285135.9378540515899658203125 HTTP/1.1" 200 1 "-" "WordPress/7.0; https://brescia.elettroservicegroup.it"
216.26.233.183 - - [12/Jun/2026:19:25:33 +0200] "GET /wp-login.php HTTP/1.1" 200 9036 "-" "Mozilla/5.0 (Windows NT 10.0; Win64; x64) AppleWebKit/537.36 (KHTML, like Gecko) Chrome/143.0.0.0 Safari/537.36"
216.26.233.183 - - [12/Jun/2026:19:25:36 +0200] "POST /wp-login.php HTTP/1.1" 200 9485 "https://brescia.elettroservicegroup.it/wp-login.php" "Mozilla/5.0 (Windows NT 10.0; Win64; x64) AppleWebKit/537.36 (KHTML, like Gecko) Chrome/143.0.0.0 Safari/537.36"
45.3.53.68 - - [12/Jun/2026:19:25:37 +0200] "GET /wp-login.php HTTP/1.1" 200 11802 "-" "Mozilla/5.0 (Windows NT 10.0; Win64; x64) AppleWebKit/537.36 (KHTML, like Gecko) Chrome/143.0.0.0 Safari/537.36"
45.3.53.68 - - [12/Jun/2026:19:25:38 +0200] "POST /wp-login.php HTTP/1.1" 200 11746 "https://brescia.elettroservicegroup.it/wp-login.php" "Mozilla/5.0 (Windows NT 10.0; Win64; x64) AppleWebKit/537.36 (KHTML, like Gecko) Chrome/143.0.0.0 Safari/537.36"
216.26.243.19 - - [12/Jun/2026:19:25:39 +0200] "GET /wp-login.php HTTP/1.1" 200 9036 "-" "Mozilla/5.0 (Windows NT 10.0; Win64; x64) AppleWebKit/537.36 (KHTML, like Gecko) Chrome/143.0.0.0 Safari/537.36"
216.26.243.19 - - [12/Jun/2026:19:25:39 +0200] "POST /wp-login.php HTTP/1.1" 200 9485 "https://brescia.elettroservicegroup.it/wp-login.php" "Mozilla/5.0 (Windows NT 10.0; Win64; x64) AppleWebKit/537.36 (KHTML, like Gecko) Chrome/143.0.0.0 Safari/537.36"
216.26.231.107 - - [12/Jun/2026:19:25:40 +0200] "GET /wp-login.php HTTP/1.1" 200 9036 "-" "Mozilla/5.0 (Windows NT 10.0; Win64; x64) AppleWebKit/537.36 (KHTML, like Gecko) Chrome/143.0.0.0 Safari/537.36"
216.26.231.107 - - [12/Jun/2026:19:25:40 +0200] "POST /wp-login.php HTTP/1.1" 200 9485 "https://brescia.elettroservicegroup.it/wp-login.php" "Mozilla/5.0 (Windows NT 10.0; Win64; x64) AppleWebKit/537.36 (KHTML, like Gecko) Chrome/143.0.0.0 Safari/537.36"
65.111.14.118 - - [12/Jun/2026:19:25:42 +0200] "GET /wp-login.php HTTP/1.1" 200 11777 "-" "Mozilla/5.0 (Windows NT 10.0; Win64; x64) AppleWebKit/537.36 (KHTML, like Gecko) Chrome/143.0.0.0 Safari/537.36"
65.111.14.118 - - [12/Jun/2026:19:25:43 +0200] "POST /wp-login.php HTTP/1.1" 200 11852 "https://brescia.elettroservicegroup.it/wp-login.php" "Mozilla/5.0 (Windows NT 10.0; Win64; x64) AppleWebKit/537.36 (KHTML, like Gecko) Chrome/143.0.0.0 Safari/537.36"
91.92.241.196 - - [12/Jun/2026:19:44:09 +0200] "GET /.git/HEAD HTTP/1.1" 301 - "-" "Mozilla/5.0 (Windows NT 10.0; Win64; x64) AppleWebKit/537.36"
65.108.235.243 - - [12/Jun/2026:20:07:57 +0200] "POST /wp-cron.php?doing_wp_cron=1781287677.0338120460510253906250 HTTP/1.1" 200 1 "-" "WordPress/7.0; https://brescia.elettroservicegroup.it"
216.73.217.89 - - [12/Jun/2026:20:07:55 +0200] "GET /robots.txt HTTP/2.0" 200 106 "-" "Mozilla/5.0 AppleWebKit/537.36 (KHTML, like Gecko; compatible; ClaudeBot/1.0; +claudebot@anthropic.com)"
94.76.142.246 - - [12/Jun/2026:20:41:38 +0200] "POST /xmlrpc.php HTTP/1.1" 403 52 "https://brescia.elettroservicegroup.it/wp-admin/" "Mozilla/5.0 (Windows NT 10.0; Win64; x64) AppleWebKit/537.36 (KHTML, like Gecko) Chrome/133.0.0.0 Safari/537.36"
94.76.142.246 - - [12/Jun/2026:20:41:41 +0200] "POST /xmlrpc.php HTTP/1.1" 403 52 "https://brescia.elettroservicegroup.it/wp-admin/" "Mozilla/5.0 (Windows NT 10.0; Win64; x64) AppleWebKit/537.36 (KHTML, like Gecko) Chrome/131.0.0.0 Safari/537.36"
94.76.142.246 - - [12/Jun/2026:20:41:44 +0200] "POST /xmlrpc.php HTTP/1.1" 403 52 "https://brescia.elettroservicegroup.it/wp-admin/" "Mozilla/5.0 (Windows NT 10.0; Win64; x64) AppleWebKit/537.36 (KHTML, like Gecko) Chrome/133.0.0.0 Safari/537.36"
94.76.142.246 - - [12/Jun/2026:20:41:56 +0200] "GET /wp-admin/ HTTP/1.1" 302 - "https://brescia.elettroservicegroup.it/wp-admin/" "Mozilla/5.0 (X11; Linux x86_64) AppleWebKit/537.36 (KHTML, like Gecko) Chrome/133.0.0.0 Safari/537.36"
65.108.235.243 - - [12/Jun/2026:20:42:02 +0200] "POST /wp-cron.php?doing_wp_cron=1781289722.8304219245910644531250 HTTP/1.1" 200 1 "-" "WordPress/7.0; https://brescia.elettroservicegroup.it"
94.76.142.246 - - [12/Jun/2026:20:41:56 +0200] "GET /wp-json/wp/v2/users/me?context=edit HTTP/1.1" 401 92 "https://brescia.elettroservicegroup.it/wp-admin/" "Mozilla/5.0 (Windows NT 10.0; Win64; x64) AppleWebKit/537.36 (KHTML, like Gecko) Chrome/131.0.0.0 Safari/537.36"
94.76.142.246 - - [12/Jun/2026:20:42:08 +0200] "GET /wp-login.php?redirect_to=https%3A%2F%2Fbrescia.elettroservicegroup.it%2Fwp-admin%2F&reauth=1 HTTP/1.1" 200 9147 "https://brescia.elettroservicegroup.it/wp-admin/" "Mozilla/5.0 (X11; Linux x86_64) AppleWebKit/537.36 (KHTML, like Gecko) Chrome/133.0.0.0 Safari/537.36"
94.76.142.246 - - [12/Jun/2026:20:42:18 +0200] "POST /wp-login.php HTTP/1.1" 200 9412 "https://brescia.elettroservicegroup.it/wp-admin/" "Mozilla/5.0 (Windows NT 10.0; Win64; x64) AppleWebKit/537.36 (KHTML, like Gecko) Chrome/132.0.0.0 Safari/537.36"
65.108.235.243 - - [12/Jun/2026:20:57:56 +0200] "POST /wp-cron.php?doing_wp_cron=1781290676.4576659202575683593750 HTTP/1.1" 200 1 "-" "WordPress/7.0; https://brescia.elettroservicegroup.it"
94.76.142.246 - - [12/Jun/2026:20:57:55 +0200] "GET /wp-json/wp/v2/users/me?context=edit HTTP/2.0" 401 82 "https://brescia.elettroservicegroup.it/wp-admin/" "Mozilla/5.0 (Windows NT 10.0; Win64; x64) AppleWebKit/537.36 (KHTML, like Gecko) Chrome/131.0.0.0 Safari/537.36"
65.108.235.243 - - [12/Jun/2026:21:03:17 +0200] "POST /wp-cron.php?doing_wp_cron=1781290997.4996700286865234375000 HTTP/1.1" 200 1 "-" "WordPress/7.0; https://brescia.elettroservicegroup.it"
216.73.217.89 - - [12/Jun/2026:21:03:15 +0200] "GET /sitemap.xml HTTP/2.0" 200 341 "-" "Mozilla/5.0 AppleWebKit/537.36 (KHTML, like Gecko; compatible; ClaudeBot/1.0; +claudebot@anthropic.com)"
65.108.235.243 - - [12/Jun/2026:21:09:12 +0200] "POST /wp-cron.php?doing_wp_cron=1781291352.6532640457153320312500 HTTP/1.1" 200 1 "-" "WordPress/7.0; https://brescia.elettroservicegroup.it"
17.246.15.185 - - [12/Jun/2026:21:09:11 +0200] "GET /robots.txt HTTP/2.0" 200 193 "-" "Mozilla/5.0 (Macintosh; Intel Mac OS X 10_15_7) AppleWebKit/605.1.15 (KHTML, like Gecko) Version/17.4 Safari/605.1.15 (Applebot/0.1; +http://www.apple.com/go/applebot)"
17.246.15.185 - - [12/Jun/2026:21:09:12 +0200] "GET /assistenza-lavatrici/home-3/ HTTP/2.0" 301 - "-" "Mozilla/5.0 (Macintosh; Intel Mac OS X 10_15_7) AppleWebKit/605.1.15 (KHTML, like Gecko) Version/17.4 Safari/605.1.15 (Applebot/0.1; +http://www.apple.com/go/applebot)"
17.246.15.185 - - [12/Jun/2026:21:09:14 +0200] "GET /home-3/ HTTP/2.0" 200 111426 "-" "Mozilla/5.0 (Macintosh; Intel Mac OS X 10_15_7) AppleWebKit/605.1.15 (KHTML, like Gecko) Version/17.4 Safari/605.1.15 (Applebot/0.1; +http://www.apple.com/go/applebot)"
65.108.235.243 - - [12/Jun/2026:21:18:13 +0200] "POST /wp-cron.php?doing_wp_cron=1781291893.1336920261383056640625 HTTP/1.1" 200 1 "-" "WordPress/7.0; https://brescia.elettroservicegroup.it"
94.76.142.246 - - [12/Jun/2026:21:18:11 +0200] "GET /wp-admin/ HTTP/2.0" 302 1 "https://brescia.elettroservicegroup.it/wp-admin/" "Mozilla/5.0 (X11; Linux x86_64) AppleWebKit/537.36 (KHTML, like Gecko) Chrome/133.0.0.0 Safari/537.36"