52.144.87.178 - - [07/Jul/2026:17:59:59 +0200] "GET /wp-content/uploads/2026/05/RECENSIONI-gOOGLE.png HTTP/2.0" 200 5052 "https://elettroservicegroup.it/chi-siamo/?_gl=1*1prlfbs*_up*MQ..*_gs*MQ..&gclid=CjwKCAjwx7LSBhB3EiwAjcodxCMYsK-CbOCUMMod_-QBSqOl3IhRwy1WoSjhVEbCS0vf6YDDc-dO4BoCjP0QAvD_BwE&gbraid=0AAAABDgs-LRaFwSseoZNIbDKnP56d2qt0" "Mozilla/5.0 (Windows NT 10.0; Win64; x64) AppleWebKit/537.36 (KHTML, like Gecko) Chrome/149.0.0.0 Safari/537.36"
52.144.87.178 - - [07/Jul/2026:17:59:59 +0200] "GET /wp-content/uploads/elementor/google-fonts/fonts/robotoslab-bngmuxzytxpivibgjjsb6ufn5qu.woff2 HTTP/2.0" 200 34328 "https://elettroservicegroup.it/wp-content/cache/wpfc-minified/6yk1ya41/4090j.css" "Mozilla/5.0 (Windows NT 10.0; Win64; x64) AppleWebKit/537.36 (KHTML, like Gecko) Chrome/149.0.0.0 Safari/537.36"
52.144.87.178 - - [07/Jul/2026:17:59:59 +0200] "GET /wp-content/plugins/elementor/assets/lib/font-awesome/webfonts/fa-solid-900.woff2 HTTP/2.0" 200 78201 "https://elettroservicegroup.it/wp-content/cache/wpfc-minified/fspqf2ba/4090j.css" "Mozilla/5.0 (Windows NT 10.0; Win64; x64) AppleWebKit/537.36 (KHTML, like Gecko) Chrome/149.0.0.0 Safari/537.36"
52.144.87.178 - - [07/Jul/2026:17:59:59 +0200] "GET /wp-content/uploads/2021/10/COPERTINA.png HTTP/2.0" 200 238875 "https://elettroservicegroup.it/chi-siamo/?_gl=1*1prlfbs*_up*MQ..*_gs*MQ..&gclid=CjwKCAjwx7LSBhB3EiwAjcodxCMYsK-CbOCUMMod_-QBSqOl3IhRwy1WoSjhVEbCS0vf6YDDc-dO4BoCjP0QAvD_BwE&gbraid=0AAAABDgs-LRaFwSseoZNIbDKnP56d2qt0" "Mozilla/5.0 (Windows NT 10.0; Win64; x64) AppleWebKit/537.36 (KHTML, like Gecko) Chrome/149.0.0.0 Safari/537.36"
52.144.87.178 - - [07/Jul/2026:17:59:59 +0200] "GET /wp-content/plugins/elementor/assets/lib/font-awesome/webfonts/fa-regular-400.woff2 HTTP/2.0" 200 13277 "https://elettroservicegroup.it/wp-content/cache/wpfc-minified/fspqf2ba/4090j.css" "Mozilla/5.0 (Windows NT 10.0; Win64; x64) AppleWebKit/537.36 (KHTML, like Gecko) Chrome/149.0.0.0 Safari/537.36"
52.144.87.178 - - [07/Jul/2026:17:59:59 +0200] "GET /wp-content/plugins/elementor/assets/js/section-frontend-handlers.d85ab872da118940910d.bundle.min.js HTTP/2.0" 200 230 "https://elettroservicegroup.it/chi-siamo/?_gl=1*1prlfbs*_up*MQ..*_gs*MQ..&gclid=CjwKCAjwx7LSBhB3EiwAjcodxCMYsK-CbOCUMMod_-QBSqOl3IhRwy1WoSjhVEbCS0vf6YDDc-dO4BoCjP0QAvD_BwE&gbraid=0AAAABDgs-LRaFwSseoZNIbDKnP56d2qt0" "Mozilla/5.0 (Windows NT 10.0; Win64; x64) AppleWebKit/537.36 (KHTML, like Gecko) Chrome/149.0.0.0 Safari/537.36"
52.144.87.178 - - [07/Jul/2026:17:59:59 +0200] "GET /wp-content/plugins/elementor/assets/js/shared-frontend-handlers.03caa53373b56d3bab67.bundle.min.js HTTP/2.0" 200 2515 "https://elettroservicegroup.it/chi-siamo/?_gl=1*1prlfbs*_up*MQ..*_gs*MQ..&gclid=CjwKCAjwx7LSBhB3EiwAjcodxCMYsK-CbOCUMMod_-QBSqOl3IhRwy1WoSjhVEbCS0vf6YDDc-dO4BoCjP0QAvD_BwE&gbraid=0AAAABDgs-LRaFwSseoZNIbDKnP56d2qt0" "Mozilla/5.0 (Windows NT 10.0; Win64; x64) AppleWebKit/537.36 (KHTML, like Gecko) Chrome/149.0.0.0 Safari/537.36"
52.144.87.178 - - [07/Jul/2026:17:59:59 +0200] "GET /wp-content/plugins/elementor/assets/js/text-editor.45609661e409413f1cef.bundle.min.js HTTP/2.0" 200 592 "https://elettroservicegroup.it/chi-siamo/?_gl=1*1prlfbs*_up*MQ..*_gs*MQ..&gclid=CjwKCAjwx7LSBhB3EiwAjcodxCMYsK-CbOCUMMod_-QBSqOl3IhRwy1WoSjhVEbCS0vf6YDDc-dO4BoCjP0QAvD_BwE&gbraid=0AAAABDgs-LRaFwSseoZNIbDKnP56d2qt0" "Mozilla/5.0 (Windows NT 10.0; Win64; x64) AppleWebKit/537.36 (KHTML, like Gecko) Chrome/149.0.0.0 Safari/537.36"
52.144.87.178 - - [07/Jul/2026:18:00:00 +0200] "GET /wp-content/uploads/2021/10/cropped-cropped-cropped-cropped-logo_white_background-32x32.png HTTP/2.0" 200 1525 "https://elettroservicegroup.it/chi-siamo/?_gl=1*1prlfbs*_up*MQ..*_gs*MQ..&gclid=CjwKCAjwx7LSBhB3EiwAjcodxCMYsK-CbOCUMMod_-QBSqOl3IhRwy1WoSjhVEbCS0vf6YDDc-dO4BoCjP0QAvD_BwE&gbraid=0AAAABDgs-LRaFwSseoZNIbDKnP56d2qt0" "Mozilla/5.0 (Windows NT 10.0; Win64; x64) AppleWebKit/537.36 (KHTML, like Gecko) Chrome/149.0.0.0 Safari/537.36"
52.144.87.178 - - [07/Jul/2026:17:59:59 +0200] "GET /wp-json/complianz/v1/banner?lang=it&locale=it_IT&token=qeeos HTTP/2.0" 200 82 "https://elettroservicegroup.it/chi-siamo/?_gl=1*1prlfbs*_up*MQ..*_gs*MQ..&gclid=CjwKCAjwx7LSBhB3EiwAjcodxCMYsK-CbOCUMMod_-QBSqOl3IhRwy1WoSjhVEbCS0vf6YDDc-dO4BoCjP0QAvD_BwE&gbraid=0AAAABDgs-LRaFwSseoZNIbDKnP56d2qt0" "Mozilla/5.0 (Windows NT 10.0; Win64; x64) AppleWebKit/537.36 (KHTML, like Gecko) Chrome/149.0.0.0 Safari/537.36"
52.144.87.178 - - [07/Jul/2026:18:00:01 +0200] "GET /wp-content/uploads/complianz/css/banner-1-optin.css?v=45 HTTP/2.0" 200 2893 "https://elettroservicegroup.it/chi-siamo/?_gl=1*1prlfbs*_up*MQ..*_gs*MQ..&gclid=CjwKCAjwx7LSBhB3EiwAjcodxCMYsK-CbOCUMMod_-QBSqOl3IhRwy1WoSjhVEbCS0vf6YDDc-dO4BoCjP0QAvD_BwE&gbraid=0AAAABDgs-LRaFwSseoZNIbDKnP56d2qt0" "Mozilla/5.0 (Windows NT 10.0; Win64; x64) AppleWebKit/537.36 (KHTML, like Gecko) Chrome/149.0.0.0 Safari/537.36"
52.144.87.178 - - [07/Jul/2026:18:00:01 +0200] "GET /wp-json/complianz/v1/cookie_data HTTP/2.0" 200 97 "https://elettroservicegroup.it/chi-siamo/?_gl=1*1prlfbs*_up*MQ..*_gs*MQ..&gclid=CjwKCAjwx7LSBhB3EiwAjcodxCMYsK-CbOCUMMod_-QBSqOl3IhRwy1WoSjhVEbCS0vf6YDDc-dO4BoCjP0QAvD_BwE&gbraid=0AAAABDgs-LRaFwSseoZNIbDKnP56d2qt0" "Mozilla/5.0 (Windows NT 10.0; Win64; x64) AppleWebKit/537.36 (KHTML, like Gecko) Chrome/149.0.0.0 Safari/537.36"
52.144.87.178 - - [07/Jul/2026:18:00:06 +0200] "GET /wp-content/plugins/complianz-gdpr-premium/assets/images/placeholders/google-maps-minimal-1280x920.jpg HTTP/2.0" 200 55264 "https://elettroservicegroup.it/chi-siamo/?_gl=1*1prlfbs*_up*MQ..*_gs*MQ..&gclid=CjwKCAjwx7LSBhB3EiwAjcodxCMYsK-CbOCUMMod_-QBSqOl3IhRwy1WoSjhVEbCS0vf6YDDc-dO4BoCjP0QAvD_BwE&gbraid=0AAAABDgs-LRaFwSseoZNIbDKnP56d2qt0" "Mozilla/5.0 (Windows NT 10.0; Win64; x64) AppleWebKit/537.36 (KHTML, like Gecko) Chrome/149.0.0.0 Safari/537.36"
45.3.46.177 - - [07/Jul/2026:18:03:09 +0200] "GET /?author=1 HTTP/1.1" 200 11759 "https://www.facebook.com/" "Mozilla/5.0 (X11; Linux x86_64) AppleWebKit/537.36 (KHTML, like Gecko) Chrome/120.0.0.0 Safari/537.36"
65.111.25.72 - - [07/Jul/2026:18:03:10 +0200] "GET /?author=2 HTTP/1.1" 200 11755 "-" "Mozilla/5.0 (Macintosh; Intel Mac OS X 13_6_1) AppleWebKit/605.1.15 (KHTML, like Gecko) Version/17.1 Safari/605.1.15"
104.167.19.61 - - [07/Jul/2026:18:03:11 +0200] "GET /?author=3 HTTP/1.1" 200 11774 "-" "Mozilla/5.0 (Windows NT 11.0; Win64; x64; rv:119.0) Gecko/20100101 Firefox/119.0"
104.207.39.98 - - [07/Jul/2026:18:03:12 +0200] "GET /?author=4 HTTP/1.1" 200 11800 "" "Mozilla/5.0 (X11; Linux x86_64; rv:119.0) Gecko/20100101 Firefox/119.0"
216.26.237.99 - - [07/Jul/2026:18:03:13 +0200] "GET /?author=5 HTTP/1.1" 200 11706 "-" "Mozilla/5.0 (Windows NT 11.0; Win64; x64; rv:118.0) Gecko/20100101 Firefox/118.0"
65.111.24.45 - - [07/Jul/2026:18:03:14 +0200] "GET /wp-json/wp/v2/users HTTP/1.1" 200 11715 "https://www.facebook.com/" "Mozilla/5.0 (Macintosh; Intel Mac OS X 13_6_1; rv:121.0) Gecko/20100101 Firefox/121.0"
104.207.34.122 - - [07/Jul/2026:18:03:15 +0200] "GET /xmlrpc.php HTTP/1.1" 200 11731 "https://duckduckgo.com/" "Mozilla/5.0 (Macintosh; Intel Mac OS X 10_15_7) AppleWebKit/605.1.15 (KHTML, like Gecko) Version/17.1 Safari/605.1.15"
104.207.40.175 - - [07/Jul/2026:18:03:16 +0200] "GET /xmlrpc.php HTTP/1.1" 200 11804 "" "Mozilla/5.0 (Windows NT 10.0; Win64; x64; rv:121.0) Gecko/20100101 Firefox/121.0"
216.26.233.80 - - [07/Jul/2026:18:03:17 +0200] "GET /xmlrpc.php HTTP/1.1" 200 11670 "-" "Mozilla/5.0 (Macintosh; Intel Mac OS X 13_6_1) AppleWebKit/537.36 (KHTML, like Gecko) Chrome/121.0.0.0 Safari/537.36"
104.167.19.168 - - [07/Jul/2026:18:03:18 +0200] "GET /xmlrpc.php HTTP/1.1" 200 11726 "" "Mozilla/5.0 (Windows NT 10.0; Win64; x64; rv:118.0) Gecko/20100101 Firefox/118.0"
104.207.36.189 - - [07/Jul/2026:18:03:19 +0200] "GET /xmlrpc.php HTTP/1.1" 200 11807 "https://t.co/" "Mozilla/5.0 (Windows NT 11.0; Win64; x64) AppleWebKit/537.36 (KHTML, like Gecko) Chrome/121.0.0.0 Safari/537.36"
45.3.50.207 - - [07/Jul/2026:18:03:20 +0200] "GET /xmlrpc.php HTTP/1.1" 200 11663 "-" "Mozilla/5.0 (Macintosh; Intel Mac OS X 13_6_1) AppleWebKit/537.36 (KHTML, like Gecko) Chrome/120.0.0.0 Safari/537.36"
65.111.22.209 - - [07/Jul/2026:18:03:21 +0200] "GET /xmlrpc.php HTTP/1.1" 200 11725 "https://t.co/" "Mozilla/5.0 (Macintosh; Intel Mac OS X 10_15_7; rv:118.0) Gecko/20100101 Firefox/118.0"
209.50.176.86 - - [07/Jul/2026:18:03:22 +0200] "GET /xmlrpc.php HTTP/1.1" 200 11745 "" "Mozilla/5.0 (Windows NT 11.0; Win64; x64; rv:121.0) Gecko/20100101 Firefox/121.0"
65.111.13.137 - - [07/Jul/2026:18:03:23 +0200] "GET /xmlrpc.php HTTP/1.1" 200 11796 "-" "Mozilla/5.0 (X11; Ubuntu; Linux x86_64) AppleWebKit/537.36 (KHTML, like Gecko) Chrome/121.0.0.0 Safari/537.36"
209.50.188.206 - - [07/Jul/2026:18:03:24 +0200] "GET /xmlrpc.php HTTP/1.1" 200 11618 "https://wordpress.org/" "Mozilla/5.0 (X11; Linux x86_64) AppleWebKit/537.36 (KHTML, like Gecko) Chrome/120.0.0.0 Safari/537.36"
104.207.59.52 - - [07/Jul/2026:18:03:25 +0200] "POST /wp-login.php HTTP/1.1" 200 11738 "https://elettroservicegroup.it/wp-login.php" "Mozilla/5.0 (Macintosh; Intel Mac OS X 10_15_7) AppleWebKit/537.36 (KHTML, like Gecko) Chrome/121.0.0.0 Safari/537.36"
65.111.31.234 - - [07/Jul/2026:18:03:26 +0200] "POST /wp-login.php HTTP/1.1" 200 11673 "https://elettroservicegroup.it/wp-login.php" "Mozilla/5.0 (Windows NT 11.0; Win64; x64; rv:119.0) Gecko/20100101 Firefox/119.0"
216.26.226.52 - - [07/Jul/2026:18:03:27 +0200] "POST /wp-login.php HTTP/1.1" 200 11739 "https://elettroservicegroup.it/wp-login.php" "Mozilla/5.0 (X11; Linux x86_64) AppleWebKit/537.36 (KHTML, like Gecko) Chrome/119.0.0.0 Safari/537.36"
45.3.42.1 - - [07/Jul/2026:18:03:28 +0200] "POST /wp-login.php HTTP/1.1" 200 11712 "https://elettroservicegroup.it/wp-login.php" "Mozilla/5.0 (Windows NT 11.0; Win64; x64) AppleWebKit/537.36 (KHTML, like Gecko) Chrome/120.0.0.0 Safari/537.36"
104.207.38.90 - - [07/Jul/2026:18:03:29 +0200] "POST /wp-login.php HTTP/1.1" 200 11737 "https://elettroservicegroup.it/wp-login.php" "Mozilla/5.0 (Windows NT 10.0; Win64; x64; rv:120.0) Gecko/20100101 Firefox/120.0"
104.207.56.207 - - [07/Jul/2026:18:03:30 +0200] "POST /wp-login.php HTTP/1.1" 200 11657 "https://elettroservicegroup.it/wp-login.php" "Mozilla/5.0 (X11; Linux x86_64) AppleWebKit/537.36 (KHTML, like Gecko) Chrome/121.0.0.0 Safari/537.36"
104.207.39.191 - - [07/Jul/2026:18:03:31 +0200] "POST /wp-login.php HTTP/1.1" 200 11707 "https://elettroservicegroup.it/wp-login.php" "Mozilla/5.0 (Windows NT 11.0; Win64; x64) AppleWebKit/537.36 (KHTML, like Gecko) Chrome/121.0.0.0 Safari/537.36"
45.3.51.212 - - [07/Jul/2026:18:03:32 +0200] "POST /wp-login.php HTTP/1.1" 200 11732 "https://elettroservicegroup.it/wp-login.php" "Mozilla/5.0 (Macintosh; Intel Mac OS X 10_15_7) AppleWebKit/605.1.15 (KHTML, like Gecko) Version/17.1 Safari/605.1.15"
209.50.166.151 - - [07/Jul/2026:18:03:33 +0200] "POST /wp-login.php HTTP/1.1" 200 11834 "https://elettroservicegroup.it/wp-login.php" "Mozilla/5.0 (Windows NT 11.0; Win64; x64) AppleWebKit/537.36 (KHTML, like Gecko) Chrome/118.0.0.0 Safari/537.36"
209.50.179.63 - - [07/Jul/2026:18:03:34 +0200] "POST /wp-login.php HTTP/1.1" 200 11738 "https://elettroservicegroup.it/wp-login.php" "Mozilla/5.0 (Macintosh; Intel Mac OS X 13_6_1) AppleWebKit/605.1.15 (KHTML, like Gecko) Version/17.2 Safari/605.1.15"
47.128.23.250 - - [07/Jul/2026:18:13:24 +0200] "GET /robots.txt HTTP/1.1" 200 11805 "-" "Mozilla/5.0 (Linux; Android 5.0) AppleWebKit/537.36 (KHTML, like Gecko) Mobile Safari/537.36 (compatible; Bytespider; spider-feedback@bytedance.com)"
88.218.172.75 - - [07/Jul/2026:18:18:52 +0200] "GET / HTTP/2.0" 200 21313 "-" "Mozilla/5.0 (Windows NT 10.0; Win64; x64) AppleWebKit/537.36 (KHTML, like Gecko) Chrome/145.0.0.0 Safari/537.36"
88.218.172.75 - - [07/Jul/2026:18:18:52 +0200] "GET /chi-siamo/ HTTP/2.0" 200 22124 "-" "Mozilla/5.0 (Windows NT 10.0; Win64; x64) AppleWebKit/537.36 (KHTML, like Gecko) Chrome/145.0.0.0 Safari/537.36"
88.218.172.75 - - [07/Jul/2026:18:18:52 +0200] "GET /termini-e-condizioni/ HTTP/2.0" 200 18671 "-" "Mozilla/5.0 (Windows NT 10.0; Win64; x64) AppleWebKit/537.36 (KHTML, like Gecko) Chrome/145.0.0.0 Safari/537.36"
88.218.172.75 - - [07/Jul/2026:18:18:53 +0200] "GET /wp-content/plugins/gp-premium/menu-plus/functions/js/sticky.min.js?ver=2.5.5 HTTP/2.0" 200 2670 "-" "Mozilla/5.0 (Windows NT 10.0; Win64; x64) AppleWebKit/537.36 (KHTML, like Gecko) Chrome/145.0.0.0 Safari/537.36"
88.218.172.75 - - [07/Jul/2026:18:18:53 +0200] "GET /wp-content/plugins/elementor/assets/js/webpack.runtime.min.js?ver=4.1.4 HTTP/2.0" 200 2340 "-" "Mozilla/5.0 (Windows NT 10.0; Win64; x64) AppleWebKit/537.36 (KHTML, like Gecko) Chrome/145.0.0.0 Safari/537.36"
88.218.172.75 - - [07/Jul/2026:18:18:53 +0200] "GET /wp-content/plugins/elementor/assets/js/frontend-modules.min.js?ver=4.1.4 HTTP/2.0" 200 15454 "-" "Mozilla/5.0 (Windows NT 10.0; Win64; x64) AppleWebKit/537.36 (KHTML, like Gecko) Chrome/145.0.0.0 Safari/537.36"
88.218.172.75 - - [07/Jul/2026:18:18:54 +0200] "GET /wp-content/plugins/elementor/assets/js/frontend.min.js?ver=4.1.4 HTTP/2.0" 200 10140 "-" "Mozilla/5.0 (Windows NT 10.0; Win64; x64) AppleWebKit/537.36 (KHTML, like Gecko) Chrome/145.0.0.0 Safari/537.36"
88.218.172.75 - - [07/Jul/2026:18:18:54 +0200] "GET /wp-content/themes/generatepress/assets/js/menu.min.js?ver=3.6.1 HTTP/2.0" 200 1688 "-" "Mozilla/5.0 (Windows NT 10.0; Win64; x64) AppleWebKit/537.36 (KHTML, like Gecko) Chrome/145.0.0.0 Safari/537.36"
88.218.172.75 - - [07/Jul/2026:18:18:54 +0200] "GET /wp-content/themes/generatepress/assets/js/back-to-top.min.js?ver=3.6.1 HTTP/2.0" 200 336 "-" "Mozilla/5.0 (Windows NT 10.0; Win64; x64) AppleWebKit/537.36 (KHTML, like Gecko) Chrome/145.0.0.0 Safari/537.36"
88.218.172.75 - - [07/Jul/2026:18:18:54 +0200] "GET /wp-content/plugins/complianz-gdpr-premium/cookiebanner/js/complianz.min.js?ver=1783097327 HTTP/2.0" 200 10762 "-" "Mozilla/5.0 (Windows NT 10.0; Win64; x64) AppleWebKit/537.36 (KHTML, like Gecko) Chrome/145.0.0.0 Safari/537.36"
65.108.235.243 - - [07/Jul/2026:18:39:50 +0200] "POST /wp-json/complianz/v1/wsc-scan HTTP/1.1" 400 88 "-" "WordPress/7.0; https://elettroservicegroup.it"
65.108.235.243 - - [07/Jul/2026:19:54:35 +0200] "POST /wp-cron.php?doing_wp_cron=1783446875.6583130359649658203125 HTTP/1.1" 200 1 "-" "WordPress/7.0; https://elettroservicegroup.it"
216.73.216.138 - - [07/Jul/2026:19:54:33 +0200] "GET /robots.txt HTTP/2.0" 200 99 "-" "Mozilla/5.0 AppleWebKit/537.36 (KHTML, like Gecko; compatible; ClaudeBot/1.0; +claudebot@anthropic.com)"
65.108.235.243 - - [07/Jul/2026:19:54:36 +0200] "POST /wp-json/complianz/v1/wsc-scan HTTP/1.1" 400 88 "-" "WordPress/7.0; https://elettroservicegroup.it"
34.72.176.129 - - [07/Jul/2026:20:06:18 +0200] "GET / HTTP/2.0" 200 21313 "-" "Mozilla/5.0 (Windows NT 10.0; Win64; x64) AppleWebKit/537.36 (KHTML, like Gecko) Chrome/125.0.6422.60 Safari/537.36 Edge/12.246"
34.72.176.129 - - [07/Jul/2026:20:06:18 +0200] "GET /wp-content/cache/wpfc-minified/10hpkmg7/4090j.css HTTP/2.0" 200 418 "https://elettroservicegroup.it/" "Mozilla/5.0 (Windows NT 10.0; Win64; x64) AppleWebKit/537.36 (KHTML, like Gecko) Chrome/125.0.6422.60 Safari/537.36 Edge/12.246"
34.72.176.129 - - [07/Jul/2026:20:06:18 +0200] "GET /wp-content/uploads/elementor/css/post-14146.css?ver=1783221575 HTTP/2.0" 200 428 "https://elettroservicegroup.it/" "Mozilla/5.0 (Windows NT 10.0; Win64; x64) AppleWebKit/537.36 (KHTML, like Gecko) Chrome/125.0.6422.60 Safari/537.36 Edge/12.246"
34.72.176.129 - - [07/Jul/2026:20:06:18 +0200] "GET /wp-content/uploads/elementor/css/post-13305.css?ver=1783221587 HTTP/2.0" 200 2452 "https://elettroservicegroup.it/" "Mozilla/5.0 (Windows NT 10.0; Win64; x64) AppleWebKit/537.36 (KHTML, like Gecko) Chrome/125.0.6422.60 Safari/537.36 Edge/12.246"
34.72.176.129 - - [07/Jul/2026:20:06:18 +0200] "GET /wp-content/cache/wpfc-minified/eh40z7s2/4090j.css HTTP/2.0" 200 11338 "https://elettroservicegroup.it/" "Mozilla/5.0 (Windows NT 10.0; Win64; x64) AppleWebKit/537.36 (KHTML, like Gecko) Chrome/125.0.6422.60 Safari/537.36 Edge/12.246"
34.72.176.129 - - [07/Jul/2026:20:06:18 +0200] "GET /wp-content/cache/wpfc-minified/21nu4lni/4090j.css HTTP/2.0" 200 7521 "https://elettroservicegroup.it/" "Mozilla/5.0 (Windows NT 10.0; Win64; x64) AppleWebKit/537.36 (KHTML, like Gecko) Chrome/125.0.6422.60 Safari/537.36 Edge/12.246"
34.72.176.129 - - [07/Jul/2026:20:06:18 +0200] "GET /wp-content/cache/wpfc-minified/7ahyfouu/4090j.css HTTP/2.0" 200 4410 "https://elettroservicegroup.it/" "Mozilla/5.0 (Windows NT 10.0; Win64; x64) AppleWebKit/537.36 (KHTML, like Gecko) Chrome/125.0.6422.60 Safari/537.36 Edge/12.246"
34.72.176.129 - - [07/Jul/2026:20:06:18 +0200] "GET /wp-content/uploads/elementor/css/post-14366.css?ver=1783221576 HTTP/2.0" 200 310 "https://elettroservicegroup.it/" "Mozilla/5.0 (Windows NT 10.0; Win64; x64) AppleWebKit/537.36 (KHTML, like Gecko) Chrome/125.0.6422.60 Safari/537.36 Edge/12.246"
34.72.176.129 - - [07/Jul/2026:20:06:18 +0200] "GET /wp-content/cache/wpfc-minified/degfepky/40914.css HTTP/2.0" 200 16384 "https://elettroservicegroup.it/" "Mozilla/5.0 (Windows NT 10.0; Win64; x64) AppleWebKit/537.36 (KHTML, like Gecko) Chrome/125.0.6422.60 Safari/537.36 Edge/12.246"
34.72.176.129 - - [07/Jul/2026:20:06:18 +0200] "GET /wp-content/cache/wpfc-minified/dih7xtos/4090j.css HTTP/2.0" 200 19027 "https://elettroservicegroup.it/" "Mozilla/5.0 (Windows NT 10.0; Win64; x64) AppleWebKit/537.36 (KHTML, like Gecko) Chrome/125.0.6422.60 Safari/537.36 Edge/12.246"
34.72.176.129 - - [07/Jul/2026:20:06:18 +0200] "GET /wp-content/cache/wpfc-minified/6yk1ya41/4090j.css HTTP/2.0" 200 14481 "https://elettroservicegroup.it/" "Mozilla/5.0 (Windows NT 10.0; Win64; x64) AppleWebKit/537.36 (KHTML, like Gecko) Chrome/125.0.6422.60 Safari/537.36 Edge/12.246"
34.72.176.129 - - [07/Jul/2026:20:06:18 +0200] "GET /wp-content/plugins/gp-premium/menu-plus/functions/js/sticky.min.js?ver=2.5.5 HTTP/2.0" 200 2670 "https://elettroservicegroup.it/" "Mozilla/5.0 (Windows NT 10.0; Win64; x64) AppleWebKit/537.36 (KHTML, like Gecko) Chrome/125.0.6422.60 Safari/537.36 Edge/12.246"
34.72.176.129 - - [07/Jul/2026:20:06:18 +0200] "GET /wp-content/plugins/elementor/assets/js/webpack.runtime.min.js?ver=4.1.4 HTTP/2.0" 200 2340 "https://elettroservicegroup.it/" "Mozilla/5.0 (Windows NT 10.0; Win64; x64) AppleWebKit/537.36 (KHTML, like Gecko) Chrome/125.0.6422.60 Safari/537.36 Edge/12.246"
34.72.176.129 - - [07/Jul/2026:20:06:18 +0200] "GET /wp-content/uploads/2021/10/cropped-cropped-cropped-logo_white_background.png HTTP/2.0" 200 38971 "https://elettroservicegroup.it/" "Mozilla/5.0 (Windows NT 10.0; Win64; x64) AppleWebKit/537.36 (KHTML, like Gecko) Chrome/125.0.6422.60 Safari/537.36 Edge/12.246"
34.72.176.129 - - [07/Jul/2026:20:06:18 +0200] "GET /wp-content/cache/wpfc-minified/qwjjwn1t/4090j.js HTTP/2.0" 200 8744 "https://elettroservicegroup.it/" "Mozilla/5.0 (Windows NT 10.0; Win64; x64) AppleWebKit/537.36 (KHTML, like Gecko) Chrome/125.0.6422.60 Safari/537.36 Edge/12.246"
34.72.176.129 - - [07/Jul/2026:20:06:18 +0200] "GET /wp-content/cache/wpfc-minified/kdwvm73z/4090j.js HTTP/2.0" 200 32843 "https://elettroservicegroup.it/" "Mozilla/5.0 (Windows NT 10.0; Win64; x64) AppleWebKit/537.36 (KHTML, like Gecko) Chrome/125.0.6422.60 Safari/537.36 Edge/12.246"
34.72.176.129 - - [07/Jul/2026:20:06:18 +0200] "GET /wp-content/plugins/elementor/assets/js/frontend-modules.min.js?ver=4.1.4 HTTP/2.0" 200 15454 "https://elettroservicegroup.it/" "Mozilla/5.0 (Windows NT 10.0; Win64; x64) AppleWebKit/537.36 (KHTML, like Gecko) Chrome/125.0.6422.60 Safari/537.36 Edge/12.246"
34.72.176.129 - - [07/Jul/2026:20:06:18 +0200] "GET /wp-includes/js/jquery/ui/core.min.js?ver=1.13.3 HTTP/2.0" 200 6820 "https://elettroservicegroup.it/" "Mozilla/5.0 (Windows NT 10.0; Win64; x64) AppleWebKit/537.36 (KHTML, like Gecko) Chrome/125.0.6422.60 Safari/537.36 Edge/12.246"
34.72.176.129 - - [07/Jul/2026:20:06:18 +0200] "GET /wp-content/themes/generatepress/assets/js/menu.min.js?ver=3.6.1 HTTP/2.0" 200 1688 "https://elettroservicegroup.it/" "Mozilla/5.0 (Windows NT 10.0; Win64; x64) AppleWebKit/537.36 (KHTML, like Gecko) Chrome/125.0.6422.60 Safari/537.36 Edge/12.246"
34.72.176.129 - - [07/Jul/2026:20:06:18 +0200] "GET /wp-content/themes/generatepress/assets/js/back-to-top.min.js?ver=3.6.1 HTTP/2.0" 200 336 "https://elettroservicegroup.it/" "Mozilla/5.0 (Windows NT 10.0; Win64; x64) AppleWebKit/537.36 (KHTML, like Gecko) Chrome/125.0.6422.60 Safari/537.36 Edge/12.246"
34.72.176.129 - - [07/Jul/2026:20:06:18 +0200] "GET /wp-content/plugins/elementor/assets/js/frontend.min.js?ver=4.1.4 HTTP/2.0" 200 10140 "https://elettroservicegroup.it/" "Mozilla/5.0 (Windows NT 10.0; Win64; x64) AppleWebKit/537.36 (KHTML, like Gecko) Chrome/125.0.6422.60 Safari/537.36 Edge/12.246"
34.72.176.129 - - [07/Jul/2026:20:06:18 +0200] "GET /wp-content/plugins/complianz-gdpr-premium/cookiebanner/js/complianz.min.js?ver=1783097327 HTTP/2.0" 200 10762 "https://elettroservicegroup.it/" "Mozilla/5.0 (Windows NT 10.0; Win64; x64) AppleWebKit/537.36 (KHTML, like Gecko) Chrome/125.0.6422.60 Safari/537.36 Edge/12.246"
34.72.176.129 - - [07/Jul/2026:20:06:18 +0200] "GET /wp-content/uploads/2021/10/COPERTINA-1.png HTTP/2.0" 200 238875 "https://elettroservicegroup.it/wp-content/uploads/elementor/css/post-13305.css?ver=1783221587" "Mozilla/5.0 (Windows NT 10.0; Win64; x64) AppleWebKit/537.36 (KHTML, like Gecko) Chrome/125.0.6422.60 Safari/537.36 Edge/12.246"
34.72.176.129 - - [07/Jul/2026:20:06:18 +0200] "GET /wp-content/uploads/2021/10/TECNICO-ELETTRODOMESTICI.jpg HTTP/2.0" 200 24210 "https://elettroservicegroup.it/wp-content/uploads/elementor/css/post-13305.css?ver=1783221587" "Mozilla/5.0 (Windows NT 10.0; Win64; x64) AppleWebKit/537.36 (KHTML, like Gecko) Chrome/125.0.6422.60 Safari/537.36 Edge/12.246"
34.72.176.129 - - [07/Jul/2026:20:06:19 +0200] "GET /wp-content/uploads/elementor/google-fonts/fonts/roboto-kfo7cnqeu92fr1me7ksn66agldtyluama3yuba.woff2 HTTP/2.0" 200 40132 "https://elettroservicegroup.it/wp-content/cache/wpfc-minified/6yk1ya41/4090j.css" "Mozilla/5.0 (Windows NT 10.0; Win64; x64) AppleWebKit/537.36 (KHTML, like Gecko) Chrome/125.0.6422.60 Safari/537.36 Edge/12.246"
34.72.176.129 - - [07/Jul/2026:20:06:19 +0200] "GET /wp-content/plugins/elementor/assets/lib/font-awesome/webfonts/fa-solid-900.woff2 HTTP/2.0" 200 78201 "https://elettroservicegroup.it/wp-content/cache/wpfc-minified/degfepky/40914.css" "Mozilla/5.0 (Windows NT 10.0; Win64; x64) AppleWebKit/537.36 (KHTML, like Gecko) Chrome/125.0.6422.60 Safari/537.36 Edge/12.246"
34.72.176.129 - - [07/Jul/2026:20:06:19 +0200] "GET /wp-content/plugins/elementor/assets/lib/font-awesome/webfonts/fa-regular-400.woff2 HTTP/2.0" 200 13277 "https://elettroservicegroup.it/wp-content/cache/wpfc-minified/degfepky/40914.css" "Mozilla/5.0 (Windows NT 10.0; Win64; x64) AppleWebKit/537.36 (KHTML, like Gecko) Chrome/125.0.6422.60 Safari/537.36 Edge/12.246"
34.72.176.129 - - [07/Jul/2026:20:06:19 +0200] "GET /wp-content/plugins/elementor/assets/js/section-frontend-handlers.d85ab872da118940910d.bundle.min.js HTTP/2.0" 200 230 "https://elettroservicegroup.it/" "Mozilla/5.0 (Windows NT 10.0; Win64; x64) AppleWebKit/537.36 (KHTML, like Gecko) Chrome/125.0.6422.60 Safari/537.36 Edge/12.246"
34.72.176.129 - - [07/Jul/2026:20:06:19 +0200] "GET /wp-content/plugins/elementor/assets/js/text-editor.45609661e409413f1cef.bundle.min.js HTTP/2.0" 200 592 "https://elettroservicegroup.it/" "Mozilla/5.0 (Windows NT 10.0; Win64; x64) AppleWebKit/537.36 (KHTML, like Gecko) Chrome/125.0.6422.60 Safari/537.36 Edge/12.246"
34.72.176.129 - - [07/Jul/2026:20:06:19 +0200] "GET /wp-content/plugins/elementor/assets/js/shared-frontend-handlers.03caa53373b56d3bab67.bundle.min.js HTTP/2.0" 200 2515 "https://elettroservicegroup.it/" "Mozilla/5.0 (Windows NT 10.0; Win64; x64) AppleWebKit/537.36 (KHTML, like Gecko) Chrome/125.0.6422.60 Safari/537.36 Edge/12.246"
34.72.176.129 - - [07/Jul/2026:20:06:19 +0200] "GET /wp-json/complianz/v1/banner?lang=it&locale=it_IT&token=fmqun HTTP/2.0" 200 82 "https://elettroservicegroup.it/" "Mozilla/5.0 (Windows NT 10.0; Win64; x64) AppleWebKit/537.36 (KHTML, like Gecko) Chrome/125.0.6422.60 Safari/537.36 Edge/12.246"
34.72.176.129 - - [07/Jul/2026:20:06:21 +0200] "GET /wp-content/uploads/complianz/css/banner-1-optin.css?v=45 HTTP/2.0" 200 2893 "https://elettroservicegroup.it/" "Mozilla/5.0 (Windows NT 10.0; Win64; x64) AppleWebKit/537.36 (KHTML, like Gecko) Chrome/125.0.6422.60 Safari/537.36 Edge/12.246"
34.72.176.129 - - [07/Jul/2026:20:06:21 +0200] "GET /wp-json/complianz/v1/cookie_data HTTP/2.0" 200 97 "https://elettroservicegroup.it/" "Mozilla/5.0 (Windows NT 10.0; Win64; x64) AppleWebKit/537.36 (KHTML, like Gecko) Chrome/125.0.6422.60 Safari/537.36 Edge/12.246"
65.108.235.243 - - [07/Jul/2026:20:15:29 +0200] "POST /wp-cron.php?doing_wp_cron=1783448129.6377909183502197265625 HTTP/1.1" 200 1 "-" "WordPress/7.0; https://elettroservicegroup.it"
43.130.100.35 - - [07/Jul/2026:20:15:27 +0200] "GET / HTTP/1.1" 200 23437 "http://elettroservicegroup.it" "Mozilla/5.0 (iPhone; CPU iPhone OS 13_2_3 like Mac OS X) AppleWebKit/605.1.15 (KHTML, like Gecko) Version/13.0.3 Mobile/15E148 Safari/604.1"
65.108.235.243 - - [07/Jul/2026:20:32:27 +0200] "POST /wp-cron.php?doing_wp_cron=1783449147.3233819007873535156250 HTTP/1.1" 200 1 "-" "WordPress/7.0; https://elettroservicegroup.it"
40.77.167.219 - - [07/Jul/2026:20:32:22 +0200] "GET /robots.txt HTTP/2.0" 200 99 "-" "Mozilla/5.0 AppleWebKit/537.36 (KHTML, like Gecko; compatible; bingbot/2.0; +http://www.bing.com/bingbot.htm) Chrome/116.0.1938.76 Safari/537.36"
52.167.144.225 - - [07/Jul/2026:20:32:32 +0200] "GET /sitemap.xml HTTP/2.0" 200 310 "-" "Mozilla/5.0 AppleWebKit/537.36 (KHTML, like Gecko; compatible; bingbot/2.0; +http://www.bing.com/bingbot.htm) Chrome/116.0.1938.76 Safari/537.36"
136.66.40.164 - - [07/Jul/2026:20:42:02 +0200] "HEAD / HTTP/2.0" 200 140414 "http://elettroservicegroup.it/" "Mozilla/5.0 (Macintosh; Intel Mac OS X 15_0) AppleWebKit/537.36 (KHTML, like Gecko) Chrome/125.0.6422.141 Safari/537.36"
65.108.235.243 - - [07/Jul/2026:21:01:07 +0200] "POST /wp-json/complianz/v1/wsc-scan HTTP/1.1" 400 88 "-" "WordPress/7.0; https://elettroservicegroup.it"
43.164.197.117 - - [07/Jul/2026:21:01:08 +0200] "GET / HTTP/1.1" 200 23426 "http://www.elettroservicegroup.it" "Mozilla/5.0 (iPhone; CPU iPhone OS 13_2_3 like Mac OS X) AppleWebKit/605.1.15 (KHTML, like Gecko) Version/13.0.3 Mobile/15E148 Safari/604.1"
65.108.235.243 - - [07/Jul/2026:21:04:17 +0200] "POST /wp-cron.php?doing_wp_cron=1783451057.5262339115142822265625 HTTP/1.1" 200 1 "-" "WordPress/7.0; https://elettroservicegroup.it"
216.73.216.138 - - [07/Jul/2026:21:04:09 +0200] "GET /robots.txt HTTP/2.0" 200 99 "-" "Mozilla/5.0 AppleWebKit/537.36 (KHTML, like Gecko; compatible; ClaudeBot/1.0; +claudebot@anthropic.com)"
65.108.235.243 - - [07/Jul/2026:21:30:26 +0200] "POST /wp-cron.php?doing_wp_cron=1783452626.1266970634460449218750 HTTP/1.1" 200 1 "-" "WordPress/7.0; https://elettroservicegroup.it"
114.119.137.153 - - [07/Jul/2026:21:30:18 +0200] "GET /robots.txt HTTP/1.1" 200 99 "https://elettroservicegroup.it/robots.txt" "Mozilla/5.0 (compatible;PetalBot;+https://webmaster.petalsearch.com/site/petalbot)"
65.108.235.243 - - [07/Jul/2026:22:03:44 +0200] "POST /wp-json/complianz/v1/wsc-scan HTTP/1.1" 400 88 "-" "WordPress/7.0; https://elettroservicegroup.it"
138.59.4.35 - - [07/Jul/2026:22:53:49 +0200] "POST /xmlrpc.php HTTP/1.1" 403 52 "-" "Mozilla/5.0 (Windows NT 10.0; Win64; x64) AppleWebKit/537.36 (KHTML, like Gecko) Chrome/120.0.0.0 Safari/537.36 Edg/120.0.0.0"
138.59.4.35 - - [07/Jul/2026:22:53:50 +0200] "POST /xmlrpc.php HTTP/1.1" 403 52 "-" "Mozilla/5.0 (Windows NT 10.0; Win64; x64) AppleWebKit/537.36 (KHTML, like Gecko) Chrome/120.0.0.0 Safari/537.36 Edg/120.0.0.0"
138.59.4.35 - - [07/Jul/2026:22:53:51 +0200] "POST /xmlrpc.php HTTP/1.1" 403 52 "-" "Mozilla/5.0 (Windows NT 10.0; Win64; x64) AppleWebKit/537.36 (KHTML, like Gecko) Chrome/120.0.0.0 Safari/537.36 Edg/120.0.0.0"
65.108.235.243 - - [07/Jul/2026:22:56:37 +0200] "POST /wp-cron.php?doing_wp_cron=1783457797.6188349723815917968750 HTTP/1.1" 200 1 "-" "WordPress/7.0; https://elettroservicegroup.it"
189.113.4.5 - - [07/Jul/2026:22:56:31 +0200] "POST /wp-login.php HTTP/1.1" 302 - "-" "Mozilla/5.0 (Windows NT 10.0; WOW64) AppleWebKit/537.43 (KHTML, like Gecko) Chrome/137.0.0.0 Safari/537.36 OPR/121.0.0.0"
189.113.4.5 - - [07/Jul/2026:22:56:38 +0200] "GET /wp-login.php HTTP/1.1" 302 - "-" "Mozilla/5.0 (Windows NT 10.0; WOW64) AppleWebKit/537.43 (KHTML, like Gecko) Chrome/137.0.0.0 Safari/537.36 OPR/121.0.0.0"
189.113.4.5 - - [07/Jul/2026:22:56:40 +0200] "GET /wp-login.php HTTP/1.1" 302 - "-" "Mozilla/5.0 (Windows NT 10.0; WOW64) AppleWebKit/537.43 (KHTML, like Gecko) Chrome/137.0.0.0 Safari/537.36 OPR/121.0.0.0"
189.113.4.5 - - [07/Jul/2026:22:56:42 +0200] "GET /wp-login.php HTTP/1.1" 302 - "-" "Mozilla/5.0 (Windows NT 10.0; WOW64) AppleWebKit/537.43 (KHTML, like Gecko) Chrome/137.0.0.0 Safari/537.36 OPR/121.0.0.0"
189.113.4.5 - - [07/Jul/2026:22:56:44 +0200] "GET /wp-login.php HTTP/1.1" 302 - "-" "Mozilla/5.0 (Windows NT 10.0; WOW64) AppleWebKit/537.43 (KHTML, like Gecko) Chrome/137.0.0.0 Safari/537.36 OPR/121.0.0.0"
189.113.4.5 - - [07/Jul/2026:22:56:46 +0200] "GET /wp-login.php HTTP/1.1" 302 - "-" "Mozilla/5.0 (Windows NT 10.0; WOW64) AppleWebKit/537.43 (KHTML, like Gecko) Chrome/137.0.0.0 Safari/537.36 OPR/121.0.0.0"
189.113.4.5 - - [07/Jul/2026:22:56:48 +0200] "GET /wp-login.php HTTP/1.1" 302 - "-" "Mozilla/5.0 (Windows NT 10.0; WOW64) AppleWebKit/537.43 (KHTML, like Gecko) Chrome/137.0.0.0 Safari/537.36 OPR/121.0.0.0"
189.113.4.5 - - [07/Jul/2026:22:56:50 +0200] "GET /wp-login.php HTTP/1.1" 302 - "-" "Mozilla/5.0 (Windows NT 10.0; WOW64) AppleWebKit/537.43 (KHTML, like Gecko) Chrome/137.0.0.0 Safari/537.36 OPR/121.0.0.0"
189.113.4.5 - - [07/Jul/2026:22:56:52 +0200] "GET /wp-login.php HTTP/1.1" 302 - "-" "Mozilla/5.0 (Windows NT 10.0; WOW64) AppleWebKit/537.43 (KHTML, like Gecko) Chrome/137.0.0.0 Safari/537.36 OPR/121.0.0.0"
189.113.4.5 - - [07/Jul/2026:22:56:54 +0200] "GET /wp-login.php HTTP/1.1" 302 - "-" "Mozilla/5.0 (Windows NT 10.0; WOW64) AppleWebKit/537.43 (KHTML, like Gecko) Chrome/137.0.0.0 Safari/537.36 OPR/121.0.0.0"
189.113.4.5 - - [07/Jul/2026:22:56:56 +0200] "GET /wp-login.php HTTP/1.1" 302 - "-" "Mozilla/5.0 (Windows NT 10.0; WOW64) AppleWebKit/537.43 (KHTML, like Gecko) Chrome/137.0.0.0 Safari/537.36 OPR/121.0.0.0"
189.113.4.5 - - [07/Jul/2026:22:56:58 +0200] "GET /wp-login.php HTTP/1.1" 302 - "-" "Mozilla/5.0 (Windows NT 10.0; WOW64) AppleWebKit/537.43 (KHTML, like Gecko) Chrome/137.0.0.0 Safari/537.36 OPR/121.0.0.0"
65.108.235.243 - - [07/Jul/2026:22:57:01 +0200] "POST /wp-cron.php?doing_wp_cron=1783457821.8412559032440185546875 HTTP/1.1" 200 1 "-" "WordPress/7.0; https://elettroservicegroup.it"
189.113.4.5 - - [07/Jul/2026:22:57:00 +0200] "GET /wp-login.php HTTP/1.1" 302 - "-" "Mozilla/5.0 (Windows NT 10.0; WOW64) AppleWebKit/537.43 (KHTML, like Gecko) Chrome/137.0.0.0 Safari/537.36 OPR/121.0.0.0"
189.113.4.5 - - [07/Jul/2026:22:57:03 +0200] "GET /wp-login.php HTTP/1.1" 302 - "-" "Mozilla/5.0 (Windows NT 10.0; WOW64) AppleWebKit/537.43 (KHTML, like Gecko) Chrome/137.0.0.0 Safari/537.36 OPR/121.0.0.0"
189.113.4.5 - - [07/Jul/2026:22:57:04 +0200] "GET /wp-login.php HTTP/1.1" 302 - "-" "Mozilla/5.0 (Windows NT 10.0; WOW64) AppleWebKit/537.43 (KHTML, like Gecko) Chrome/137.0.0.0 Safari/537.36 OPR/121.0.0.0"
189.113.4.5 - - [07/Jul/2026:22:57:05 +0200] "GET /wp-login.php HTTP/1.1" 302 - "-" "Mozilla/5.0 (Windows NT 10.0; WOW64) AppleWebKit/537.43 (KHTML, like Gecko) Chrome/137.0.0.0 Safari/537.36 OPR/121.0.0.0"
189.113.4.5 - - [07/Jul/2026:22:57:06 +0200] "GET /wp-login.php HTTP/1.1" 302 - "-" "Mozilla/5.0 (Windows NT 10.0; WOW64) AppleWebKit/537.43 (KHTML, like Gecko) Chrome/137.0.0.0 Safari/537.36 OPR/121.0.0.0"
189.113.4.5 - - [07/Jul/2026:22:57:07 +0200] "GET /wp-login.php HTTP/1.1" 302 - "-" "Mozilla/5.0 (Windows NT 10.0; WOW64) AppleWebKit/537.43 (KHTML, like Gecko) Chrome/137.0.0.0 Safari/537.36 OPR/121.0.0.0"
189.113.4.5 - - [07/Jul/2026:22:57:09 +0200] "GET /wp-login.php HTTP/1.1" 302 - "-" "Mozilla/5.0 (Windows NT 10.0; WOW64) AppleWebKit/537.43 (KHTML, like Gecko) Chrome/137.0.0.0 Safari/537.36 OPR/121.0.0.0"
189.113.4.5 - - [07/Jul/2026:22:57:10 +0200] "GET /wp-login.php HTTP/1.1" 302 - "-" "Mozilla/5.0 (Windows NT 10.0; WOW64) AppleWebKit/537.43 (KHTML, like Gecko) Chrome/137.0.0.0 Safari/537.36 OPR/121.0.0.0"
189.113.4.5 - - [07/Jul/2026:22:57:11 +0200] "GET /wp-login.php HTTP/1.1" 302 - "-" "Mozilla/5.0 (Windows NT 10.0; WOW64) AppleWebKit/537.43 (KHTML, like Gecko) Chrome/137.0.0.0 Safari/537.36 OPR/121.0.0.0"
189.113.4.5 - - [07/Jul/2026:22:57:12 +0200] "GET /wp-login.php HTTP/1.1" 302 - "-" "Mozilla/5.0 (Windows NT 10.0; WOW64) AppleWebKit/537.43 (KHTML, like Gecko) Chrome/137.0.0.0 Safari/537.36 OPR/121.0.0.0"
189.113.4.5 - - [07/Jul/2026:22:57:13 +0200] "GET /wp-login.php HTTP/1.1" 302 - "-" "Mozilla/5.0 (Windows NT 10.0; WOW64) AppleWebKit/537.43 (KHTML, like Gecko) Chrome/137.0.0.0 Safari/537.36 OPR/121.0.0.0"
189.113.4.5 - - [07/Jul/2026:22:57:15 +0200] "GET /wp-login.php HTTP/1.1" 302 - "-" "Mozilla/5.0 (Windows NT 10.0; WOW64) AppleWebKit/537.43 (KHTML, like Gecko) Chrome/137.0.0.0 Safari/537.36 OPR/121.0.0.0"
189.113.4.5 - - [07/Jul/2026:22:57:16 +0200] "GET /wp-login.php HTTP/1.1" 302 - "-" "Mozilla/5.0 (Windows NT 10.0; WOW64) AppleWebKit/537.43 (KHTML, like Gecko) Chrome/137.0.0.0 Safari/537.36 OPR/121.0.0.0"
189.113.4.5 - - [07/Jul/2026:22:57:18 +0200] "GET /wp-login.php HTTP/1.1" 302 - "-" "Mozilla/5.0 (Windows NT 10.0; WOW64) AppleWebKit/537.43 (KHTML, like Gecko) Chrome/137.0.0.0 Safari/537.36 OPR/121.0.0.0"
189.113.4.5 - - [07/Jul/2026:22:57:19 +0200] "GET /wp-login.php HTTP/1.1" 302 - "-" "Mozilla/5.0 (Windows NT 10.0; WOW64) AppleWebKit/537.43 (KHTML, like Gecko) Chrome/137.0.0.0 Safari/537.36 OPR/121.0.0.0"
189.113.4.5 - - [07/Jul/2026:22:57:20 +0200] "GET /wp-login.php HTTP/1.1" 302 - "-" "Mozilla/5.0 (Windows NT 10.0; WOW64) AppleWebKit/537.43 (KHTML, like Gecko) Chrome/137.0.0.0 Safari/537.36 OPR/121.0.0.0"
189.113.4.5 - - [07/Jul/2026:22:57:22 +0200] "GET /wp-login.php HTTP/1.1" 302 - "-" "Mozilla/5.0 (Windows NT 10.0; WOW64) AppleWebKit/537.43 (KHTML, like Gecko) Chrome/137.0.0.0 Safari/537.36 OPR/121.0.0.0"
189.113.4.5 - - [07/Jul/2026:22:57:23 +0200] "GET /wp-login.php HTTP/1.1" 302 - "-" "Mozilla/5.0 (Windows NT 10.0; WOW64) AppleWebKit/537.43 (KHTML, like Gecko) Chrome/137.0.0.0 Safari/537.36 OPR/121.0.0.0"
189.113.4.5 - - [07/Jul/2026:22:57:25 +0200] "GET /wp-login.php HTTP/1.1" 302 - "-" "Mozilla/5.0 (Windows NT 10.0; WOW64) AppleWebKit/537.43 (KHTML, like Gecko) Chrome/137.0.0.0 Safari/537.36 OPR/121.0.0.0"
65.108.235.243 - - [07/Jul/2026:23:57:26 +0200] "POST /wp-cron.php?doing_wp_cron=1783461446.5312769412994384765625 HTTP/1.1" 200 1 "-" "WordPress/7.0; https://elettroservicegroup.it"
216.73.216.138 - - [07/Jul/2026:23:57:23 +0200] "GET /robots.txt HTTP/2.0" 200 99 "-" "Mozilla/5.0 AppleWebKit/537.36 (KHTML, like Gecko; compatible; ClaudeBot/1.0; +claudebot@anthropic.com)"
65.108.235.243 - - [07/Jul/2026:23:57:28 +0200] "POST /wp-json/complianz/v1/wsc-scan HTTP/1.1" 400 88 "-" "WordPress/7.0; https://elettroservicegroup.it"
216.73.216.138 - - [07/Jul/2026:23:57:33 +0200] "GET /wp-content/cache/wpfc-minified/322vuj10/40juh.css HTTP/2.0" 200 15839 "-" "Mozilla/5.0 AppleWebKit/537.36 (KHTML, like Gecko; compatible; ClaudeBot/1.0; +claudebot@anthropic.com)"
43.164.129.191 - - [08/Jul/2026:00:13:44 +0200] "GET / HTTP/1.1" 200 23437 "http://elettroservicegroup.it" "Mozilla/5.0 (iPhone; CPU iPhone OS 13_2_3 like Mac OS X) AppleWebKit/605.1.15 (KHTML, like Gecko) Version/13.0.3 Mobile/15E148 Safari/604.1"
216.73.216.138 - - [08/Jul/2026:00:47:43 +0200] "GET /sitemap.xml HTTP/2.0" 200 311 "-" "Mozilla/5.0 AppleWebKit/537.36 (KHTML, like Gecko; compatible; ClaudeBot/1.0; +claudebot@anthropic.com)"
65.108.235.243 - - [08/Jul/2026:00:47:50 +0200] "POST /wp-cron.php?doing_wp_cron=1783464470.1366779804229736328125 HTTP/1.1" 200 1 "-" "WordPress/7.0; https://elettroservicegroup.it"
216.73.216.138 - - [08/Jul/2026:00:47:43 +0200] "GET /sitemap.rss HTTP/2.0" 200 722 "-" "Mozilla/5.0 AppleWebKit/537.36 (KHTML, like Gecko; compatible; ClaudeBot/1.0; +claudebot@anthropic.com)"
65.108.235.243 - - [08/Jul/2026:01:02:12 +0200] "POST /wp-json/complianz/v1/wsc-scan HTTP/1.1" 400 88 "-" "WordPress/7.0; https://elettroservicegroup.it"
43.166.244.192 - - [08/Jul/2026:01:02:12 +0200] "GET / HTTP/1.1" 200 23470 "http://www.elettroservicegroup.it" "Mozilla/5.0 (iPhone; CPU iPhone OS 13_2_3 like Mac OS X) AppleWebKit/605.1.15 (KHTML, like Gecko) Version/13.0.3 Mobile/15E148 Safari/604.1"
65.108.235.243 - - [08/Jul/2026:01:34:08 +0200] "POST /wp-cron.php?doing_wp_cron=1783467248.5432898998260498046875 HTTP/1.1" 200 1 "-" "WordPress/7.0; https://elettroservicegroup.it"
44.217.24.16 - - [08/Jul/2026:01:34:00 +0200] "GET /robots.txt HTTP/1.1" 200 126 "-" "Mozilla/5.0 (Macintosh; Intel Mac OS X 10_10_1) AppleWebKit/600.2.5 (KHTML, like Gecko) Version/8.0.2 Safari/600.2.5 (Gort)"
27.153.247.140 - - [08/Jul/2026:01:38:19 +0200] "GET / HTTP/1.1" 200 23186 "https://elettroservicegroup.it" "Mozilla/5.0 (Windows NT 10.0; Win64; x64) AppleWebKit/537.36 (KHTML, like Gecko) Chrome/95.0.4638.69 Safari/537.36"
65.108.235.243 - - [08/Jul/2026:01:50:35 +0200] "POST /wp-cron.php?doing_wp_cron=1783468235.5441100597381591796875 HTTP/1.1" 200 1 "-" "WordPress/7.0; https://elettroservicegroup.it"
216.73.216.87 - - [08/Jul/2026:01:50:30 +0200] "GET /robots.txt HTTP/2.0" 200 99 "-" "Mozilla/5.0 AppleWebKit/537.36 (KHTML, like Gecko; compatible; ClaudeBot/1.0; +claudebot@anthropic.com)"
65.108.235.243 - - [08/Jul/2026:02:11:55 +0200] "POST /wp-json/complianz/v1/wsc-scan HTTP/1.1" 400 88 "-" "WordPress/7.0; https://elettroservicegroup.it"
162.14.81.106 - - [08/Jul/2026:02:48:14 +0200] "GET / HTTP/1.1" 200 23480 "http://elettroservicegroup.it" "Mozilla/5.0 (iPhone; CPU iPhone OS 13_2_3 like Mac OS X) AppleWebKit/605.1.15 (KHTML, like Gecko) Version/13.0.3 Mobile/15E148 Safari/604.1"
65.108.235.243 - - [08/Jul/2026:03:03:45 +0200] "POST /wp-cron.php?doing_wp_cron=1783472625.6532139778137207031250 HTTP/1.1" 200 1 "-" "WordPress/7.0; https://elettroservicegroup.it"
216.73.216.187 - - [08/Jul/2026:03:03:39 +0200] "GET /robots.txt HTTP/2.0" 200 99 "-" "Mozilla/5.0 AppleWebKit/537.36 (KHTML, like Gecko; compatible; ClaudeBot/1.0; +claudebot@anthropic.com)"
65.108.235.243 - - [08/Jul/2026:03:33:24 +0200] "POST /wp-json/complianz/v1/wsc-scan HTTP/1.1" 400 88 "-" "WordPress/7.0; https://elettroservicegroup.it"
65.108.235.243 - - [08/Jul/2026:04:05:53 +0200] "POST /wp-cron.php?doing_wp_cron=1783476353.9189510345458984375000 HTTP/1.1" 200 1 "-" "WordPress/7.0; https://elettroservicegroup.it"
216.73.216.187 - - [08/Jul/2026:04:05:52 +0200] "GET /robots.txt HTTP/2.0" 200 99 "-" "Mozilla/5.0 AppleWebKit/537.36 (KHTML, like Gecko; compatible; ClaudeBot/1.0; +claudebot@anthropic.com)"
170.106.37.134 - - [08/Jul/2026:04:22:51 +0200] "GET / HTTP/1.1" 200 23436 "http://elettroservicegroup.it" "Mozilla/5.0 (iPhone; CPU iPhone OS 13_2_3 like Mac OS X) AppleWebKit/605.1.15 (KHTML, like Gecko) Version/13.0.3 Mobile/15E148 Safari/604.1"
216.73.216.187 - - [08/Jul/2026:04:22:59 +0200] "GET /sitemap.xml HTTP/2.0" 200 311 "-" "Mozilla/5.0 AppleWebKit/537.36 (KHTML, like Gecko; compatible; ClaudeBot/1.0; +claudebot@anthropic.com)"
65.108.235.243 - - [08/Jul/2026:04:47:45 +0200] "POST /wp-cron.php?doing_wp_cron=1783478865.5432910919189453125000 HTTP/1.1" 200 1 "-" "WordPress/7.0; https://elettroservicegroup.it"
192.178.4.103 - - [08/Jul/2026:04:47:41 +0200] "GET /robots.txt HTTP/1.1" 200 99 "-" "Mozilla/5.0 (compatible; Googlebot/2.1; +http://www.google.com/bot.html)"
192.178.4.102 - - [08/Jul/2026:04:47:46 +0200] "GET /feed/ HTTP/1.1" 200 500 "-" "Mozilla/5.0 (Linux; Android 6.0.1; Nexus 5X Build/MMB29P) AppleWebKit/537.36 (KHTML, like Gecko) Chrome/150.0.7871.46 Mobile Safari/537.36 (compatible; Googlebot/2.1; +http://www.google.com/bot.html)"
65.108.235.243 - - [08/Jul/2026:04:47:47 +0200] "POST /wp-json/complianz/v1/wsc-scan HTTP/1.1" 400 88 "-" "WordPress/7.0; https://elettroservicegroup.it"
138.197.37.182 - - [08/Jul/2026:05:04:58 +0200] "GET / HTTP/1.1" 200 23186 "-" "Mozilla/5.0 (X11; Linux x86_64) AppleWebKit/537.36 (KHTML, like Gecko) Chrome/142.0.0.0 Safari/537.36"
138.197.37.182 - - [08/Jul/2026:05:05:01 +0200] "GET /wp-content/uploads/2021/10/cropped-cropped-cropped-cropped-logo_white_background-32x32.png HTTP/1.1" 200 1525 "https://elettroservicegroup.it/" "Mozilla/5.0 (X11; Linux x86_64) AppleWebKit/537.36 (KHTML, like Gecko) Chrome/142.0.0.0 Safari/537.36"
65.108.235.243 - - [08/Jul/2026:05:05:12 +0200] "GET /?wp_scrape_key=dced5b6ef5ba9d596aea538a5ed92571&wp_scrape_nonce=1783479910 HTTP/1.1" 500 188 "-" "WordPress/7.0; https://elettroservicegroup.it"
65.108.235.243 - - [08/Jul/2026:05:05:23 +0200] "GET /?wp_scrape_key=c7eeb86961f93f5f92d811658622e6b0&wp_scrape_nonce=1783479921 HTTP/1.1" 500 186 "-" "WordPress/7.0; https://elettroservicegroup.it"
43.134.15.174 - - [08/Jul/2026:05:05:56 +0200] "GET / HTTP/1.1" 200 23424 "http://www.elettroservicegroup.it" "Mozilla/5.0 (iPhone; CPU iPhone OS 13_2_3 like Mac OS X) AppleWebKit/605.1.15 (KHTML, like Gecko) Version/13.0.3 Mobile/15E148 Safari/604.1"
65.108.235.243 - - [08/Jul/2026:05:18:44 +0200] "POST /wp-cron.php?doing_wp_cron=1783480724.5631380081176757812500 HTTP/1.1" 200 1 "-" "WordPress/7.0; https://elettroservicegroup.it"
192.178.4.102 - - [08/Jul/2026:05:18:38 +0200] "GET /comments/feed/ HTTP/1.1" 200 382 "-" "Mozilla/5.0 (Linux; Android 6.0.1; Nexus 5X Build/MMB29P) AppleWebKit/537.36 (KHTML, like Gecko) Chrome/150.0.7871.46 Mobile Safari/537.36 (compatible; Googlebot/2.1; +http://www.google.com/bot.html)"
40.77.167.0 - - [08/Jul/2026:05:35:04 +0200] "GET / HTTP/2.0" 200 21313 "-" "Mozilla/5.0 AppleWebKit/537.36 (KHTML, like Gecko; compatible; bingbot/2.0; +http://www.bing.com/bingbot.htm) Chrome/116.0.1938.76 Safari/537.36"
40.77.167.123 - - [08/Jul/2026:05:35:28 +0200] "GET /wp-content/cache/wpfc-minified/6yk1ya41/4090j.css HTTP/2.0" 200 14481 "https://elettroservicegroup.it/" "Mozilla/5.0 AppleWebKit/537.36 (KHTML, like Gecko; compatible; bingbot/2.0; +http://www.bing.com/bingbot.htm) Chrome/136.0.0.0 Safari/537.36 AppleWebKit/537.36 (KHTML, like Gecko; compatible; bingbot/2.0; +http://www.bing.com/bingbot.htm) Chrome/116.0.1938.76 Safari/537.36"
40.77.167.123 - - [08/Jul/2026:05:35:28 +0200] "GET /wp-content/uploads/elementor/css/post-14146.css?ver=1783221575 HTTP/2.0" 200 428 "https://elettroservicegroup.it/" "Mozilla/5.0 AppleWebKit/537.36 (KHTML, like Gecko; compatible; bingbot/2.0; +http://www.bing.com/bingbot.htm) Chrome/136.0.0.0 Safari/537.36 AppleWebKit/537.36 (KHTML, like Gecko; compatible; bingbot/2.0; +http://www.bing.com/bingbot.htm) Chrome/116.0.1938.76 Safari/537.36"
40.77.167.123 - - [08/Jul/2026:05:35:28 +0200] "GET /wp-content/cache/wpfc-minified/21nu4lni/4090j.css HTTP/2.0" 200 7521 "https://elettroservicegroup.it/" "Mozilla/5.0 AppleWebKit/537.36 (KHTML, like Gecko; compatible; bingbot/2.0; +http://www.bing.com/bingbot.htm) Chrome/136.0.0.0 Safari/537.36 AppleWebKit/537.36 (KHTML, like Gecko; compatible; bingbot/2.0; +http://www.bing.com/bingbot.htm) Chrome/116.0.1938.76 Safari/537.36"
40.77.167.38 - - [08/Jul/2026:05:35:32 +0200] "GET /wp-content/cache/wpfc-minified/eh40z7s2/4090j.css HTTP/2.0" 200 11338 "https://elettroservicegroup.it/" "Mozilla/5.0 AppleWebKit/537.36 (KHTML, like Gecko; compatible; bingbot/2.0; +http://www.bing.com/bingbot.htm) Chrome/136.0.0.0 Safari/537.36 AppleWebKit/537.36 (KHTML, like Gecko; compatible; bingbot/2.0; +http://www.bing.com/bingbot.htm) Chrome/116.0.1938.76 Safari/537.36"
40.77.167.38 - - [08/Jul/2026:05:35:32 +0200] "GET /wp-content/cache/wpfc-minified/7ahyfouu/4090j.css HTTP/2.0" 200 4410 "https://elettroservicegroup.it/" "Mozilla/5.0 AppleWebKit/537.36 (KHTML, like Gecko; compatible; bingbot/2.0; +http://www.bing.com/bingbot.htm) Chrome/136.0.0.0 Safari/537.36 AppleWebKit/537.36 (KHTML, like Gecko; compatible; bingbot/2.0; +http://www.bing.com/bingbot.htm) Chrome/116.0.1938.76 Safari/537.36"
40.77.167.38 - - [08/Jul/2026:05:35:33 +0200] "GET /wp-content/themes/generatepress/assets/js/menu.min.js?ver=3.6.1 HTTP/2.0" 200 1688 "https://elettroservicegroup.it/" "Mozilla/5.0 AppleWebKit/537.36 (KHTML, like Gecko; compatible; bingbot/2.0; +http://www.bing.com/bingbot.htm) Chrome/136.0.0.0 Safari/537.36 AppleWebKit/537.36 (KHTML, like Gecko; compatible; bingbot/2.0; +http://www.bing.com/bingbot.htm) Chrome/116.0.1938.76 Safari/537.36"
40.77.167.38 - - [08/Jul/2026:05:35:33 +0200] "GET /wp-content/themes/generatepress/assets/js/back-to-top.min.js?ver=3.6.1 HTTP/2.0" 200 336 "https://elettroservicegroup.it/" "Mozilla/5.0 AppleWebKit/537.36 (KHTML, like Gecko; compatible; bingbot/2.0; +http://www.bing.com/bingbot.htm) Chrome/136.0.0.0 Safari/537.36 AppleWebKit/537.36 (KHTML, like Gecko; compatible; bingbot/2.0; +http://www.bing.com/bingbot.htm) Chrome/116.0.1938.76 Safari/537.36"
40.77.167.0 - - [08/Jul/2026:05:35:38 +0200] "GET /wp-content/uploads/elementor/css/post-13305.css?ver=1783221587 HTTP/2.0" 200 2452 "https://elettroservicegroup.it/" "Mozilla/5.0 AppleWebKit/537.36 (KHTML, like Gecko; compatible; bingbot/2.0; +http://www.bing.com/bingbot.htm) Chrome/136.0.0.0 Safari/537.36 AppleWebKit/537.36 (KHTML, like Gecko; compatible; bingbot/2.0; +http://www.bing.com/bingbot.htm) Chrome/116.0.1938.76 Safari/537.36"
40.77.167.0 - - [08/Jul/2026:05:35:38 +0200] "GET /wp-content/cache/wpfc-minified/dih7xtos/4090j.css HTTP/2.0" 200 19027 "https://elettroservicegroup.it/" "Mozilla/5.0 AppleWebKit/537.36 (KHTML, like Gecko; compatible; bingbot/2.0; +http://www.bing.com/bingbot.htm) Chrome/136.0.0.0 Safari/537.36 AppleWebKit/537.36 (KHTML, like Gecko; compatible; bingbot/2.0; +http://www.bing.com/bingbot.htm) Chrome/116.0.1938.76 Safari/537.36"
40.77.167.0 - - [08/Jul/2026:05:35:38 +0200] "GET /wp-content/uploads/elementor/css/post-14366.css?ver=1783221576 HTTP/2.0" 200 310 "https://elettroservicegroup.it/" "Mozilla/5.0 AppleWebKit/537.36 (KHTML, like Gecko; compatible; bingbot/2.0; +http://www.bing.com/bingbot.htm) Chrome/136.0.0.0 Safari/537.36 AppleWebKit/537.36 (KHTML, like Gecko; compatible; bingbot/2.0; +http://www.bing.com/bingbot.htm) Chrome/116.0.1938.76 Safari/537.36"
40.77.167.0 - - [08/Jul/2026:05:35:38 +0200] "GET /wp-content/cache/wpfc-minified/kdwvm73z/4090j.js HTTP/2.0" 200 32843 "https://elettroservicegroup.it/" "Mozilla/5.0 AppleWebKit/537.36 (KHTML, like Gecko; compatible; bingbot/2.0; +http://www.bing.com/bingbot.htm) Chrome/136.0.0.0 Safari/537.36 AppleWebKit/537.36 (KHTML, like Gecko; compatible; bingbot/2.0; +http://www.bing.com/bingbot.htm) Chrome/116.0.1938.76 Safari/537.36"
40.77.167.0 - - [08/Jul/2026:05:35:39 +0200] "GET /wp-content/cache/wpfc-minified/qwjjwn1t/4090j.js HTTP/2.0" 200 8744 "https://elettroservicegroup.it/" "Mozilla/5.0 AppleWebKit/537.36 (KHTML, like Gecko; compatible; bingbot/2.0; +http://www.bing.com/bingbot.htm) Chrome/136.0.0.0 Safari/537.36 AppleWebKit/537.36 (KHTML, like Gecko; compatible; bingbot/2.0; +http://www.bing.com/bingbot.htm) Chrome/116.0.1938.76 Safari/537.36"
40.77.167.0 - - [08/Jul/2026:05:35:39 +0200] "GET /wp-content/cache/wpfc-minified/10hpkmg7/4090j.css HTTP/2.0" 200 418 "https://elettroservicegroup.it/" "Mozilla/5.0 AppleWebKit/537.36 (KHTML, like Gecko; compatible; bingbot/2.0; +http://www.bing.com/bingbot.htm) Chrome/136.0.0.0 Safari/537.36 AppleWebKit/537.36 (KHTML, like Gecko; compatible; bingbot/2.0; +http://www.bing.com/bingbot.htm) Chrome/116.0.1938.76 Safari/537.36"
40.77.167.0 - - [08/Jul/2026:05:35:39 +0200] "GET /wp-content/cache/wpfc-minified/degfepky/40914.css HTTP/2.0" 200 16384 "https://elettroservicegroup.it/" "Mozilla/5.0 AppleWebKit/537.36 (KHTML, like Gecko; compatible; bingbot/2.0; +http://www.bing.com/bingbot.htm) Chrome/136.0.0.0 Safari/537.36 AppleWebKit/537.36 (KHTML, like Gecko; compatible; bingbot/2.0; +http://www.bing.com/bingbot.htm) Chrome/116.0.1938.76 Safari/537.36"
130.89.144.170 - - [08/Jul/2026:05:41:12 +0200] "GET /robots.txt HTTP/1.1" 200 126 "-" "OI-Crawler/Nutch (https://openintel.nl/webcrawl/)"
130.89.144.170 - - [08/Jul/2026:05:41:12 +0200] "GET / HTTP/1.1" 200 23186 "-" "OI-Crawler/Nutch (https://openintel.nl/webcrawl/)"
65.108.235.243 - - [08/Jul/2026:05:59:16 +0200] "POST /wp-cron.php?doing_wp_cron=1783483156.4633269309997558593750 HTTP/1.1" 200 1 "-" "WordPress/7.0; https://elettroservicegroup.it"
216.73.216.187 - - [08/Jul/2026:05:59:11 +0200] "GET /robots.txt HTTP/2.0" 200 99 "-" "Mozilla/5.0 AppleWebKit/537.36 (KHTML, like Gecko; compatible; ClaudeBot/1.0; +claudebot@anthropic.com)"
65.108.235.243 - - [08/Jul/2026:05:59:18 +0200] "POST /wp-json/complianz/v1/wsc-scan HTTP/1.1" 400 88 "-" "WordPress/7.0; https://elettroservicegroup.it"
196.118.124.255 - - [08/Jul/2026:06:06:48 +0200] "POST /xmlrpc.php HTTP/1.1" 200 11594 "-" "Mozilla/5.0 (Windows NT 10.0; Win64; x64) AppleWebKit/537.36"
104.210.140.138 - - [08/Jul/2026:06:18:25 +0200] "GET /robots.txt HTTP/2.0" 503 - "-" "Mozilla/5.0 (Macintosh; Intel Mac OS X 10_15_7) AppleWebKit/537.36 (KHTML, like Gecko) Chrome/131.0.0.0 Safari/537.36; compatible; OAI-SearchBot/1.0; +https://openai.com/searchbot"
65.108.235.243 - - [08/Jul/2026:06:18:53 +0200] "POST /wp-cron.php?doing_wp_cron=1783484333.1401319503784179687500 HTTP/1.1" 200 1 "-" "WordPress/7.0; https://elettroservicegroup.it"
104.210.140.135 - - [08/Jul/2026:06:18:47 +0200] "GET /robots.txt HTTP/2.0" 200 99 "-" "Mozilla/5.0 (Macintosh; Intel Mac OS X 10_15_7) AppleWebKit/537.36 (KHTML, like Gecko) Chrome/131.0.0.0 Safari/537.36; compatible; OAI-SearchBot/1.0; +https://openai.com/searchbot"
