65.108.235.243 - - [07/Jul/2026:14:23:59 +0200] "POST /wp-cron.php?doing_wp_cron=1783427039.1333839893341064453125 HTTP/1.1" 200 1 "-" "WordPress/7.0; https://elettroservicegroup.it"
120.240.178.217 - - [07/Jul/2026:14:23:57 +0200] "GET /robots.txt HTTP/1.1" 200 126 "-" "Mozilla/5.0 (Windows NT 10.0; Win64; x64) AppleWebKit/537.36 (KHTML, like Gecko) Chrome/67.0.3348.26 Safari/537.36 Edge/18.18362"
65.108.235.243 - - [07/Jul/2026:14:33:26 +0200] "POST /wp-cron.php?doing_wp_cron=1783427606.7231910228729248046875 HTTP/1.1" 200 1 "-" "WordPress/7.0; https://elettroservicegroup.it"
217.113.194.86 - - [07/Jul/2026:14:33:23 +0200] "GET /robots.txt HTTP/1.1" 200 126 "-" "Mozilla/5.0 (compatible; Barkrowler/0.9; +https://babbar.tech/crawler)"
217.113.194.219 - - [07/Jul/2026:14:34:25 +0200] "GET /termini-e-condizioni/ HTTP/1.1" 200 19944 "-" "Mozilla/5.0 (compatible; Barkrowler/0.9; +https://babbar.tech/crawler)"
217.113.194.84 - - [07/Jul/2026:14:35:26 +0200] "GET /dichiarazione-sulla-privacy-ue/ HTTP/1.1" 200 22188 "-" "Mozilla/5.0 (compatible; Barkrowler/0.9; +https://babbar.tech/crawler)"
35.194.87.91 - - [07/Jul/2026:14:41:23 +0200] "GET //wp-includes/ID3/license.txt HTTP/1.1" 200 1396 "-" "Mozilla/5.0 (Windows NT 10.0; Win64; x64) AppleWebKit/537.36 (KHTML, like Gecko) Chrome/95.0.4638.69 Safari/537.36"
35.194.87.91 - - [07/Jul/2026:14:41:23 +0200] "GET //feed/ HTTP/1.1" 301 - "-" "Mozilla/5.0 (Windows NT 10.0; Win64; x64) AppleWebKit/537.36 (KHTML, like Gecko) Chrome/95.0.4638.69 Safari/537.36"
35.194.87.91 - - [07/Jul/2026:14:41:24 +0200] "GET //xmlrpc.php?rsd HTTP/1.1" 403 52 "-" "Mozilla/5.0 (Windows NT 10.0; Win64; x64) AppleWebKit/537.36 (KHTML, like Gecko) Chrome/95.0.4638.69 Safari/537.36"
35.194.87.91 - - [07/Jul/2026:14:41:24 +0200] "GET //blog/wp-includes/wlwmanifest.xml HTTP/1.1" 301 - "-" "Mozilla/5.0 (Windows NT 10.0; Win64; x64) AppleWebKit/537.36 (KHTML, like Gecko) Chrome/95.0.4638.69 Safari/537.36"
35.194.87.91 - - [07/Jul/2026:14:41:25 +0200] "GET //web/wp-includes/wlwmanifest.xml HTTP/1.1" 301 - "-" "Mozilla/5.0 (Windows NT 10.0; Win64; x64) AppleWebKit/537.36 (KHTML, like Gecko) Chrome/95.0.4638.69 Safari/537.36"
35.194.87.91 - - [07/Jul/2026:14:41:26 +0200] "GET //wordpress/wp-includes/wlwmanifest.xml HTTP/1.1" 301 - "-" "Mozilla/5.0 (Windows NT 10.0; Win64; x64) AppleWebKit/537.36 (KHTML, like Gecko) Chrome/95.0.4638.69 Safari/537.36"
35.194.87.91 - - [07/Jul/2026:14:41:28 +0200] "GET //wp/wp-includes/wlwmanifest.xml HTTP/1.1" 200 11829 "-" "Mozilla/5.0 (Windows NT 10.0; Win64; x64) AppleWebKit/537.36 (KHTML, like Gecko) Chrome/95.0.4638.69 Safari/537.36"
35.194.87.91 - - [07/Jul/2026:14:41:28 +0200] "GET //2020/wp-includes/wlwmanifest.xml HTTP/1.1" 200 11831 "-" "Mozilla/5.0 (Windows NT 10.0; Win64; x64) AppleWebKit/537.36 (KHTML, like Gecko) Chrome/95.0.4638.69 Safari/537.36"
35.194.87.91 - - [07/Jul/2026:14:41:29 +0200] "GET //2019/wp-includes/wlwmanifest.xml HTTP/1.1" 200 11770 "-" "Mozilla/5.0 (Windows NT 10.0; Win64; x64) AppleWebKit/537.36 (KHTML, like Gecko) Chrome/95.0.4638.69 Safari/537.36"
35.194.87.91 - - [07/Jul/2026:14:41:30 +0200] "GET //2021/wp-includes/wlwmanifest.xml HTTP/1.1" 200 11704 "-" "Mozilla/5.0 (Windows NT 10.0; Win64; x64) AppleWebKit/537.36 (KHTML, like Gecko) Chrome/95.0.4638.69 Safari/537.36"
35.194.87.91 - - [07/Jul/2026:14:41:31 +0200] "GET //shop/wp-includes/wlwmanifest.xml HTTP/1.1" 200 11736 "-" "Mozilla/5.0 (Windows NT 10.0; Win64; x64) AppleWebKit/537.36 (KHTML, like Gecko) Chrome/95.0.4638.69 Safari/537.36"
35.194.87.91 - - [07/Jul/2026:14:41:32 +0200] "GET //wp1/wp-includes/wlwmanifest.xml HTTP/1.1" 200 11743 "-" "Mozilla/5.0 (Windows NT 10.0; Win64; x64) AppleWebKit/537.36 (KHTML, like Gecko) Chrome/95.0.4638.69 Safari/537.36"
35.194.87.91 - - [07/Jul/2026:14:41:32 +0200] "GET //test/wp-includes/wlwmanifest.xml HTTP/1.1" 200 11744 "-" "Mozilla/5.0 (Windows NT 10.0; Win64; x64) AppleWebKit/537.36 (KHTML, like Gecko) Chrome/95.0.4638.69 Safari/537.36"
35.194.87.91 - - [07/Jul/2026:14:41:34 +0200] "GET //site/wp-includes/wlwmanifest.xml HTTP/1.1" 200 11800 "-" "Mozilla/5.0 (Windows NT 10.0; Win64; x64) AppleWebKit/537.36 (KHTML, like Gecko) Chrome/95.0.4638.69 Safari/537.36"
35.194.87.91 - - [07/Jul/2026:14:41:34 +0200] "GET //cms/wp-includes/wlwmanifest.xml HTTP/1.1" 200 11799 "-" "Mozilla/5.0 (Windows NT 10.0; Win64; x64) AppleWebKit/537.36 (KHTML, like Gecko) Chrome/95.0.4638.69 Safari/537.36"
65.108.235.243 - - [07/Jul/2026:15:00:49 +0200] "POST /wp-cron.php?doing_wp_cron=1783429249.4246659278869628906250 HTTP/1.1" 200 1 "-" "WordPress/7.0; https://elettroservicegroup.it"
94.154.43.186 - - [07/Jul/2026:15:00:34 +0200] "GET /.env HTTP/1.1" 404 83633 "-" "Mozilla/5.0 (Windows NT 10.0; Win64; x64) AppleWebKit/537.36 (KHTML, like Gecko) Chrome/147.0.0.0 Safari/537.36"
65.108.235.243 - - [07/Jul/2026:15:00:52 +0200] "POST /wp-json/complianz/v1/wsc-scan HTTP/1.1" 400 88 "-" "WordPress/7.0; https://elettroservicegroup.it"
45.141.215.39 - - [07/Jul/2026:15:02:09 +0200] "GET / HTTP/1.1" 415 140430 "-" "Mozilla/5.0 (X11; Arch Linux; Linux x86_64; rv:149.0) Gecko/20100101 Firefox/149.0"
65.108.235.243 - - [07/Jul/2026:15:02:12 +0200] "POST /wp-cron.php?doing_wp_cron=1783429332.4333910942077636718750 HTTP/1.1" 200 1 "-" "WordPress/7.0; https://elettroservicegroup.it"
45.141.215.39 - - [07/Jul/2026:15:02:11 +0200] "GET /wordpress/ HTTP/1.1" 404 83668 "-" "Mozilla/5.0 (Windows NT 10.0; Win64; x64; rv:146.0) Gecko/20100101 Firefox/146.0"
45.141.215.39 - - [07/Jul/2026:15:02:12 +0200] "GET /old/ HTTP/1.1" 404 83626 "-" "Mozilla/5.0 (X11; Arch Linux; Linux x86_64; rv:149.0) Gecko/20100101 Firefox/149.0"
152.250.16.88 - - [07/Jul/2026:15:04:39 +0200] "POST /xmlrpc.php HTTP/2.0" 403 52 "-" "Mozilla/5.0 (Macintosh; Intel Mac OS X 10_15_7) AppleWebKit/537.36 (KHTML, like Gecko) Chrome/131.0.0.0 Safari/537.36"
65.108.235.243 - - [07/Jul/2026:15:05:48 +0200] "POST /wp-cron.php?doing_wp_cron=1783429548.6283490657806396484375 HTTP/1.1" 200 1 "-" "WordPress/7.0; https://elettroservicegroup.it"
188.70.49.130 - - [07/Jul/2026:15:05:41 +0200] "POST /wp-login.php HTTP/2.0" 200 4772 "-" "Mozilla/5.0 (Macintosh; Intel Mac OS X 10_15_7) AppleWebKit/537.36 (KHTML, like Gecko) Chrome/136.0.0.0 Safari/537.36"
66.132.186.202 - - [07/Jul/2026:15:26:41 +0200] "GET / HTTP/1.1" 415 140430 "-" "Mozilla/5.0 (compatible; CensysInspect/1.1; +https://about.censys.io/)"
94.154.43.186 - - [07/Jul/2026:15:28:02 +0200] "GET / HTTP/1.1" 415 140430 "-" "Mozilla/5.0 (Windows NT 10.0; Win64; x64) AppleWebKit/537.36 (KHTML, like Gecko) Chrome/147.0.0.0 Safari/537.36"
65.108.235.243 - - [07/Jul/2026:15:29:16 +0200] "POST /wp-cron.php?doing_wp_cron=1783430956.5366439819335937500000 HTTP/1.1" 200 1 "-" "WordPress/7.0; https://elettroservicegroup.it"
196.127.154.146 - - [07/Jul/2026:15:29:05 +0200] "POST /wp-login.php HTTP/1.1" 200 16908 "-" "Mozilla/5.0 (Windows NT 10.0; Win64; x64) AppleWebKit/537.36 (KHTML, like Gecko) Chrome/124.0 Safari/537.36"
65.108.235.243 - - [07/Jul/2026:15:39:50 +0200] "POST /wp-cron.php?doing_wp_cron=1783431590.6368858814239501953125 HTTP/1.1" 200 1 "-" "WordPress/7.0; https://elettroservicegroup.it"
199.45.154.116 - - [07/Jul/2026:15:39:43 +0200] "GET / HTTP/1.1" 301 - "-" "Mozilla/5.0 (compatible; CensysInspect/1.1; +https://about.censys.io/)"
80.117.62.212 - - [07/Jul/2026:16:03:08 +0200] "GET /chi-siamo/?_gl=1*1pjj0g*_up*MQ..*_gs*MQ..&gclid=CjwKCAjwx7LSBhB3EiwAjcodxH-_ROipBjqgYziE_Qmru9xaJbBlUGLx_JUse8c2QE4fUP_M6oC0khoCSpcQAvD_BwE&gbraid=0AAAABDgs-LRaFwSseoZNIbDKnP56d2qt0 HTTP/2.0" 200 22133 "https://reggio-emilia.elettroservicegroup.it/" "Mozilla/5.0 (Windows NT 10.0; Win64; x64) AppleWebKit/537.36 (KHTML, like Gecko) Chrome/150.0.0.0 Safari/537.36"
80.117.62.212 - - [07/Jul/2026:16:03:09 +0200] "GET /wp-content/cache/wpfc-minified/10hpkmg7/4090j.css HTTP/2.0" 200 418 "https://elettroservicegroup.it/chi-siamo/?_gl=1*1pjj0g*_up*MQ..*_gs*MQ..&gclid=CjwKCAjwx7LSBhB3EiwAjcodxH-_ROipBjqgYziE_Qmru9xaJbBlUGLx_JUse8c2QE4fUP_M6oC0khoCSpcQAvD_BwE&gbraid=0AAAABDgs-LRaFwSseoZNIbDKnP56d2qt0" "Mozilla/5.0 (Windows NT 10.0; Win64; x64) AppleWebKit/537.36 (KHTML, like Gecko) Chrome/150.0.0.0 Safari/537.36"
80.117.62.212 - - [07/Jul/2026:16:03:09 +0200] "GET /wp-content/uploads/elementor/css/post-14146.css?ver=1783221575 HTTP/2.0" 200 428 "https://elettroservicegroup.it/chi-siamo/?_gl=1*1pjj0g*_up*MQ..*_gs*MQ..&gclid=CjwKCAjwx7LSBhB3EiwAjcodxH-_ROipBjqgYziE_Qmru9xaJbBlUGLx_JUse8c2QE4fUP_M6oC0khoCSpcQAvD_BwE&gbraid=0AAAABDgs-LRaFwSseoZNIbDKnP56d2qt0" "Mozilla/5.0 (Windows NT 10.0; Win64; x64) AppleWebKit/537.36 (KHTML, like Gecko) Chrome/150.0.0.0 Safari/537.36"
80.117.62.212 - - [07/Jul/2026:16:03:09 +0200] "GET /wp-content/uploads/elementor/css/post-14366.css?ver=1783221576 HTTP/2.0" 200 310 "https://elettroservicegroup.it/chi-siamo/?_gl=1*1pjj0g*_up*MQ..*_gs*MQ..&gclid=CjwKCAjwx7LSBhB3EiwAjcodxH-_ROipBjqgYziE_Qmru9xaJbBlUGLx_JUse8c2QE4fUP_M6oC0khoCSpcQAvD_BwE&gbraid=0AAAABDgs-LRaFwSseoZNIbDKnP56d2qt0" "Mozilla/5.0 (Windows NT 10.0; Win64; x64) AppleWebKit/537.36 (KHTML, like Gecko) Chrome/150.0.0.0 Safari/537.36"
80.117.62.212 - - [07/Jul/2026:16:03:09 +0200] "GET /wp-content/uploads/elementor/css/post-15145.css?ver=1783221576 HTTP/2.0" 200 704 "https://elettroservicegroup.it/chi-siamo/?_gl=1*1pjj0g*_up*MQ..*_gs*MQ..&gclid=CjwKCAjwx7LSBhB3EiwAjcodxH-_ROipBjqgYziE_Qmru9xaJbBlUGLx_JUse8c2QE4fUP_M6oC0khoCSpcQAvD_BwE&gbraid=0AAAABDgs-LRaFwSseoZNIbDKnP56d2qt0" "Mozilla/5.0 (Windows NT 10.0; Win64; x64) AppleWebKit/537.36 (KHTML, like Gecko) Chrome/150.0.0.0 Safari/537.36"
80.117.62.212 - - [07/Jul/2026:16:03:09 +0200] "GET /wp-content/cache/wpfc-minified/eh40z7s2/4090j.css HTTP/2.0" 200 11338 "https://elettroservicegroup.it/chi-siamo/?_gl=1*1pjj0g*_up*MQ..*_gs*MQ..&gclid=CjwKCAjwx7LSBhB3EiwAjcodxH-_ROipBjqgYziE_Qmru9xaJbBlUGLx_JUse8c2QE4fUP_M6oC0khoCSpcQAvD_BwE&gbraid=0AAAABDgs-LRaFwSseoZNIbDKnP56d2qt0" "Mozilla/5.0 (Windows NT 10.0; Win64; x64) AppleWebKit/537.36 (KHTML, like Gecko) Chrome/150.0.0.0 Safari/537.36"
80.117.62.212 - - [07/Jul/2026:16:03:09 +0200] "GET /wp-content/cache/wpfc-minified/fspqf2ba/4090j.css HTTP/2.0" 200 16112 "https://elettroservicegroup.it/chi-siamo/?_gl=1*1pjj0g*_up*MQ..*_gs*MQ..&gclid=CjwKCAjwx7LSBhB3EiwAjcodxH-_ROipBjqgYziE_Qmru9xaJbBlUGLx_JUse8c2QE4fUP_M6oC0khoCSpcQAvD_BwE&gbraid=0AAAABDgs-LRaFwSseoZNIbDKnP56d2qt0" "Mozilla/5.0 (Windows NT 10.0; Win64; x64) AppleWebKit/537.36 (KHTML, like Gecko) Chrome/150.0.0.0 Safari/537.36"
80.117.62.212 - - [07/Jul/2026:16:03:09 +0200] "GET /wp-content/cache/wpfc-minified/m8vzkiox/4090j.css HTTP/2.0" 200 23329 "https://elettroservicegroup.it/chi-siamo/?_gl=1*1pjj0g*_up*MQ..*_gs*MQ..&gclid=CjwKCAjwx7LSBhB3EiwAjcodxH-_ROipBjqgYziE_Qmru9xaJbBlUGLx_JUse8c2QE4fUP_M6oC0khoCSpcQAvD_BwE&gbraid=0AAAABDgs-LRaFwSseoZNIbDKnP56d2qt0" "Mozilla/5.0 (Windows NT 10.0; Win64; x64) AppleWebKit/537.36 (KHTML, like Gecko) Chrome/150.0.0.0 Safari/537.36"
80.117.62.212 - - [07/Jul/2026:16:03:09 +0200] "GET /wp-content/cache/wpfc-minified/7ahyfouu/4090j.css HTTP/2.0" 200 4410 "https://elettroservicegroup.it/chi-siamo/?_gl=1*1pjj0g*_up*MQ..*_gs*MQ..&gclid=CjwKCAjwx7LSBhB3EiwAjcodxH-_ROipBjqgYziE_Qmru9xaJbBlUGLx_JUse8c2QE4fUP_M6oC0khoCSpcQAvD_BwE&gbraid=0AAAABDgs-LRaFwSseoZNIbDKnP56d2qt0" "Mozilla/5.0 (Windows NT 10.0; Win64; x64) AppleWebKit/537.36 (KHTML, like Gecko) Chrome/150.0.0.0 Safari/537.36"
80.117.62.212 - - [07/Jul/2026:16:03:09 +0200] "GET /wp-content/uploads/2026/05/COPERTINA-11-300x150-1.png HTTP/2.0" 200 30285 "https://elettroservicegroup.it/chi-siamo/?_gl=1*1pjj0g*_up*MQ..*_gs*MQ..&gclid=CjwKCAjwx7LSBhB3EiwAjcodxH-_ROipBjqgYziE_Qmru9xaJbBlUGLx_JUse8c2QE4fUP_M6oC0khoCSpcQAvD_BwE&gbraid=0AAAABDgs-LRaFwSseoZNIbDKnP56d2qt0" "Mozilla/5.0 (Windows NT 10.0; Win64; x64) AppleWebKit/537.36 (KHTML, like Gecko) Chrome/150.0.0.0 Safari/537.36"
80.117.62.212 - - [07/Jul/2026:16:03:09 +0200] "GET /wp-content/uploads/2021/10/cropped-cropped-cropped-logo_white_background.png HTTP/2.0" 200 38971 "https://elettroservicegroup.it/chi-siamo/?_gl=1*1pjj0g*_up*MQ..*_gs*MQ..&gclid=CjwKCAjwx7LSBhB3EiwAjcodxH-_ROipBjqgYziE_Qmru9xaJbBlUGLx_JUse8c2QE4fUP_M6oC0khoCSpcQAvD_BwE&gbraid=0AAAABDgs-LRaFwSseoZNIbDKnP56d2qt0" "Mozilla/5.0 (Windows NT 10.0; Win64; x64) AppleWebKit/537.36 (KHTML, like Gecko) Chrome/150.0.0.0 Safari/537.36"
80.117.62.212 - - [07/Jul/2026:16:03:09 +0200] "GET /wp-content/cache/wpfc-minified/dih7xtos/4090j.css HTTP/2.0" 200 19027 "https://elettroservicegroup.it/chi-siamo/?_gl=1*1pjj0g*_up*MQ..*_gs*MQ..&gclid=CjwKCAjwx7LSBhB3EiwAjcodxH-_ROipBjqgYziE_Qmru9xaJbBlUGLx_JUse8c2QE4fUP_M6oC0khoCSpcQAvD_BwE&gbraid=0AAAABDgs-LRaFwSseoZNIbDKnP56d2qt0" "Mozilla/5.0 (Windows NT 10.0; Win64; x64) AppleWebKit/537.36 (KHTML, like Gecko) Chrome/150.0.0.0 Safari/537.36"
80.117.62.212 - - [07/Jul/2026:16:03:09 +0200] "GET /wp-content/cache/wpfc-minified/6yk1ya41/4090j.css HTTP/2.0" 200 14481 "https://elettroservicegroup.it/chi-siamo/?_gl=1*1pjj0g*_up*MQ..*_gs*MQ..&gclid=CjwKCAjwx7LSBhB3EiwAjcodxH-_ROipBjqgYziE_Qmru9xaJbBlUGLx_JUse8c2QE4fUP_M6oC0khoCSpcQAvD_BwE&gbraid=0AAAABDgs-LRaFwSseoZNIbDKnP56d2qt0" "Mozilla/5.0 (Windows NT 10.0; Win64; x64) AppleWebKit/537.36 (KHTML, like Gecko) Chrome/150.0.0.0 Safari/537.36"
80.117.62.212 - - [07/Jul/2026:16:03:09 +0200] "GET /wp-content/cache/wpfc-minified/kdwvm73z/4090j.js HTTP/2.0" 200 32843 "https://elettroservicegroup.it/chi-siamo/?_gl=1*1pjj0g*_up*MQ..*_gs*MQ..&gclid=CjwKCAjwx7LSBhB3EiwAjcodxH-_ROipBjqgYziE_Qmru9xaJbBlUGLx_JUse8c2QE4fUP_M6oC0khoCSpcQAvD_BwE&gbraid=0AAAABDgs-LRaFwSseoZNIbDKnP56d2qt0" "Mozilla/5.0 (Windows NT 10.0; Win64; x64) AppleWebKit/537.36 (KHTML, like Gecko) Chrome/150.0.0.0 Safari/537.36"
80.117.62.212 - - [07/Jul/2026:16:03:09 +0200] "GET /wp-content/cache/wpfc-minified/qwjjwn1t/4090j.js HTTP/2.0" 200 8744 "https://elettroservicegroup.it/chi-siamo/?_gl=1*1pjj0g*_up*MQ..*_gs*MQ..&gclid=CjwKCAjwx7LSBhB3EiwAjcodxH-_ROipBjqgYziE_Qmru9xaJbBlUGLx_JUse8c2QE4fUP_M6oC0khoCSpcQAvD_BwE&gbraid=0AAAABDgs-LRaFwSseoZNIbDKnP56d2qt0" "Mozilla/5.0 (Windows NT 10.0; Win64; x64) AppleWebKit/537.36 (KHTML, like Gecko) Chrome/150.0.0.0 Safari/537.36"
80.117.62.212 - - [07/Jul/2026:16:03:09 +0200] "GET /wp-content/plugins/gp-premium/menu-plus/functions/js/sticky.min.js?ver=2.5.5 HTTP/2.0" 200 2670 "https://elettroservicegroup.it/chi-siamo/?_gl=1*1pjj0g*_up*MQ..*_gs*MQ..&gclid=CjwKCAjwx7LSBhB3EiwAjcodxH-_ROipBjqgYziE_Qmru9xaJbBlUGLx_JUse8c2QE4fUP_M6oC0khoCSpcQAvD_BwE&gbraid=0AAAABDgs-LRaFwSseoZNIbDKnP56d2qt0" "Mozilla/5.0 (Windows NT 10.0; Win64; x64) AppleWebKit/537.36 (KHTML, like Gecko) Chrome/150.0.0.0 Safari/537.36"
80.117.62.212 - - [07/Jul/2026:16:03:09 +0200] "GET /wp-content/plugins/elementor/assets/js/webpack.runtime.min.js?ver=4.1.4 HTTP/2.0" 200 2340 "https://elettroservicegroup.it/chi-siamo/?_gl=1*1pjj0g*_up*MQ..*_gs*MQ..&gclid=CjwKCAjwx7LSBhB3EiwAjcodxH-_ROipBjqgYziE_Qmru9xaJbBlUGLx_JUse8c2QE4fUP_M6oC0khoCSpcQAvD_BwE&gbraid=0AAAABDgs-LRaFwSseoZNIbDKnP56d2qt0" "Mozilla/5.0 (Windows NT 10.0; Win64; x64) AppleWebKit/537.36 (KHTML, like Gecko) Chrome/150.0.0.0 Safari/537.36"
80.117.62.212 - - [07/Jul/2026:16:03:09 +0200] "GET /wp-includes/js/jquery/ui/core.min.js?ver=1.13.3 HTTP/2.0" 200 6820 "https://elettroservicegroup.it/chi-siamo/?_gl=1*1pjj0g*_up*MQ..*_gs*MQ..&gclid=CjwKCAjwx7LSBhB3EiwAjcodxH-_ROipBjqgYziE_Qmru9xaJbBlUGLx_JUse8c2QE4fUP_M6oC0khoCSpcQAvD_BwE&gbraid=0AAAABDgs-LRaFwSseoZNIbDKnP56d2qt0" "Mozilla/5.0 (Windows NT 10.0; Win64; x64) AppleWebKit/537.36 (KHTML, like Gecko) Chrome/150.0.0.0 Safari/537.36"
80.117.62.212 - - [07/Jul/2026:16:03:09 +0200] "GET /wp-content/plugins/elementor/assets/js/frontend-modules.min.js?ver=4.1.4 HTTP/2.0" 200 15454 "https://elettroservicegroup.it/chi-siamo/?_gl=1*1pjj0g*_up*MQ..*_gs*MQ..&gclid=CjwKCAjwx7LSBhB3EiwAjcodxH-_ROipBjqgYziE_Qmru9xaJbBlUGLx_JUse8c2QE4fUP_M6oC0khoCSpcQAvD_BwE&gbraid=0AAAABDgs-LRaFwSseoZNIbDKnP56d2qt0" "Mozilla/5.0 (Windows NT 10.0; Win64; x64) AppleWebKit/537.36 (KHTML, like Gecko) Chrome/150.0.0.0 Safari/537.36"
80.117.62.212 - - [07/Jul/2026:16:03:09 +0200] "GET /wp-content/themes/generatepress/assets/js/back-to-top.min.js?ver=3.6.1 HTTP/2.0" 200 336 "https://elettroservicegroup.it/chi-siamo/?_gl=1*1pjj0g*_up*MQ..*_gs*MQ..&gclid=CjwKCAjwx7LSBhB3EiwAjcodxH-_ROipBjqgYziE_Qmru9xaJbBlUGLx_JUse8c2QE4fUP_M6oC0khoCSpcQAvD_BwE&gbraid=0AAAABDgs-LRaFwSseoZNIbDKnP56d2qt0" "Mozilla/5.0 (Windows NT 10.0; Win64; x64) AppleWebKit/537.36 (KHTML, like Gecko) Chrome/150.0.0.0 Safari/537.36"
80.117.62.212 - - [07/Jul/2026:16:03:09 +0200] "GET /wp-content/themes/generatepress/assets/js/menu.min.js?ver=3.6.1 HTTP/2.0" 200 1688 "https://elettroservicegroup.it/chi-siamo/?_gl=1*1pjj0g*_up*MQ..*_gs*MQ..&gclid=CjwKCAjwx7LSBhB3EiwAjcodxH-_ROipBjqgYziE_Qmru9xaJbBlUGLx_JUse8c2QE4fUP_M6oC0khoCSpcQAvD_BwE&gbraid=0AAAABDgs-LRaFwSseoZNIbDKnP56d2qt0" "Mozilla/5.0 (Windows NT 10.0; Win64; x64) AppleWebKit/537.36 (KHTML, like Gecko) Chrome/150.0.0.0 Safari/537.36"
80.117.62.212 - - [07/Jul/2026:16:03:09 +0200] "GET /wp-content/plugins/complianz-gdpr-premium/cookiebanner/js/complianz.min.js?ver=1783097327 HTTP/2.0" 200 10762 "https://elettroservicegroup.it/chi-siamo/?_gl=1*1pjj0g*_up*MQ..*_gs*MQ..&gclid=CjwKCAjwx7LSBhB3EiwAjcodxH-_ROipBjqgYziE_Qmru9xaJbBlUGLx_JUse8c2QE4fUP_M6oC0khoCSpcQAvD_BwE&gbraid=0AAAABDgs-LRaFwSseoZNIbDKnP56d2qt0" "Mozilla/5.0 (Windows NT 10.0; Win64; x64) AppleWebKit/537.36 (KHTML, like Gecko) Chrome/150.0.0.0 Safari/537.36"
80.117.62.212 - - [07/Jul/2026:16:03:09 +0200] "GET /wp-content/plugins/elementor/assets/js/frontend.min.js?ver=4.1.4 HTTP/2.0" 200 10140 "https://elettroservicegroup.it/chi-siamo/?_gl=1*1pjj0g*_up*MQ..*_gs*MQ..&gclid=CjwKCAjwx7LSBhB3EiwAjcodxH-_ROipBjqgYziE_Qmru9xaJbBlUGLx_JUse8c2QE4fUP_M6oC0khoCSpcQAvD_BwE&gbraid=0AAAABDgs-LRaFwSseoZNIbDKnP56d2qt0" "Mozilla/5.0 (Windows NT 10.0; Win64; x64) AppleWebKit/537.36 (KHTML, like Gecko) Chrome/150.0.0.0 Safari/537.36"
80.117.62.212 - - [07/Jul/2026:16:03:09 +0200] "GET /wp-content/uploads/2026/05/RECENSIONI-gOOGLE.png HTTP/2.0" 200 5052 "https://elettroservicegroup.it/chi-siamo/?_gl=1*1pjj0g*_up*MQ..*_gs*MQ..&gclid=CjwKCAjwx7LSBhB3EiwAjcodxH-_ROipBjqgYziE_Qmru9xaJbBlUGLx_JUse8c2QE4fUP_M6oC0khoCSpcQAvD_BwE&gbraid=0AAAABDgs-LRaFwSseoZNIbDKnP56d2qt0" "Mozilla/5.0 (Windows NT 10.0; Win64; x64) AppleWebKit/537.36 (KHTML, like Gecko) Chrome/150.0.0.0 Safari/537.36"
80.117.62.212 - - [07/Jul/2026:16:03:09 +0200] "GET /wp-content/uploads/2021/10/COPERTINA.png HTTP/2.0" 200 238875 "https://elettroservicegroup.it/chi-siamo/?_gl=1*1pjj0g*_up*MQ..*_gs*MQ..&gclid=CjwKCAjwx7LSBhB3EiwAjcodxH-_ROipBjqgYziE_Qmru9xaJbBlUGLx_JUse8c2QE4fUP_M6oC0khoCSpcQAvD_BwE&gbraid=0AAAABDgs-LRaFwSseoZNIbDKnP56d2qt0" "Mozilla/5.0 (Windows NT 10.0; Win64; x64) AppleWebKit/537.36 (KHTML, like Gecko) Chrome/150.0.0.0 Safari/537.36"
80.117.62.212 - - [07/Jul/2026:16:03:09 +0200] "GET /wp-content/plugins/elementor/assets/lib/font-awesome/webfonts/fa-solid-900.woff2 HTTP/2.0" 200 78201 "https://elettroservicegroup.it/wp-content/cache/wpfc-minified/fspqf2ba/4090j.css" "Mozilla/5.0 (Windows NT 10.0; Win64; x64) AppleWebKit/537.36 (KHTML, like Gecko) Chrome/150.0.0.0 Safari/537.36"
80.117.62.212 - - [07/Jul/2026:16:03:09 +0200] "GET /wp-content/uploads/elementor/google-fonts/fonts/robotoslab-bngmuxzytxpivibgjjsb6ufn5qu.woff2 HTTP/2.0" 200 34328 "https://elettroservicegroup.it/wp-content/cache/wpfc-minified/6yk1ya41/4090j.css" "Mozilla/5.0 (Windows NT 10.0; Win64; x64) AppleWebKit/537.36 (KHTML, like Gecko) Chrome/150.0.0.0 Safari/537.36"
80.117.62.212 - - [07/Jul/2026:16:03:09 +0200] "GET /wp-content/plugins/elementor/assets/lib/font-awesome/webfonts/fa-regular-400.woff2 HTTP/2.0" 200 13277 "https://elettroservicegroup.it/wp-content/cache/wpfc-minified/fspqf2ba/4090j.css" "Mozilla/5.0 (Windows NT 10.0; Win64; x64) AppleWebKit/537.36 (KHTML, like Gecko) Chrome/150.0.0.0 Safari/537.36"
80.117.62.212 - - [07/Jul/2026:16:03:10 +0200] "GET /wp-content/plugins/elementor/assets/js/section-frontend-handlers.d85ab872da118940910d.bundle.min.js HTTP/2.0" 200 230 "https://elettroservicegroup.it/chi-siamo/?_gl=1*1pjj0g*_up*MQ..*_gs*MQ..&gclid=CjwKCAjwx7LSBhB3EiwAjcodxH-_ROipBjqgYziE_Qmru9xaJbBlUGLx_JUse8c2QE4fUP_M6oC0khoCSpcQAvD_BwE&gbraid=0AAAABDgs-LRaFwSseoZNIbDKnP56d2qt0" "Mozilla/5.0 (Windows NT 10.0; Win64; x64) AppleWebKit/537.36 (KHTML, like Gecko) Chrome/150.0.0.0 Safari/537.36"
80.117.62.212 - - [07/Jul/2026:16:03:10 +0200] "GET /wp-content/plugins/elementor/assets/js/text-editor.45609661e409413f1cef.bundle.min.js HTTP/2.0" 200 592 "https://elettroservicegroup.it/chi-siamo/?_gl=1*1pjj0g*_up*MQ..*_gs*MQ..&gclid=CjwKCAjwx7LSBhB3EiwAjcodxH-_ROipBjqgYziE_Qmru9xaJbBlUGLx_JUse8c2QE4fUP_M6oC0khoCSpcQAvD_BwE&gbraid=0AAAABDgs-LRaFwSseoZNIbDKnP56d2qt0" "Mozilla/5.0 (Windows NT 10.0; Win64; x64) AppleWebKit/537.36 (KHTML, like Gecko) Chrome/150.0.0.0 Safari/537.36"
80.117.62.212 - - [07/Jul/2026:16:03:10 +0200] "GET /wp-content/plugins/elementor/assets/js/shared-frontend-handlers.03caa53373b56d3bab67.bundle.min.js HTTP/2.0" 200 2515 "https://elettroservicegroup.it/chi-siamo/?_gl=1*1pjj0g*_up*MQ..*_gs*MQ..&gclid=CjwKCAjwx7LSBhB3EiwAjcodxH-_ROipBjqgYziE_Qmru9xaJbBlUGLx_JUse8c2QE4fUP_M6oC0khoCSpcQAvD_BwE&gbraid=0AAAABDgs-LRaFwSseoZNIbDKnP56d2qt0" "Mozilla/5.0 (Windows NT 10.0; Win64; x64) AppleWebKit/537.36 (KHTML, like Gecko) Chrome/150.0.0.0 Safari/537.36"
80.117.62.212 - - [07/Jul/2026:16:03:10 +0200] "GET /wp-content/uploads/2021/10/cropped-cropped-cropped-cropped-logo_white_background-32x32.png HTTP/2.0" 200 1525 "https://elettroservicegroup.it/chi-siamo/?_gl=1*1pjj0g*_up*MQ..*_gs*MQ..&gclid=CjwKCAjwx7LSBhB3EiwAjcodxH-_ROipBjqgYziE_Qmru9xaJbBlUGLx_JUse8c2QE4fUP_M6oC0khoCSpcQAvD_BwE&gbraid=0AAAABDgs-LRaFwSseoZNIbDKnP56d2qt0" "Mozilla/5.0 (Windows NT 10.0; Win64; x64) AppleWebKit/537.36 (KHTML, like Gecko) Chrome/150.0.0.0 Safari/537.36"
80.117.62.212 - - [07/Jul/2026:16:03:10 +0200] "GET /wp-json/complianz/v1/banner?lang=it&locale=it_IT&token=najqm HTTP/2.0" 200 82 "https://elettroservicegroup.it/chi-siamo/?_gl=1*1pjj0g*_up*MQ..*_gs*MQ..&gclid=CjwKCAjwx7LSBhB3EiwAjcodxH-_ROipBjqgYziE_Qmru9xaJbBlUGLx_JUse8c2QE4fUP_M6oC0khoCSpcQAvD_BwE&gbraid=0AAAABDgs-LRaFwSseoZNIbDKnP56d2qt0" "Mozilla/5.0 (Windows NT 10.0; Win64; x64) AppleWebKit/537.36 (KHTML, like Gecko) Chrome/150.0.0.0 Safari/537.36"
80.117.62.212 - - [07/Jul/2026:16:03:11 +0200] "GET /wp-content/uploads/complianz/css/banner-1-optin.css?v=45 HTTP/2.0" 200 2893 "https://elettroservicegroup.it/chi-siamo/?_gl=1*1pjj0g*_up*MQ..*_gs*MQ..&gclid=CjwKCAjwx7LSBhB3EiwAjcodxH-_ROipBjqgYziE_Qmru9xaJbBlUGLx_JUse8c2QE4fUP_M6oC0khoCSpcQAvD_BwE&gbraid=0AAAABDgs-LRaFwSseoZNIbDKnP56d2qt0" "Mozilla/5.0 (Windows NT 10.0; Win64; x64) AppleWebKit/537.36 (KHTML, like Gecko) Chrome/150.0.0.0 Safari/537.36"
80.117.62.212 - - [07/Jul/2026:16:03:11 +0200] "GET /wp-json/complianz/v1/cookie_data HTTP/2.0" 200 97 "https://elettroservicegroup.it/chi-siamo/?_gl=1*1pjj0g*_up*MQ..*_gs*MQ..&gclid=CjwKCAjwx7LSBhB3EiwAjcodxH-_ROipBjqgYziE_Qmru9xaJbBlUGLx_JUse8c2QE4fUP_M6oC0khoCSpcQAvD_BwE&gbraid=0AAAABDgs-LRaFwSseoZNIbDKnP56d2qt0" "Mozilla/5.0 (Windows NT 10.0; Win64; x64) AppleWebKit/537.36 (KHTML, like Gecko) Chrome/150.0.0.0 Safari/537.36"
65.108.235.243 - - [07/Jul/2026:16:03:13 +0200] "POST /wp-json/complianz/v1/wsc-scan HTTP/1.1" 400 88 "-" "WordPress/7.0; https://elettroservicegroup.it"
80.117.62.212 - - [07/Jul/2026:16:03:14 +0200] "POST /wp-json/complianz/v1/track HTTP/2.0" 200 20 "https://elettroservicegroup.it/chi-siamo/?_gl=1*1pjj0g*_up*MQ..*_gs*MQ..&gclid=CjwKCAjwx7LSBhB3EiwAjcodxH-_ROipBjqgYziE_Qmru9xaJbBlUGLx_JUse8c2QE4fUP_M6oC0khoCSpcQAvD_BwE&gbraid=0AAAABDgs-LRaFwSseoZNIbDKnP56d2qt0" "Mozilla/5.0 (Windows NT 10.0; Win64; x64) AppleWebKit/537.36 (KHTML, like Gecko) Chrome/150.0.0.0 Safari/537.36"
65.108.235.243 - - [07/Jul/2026:16:04:09 +0200] "POST /wp-cron.php?doing_wp_cron=1783433049.3296101093292236328125 HTTP/1.1" 200 1 "-" "WordPress/7.0; https://elettroservicegroup.it"
45.143.236.161 - - [07/Jul/2026:16:04:02 +0200] "GET / HTTP/1.1" 301 - "-" "Python/3.12 aiohttp/3.13.5"
88.168.175.179 - - [07/Jul/2026:16:04:10 +0200] "GET / HTTP/1.1" 200 23186 "-" "Python/3.12 aiohttp/3.13.5"
195.62.185.194 - - [07/Jul/2026:16:08:29 +0200] "GET /chi-siamo/ HTTP/2.0" 200 22124 "https://parma.elettroservicegroup.it/" "Mozilla/5.0 (Windows NT 10.0; Win64; x64) AppleWebKit/537.36 (KHTML, like Gecko) Chrome/143.0.0.0 Safari/537.36 Edg/143.0.0.0"
195.62.185.194 - - [07/Jul/2026:16:08:30 +0200] "GET /wp-content/cache/wpfc-minified/10hpkmg7/4090j.css HTTP/2.0" 200 418 "https://elettroservicegroup.it/chi-siamo/" "Mozilla/5.0 (Windows NT 10.0; Win64; x64) AppleWebKit/537.36 (KHTML, like Gecko) Chrome/143.0.0.0 Safari/537.36 Edg/143.0.0.0"
195.62.185.194 - - [07/Jul/2026:16:08:30 +0200] "GET /wp-content/uploads/elementor/css/post-14146.css?ver=1783221575 HTTP/2.0" 200 428 "https://elettroservicegroup.it/chi-siamo/" "Mozilla/5.0 (Windows NT 10.0; Win64; x64) AppleWebKit/537.36 (KHTML, like Gecko) Chrome/143.0.0.0 Safari/537.36 Edg/143.0.0.0"
195.62.185.194 - - [07/Jul/2026:16:08:30 +0200] "GET /wp-content/uploads/elementor/css/post-15145.css?ver=1783221576 HTTP/2.0" 200 704 "https://elettroservicegroup.it/chi-siamo/" "Mozilla/5.0 (Windows NT 10.0; Win64; x64) AppleWebKit/537.36 (KHTML, like Gecko) Chrome/143.0.0.0 Safari/537.36 Edg/143.0.0.0"
195.62.185.194 - - [07/Jul/2026:16:08:30 +0200] "GET /wp-content/uploads/elementor/css/post-14366.css?ver=1783221576 HTTP/2.0" 200 310 "https://elettroservicegroup.it/chi-siamo/" "Mozilla/5.0 (Windows NT 10.0; Win64; x64) AppleWebKit/537.36 (KHTML, like Gecko) Chrome/143.0.0.0 Safari/537.36 Edg/143.0.0.0"
195.62.185.194 - - [07/Jul/2026:16:08:30 +0200] "GET /wp-content/cache/wpfc-minified/eh40z7s2/4090j.css HTTP/2.0" 200 11338 "https://elettroservicegroup.it/chi-siamo/" "Mozilla/5.0 (Windows NT 10.0; Win64; x64) AppleWebKit/537.36 (KHTML, like Gecko) Chrome/143.0.0.0 Safari/537.36 Edg/143.0.0.0"
195.62.185.194 - - [07/Jul/2026:16:08:30 +0200] "GET /wp-content/cache/wpfc-minified/7ahyfouu/4090j.css HTTP/2.0" 200 4410 "https://elettroservicegroup.it/chi-siamo/" "Mozilla/5.0 (Windows NT 10.0; Win64; x64) AppleWebKit/537.36 (KHTML, like Gecko) Chrome/143.0.0.0 Safari/537.36 Edg/143.0.0.0"
195.62.185.194 - - [07/Jul/2026:16:08:30 +0200] "GET /wp-content/cache/wpfc-minified/fspqf2ba/4090j.css HTTP/2.0" 200 16112 "https://elettroservicegroup.it/chi-siamo/" "Mozilla/5.0 (Windows NT 10.0; Win64; x64) AppleWebKit/537.36 (KHTML, like Gecko) Chrome/143.0.0.0 Safari/537.36 Edg/143.0.0.0"
195.62.185.194 - - [07/Jul/2026:16:08:30 +0200] "GET /wp-content/uploads/2026/05/COPERTINA-11-300x150-1.png HTTP/2.0" 200 30285 "https://elettroservicegroup.it/chi-siamo/" "Mozilla/5.0 (Windows NT 10.0; Win64; x64) AppleWebKit/537.36 (KHTML, like Gecko) Chrome/143.0.0.0 Safari/537.36 Edg/143.0.0.0"
195.62.185.194 - - [07/Jul/2026:16:08:30 +0200] "GET /wp-content/uploads/2021/10/cropped-cropped-cropped-logo_white_background.png HTTP/2.0" 200 38971 "https://elettroservicegroup.it/chi-siamo/" "Mozilla/5.0 (Windows NT 10.0; Win64; x64) AppleWebKit/537.36 (KHTML, like Gecko) Chrome/143.0.0.0 Safari/537.36 Edg/143.0.0.0"
195.62.185.194 - - [07/Jul/2026:16:08:30 +0200] "GET /wp-content/cache/wpfc-minified/m8vzkiox/4090j.css HTTP/2.0" 200 23329 "https://elettroservicegroup.it/chi-siamo/" "Mozilla/5.0 (Windows NT 10.0; Win64; x64) AppleWebKit/537.36 (KHTML, like Gecko) Chrome/143.0.0.0 Safari/537.36 Edg/143.0.0.0"
195.62.185.194 - - [07/Jul/2026:16:08:30 +0200] "GET /wp-content/cache/wpfc-minified/dih7xtos/4090j.css HTTP/2.0" 200 19027 "https://elettroservicegroup.it/chi-siamo/" "Mozilla/5.0 (Windows NT 10.0; Win64; x64) AppleWebKit/537.36 (KHTML, like Gecko) Chrome/143.0.0.0 Safari/537.36 Edg/143.0.0.0"
195.62.185.194 - - [07/Jul/2026:16:08:30 +0200] "GET /wp-content/cache/wpfc-minified/6yk1ya41/4090j.css HTTP/2.0" 200 14481 "https://elettroservicegroup.it/chi-siamo/" "Mozilla/5.0 (Windows NT 10.0; Win64; x64) AppleWebKit/537.36 (KHTML, like Gecko) Chrome/143.0.0.0 Safari/537.36 Edg/143.0.0.0"
195.62.185.194 - - [07/Jul/2026:16:08:30 +0200] "GET /wp-content/cache/wpfc-minified/kdwvm73z/4090j.js HTTP/2.0" 200 32843 "https://elettroservicegroup.it/chi-siamo/" "Mozilla/5.0 (Windows NT 10.0; Win64; x64) AppleWebKit/537.36 (KHTML, like Gecko) Chrome/143.0.0.0 Safari/537.36 Edg/143.0.0.0"
195.62.185.194 - - [07/Jul/2026:16:08:30 +0200] "GET /wp-content/cache/wpfc-minified/qwjjwn1t/4090j.js HTTP/2.0" 200 8744 "https://elettroservicegroup.it/chi-siamo/" "Mozilla/5.0 (Windows NT 10.0; Win64; x64) AppleWebKit/537.36 (KHTML, like Gecko) Chrome/143.0.0.0 Safari/537.36 Edg/143.0.0.0"
195.62.185.194 - - [07/Jul/2026:16:08:30 +0200] "GET /wp-content/plugins/gp-premium/menu-plus/functions/js/sticky.min.js?ver=2.5.5 HTTP/2.0" 200 2670 "https://elettroservicegroup.it/chi-siamo/" "Mozilla/5.0 (Windows NT 10.0; Win64; x64) AppleWebKit/537.36 (KHTML, like Gecko) Chrome/143.0.0.0 Safari/537.36 Edg/143.0.0.0"
195.62.185.194 - - [07/Jul/2026:16:08:30 +0200] "GET /wp-content/plugins/elementor/assets/js/webpack.runtime.min.js?ver=4.1.4 HTTP/2.0" 200 2340 "https://elettroservicegroup.it/chi-siamo/" "Mozilla/5.0 (Windows NT 10.0; Win64; x64) AppleWebKit/537.36 (KHTML, like Gecko) Chrome/143.0.0.0 Safari/537.36 Edg/143.0.0.0"
195.62.185.194 - - [07/Jul/2026:16:08:30 +0200] "GET /wp-content/plugins/elementor/assets/js/frontend-modules.min.js?ver=4.1.4 HTTP/2.0" 200 15454 "https://elettroservicegroup.it/chi-siamo/" "Mozilla/5.0 (Windows NT 10.0; Win64; x64) AppleWebKit/537.36 (KHTML, like Gecko) Chrome/143.0.0.0 Safari/537.36 Edg/143.0.0.0"
195.62.185.194 - - [07/Jul/2026:16:08:30 +0200] "GET /wp-content/themes/generatepress/assets/js/back-to-top.min.js?ver=3.6.1 HTTP/2.0" 200 336 "https://elettroservicegroup.it/chi-siamo/" "Mozilla/5.0 (Windows NT 10.0; Win64; x64) AppleWebKit/537.36 (KHTML, like Gecko) Chrome/143.0.0.0 Safari/537.36 Edg/143.0.0.0"
195.62.185.194 - - [07/Jul/2026:16:08:30 +0200] "GET /wp-content/themes/generatepress/assets/js/menu.min.js?ver=3.6.1 HTTP/2.0" 200 1688 "https://elettroservicegroup.it/chi-siamo/" "Mozilla/5.0 (Windows NT 10.0; Win64; x64) AppleWebKit/537.36 (KHTML, like Gecko) Chrome/143.0.0.0 Safari/537.36 Edg/143.0.0.0"
195.62.185.194 - - [07/Jul/2026:16:08:30 +0200] "GET /wp-includes/js/jquery/ui/core.min.js?ver=1.13.3 HTTP/2.0" 200 6820 "https://elettroservicegroup.it/chi-siamo/" "Mozilla/5.0 (Windows NT 10.0; Win64; x64) AppleWebKit/537.36 (KHTML, like Gecko) Chrome/143.0.0.0 Safari/537.36 Edg/143.0.0.0"
195.62.185.194 - - [07/Jul/2026:16:08:30 +0200] "GET /wp-content/plugins/elementor/assets/js/frontend.min.js?ver=4.1.4 HTTP/2.0" 200 10140 "https://elettroservicegroup.it/chi-siamo/" "Mozilla/5.0 (Windows NT 10.0; Win64; x64) AppleWebKit/537.36 (KHTML, like Gecko) Chrome/143.0.0.0 Safari/537.36 Edg/143.0.0.0"
195.62.185.194 - - [07/Jul/2026:16:08:30 +0200] "GET /wp-content/plugins/complianz-gdpr-premium/cookiebanner/js/complianz.min.js?ver=1783097327 HTTP/2.0" 200 10762 "https://elettroservicegroup.it/chi-siamo/" "Mozilla/5.0 (Windows NT 10.0; Win64; x64) AppleWebKit/537.36 (KHTML, like Gecko) Chrome/143.0.0.0 Safari/537.36 Edg/143.0.0.0"
195.62.185.194 - - [07/Jul/2026:16:08:30 +0200] "GET /wp-content/uploads/2026/05/RECENSIONI-gOOGLE.png HTTP/2.0" 200 5052 "https://elettroservicegroup.it/chi-siamo/" "Mozilla/5.0 (Windows NT 10.0; Win64; x64) AppleWebKit/537.36 (KHTML, like Gecko) Chrome/143.0.0.0 Safari/537.36 Edg/143.0.0.0"
195.62.185.194 - - [07/Jul/2026:16:08:30 +0200] "GET /wp-content/uploads/2021/10/COPERTINA.png HTTP/2.0" 200 238875 "https://elettroservicegroup.it/chi-siamo/" "Mozilla/5.0 (Windows NT 10.0; Win64; x64) AppleWebKit/537.36 (KHTML, like Gecko) Chrome/143.0.0.0 Safari/537.36 Edg/143.0.0.0"
195.62.185.194 - - [07/Jul/2026:16:08:30 +0200] "GET /wp-content/plugins/elementor/assets/lib/font-awesome/webfonts/fa-regular-400.woff2 HTTP/2.0" 200 13277 "https://elettroservicegroup.it/wp-content/cache/wpfc-minified/fspqf2ba/4090j.css" "Mozilla/5.0 (Windows NT 10.0; Win64; x64) AppleWebKit/537.36 (KHTML, like Gecko) Chrome/143.0.0.0 Safari/537.36 Edg/143.0.0.0"
195.62.185.194 - - [07/Jul/2026:16:08:30 +0200] "GET /wp-content/uploads/elementor/google-fonts/fonts/robotoslab-bngmuxzytxpivibgjjsb6ufn5qu.woff2 HTTP/2.0" 200 34328 "https://elettroservicegroup.it/wp-content/cache/wpfc-minified/6yk1ya41/4090j.css" "Mozilla/5.0 (Windows NT 10.0; Win64; x64) AppleWebKit/537.36 (KHTML, like Gecko) Chrome/143.0.0.0 Safari/537.36 Edg/143.0.0.0"
195.62.185.194 - - [07/Jul/2026:16:08:30 +0200] "GET /wp-content/plugins/elementor/assets/lib/font-awesome/webfonts/fa-solid-900.woff2 HTTP/2.0" 200 78201 "https://elettroservicegroup.it/wp-content/cache/wpfc-minified/fspqf2ba/4090j.css" "Mozilla/5.0 (Windows NT 10.0; Win64; x64) AppleWebKit/537.36 (KHTML, like Gecko) Chrome/143.0.0.0 Safari/537.36 Edg/143.0.0.0"
195.62.185.194 - - [07/Jul/2026:16:08:30 +0200] "GET /wp-content/plugins/elementor/assets/js/section-frontend-handlers.d85ab872da118940910d.bundle.min.js HTTP/2.0" 200 230 "https://elettroservicegroup.it/chi-siamo/" "Mozilla/5.0 (Windows NT 10.0; Win64; x64) AppleWebKit/537.36 (KHTML, like Gecko) Chrome/143.0.0.0 Safari/537.36 Edg/143.0.0.0"
195.62.185.194 - - [07/Jul/2026:16:08:30 +0200] "GET /wp-content/plugins/elementor/assets/js/text-editor.45609661e409413f1cef.bundle.min.js HTTP/2.0" 200 592 "https://elettroservicegroup.it/chi-siamo/" "Mozilla/5.0 (Windows NT 10.0; Win64; x64) AppleWebKit/537.36 (KHTML, like Gecko) Chrome/143.0.0.0 Safari/537.36 Edg/143.0.0.0"
195.62.185.194 - - [07/Jul/2026:16:08:30 +0200] "GET /wp-content/plugins/elementor/assets/js/shared-frontend-handlers.03caa53373b56d3bab67.bundle.min.js HTTP/2.0" 200 2515 "https://elettroservicegroup.it/chi-siamo/" "Mozilla/5.0 (Windows NT 10.0; Win64; x64) AppleWebKit/537.36 (KHTML, like Gecko) Chrome/143.0.0.0 Safari/537.36 Edg/143.0.0.0"
195.62.185.194 - - [07/Jul/2026:16:08:30 +0200] "GET /wp-content/uploads/2021/10/cropped-cropped-cropped-cropped-logo_white_background-32x32.png HTTP/2.0" 200 1525 "https://elettroservicegroup.it/chi-siamo/" "Mozilla/5.0 (Windows NT 10.0; Win64; x64) AppleWebKit/537.36 (KHTML, like Gecko) Chrome/143.0.0.0 Safari/537.36 Edg/143.0.0.0"
65.108.235.243 - - [07/Jul/2026:16:08:36 +0200] "POST /wp-cron.php?doing_wp_cron=1783433316.0335710048675537109375 HTTP/1.1" 200 1 "-" "WordPress/7.0; https://elettroservicegroup.it"
195.62.185.194 - - [07/Jul/2026:16:08:30 +0200] "GET /wp-json/complianz/v1/banner?lang=it&locale=it_IT&token=kbpaf HTTP/2.0" 200 82 "https://elettroservicegroup.it/chi-siamo/" "Mozilla/5.0 (Windows NT 10.0; Win64; x64) AppleWebKit/537.36 (KHTML, like Gecko) Chrome/143.0.0.0 Safari/537.36 Edg/143.0.0.0"
195.62.185.194 - - [07/Jul/2026:16:08:36 +0200] "GET /wp-content/uploads/complianz/css/banner-1-optin.css?v=45 HTTP/2.0" 200 2893 "https://elettroservicegroup.it/chi-siamo/" "Mozilla/5.0 (Windows NT 10.0; Win64; x64) AppleWebKit/537.36 (KHTML, like Gecko) Chrome/143.0.0.0 Safari/537.36 Edg/143.0.0.0"
195.62.185.194 - - [07/Jul/2026:16:08:36 +0200] "GET /wp-json/complianz/v1/cookie_data HTTP/2.0" 200 97 "https://elettroservicegroup.it/chi-siamo/" "Mozilla/5.0 (Windows NT 10.0; Win64; x64) AppleWebKit/537.36 (KHTML, like Gecko) Chrome/143.0.0.0 Safari/537.36 Edg/143.0.0.0"
195.62.185.194 - - [07/Jul/2026:16:09:00 +0200] "GET /wp-content/plugins/complianz-gdpr-premium/assets/images/placeholders/google-maps-minimal-1280x920.jpg HTTP/2.0" 200 55264 "https://elettroservicegroup.it/chi-siamo/" "Mozilla/5.0 (Windows NT 10.0; Win64; x64) AppleWebKit/537.36 (KHTML, like Gecko) Chrome/143.0.0.0 Safari/537.36 Edg/143.0.0.0"
65.108.235.243 - - [07/Jul/2026:16:09:06 +0200] "POST /wp-cron.php?doing_wp_cron=1783433346.2280540466308593750000 HTTP/1.1" 200 1 "-" "WordPress/7.0; https://elettroservicegroup.it"
195.62.185.194 - - [07/Jul/2026:16:09:04 +0200] "POST /wp-json/complianz/v1/track HTTP/2.0" 200 20 "https://elettroservicegroup.it/chi-siamo/" "Mozilla/5.0 (Windows NT 10.0; Win64; x64) AppleWebKit/537.36 (KHTML, like Gecko) Chrome/143.0.0.0 Safari/537.36 Edg/143.0.0.0"
43.136.86.241 - - [07/Jul/2026:16:11:17 +0200] "GET / HTTP/1.1" 200 23479 "http://elettroservicegroup.it" "Mozilla/5.0 (iPhone; CPU iPhone OS 13_2_3 like Mac OS X) AppleWebKit/605.1.15 (KHTML, like Gecko) Version/13.0.3 Mobile/15E148 Safari/604.1"
65.108.235.243 - - [07/Jul/2026:16:20:04 +0200] "POST /wp-cron.php?doing_wp_cron=1783434004.8328890800476074218750 HTTP/1.1" 200 1 "-" "WordPress/7.0; https://elettroservicegroup.it"
185.93.89.147 - - [07/Jul/2026:16:19:57 +0200] "GET /.git/config HTTP/1.1" 404 83689 "-" "Mozilla/5.0 (compatible; GitFinder/1.0)"
43.157.98.187 - - [07/Jul/2026:16:30:50 +0200] "GET / HTTP/1.1" 200 23479 "http://elettroservicegroup.it" "Mozilla/5.0 (iPhone; CPU iPhone OS 13_2_3 like Mac OS X) AppleWebKit/605.1.15 (KHTML, like Gecko) Version/13.0.3 Mobile/15E148 Safari/604.1"
167.114.139.238 - - [07/Jul/2026:16:36:01 +0200] "GET /robots.txt HTTP/2.0" 403 - "-" "Mozilla/5.0 (compatible; AhrefsBot/7.0; +http://ahrefs.com/robot/)"
92.222.108.101 - - [07/Jul/2026:16:36:03 +0200] "GET / HTTP/2.0" 403 - "-" "Mozilla/5.0 (compatible; AhrefsBot/7.0; +http://ahrefs.com/robot/)"
54.85.139.63 - - [07/Jul/2026:17:07:58 +0200] "GET / HTTP/1.1" 200 23186 "-" "Mozilla/5.0 (Windows NT 10.0; WOW64) AppleWebKit/537.36 (KHTML, like Gecko) Chrome/101.0.4951.54 Safari/537.36"
65.108.235.243 - - [07/Jul/2026:17:08:01 +0200] "POST /wp-json/complianz/v1/wsc-scan HTTP/1.1" 400 88 "-" "WordPress/7.0; https://elettroservicegroup.it"
65.108.235.243 - - [07/Jul/2026:17:08:09 +0200] "GET /?wp_scrape_key=1122ca5e7aa97b7cbc0f3ba1d82af854&wp_scrape_nonce=1783436887 HTTP/1.1" 500 185 "-" "WordPress/7.0; https://elettroservicegroup.it"
65.108.235.243 - - [07/Jul/2026:17:08:18 +0200] "GET /?wp_scrape_key=c18706a4d9d1eed6e97703aad2d27a02&wp_scrape_nonce=1783436896 HTTP/1.1" 500 184 "-" "WordPress/7.0; https://elettroservicegroup.it"
65.108.235.243 - - [07/Jul/2026:17:08:22 +0200] "POST /wp-admin/admin-ajax.php?action=wordfence_testAjax HTTP/1.1" 200 16 "-" "WordPress/7.0; https://elettroservicegroup.it"
65.108.235.243 - - [07/Jul/2026:17:08:23 +0200] "GET /wp-admin/admin-ajax.php?action=wordfence_doScan&isFork=0&scanMode=quick&cronKey=5f6565359cc8a7b1c8c961026b90da93&signature=b197041277081fbaa5af7734db19c30fc24815123f887c416563e7190fd2ce3b HTTP/1.1" 200 1 "-" "WordPress/7.0; https://elettroservicegroup.it"
43.130.3.122 - - [07/Jul/2026:17:16:42 +0200] "GET / HTTP/1.1" 200 23426 "http://www.elettroservicegroup.it" "Mozilla/5.0 (iPhone; CPU iPhone OS 13_2_3 like Mac OS X) AppleWebKit/605.1.15 (KHTML, like Gecko) Version/13.0.3 Mobile/15E148 Safari/604.1"
65.108.235.243 - - [07/Jul/2026:17:41:29 +0200] "POST /wp-cron.php?doing_wp_cron=1783438889.4209980964660644531250 HTTP/1.1" 200 1 "-" "WordPress/7.0; https://elettroservicegroup.it"
35.247.162.228 - - [07/Jul/2026:17:41:23 +0200] "GET /components/com_sppagebuilder/assets/css/sppagebuilder.css HTTP/2.0" 404 - "-" "Mozilla/5.0 (compatible; Googlebot/2.1; +http://www.google.com/bot.html)"
52.144.87.178 - - [07/Jul/2026:17:59:51 +0200] "GET /chi-siamo/?_gl=1*1prlfbs*_up*MQ..*_gs*MQ..&gclid=CjwKCAjwx7LSBhB3EiwAjcodxCMYsK-CbOCUMMod_-QBSqOl3IhRwy1WoSjhVEbCS0vf6YDDc-dO4BoCjP0QAvD_BwE&gbraid=0AAAABDgs-LRaFwSseoZNIbDKnP56d2qt0 HTTP/2.0" 200 22133 "https://reggio-emilia.elettroservicegroup.it/" "Mozilla/5.0 (Windows NT 10.0; Win64; x64) AppleWebKit/537.36 (KHTML, like Gecko) Chrome/149.0.0.0 Safari/537.36"
52.144.87.178 - - [07/Jul/2026:17:59:54 +0200] "GET /wp-content/cache/wpfc-minified/10hpkmg7/4090j.css HTTP/2.0" 200 418 "https://elettroservicegroup.it/chi-siamo/?_gl=1*1prlfbs*_up*MQ..*_gs*MQ..&gclid=CjwKCAjwx7LSBhB3EiwAjcodxCMYsK-CbOCUMMod_-QBSqOl3IhRwy1WoSjhVEbCS0vf6YDDc-dO4BoCjP0QAvD_BwE&gbraid=0AAAABDgs-LRaFwSseoZNIbDKnP56d2qt0" "Mozilla/5.0 (Windows NT 10.0; Win64; x64) AppleWebKit/537.36 (KHTML, like Gecko) Chrome/149.0.0.0 Safari/537.36"
52.144.87.178 - - [07/Jul/2026:17:59:54 +0200] "GET /wp-content/cache/wpfc-minified/m8vzkiox/4090j.css HTTP/2.0" 200 23329 "https://elettroservicegroup.it/chi-siamo/?_gl=1*1prlfbs*_up*MQ..*_gs*MQ..&gclid=CjwKCAjwx7LSBhB3EiwAjcodxCMYsK-CbOCUMMod_-QBSqOl3IhRwy1WoSjhVEbCS0vf6YDDc-dO4BoCjP0QAvD_BwE&gbraid=0AAAABDgs-LRaFwSseoZNIbDKnP56d2qt0" "Mozilla/5.0 (Windows NT 10.0; Win64; x64) AppleWebKit/537.36 (KHTML, like Gecko) Chrome/149.0.0.0 Safari/537.36"
52.144.87.178 - - [07/Jul/2026:17:59:54 +0200] "GET /wp-content/uploads/elementor/css/post-14146.css?ver=1783221575 HTTP/2.0" 200 428 "https://elettroservicegroup.it/chi-siamo/?_gl=1*1prlfbs*_up*MQ..*_gs*MQ..&gclid=CjwKCAjwx7LSBhB3EiwAjcodxCMYsK-CbOCUMMod_-QBSqOl3IhRwy1WoSjhVEbCS0vf6YDDc-dO4BoCjP0QAvD_BwE&gbraid=0AAAABDgs-LRaFwSseoZNIbDKnP56d2qt0" "Mozilla/5.0 (Windows NT 10.0; Win64; x64) AppleWebKit/537.36 (KHTML, like Gecko) Chrome/149.0.0.0 Safari/537.36"
52.144.87.178 - - [07/Jul/2026:17:59:54 +0200] "GET /wp-content/cache/wpfc-minified/eh40z7s2/4090j.css HTTP/2.0" 200 11338 "https://elettroservicegroup.it/chi-siamo/?_gl=1*1prlfbs*_up*MQ..*_gs*MQ..&gclid=CjwKCAjwx7LSBhB3EiwAjcodxCMYsK-CbOCUMMod_-QBSqOl3IhRwy1WoSjhVEbCS0vf6YDDc-dO4BoCjP0QAvD_BwE&gbraid=0AAAABDgs-LRaFwSseoZNIbDKnP56d2qt0" "Mozilla/5.0 (Windows NT 10.0; Win64; x64) AppleWebKit/537.36 (KHTML, like Gecko) Chrome/149.0.0.0 Safari/537.36"
52.144.87.178 - - [07/Jul/2026:17:59:54 +0200] "GET /wp-content/cache/wpfc-minified/fspqf2ba/4090j.css HTTP/2.0" 200 16112 "https://elettroservicegroup.it/chi-siamo/?_gl=1*1prlfbs*_up*MQ..*_gs*MQ..&gclid=CjwKCAjwx7LSBhB3EiwAjcodxCMYsK-CbOCUMMod_-QBSqOl3IhRwy1WoSjhVEbCS0vf6YDDc-dO4BoCjP0QAvD_BwE&gbraid=0AAAABDgs-LRaFwSseoZNIbDKnP56d2qt0" "Mozilla/5.0 (Windows NT 10.0; Win64; x64) AppleWebKit/537.36 (KHTML, like Gecko) Chrome/149.0.0.0 Safari/537.36"
52.144.87.178 - - [07/Jul/2026:17:59:54 +0200] "GET /wp-content/uploads/elementor/css/post-14366.css?ver=1783221576 HTTP/2.0" 200 310 "https://elettroservicegroup.it/chi-siamo/?_gl=1*1prlfbs*_up*MQ..*_gs*MQ..&gclid=CjwKCAjwx7LSBhB3EiwAjcodxCMYsK-CbOCUMMod_-QBSqOl3IhRwy1WoSjhVEbCS0vf6YDDc-dO4BoCjP0QAvD_BwE&gbraid=0AAAABDgs-LRaFwSseoZNIbDKnP56d2qt0" "Mozilla/5.0 (Windows NT 10.0; Win64; x64) AppleWebKit/537.36 (KHTML, like Gecko) Chrome/149.0.0.0 Safari/537.36"
52.144.87.178 - - [07/Jul/2026:17:59:54 +0200] "GET /wp-content/cache/wpfc-minified/7ahyfouu/4090j.css HTTP/2.0" 200 4410 "https://elettroservicegroup.it/chi-siamo/?_gl=1*1prlfbs*_up*MQ..*_gs*MQ..&gclid=CjwKCAjwx7LSBhB3EiwAjcodxCMYsK-CbOCUMMod_-QBSqOl3IhRwy1WoSjhVEbCS0vf6YDDc-dO4BoCjP0QAvD_BwE&gbraid=0AAAABDgs-LRaFwSseoZNIbDKnP56d2qt0" "Mozilla/5.0 (Windows NT 10.0; Win64; x64) AppleWebKit/537.36 (KHTML, like Gecko) Chrome/149.0.0.0 Safari/537.36"
52.144.87.178 - - [07/Jul/2026:17:59:54 +0200] "GET /wp-content/cache/wpfc-minified/dih7xtos/4090j.css HTTP/2.0" 200 19027 "https://elettroservicegroup.it/chi-siamo/?_gl=1*1prlfbs*_up*MQ..*_gs*MQ..&gclid=CjwKCAjwx7LSBhB3EiwAjcodxCMYsK-CbOCUMMod_-QBSqOl3IhRwy1WoSjhVEbCS0vf6YDDc-dO4BoCjP0QAvD_BwE&gbraid=0AAAABDgs-LRaFwSseoZNIbDKnP56d2qt0" "Mozilla/5.0 (Windows NT 10.0; Win64; x64) AppleWebKit/537.36 (KHTML, like Gecko) Chrome/149.0.0.0 Safari/537.36"
52.144.87.178 - - [07/Jul/2026:17:59:54 +0200] "GET /wp-content/cache/wpfc-minified/6yk1ya41/4090j.css HTTP/2.0" 200 14481 "https://elettroservicegroup.it/chi-siamo/?_gl=1*1prlfbs*_up*MQ..*_gs*MQ..&gclid=CjwKCAjwx7LSBhB3EiwAjcodxCMYsK-CbOCUMMod_-QBSqOl3IhRwy1WoSjhVEbCS0vf6YDDc-dO4BoCjP0QAvD_BwE&gbraid=0AAAABDgs-LRaFwSseoZNIbDKnP56d2qt0" "Mozilla/5.0 (Windows NT 10.0; Win64; x64) AppleWebKit/537.36 (KHTML, like Gecko) Chrome/149.0.0.0 Safari/537.36"
52.144.87.178 - - [07/Jul/2026:17:59:54 +0200] "GET /wp-content/cache/wpfc-minified/kdwvm73z/4090j.js HTTP/2.0" 200 32843 "https://elettroservicegroup.it/chi-siamo/?_gl=1*1prlfbs*_up*MQ..*_gs*MQ..&gclid=CjwKCAjwx7LSBhB3EiwAjcodxCMYsK-CbOCUMMod_-QBSqOl3IhRwy1WoSjhVEbCS0vf6YDDc-dO4BoCjP0QAvD_BwE&gbraid=0AAAABDgs-LRaFwSseoZNIbDKnP56d2qt0" "Mozilla/5.0 (Windows NT 10.0; Win64; x64) AppleWebKit/537.36 (KHTML, like Gecko) Chrome/149.0.0.0 Safari/537.36"
52.144.87.178 - - [07/Jul/2026:17:59:54 +0200] "GET /wp-content/cache/wpfc-minified/qwjjwn1t/4090j.js HTTP/2.0" 200 8744 "https://elettroservicegroup.it/chi-siamo/?_gl=1*1prlfbs*_up*MQ..*_gs*MQ..&gclid=CjwKCAjwx7LSBhB3EiwAjcodxCMYsK-CbOCUMMod_-QBSqOl3IhRwy1WoSjhVEbCS0vf6YDDc-dO4BoCjP0QAvD_BwE&gbraid=0AAAABDgs-LRaFwSseoZNIbDKnP56d2qt0" "Mozilla/5.0 (Windows NT 10.0; Win64; x64) AppleWebKit/537.36 (KHTML, like Gecko) Chrome/149.0.0.0 Safari/537.36"
52.144.87.178 - - [07/Jul/2026:17:59:54 +0200] "GET /wp-content/uploads/2021/10/cropped-cropped-cropped-logo_white_background.png HTTP/2.0" 200 38971 "https://elettroservicegroup.it/chi-siamo/?_gl=1*1prlfbs*_up*MQ..*_gs*MQ..&gclid=CjwKCAjwx7LSBhB3EiwAjcodxCMYsK-CbOCUMMod_-QBSqOl3IhRwy1WoSjhVEbCS0vf6YDDc-dO4BoCjP0QAvD_BwE&gbraid=0AAAABDgs-LRaFwSseoZNIbDKnP56d2qt0" "Mozilla/5.0 (Windows NT 10.0; Win64; x64) AppleWebKit/537.36 (KHTML, like Gecko) Chrome/149.0.0.0 Safari/537.36"
52.144.87.178 - - [07/Jul/2026:17:59:54 +0200] "GET /wp-content/uploads/2026/05/COPERTINA-11-300x150-1.png HTTP/2.0" 200 30285 "https://elettroservicegroup.it/chi-siamo/?_gl=1*1prlfbs*_up*MQ..*_gs*MQ..&gclid=CjwKCAjwx7LSBhB3EiwAjcodxCMYsK-CbOCUMMod_-QBSqOl3IhRwy1WoSjhVEbCS0vf6YDDc-dO4BoCjP0QAvD_BwE&gbraid=0AAAABDgs-LRaFwSseoZNIbDKnP56d2qt0" "Mozilla/5.0 (Windows NT 10.0; Win64; x64) AppleWebKit/537.36 (KHTML, like Gecko) Chrome/149.0.0.0 Safari/537.36"
52.144.87.178 - - [07/Jul/2026:17:59:54 +0200] "GET /wp-content/plugins/gp-premium/menu-plus/functions/js/sticky.min.js?ver=2.5.5 HTTP/2.0" 200 2670 "https://elettroservicegroup.it/chi-siamo/?_gl=1*1prlfbs*_up*MQ..*_gs*MQ..&gclid=CjwKCAjwx7LSBhB3EiwAjcodxCMYsK-CbOCUMMod_-QBSqOl3IhRwy1WoSjhVEbCS0vf6YDDc-dO4BoCjP0QAvD_BwE&gbraid=0AAAABDgs-LRaFwSseoZNIbDKnP56d2qt0" "Mozilla/5.0 (Windows NT 10.0; Win64; x64) AppleWebKit/537.36 (KHTML, like Gecko) Chrome/149.0.0.0 Safari/537.36"
52.144.87.178 - - [07/Jul/2026:17:59:55 +0200] "GET /wp-content/plugins/elementor/assets/js/webpack.runtime.min.js?ver=4.1.4 HTTP/2.0" 200 2340 "https://elettroservicegroup.it/chi-siamo/?_gl=1*1prlfbs*_up*MQ..*_gs*MQ..&gclid=CjwKCAjwx7LSBhB3EiwAjcodxCMYsK-CbOCUMMod_-QBSqOl3IhRwy1WoSjhVEbCS0vf6YDDc-dO4BoCjP0QAvD_BwE&gbraid=0AAAABDgs-LRaFwSseoZNIbDKnP56d2qt0" "Mozilla/5.0 (Windows NT 10.0; Win64; x64) AppleWebKit/537.36 (KHTML, like Gecko) Chrome/149.0.0.0 Safari/537.36"
52.144.87.178 - - [07/Jul/2026:17:59:55 +0200] "GET /wp-content/plugins/elementor/assets/js/frontend-modules.min.js?ver=4.1.4 HTTP/2.0" 200 15454 "https://elettroservicegroup.it/chi-siamo/?_gl=1*1prlfbs*_up*MQ..*_gs*MQ..&gclid=CjwKCAjwx7LSBhB3EiwAjcodxCMYsK-CbOCUMMod_-QBSqOl3IhRwy1WoSjhVEbCS0vf6YDDc-dO4BoCjP0QAvD_BwE&gbraid=0AAAABDgs-LRaFwSseoZNIbDKnP56d2qt0" "Mozilla/5.0 (Windows NT 10.0; Win64; x64) AppleWebKit/537.36 (KHTML, like Gecko) Chrome/149.0.0.0 Safari/537.36"
52.144.87.178 - - [07/Jul/2026:17:59:55 +0200] "GET /wp-includes/js/jquery/ui/core.min.js?ver=1.13.3 HTTP/2.0" 200 6820 "https://elettroservicegroup.it/chi-siamo/?_gl=1*1prlfbs*_up*MQ..*_gs*MQ..&gclid=CjwKCAjwx7LSBhB3EiwAjcodxCMYsK-CbOCUMMod_-QBSqOl3IhRwy1WoSjhVEbCS0vf6YDDc-dO4BoCjP0QAvD_BwE&gbraid=0AAAABDgs-LRaFwSseoZNIbDKnP56d2qt0" "Mozilla/5.0 (Windows NT 10.0; Win64; x64) AppleWebKit/537.36 (KHTML, like Gecko) Chrome/149.0.0.0 Safari/537.36"
52.144.87.178 - - [07/Jul/2026:17:59:55 +0200] "GET /wp-content/plugins/elementor/assets/js/frontend.min.js?ver=4.1.4 HTTP/2.0" 200 10140 "https://elettroservicegroup.it/chi-siamo/?_gl=1*1prlfbs*_up*MQ..*_gs*MQ..&gclid=CjwKCAjwx7LSBhB3EiwAjcodxCMYsK-CbOCUMMod_-QBSqOl3IhRwy1WoSjhVEbCS0vf6YDDc-dO4BoCjP0QAvD_BwE&gbraid=0AAAABDgs-LRaFwSseoZNIbDKnP56d2qt0" "Mozilla/5.0 (Windows NT 10.0; Win64; x64) AppleWebKit/537.36 (KHTML, like Gecko) Chrome/149.0.0.0 Safari/537.36"
52.144.87.178 - - [07/Jul/2026:17:59:55 +0200] "GET /wp-content/themes/generatepress/assets/js/menu.min.js?ver=3.6.1 HTTP/2.0" 200 1688 "https://elettroservicegroup.it/chi-siamo/?_gl=1*1prlfbs*_up*MQ..*_gs*MQ..&gclid=CjwKCAjwx7LSBhB3EiwAjcodxCMYsK-CbOCUMMod_-QBSqOl3IhRwy1WoSjhVEbCS0vf6YDDc-dO4BoCjP0QAvD_BwE&gbraid=0AAAABDgs-LRaFwSseoZNIbDKnP56d2qt0" "Mozilla/5.0 (Windows NT 10.0; Win64; x64) AppleWebKit/537.36 (KHTML, like Gecko) Chrome/149.0.0.0 Safari/537.36"
52.144.87.178 - - [07/Jul/2026:17:59:55 +0200] "GET /wp-content/themes/generatepress/assets/js/back-to-top.min.js?ver=3.6.1 HTTP/2.0" 200 336 "https://elettroservicegroup.it/chi-siamo/?_gl=1*1prlfbs*_up*MQ..*_gs*MQ..&gclid=CjwKCAjwx7LSBhB3EiwAjcodxCMYsK-CbOCUMMod_-QBSqOl3IhRwy1WoSjhVEbCS0vf6YDDc-dO4BoCjP0QAvD_BwE&gbraid=0AAAABDgs-LRaFwSseoZNIbDKnP56d2qt0" "Mozilla/5.0 (Windows NT 10.0; Win64; x64) AppleWebKit/537.36 (KHTML, like Gecko) Chrome/149.0.0.0 Safari/537.36"
52.144.87.178 - - [07/Jul/2026:17:59:56 +0200] "GET /wp-content/plugins/complianz-gdpr-premium/cookiebanner/js/complianz.min.js?ver=1783097327 HTTP/2.0" 200 10762 "https://elettroservicegroup.it/chi-siamo/?_gl=1*1prlfbs*_up*MQ..*_gs*MQ..&gclid=CjwKCAjwx7LSBhB3EiwAjcodxCMYsK-CbOCUMMod_-QBSqOl3IhRwy1WoSjhVEbCS0vf6YDDc-dO4BoCjP0QAvD_BwE&gbraid=0AAAABDgs-LRaFwSseoZNIbDKnP56d2qt0" "Mozilla/5.0 (Windows NT 10.0; Win64; x64) AppleWebKit/537.36 (KHTML, like Gecko) Chrome/149.0.0.0 Safari/537.36"
65.108.235.243 - - [07/Jul/2026:17:59:59 +0200] "POST /wp-cron.php?doing_wp_cron=1783439999.1266930103302001953125 HTTP/1.1" 200 1 "-" "WordPress/7.0; https://elettroservicegroup.it"
52.144.87.178 - - [07/Jul/2026:17:59:54 +0200] "GET /wp-content/uploads/elementor/css/post-15145.css?ver=1783221576 HTTP/2.0" 404 19089 "https://elettroservicegroup.it/chi-siamo/?_gl=1*1prlfbs*_up*MQ..*_gs*MQ..&gclid=CjwKCAjwx7LSBhB3EiwAjcodxCMYsK-CbOCUMMod_-QBSqOl3IhRwy1WoSjhVEbCS0vf6YDDc-dO4BoCjP0QAvD_BwE&gbraid=0AAAABDgs-LRaFwSseoZNIbDKnP56d2qt0" "Mozilla/5.0 (Windows NT 10.0; Win64; x64) AppleWebKit/537.36 (KHTML, like Gecko) Chrome/149.0.0.0 Safari/537.36"
