64.233.172.193 - - [07/Jul/2026:22:19:07 +0200] "GET /wp-content/plugins/elementor/assets/lib/font-awesome/css/solid.css?ver=5.15.3 HTTP/1.1" 200 299 "https://brescia.elettroservicegroup.it/?gclid=1897298015" "Mozilla/5.0 AppleWebKit/537.36 (KHTML, like Gecko; Mozilla/5.0, Google-AdWords-Express) Chrome/149.0.7827.200 Safari/537.36"
64.233.172.192 - - [07/Jul/2026:22:19:07 +0200] "GET /wp-content/plugins/elementor/assets/lib/eicons/css/elementor-icons.min.css?ver=5.34.0 HTTP/1.1" 200 4125 "https://brescia.elettroservicegroup.it/?gclid=1897298015" "Mozilla/5.0 AppleWebKit/537.36 (KHTML, like Gecko; Mozilla/5.0, Google-AdWords-Express) Chrome/149.0.7827.200 Safari/537.36"
64.233.172.194 - - [07/Jul/2026:22:19:07 +0200] "GET /wp-content/plugins/elementor/assets/lib/font-awesome/css/all.min.css?ver=4.1.4 HTTP/1.1" 200 12402 "https://brescia.elettroservicegroup.it/?gclid=1897298015" "Mozilla/5.0 AppleWebKit/537.36 (KHTML, like Gecko; Mozilla/5.0, Google-AdWords-Express) Chrome/149.0.7827.200 Safari/537.36"
64.233.172.192 - - [07/Jul/2026:22:19:07 +0200] "GET /wp-includes/js/jquery/jquery.min.js?ver=3.7.1 HTTP/1.1" 200 29769 "https://brescia.elettroservicegroup.it/?gclid=1897298015" "Mozilla/5.0 AppleWebKit/537.36 (KHTML, like Gecko; Mozilla/5.0, Google-AdWords-Express) Chrome/149.0.7827.200 Safari/537.36"
64.233.172.194 - - [07/Jul/2026:22:19:07 +0200] "GET /wp-content/uploads/elementor/css/post-14366.css?ver=1783349208 HTTP/1.1" 200 297 "https://brescia.elettroservicegroup.it/?gclid=1897298015" "Mozilla/5.0 AppleWebKit/537.36 (KHTML, like Gecko; Mozilla/5.0, Google-AdWords-Express) Chrome/149.0.7827.200 Safari/537.36"
64.233.172.192 - - [07/Jul/2026:22:19:07 +0200] "GET /wp-content/plugins/wpfront-notification-bar/css/wpfront-notification-bar.min.css?ver=3.5.1.05102 HTTP/1.1" 200 665 "https://brescia.elettroservicegroup.it/?gclid=1897298015" "Mozilla/5.0 AppleWebKit/537.36 (KHTML, like Gecko; Mozilla/5.0, Google-AdWords-Express) Chrome/149.0.7827.200 Safari/537.36"
64.233.172.193 - - [07/Jul/2026:22:19:07 +0200] "GET /wp-content/themes/generatepress/assets/css/main.min.css?ver=3.6.1 HTTP/1.1" 200 4410 "https://brescia.elettroservicegroup.it/?gclid=1897298015" "Mozilla/5.0 AppleWebKit/537.36 (KHTML, like Gecko; Mozilla/5.0, Google-AdWords-Express) Chrome/149.0.7827.200 Safari/537.36"
64.233.172.194 - - [07/Jul/2026:22:19:07 +0200] "GET /wp-content/plugins/elementor/assets/css/frontend.min.css?ver=4.1.4 HTTP/1.1" 200 6618 "https://brescia.elettroservicegroup.it/?gclid=1897298015" "Mozilla/5.0 AppleWebKit/537.36 (KHTML, like Gecko; Mozilla/5.0, Google-AdWords-Express) Chrome/149.0.7827.200 Safari/537.36"
64.233.172.193 - - [07/Jul/2026:22:19:07 +0200] "GET /wp-content/plugins/gp-premium/blog/functions/css/style.min.css?ver=2.5.5 HTTP/1.1" 200 1018 "https://brescia.elettroservicegroup.it/?gclid=1897298015" "Mozilla/5.0 AppleWebKit/537.36 (KHTML, like Gecko; Mozilla/5.0, Google-AdWords-Express) Chrome/149.0.7827.200 Safari/537.36"
64.233.172.193 - - [07/Jul/2026:22:19:07 +0200] "GET /wp-content/uploads/elementor/google-fonts/css/roboto.css?ver=1742275292 HTTP/1.1" 200 1886 "https://brescia.elettroservicegroup.it/?gclid=1897298015" "Mozilla/5.0 AppleWebKit/537.36 (KHTML, like Gecko; Mozilla/5.0, Google-AdWords-Express) Chrome/149.0.7827.200 Safari/537.36"
64.233.172.194 - - [07/Jul/2026:22:19:07 +0200] "GET /wp-content/plugins/gp-premium/menu-plus/functions/js/sticky.min.js?ver=2.5.5 HTTP/1.1" 200 2670 "https://brescia.elettroservicegroup.it/?gclid=1897298015" "Mozilla/5.0 AppleWebKit/537.36 (KHTML, like Gecko; Mozilla/5.0, Google-AdWords-Express) Chrome/149.0.7827.200 Safari/537.36"
64.233.172.193 - - [07/Jul/2026:22:19:07 +0200] "GET /wp-content/plugins/header-footer-elementor/inc/widgets-css/frontend.css?ver=2.9.0 HTTP/1.1" 200 8711 "https://brescia.elettroservicegroup.it/?gclid=1897298015" "Mozilla/5.0 AppleWebKit/537.36 (KHTML, like Gecko; Mozilla/5.0, Google-AdWords-Express) Chrome/149.0.7827.200 Safari/537.36"
64.233.172.192 - - [07/Jul/2026:22:19:07 +0200] "GET /wp-content/plugins/elementor/assets/lib/font-awesome/css/brands.css?ver=5.15.3 HTTP/1.1" 200 298 "https://brescia.elettroservicegroup.it/?gclid=1897298015" "Mozilla/5.0 AppleWebKit/537.36 (KHTML, like Gecko; Mozilla/5.0, Google-AdWords-Express) Chrome/149.0.7827.200 Safari/537.36"
64.233.172.194 - - [07/Jul/2026:22:19:07 +0200] "GET /wp-content/plugins/header-footer-elementor/assets/css/header-footer-elementor.css?ver=2.9.0 HTTP/1.1" 200 260 "https://brescia.elettroservicegroup.it/?gclid=1897298015" "Mozilla/5.0 AppleWebKit/537.36 (KHTML, like Gecko; Mozilla/5.0, Google-AdWords-Express) Chrome/149.0.7827.200 Safari/537.36"
64.233.172.192 - - [07/Jul/2026:22:19:07 +0200] "GET /wp-content/uploads/elementor/google-fonts/css/robotoslab.css?ver=1742275294 HTTP/1.1" 200 717 "https://brescia.elettroservicegroup.it/?gclid=1897298015" "Mozilla/5.0 AppleWebKit/537.36 (KHTML, like Gecko; Mozilla/5.0, Google-AdWords-Express) Chrome/149.0.7827.200 Safari/537.36"
64.233.172.192 - - [07/Jul/2026:22:19:07 +0200] "GET /wp-content/plugins/essential-addons-for-elementor-lite/assets/front-end/css/view/general.min.css?ver=6.6.10 HTTP/1.1" 200 1422 "https://brescia.elettroservicegroup.it/?gclid=1897298015" "Mozilla/5.0 AppleWebKit/537.36 (KHTML, like Gecko; Mozilla/5.0, Google-AdWords-Express) Chrome/149.0.7827.200 Safari/537.36"
64.233.172.192 - - [07/Jul/2026:22:19:07 +0200] "GET /wp-content/plugins/wpfront-notification-bar/js/wpfront-notification-bar.min.js?ver=3.5.1.05102 HTTP/1.1" 200 1497 "https://brescia.elettroservicegroup.it/?gclid=1897298015" "Mozilla/5.0 AppleWebKit/537.36 (KHTML, like Gecko; Mozilla/5.0, Google-AdWords-Express) Chrome/149.0.7827.200 Safari/537.36"
64.233.172.194 - - [07/Jul/2026:22:19:07 +0200] "GET /wp-content/plugins/elementor/assets/lib/eicons/css/elementor-icons.min.css?ver=5.50.0 HTTP/1.1" 200 4125 "https://brescia.elettroservicegroup.it/?gclid=1897298015" "Mozilla/5.0 AppleWebKit/537.36 (KHTML, like Gecko; Mozilla/5.0, Google-AdWords-Express) Chrome/149.0.7827.200 Safari/537.36"
64.233.172.192 - - [07/Jul/2026:22:19:07 +0200] "GET /wp-includes/js/jquery/jquery-migrate.min.js?ver=3.4.1 HTTP/1.1" 200 4685 "https://brescia.elettroservicegroup.it/?gclid=1897298015" "Mozilla/5.0 AppleWebKit/537.36 (KHTML, like Gecko; Mozilla/5.0, Google-AdWords-Express) Chrome/149.0.7827.200 Safari/537.36"
64.233.172.192 - - [07/Jul/2026:22:19:07 +0200] "GET /wp-content/themes/generatepress/assets/js/back-to-top.min.js?ver=3.6.1 HTTP/1.1" 200 336 "https://brescia.elettroservicegroup.it/?gclid=1897298015" "Mozilla/5.0 AppleWebKit/537.36 (KHTML, like Gecko; Mozilla/5.0, Google-AdWords-Express) Chrome/149.0.7827.200 Safari/537.36"
64.233.172.193 - - [07/Jul/2026:22:19:07 +0200] "GET /wp-content/plugins/elementor/assets/lib/font-awesome/css/fontawesome.css?ver=5.15.3 HTTP/1.1" 200 12535 "https://brescia.elettroservicegroup.it/?gclid=1897298015" "Mozilla/5.0 AppleWebKit/537.36 (KHTML, like Gecko; Mozilla/5.0, Google-AdWords-Express) Chrome/149.0.7827.200 Safari/537.36"
64.233.172.193 - - [07/Jul/2026:22:19:07 +0200] "GET /wp-content/plugins/all-in-one-seo-pack/dist/Lite/assets/css/table-of-contents/global.e90f6d47.css?ver=4.9.9 HTTP/1.1" 200 420 "https://brescia.elettroservicegroup.it/?gclid=1897298015" "Mozilla/5.0 AppleWebKit/537.36 (KHTML, like Gecko; Mozilla/5.0, Google-AdWords-Express) Chrome/149.0.7827.200 Safari/537.36"
64.233.172.192 - - [07/Jul/2026:22:19:07 +0200] "GET /wp-content/plugins/essential-addons-for-elementor-lite/assets/front-end/js/view/general.min.js?ver=6.6.10 HTTP/1.1" 200 3900 "https://brescia.elettroservicegroup.it/?gclid=1897298015" "Mozilla/5.0 AppleWebKit/537.36 (KHTML, like Gecko; Mozilla/5.0, Google-AdWords-Express) Chrome/149.0.7827.200 Safari/537.36"
64.233.172.192 - - [07/Jul/2026:22:19:07 +0200] "GET /wp-content/plugins/elementor/assets/js/frontend-modules.min.js?ver=4.1.4 HTTP/1.1" 200 15454 "https://brescia.elettroservicegroup.it/?gclid=1897298015" "Mozilla/5.0 AppleWebKit/537.36 (KHTML, like Gecko; Mozilla/5.0, Google-AdWords-Express) Chrome/149.0.7827.200 Safari/537.36"
64.233.172.193 - - [07/Jul/2026:22:19:07 +0200] "GET /wp-content/plugins/elementor/assets/js/webpack.runtime.min.js?ver=4.1.4 HTTP/1.1" 200 2340 "https://brescia.elettroservicegroup.it/?gclid=1897298015" "Mozilla/5.0 AppleWebKit/537.36 (KHTML, like Gecko; Mozilla/5.0, Google-AdWords-Express) Chrome/149.0.7827.200 Safari/537.36"
64.233.172.194 - - [07/Jul/2026:22:19:07 +0200] "GET /wp-includes/js/jquery/ui/core.min.js?ver=1.13.3 HTTP/1.1" 200 6820 "https://brescia.elettroservicegroup.it/?gclid=1897298015" "Mozilla/5.0 AppleWebKit/537.36 (KHTML, like Gecko; Mozilla/5.0, Google-AdWords-Express) Chrome/149.0.7827.200 Safari/537.36"
64.233.172.192 - - [07/Jul/2026:22:19:07 +0200] "GET /wp-content/plugins/elementor/assets/js/frontend.min.js?ver=4.1.4 HTTP/1.1" 200 10140 "https://brescia.elettroservicegroup.it/?gclid=1897298015" "Mozilla/5.0 AppleWebKit/537.36 (KHTML, like Gecko; Mozilla/5.0, Google-AdWords-Express) Chrome/149.0.7827.200 Safari/537.36"
64.233.172.193 - - [07/Jul/2026:22:19:07 +0200] "GET /wp-content/plugins/complianz-gdpr-premium/cookiebanner/js/complianz.min.js?ver=1783097345 HTTP/1.1" 200 10762 "https://brescia.elettroservicegroup.it/?gclid=1897298015" "Mozilla/5.0 AppleWebKit/537.36 (KHTML, like Gecko; Mozilla/5.0, Google-AdWords-Express) Chrome/149.0.7827.200 Safari/537.36"
64.233.172.192 - - [07/Jul/2026:22:19:07 +0200] "GET /wp-json/complianz/v1/banner?lang=it&locale=it_IT&token=ezmvo HTTP/1.1" 200 81 "https://brescia.elettroservicegroup.it/?gclid=1897298015" "Mozilla/5.0 AppleWebKit/537.36 (KHTML, like Gecko; Mozilla/5.0, Google-AdWords-Express) Chrome/149.0.7827.200 Safari/537.36"
64.233.172.193 - - [07/Jul/2026:22:19:09 +0200] "GET /wp-content/uploads/complianz/css/banner-1-optin.css?v=22 HTTP/1.1" 200 2848 "https://brescia.elettroservicegroup.it/?gclid=1897298015" "Mozilla/5.0 AppleWebKit/537.36 (KHTML, like Gecko; Mozilla/5.0, Google-AdWords-Express) Chrome/149.0.7827.200 Safari/537.36"
64.233.172.194 - - [07/Jul/2026:22:19:09 +0200] "GET /wp-content/plugins/elementor/assets/js/section-frontend-handlers.d85ab872da118940910d.bundle.min.js HTTP/1.1" 200 230 "https://brescia.elettroservicegroup.it/?gclid=1897298015" "Mozilla/5.0 AppleWebKit/537.36 (KHTML, like Gecko; Mozilla/5.0, Google-AdWords-Express) Chrome/149.0.7827.200 Safari/537.36"
64.233.172.193 - - [07/Jul/2026:22:19:09 +0200] "GET /wp-content/plugins/elementor/assets/js/text-editor.45609661e409413f1cef.bundle.min.js HTTP/1.1" 200 592 "https://brescia.elettroservicegroup.it/?gclid=1897298015" "Mozilla/5.0 AppleWebKit/537.36 (KHTML, like Gecko; Mozilla/5.0, Google-AdWords-Express) Chrome/149.0.7827.200 Safari/537.36"
64.233.172.193 - - [07/Jul/2026:22:19:09 +0200] "GET /wp-content/plugins/elementor/assets/js/shared-frontend-handlers.03caa53373b56d3bab67.bundle.min.js HTTP/1.1" 200 2515 "https://brescia.elettroservicegroup.it/?gclid=1897298015" "Mozilla/5.0 AppleWebKit/537.36 (KHTML, like Gecko; Mozilla/5.0, Google-AdWords-Express) Chrome/149.0.7827.200 Safari/537.36"
65.108.235.243 - - [07/Jul/2026:22:33:16 +0200] "POST /wp-cron.php?doing_wp_cron=1783456396.6353759765625000000000 HTTP/1.1" 200 1 "-" "WordPress/7.0; https://brescia.elettroservicegroup.it"
139.180.209.5 - - [07/Jul/2026:22:33:10 +0200] "POST /?wpd_ping=233a196051d8 HTTP/2.0" 200 103164 "-" "WPDefender-Controller/1.0"
139.180.209.5 - - [07/Jul/2026:22:33:17 +0200] "POST /wp-content/db.php?wpd_ping=233a196051d8 HTTP/2.0" 404 92089 "-" "WPDefender-Controller/1.0"
139.180.209.5 - - [07/Jul/2026:22:33:17 +0200] "POST /?wpd_ping=233a196051d8 HTTP/2.0" 200 103164 "-" "WPDefender-Controller/1.0"
139.180.209.5 - - [07/Jul/2026:22:33:17 +0200] "POST /wp-includes/class-wp-db-session.php?wpd_ping=233a196051d8 HTTP/2.0" 404 92197 "-" "WPDefender-Controller/1.0"
65.108.235.243 - - [07/Jul/2026:22:47:32 +0200] "POST /wp-cron.php?doing_wp_cron=1783457252.3318541049957275390625 HTTP/1.1" 200 1 "-" "WordPress/7.0; https://brescia.elettroservicegroup.it"
139.180.209.5 - - [07/Jul/2026:22:47:26 +0200] "POST /?wpd_ping=233a196051d8 HTTP/2.0" 200 103164 "-" "WPDefender-Controller/1.0"
139.180.209.5 - - [07/Jul/2026:22:47:33 +0200] "POST /?wpd_ping=233a196051d8 HTTP/2.0" 200 103164 "-" "WPDefender-Controller/1.0"
139.180.209.5 - - [07/Jul/2026:22:47:33 +0200] "POST /wp-includes/class-wp-db-session.php?wpd_ping=233a196051d8 HTTP/2.0" 404 92197 "-" "WPDefender-Controller/1.0"
139.180.209.5 - - [07/Jul/2026:22:47:33 +0200] "POST /wp-content/db.php?wpd_ping=233a196051d8 HTTP/2.0" 404 92089 "-" "WPDefender-Controller/1.0"
65.108.235.243 - - [07/Jul/2026:23:04:08 +0200] "POST /wp-cron.php?doing_wp_cron=1783458248.8314130306243896484375 HTTP/1.1" 200 1 "-" "WordPress/7.0; https://brescia.elettroservicegroup.it"
139.180.209.5 - - [07/Jul/2026:23:03:58 +0200] "POST /?wpd_ping=233a196051d8 HTTP/2.0" 200 103164 "-" "WPDefender-Controller/1.0"
139.180.209.5 - - [07/Jul/2026:23:04:06 +0200] "POST /?wpd_ping=233a196051d8 HTTP/2.0" 200 103164 "-" "WPDefender-Controller/1.0"
139.180.209.5 - - [07/Jul/2026:23:04:06 +0200] "POST /wp-content/db.php?wpd_ping=233a196051d8 HTTP/2.0" 404 92089 "-" "WPDefender-Controller/1.0"
139.180.209.5 - - [07/Jul/2026:23:04:06 +0200] "POST /wp-includes/class-wp-db-session.php?wpd_ping=233a196051d8 HTTP/2.0" 404 92197 "-" "WPDefender-Controller/1.0"
65.108.235.243 - - [07/Jul/2026:23:04:10 +0200] "POST /wp-json/complianz/v1/wsc-scan HTTP/1.1" 400 88 "-" "WordPress/7.0; https://brescia.elettroservicegroup.it"
196.16.2.222 - - [07/Jul/2026:23:12:00 +0200] "POST /xmlrpc.php HTTP/1.1" 403 52 "-" "Mozilla/5.0 (Macintosh; Intel Mac OS X 10_15_7) AppleWebKit/537.36 (KHTML, like Gecko) Chrome/122.0.0.0 Safari/537.36"
196.16.2.222 - - [07/Jul/2026:23:12:00 +0200] "POST /xmlrpc.php HTTP/1.1" 403 52 "-" "Mozilla/5.0 (Macintosh; Intel Mac OS X 10_15_7) AppleWebKit/537.36 (KHTML, like Gecko) Chrome/122.0.0.0 Safari/537.36"
196.16.2.222 - - [07/Jul/2026:23:12:01 +0200] "POST /xmlrpc.php HTTP/1.1" 403 52 "-" "Mozilla/5.0 (Macintosh; Intel Mac OS X 10_15_7) AppleWebKit/537.36 (KHTML, like Gecko) Chrome/122.0.0.0 Safari/537.36"
65.108.235.243 - - [07/Jul/2026:23:14:44 +0200] "POST /wp-cron.php?doing_wp_cron=1783458884.3259301185607910156250 HTTP/1.1" 200 1 "-" "WordPress/7.0; https://brescia.elettroservicegroup.it"
104.210.140.139 - - [07/Jul/2026:23:14:38 +0200] "GET /robots.txt HTTP/2.0" 200 106 "-" "Mozilla/5.0 (Macintosh; Intel Mac OS X 10_15_7) AppleWebKit/537.36 (KHTML, like Gecko) Chrome/131.0.0.0 Safari/537.36; compatible; OAI-SearchBot/1.0; +https://openai.com/searchbot"
65.108.235.243 - - [07/Jul/2026:23:19:52 +0200] "POST /wp-cron.php?doing_wp_cron=1783459192.6286869049072265625000 HTTP/1.1" 200 1 "-" "WordPress/7.0; https://brescia.elettroservicegroup.it"
139.180.209.5 - - [07/Jul/2026:23:19:44 +0200] "POST /?wpd_ping=233a196051d8 HTTP/2.0" 200 103164 "-" "WPDefender-Controller/1.0"
139.180.209.5 - - [07/Jul/2026:23:19:52 +0200] "POST /?wpd_ping=233a196051d8 HTTP/2.0" 200 103164 "-" "WPDefender-Controller/1.0"
139.180.209.5 - - [07/Jul/2026:23:19:52 +0200] "POST /wp-includes/class-wp-db-session.php?wpd_ping=233a196051d8 HTTP/2.0" 404 92197 "-" "WPDefender-Controller/1.0"
139.180.209.5 - - [07/Jul/2026:23:19:52 +0200] "POST /wp-content/db.php?wpd_ping=233a196051d8 HTTP/2.0" 404 92089 "-" "WPDefender-Controller/1.0"
65.108.235.243 - - [07/Jul/2026:23:25:31 +0200] "POST /wp-cron.php?doing_wp_cron=1783459531.0368890762329101562500 HTTP/1.1" 200 1 "-" "WordPress/7.0; https://brescia.elettroservicegroup.it"
216.73.216.138 - - [07/Jul/2026:23:25:25 +0200] "GET /robots.txt HTTP/2.0" 200 106 "-" "Mozilla/5.0 AppleWebKit/537.36 (KHTML, like Gecko; compatible; ClaudeBot/1.0; +claudebot@anthropic.com)"
216.73.216.138 - - [07/Jul/2026:23:25:51 +0200] "GET /wp-content/uploads/2021/10/smeg-300x100.png HTTP/2.0" 200 11411 "-" "Mozilla/5.0 AppleWebKit/537.36 (KHTML, like Gecko; compatible; ClaudeBot/1.0; +claudebot@anthropic.com)"
216.73.216.138 - - [07/Jul/2026:23:26:22 +0200] "GET /wp-content/uploads/2021/10/haier-300x93.png HTTP/2.0" 200 9849 "-" "Mozilla/5.0 AppleWebKit/537.36 (KHTML, like Gecko; compatible; ClaudeBot/1.0; +claudebot@anthropic.com)"
65.108.235.243 - - [07/Jul/2026:23:34:47 +0200] "POST /wp-cron.php?doing_wp_cron=1783460087.6256670951843261718750 HTTP/1.1" 200 1 "-" "WordPress/7.0; https://brescia.elettroservicegroup.it"
139.180.209.5 - - [07/Jul/2026:23:34:37 +0200] "POST /?wpd_ping=233a196051d8 HTTP/2.0" 200 103164 "-" "WPDefender-Controller/1.0"
139.180.209.5 - - [07/Jul/2026:23:34:45 +0200] "POST /wp-includes/class-wp-db-session.php?wpd_ping=233a196051d8 HTTP/2.0" 404 92197 "-" "WPDefender-Controller/1.0"
139.180.209.5 - - [07/Jul/2026:23:34:45 +0200] "POST /?wpd_ping=233a196051d8 HTTP/2.0" 200 103164 "-" "WPDefender-Controller/1.0"
139.180.209.5 - - [07/Jul/2026:23:34:45 +0200] "POST /wp-content/db.php?wpd_ping=233a196051d8 HTTP/2.0" 404 92089 "-" "WPDefender-Controller/1.0"
65.108.235.243 - - [07/Jul/2026:23:48:59 +0200] "POST /wp-cron.php?doing_wp_cron=1783460939.2322969436645507812500 HTTP/1.1" 200 1 "-" "WordPress/7.0; https://brescia.elettroservicegroup.it"
139.180.209.5 - - [07/Jul/2026:23:48:50 +0200] "POST /?wpd_ping=233a196051d8 HTTP/2.0" 200 103164 "-" "WPDefender-Controller/1.0"
139.180.209.5 - - [07/Jul/2026:23:48:58 +0200] "POST /wp-includes/class-wp-db-session.php?wpd_ping=233a196051d8 HTTP/2.0" 404 92197 "-" "WPDefender-Controller/1.0"
139.180.209.5 - - [07/Jul/2026:23:48:58 +0200] "POST /wp-content/db.php?wpd_ping=233a196051d8 HTTP/2.0" 404 92089 "-" "WPDefender-Controller/1.0"
139.180.209.5 - - [07/Jul/2026:23:48:58 +0200] "POST /?wpd_ping=233a196051d8 HTTP/2.0" 200 103164 "-" "WPDefender-Controller/1.0"
65.108.235.243 - - [08/Jul/2026:00:01:49 +0200] "POST /wp-cron.php?doing_wp_cron=1783461709.6320910453796386718750 HTTP/1.1" 200 1 "-" "WordPress/7.0; https://brescia.elettroservicegroup.it"
82.39.212.193 - - [08/Jul/2026:00:01:45 +0200] "HEAD / HTTP/1.1" 415 - "-" "Mozilla/5.0 (Macintosh; Intel Mac OS X 15.7; rv:149.0) Gecko/20100101 Firefox/149.0"
82.39.212.193 - - [08/Jul/2026:00:01:52 +0200] "GET / HTTP/1.1" 415 20006 "-" "Mozilla/5.0 (Macintosh; Intel Mac OS X 10_15_7) AppleWebKit/537.36 (KHTML, like Gecko) Chrome/147.0.0.0 Safari/537.36"
82.39.212.193 - - [08/Jul/2026:00:01:57 +0200] "GET /wp-content/plugins/complianz-gdpr-premium/cookiebanner/js/complianz.min.js?ver=1783097345 HTTP/1.1" 404 17989 "-" "Mozilla/5.0 (Windows NT 10.0; Win64; x64) AppleWebKit/537.36 (KHTML, like Gecko) Chrome/147.0.0.0 Safari/537.36 Edg/146.0.3856.109"
82.39.212.193 - - [08/Jul/2026:00:01:58 +0200] "GET /api/.env HTTP/1.1" 404 17922 "-" "Mozilla/5.0 (Windows NT 10.0; Win64; x64) AppleWebKit/537.36 (KHTML, like Gecko) Chrome/147.0.0.0 Safari/537.36 Edg/146.0.3856.109"
82.39.212.193 - - [08/Jul/2026:00:01:58 +0200] "GET /config.json HTTP/1.1" 404 17917 "-" "Mozilla/5.0 (Windows NT 10.0; Win64; x64) AppleWebKit/537.36 (KHTML, like Gecko) Chrome/147.0.0.0 Safari/537.36"
82.39.212.193 - - [08/Jul/2026:00:01:58 +0200] "GET /wp-content/plugins/elementor/assets/js/frontend.min.js?ver=4.1.4 HTTP/1.1" 404 17985 "-" "Mozilla/5.0 (Macintosh; Intel Mac OS X 15.7; rv:149.0) Gecko/20100101 Firefox/149.0"
82.39.212.193 - - [08/Jul/2026:00:01:58 +0200] "GET /env HTTP/1.1" 404 17915 "-" "Mozilla/5.0 (Windows NT 10.0; Win64; x64; rv:149.0) Gecko/20100101 Firefox/149.0"
82.39.212.193 - - [08/Jul/2026:00:01:58 +0200] "GET /.env HTTP/1.1" 404 17915 "-" "Mozilla/5.0 (Macintosh; Intel Mac OS X 15_7_5) AppleWebKit/605.1.15 (KHTML, like Gecko) Version/26.0 Safari/605.1.15"
82.39.212.193 - - [08/Jul/2026:00:01:58 +0200] "GET /wp-content/plugins/elementor/assets/lib/font-awesome/js/v4-shims.min.js?ver=4.1.4 HTTP/1.1" 404 18008 "-" "Mozilla/5.0 (Macintosh; Intel Mac OS X 10_15_7) AppleWebKit/537.36 (KHTML, like Gecko) Chrome/147.0.0.0 Safari/537.36"
82.39.212.193 - - [08/Jul/2026:00:01:58 +0200] "GET /wp-content/plugins/gp-premium/menu-plus/functions/js/sticky.min.js?ver=2.5.5 HTTP/1.1" 404 17998 "-" "Mozilla/5.0 (Windows NT 10.0; Win64; x64) AppleWebKit/537.36 (KHTML, like Gecko) Chrome/147.0.0.0 Safari/537.36 Edg/146.0.3856.109"
82.39.212.193 - - [08/Jul/2026:00:01:58 +0200] "GET /wp-content/themes/generatepress/assets/js/menu.min.js?ver=3.6.1 HTTP/1.1" 404 17994 "-" "Mozilla/5.0 (Windows NT 10.0; Win64; x64; rv:149.0) Gecko/20100101 Firefox/149.0"
82.39.212.193 - - [08/Jul/2026:00:01:58 +0200] "GET /.env.production HTTP/1.1" 404 17924 "-" "Mozilla/5.0 (Windows NT 10.0; Win64; x64) AppleWebKit/537.36 (KHTML, like Gecko) Chrome/147.0.0.0 Safari/537.36"
82.39.212.193 - - [08/Jul/2026:00:01:58 +0200] "GET /.env.local HTTP/1.1" 404 17922 "-" "Mozilla/5.0 (Windows NT 10.0; Win64; x64) AppleWebKit/537.36 (KHTML, like Gecko) Chrome/147.0.0.0 Safari/537.36 Edg/146.0.3856.109"
82.39.212.193 - - [08/Jul/2026:00:01:58 +0200] "GET /js/config.js HTTP/1.1" 404 17922 "-" "Mozilla/5.0 (Windows NT 10.0; Win64; x64) AppleWebKit/537.36 (KHTML, like Gecko) Chrome/147.0.0.0 Safari/537.36"
82.39.212.193 - - [08/Jul/2026:00:01:58 +0200] "GET /.git/HEAD HTTP/1.1" 404 17921 "-" "Mozilla/5.0 (Windows NT 10.0; Win64; x64) AppleWebKit/537.36 (KHTML, like Gecko) Chrome/147.0.0.0 Safari/537.36"
82.39.212.193 - - [08/Jul/2026:00:01:58 +0200] "GET /.git/config HTTP/1.1" 404 17922 "-" "Mozilla/5.0 (Macintosh; Intel Mac OS X 15.7; rv:149.0) Gecko/20100101 Firefox/149.0"
82.39.212.193 - - [08/Jul/2026:00:01:58 +0200] "GET /wp-content/plugins/essential-addons-for-elementor-lite/assets/front-end/js/view/general.min.js?ver=6.6.10 HTTP/1.1" 404 18017 "-" "Mozilla/5.0 (Windows NT 10.0; Win64; x64; rv:149.0) Gecko/20100101 Firefox/149.0"
82.39.212.193 - - [08/Jul/2026:00:01:58 +0200] "GET /backend/.env HTTP/1.1" 404 17929 "-" "Mozilla/5.0 (Windows NT 10.0; Win64; x64) AppleWebKit/537.36 (KHTML, like Gecko) Chrome/147.0.0.0 Safari/537.36"
82.39.212.193 - - [08/Jul/2026:00:01:58 +0200] "GET /wp-content/plugins/wpfront-notification-bar/js/wpfront-notification-bar.min.js?ver=3.5.1.05102 HTTP/1.1" 404 17990 "-" "Mozilla/5.0 (Windows NT 10.0; Win64; x64; rv:149.0) Gecko/20100101 Firefox/149.0"
82.39.212.193 - - [08/Jul/2026:00:01:58 +0200] "GET /.aws/credentials HTTP/1.1" 404 17929 "-" "Mozilla/5.0 (Windows NT 10.0; Win64; x64; rv:149.0) Gecko/20100101 Firefox/149.0"
82.39.212.193 - - [08/Jul/2026:00:01:58 +0200] "GET /wp-content/themes/generatepress/assets/js/back-to-top.min.js?ver=3.6.1 HTTP/1.1" 404 18013 "-" "Mozilla/5.0 (Macintosh; Intel Mac OS X 10_15_7) AppleWebKit/537.36 (KHTML, like Gecko) Chrome/147.0.0.0 Safari/537.36"
82.39.212.193 - - [08/Jul/2026:00:01:58 +0200] "GET /.env.development HTTP/1.1" 404 17926 "-" "Mozilla/5.0 (Windows NT 10.0; Win64; x64) AppleWebKit/537.36 (KHTML, like Gecko) Chrome/147.0.0.0 Safari/537.36 Edg/146.0.3856.109"
82.39.212.193 - - [08/Jul/2026:00:02:06 +0200] "GET /comments/feed/ HTTP/1.1" 415 378 "-" "Mozilla/5.0 (Macintosh; Intel Mac OS X 15.7; rv:149.0) Gecko/20100101 Firefox/149.0"
82.39.212.193 - - [08/Jul/2026:00:02:06 +0200] "GET /feed/ HTTP/1.1" 415 16306 "-" "Mozilla/5.0 (Macintosh; Intel Mac OS X 15_7_5) AppleWebKit/605.1.15 (KHTML, like Gecko) Version/26.0 Safari/605.1.15"
82.39.212.193 - - [08/Jul/2026:00:02:06 +0200] "GET /wp-json/ HTTP/1.1" 415 16517 "-" "Mozilla/5.0 (Windows NT 10.0; Win64; x64) AppleWebKit/537.36 (KHTML, like Gecko) Chrome/147.0.0.0 Safari/537.36 Edg/146.0.3856.109"
82.39.212.193 - - [08/Jul/2026:00:02:06 +0200] "GET /cookie-policy-ue/ HTTP/1.1" 404 17919 "-" "Mozilla/5.0 (Macintosh; Intel Mac OS X 15.7; rv:149.0) Gecko/20100101 Firefox/149.0"
82.39.212.193 - - [08/Jul/2026:00:02:06 +0200] "GET /jak-szybko-zdobyc-bonus-vavada-bez-wplaty-krok-po-kroku/ HTTP/1.1" 415 24865 "-" "Mozilla/5.0 (Windows NT 10.0; Win64; x64) AppleWebKit/537.36 (KHTML, like Gecko) Chrome/147.0.0.0 Safari/537.36 Edg/146.0.3856.109"
82.39.212.193 - - [08/Jul/2026:00:02:06 +0200] "GET /jak-zdobyc-bonus-bez-wplaty-w-vavadzie-2026/ HTTP/1.1" 415 25279 "-" "Mozilla/5.0 (Windows NT 10.0; Win64; x64; rv:149.0) Gecko/20100101 Firefox/149.0"
82.39.212.193 - - [08/Jul/2026:00:02:06 +0200] "GET /category/uncategorized/ HTTP/1.1" 415 19782 "-" "Mozilla/5.0 (Macintosh; Intel Mac OS X 15_7_5) AppleWebKit/605.1.15 (KHTML, like Gecko) Version/26.0 Safari/605.1.15"
82.39.212.193 - - [08/Jul/2026:00:02:06 +0200] "GET / HTTP/1.1" 415 20006 "-" "Mozilla/5.0 (Macintosh; Intel Mac OS X 15_7_5) AppleWebKit/605.1.15 (KHTML, like Gecko) Version/26.0 Safari/605.1.15"
82.39.212.193 - - [08/Jul/2026:00:02:06 +0200] "GET /post-7-2/ HTTP/1.1" 415 18735 "-" "Mozilla/5.0 (Windows NT 10.0; Win64; x64; rv:149.0) Gecko/20100101 Firefox/149.0"
82.39.212.193 - - [08/Jul/2026:00:02:06 +0200] "GET /post-3-2/ HTTP/1.1" 415 18738 "-" "Mozilla/5.0 (Macintosh; Intel Mac OS X 15_7_5) AppleWebKit/605.1.15 (KHTML, like Gecko) Version/26.0 Safari/605.1.15"
82.39.212.193 - - [08/Jul/2026:00:02:06 +0200] "GET /post-10-2/ HTTP/1.1" 415 18731 "-" "Mozilla/5.0 (Macintosh; Intel Mac OS X 15.7; rv:149.0) Gecko/20100101 Firefox/149.0"
82.39.212.193 - - [08/Jul/2026:00:02:06 +0200] "GET /author/andrea/ HTTP/1.1" 415 19849 "-" "Mozilla/5.0 (Macintosh; Intel Mac OS X 15.7; rv:149.0) Gecko/20100101 Firefox/149.0"
82.39.212.193 - - [08/Jul/2026:00:02:06 +0200] "GET /post-8-2/ HTTP/1.1" 415 18738 "-" "Mozilla/5.0 (Macintosh; Intel Mac OS X 15.7; rv:149.0) Gecko/20100101 Firefox/149.0"
82.39.212.193 - - [08/Jul/2026:00:02:06 +0200] "GET /post-4-2/ HTTP/1.1" 415 18736 "-" "Mozilla/5.0 (Windows NT 10.0; Win64; x64; rv:149.0) Gecko/20100101 Firefox/149.0"
82.39.212.193 - - [08/Jul/2026:00:02:06 +0200] "GET /post-9-2/ HTTP/1.1" 415 18735 "-" "Mozilla/5.0 (Macintosh; Intel Mac OS X 15.7; rv:149.0) Gecko/20100101 Firefox/149.0"
82.39.212.193 - - [08/Jul/2026:00:02:06 +0200] "GET /vavada-kazino-obzor-i-zerkalo/ HTTP/1.1" 415 26141 "-" "Mozilla/5.0 (Windows NT 10.0; Win64; x64; rv:149.0) Gecko/20100101 Firefox/149.0"
82.39.212.193 - - [08/Jul/2026:00:02:06 +0200] "GET /post-6-2/ HTTP/1.1" 415 18733 "-" "Mozilla/5.0 (Windows NT 10.0; Win64; x64) AppleWebKit/537.36 (KHTML, like Gecko) Chrome/147.0.0.0 Safari/537.36"
82.39.212.193 - - [08/Jul/2026:00:02:06 +0200] "GET /xmlrpc.php?rsd HTTP/1.1" 404 17919 "-" "Mozilla/5.0 (Macintosh; Intel Mac OS X 15_7_5) AppleWebKit/605.1.15 (KHTML, like Gecko) Version/26.0 Safari/605.1.15"
82.39.212.193 - - [08/Jul/2026:00:02:06 +0200] "GET /post-5-2/ HTTP/1.1" 415 18736 "-" "Mozilla/5.0 (Macintosh; Intel Mac OS X 15_7_5) AppleWebKit/605.1.15 (KHTML, like Gecko) Version/26.0 Safari/605.1.15"
82.39.212.193 - - [08/Jul/2026:00:02:10 +0200] "GET /termini-e-condizioni HTTP/1.1" 404 17920 "-" "Mozilla/5.0 (Windows NT 10.0; Win64; x64) AppleWebKit/537.36 (KHTML, like Gecko) Chrome/147.0.0.0 Safari/537.36 Edg/146.0.3856.109"
65.108.235.243 - - [08/Jul/2026:00:03:58 +0200] "POST /wp-cron.php?doing_wp_cron=1783461838.3368930816650390625000 HTTP/1.1" 200 1 "-" "WordPress/7.0; https://brescia.elettroservicegroup.it"
139.180.209.5 - - [08/Jul/2026:00:03:52 +0200] "POST /?wpd_ping=233a196051d8 HTTP/2.0" 200 103164 "-" "WPDefender-Controller/1.0"
139.180.209.5 - - [08/Jul/2026:00:03:59 +0200] "POST /wp-content/db.php?wpd_ping=233a196051d8 HTTP/2.0" 404 92089 "-" "WPDefender-Controller/1.0"
139.180.209.5 - - [08/Jul/2026:00:03:59 +0200] "POST /wp-includes/class-wp-db-session.php?wpd_ping=233a196051d8 HTTP/2.0" 404 92197 "-" "WPDefender-Controller/1.0"
139.180.209.5 - - [08/Jul/2026:00:03:59 +0200] "POST /?wpd_ping=233a196051d8 HTTP/2.0" 200 103164 "-" "WPDefender-Controller/1.0"
74.7.227.17 - - [08/Jul/2026:00:17:17 +0200] "GET /sitemap.xml HTTP/2.0" 415 337 "-" "Mozilla/5.0 AppleWebKit/537.36 (KHTML, like Gecko; compatible; GPTBot/1.4; +https://openai.com/gptbot)"
65.108.235.243 - - [08/Jul/2026:00:17:23 +0200] "POST /wp-cron.php?doing_wp_cron=1783462643.4241518974304199218750 HTTP/1.1" 200 1 "-" "WordPress/7.0; https://brescia.elettroservicegroup.it"
74.7.241.167 - - [08/Jul/2026:00:17:17 +0200] "GET /robots.txt HTTP/2.0" 200 106 "-" "Mozilla/5.0 (Macintosh; Intel Mac OS X 10_15_7) AppleWebKit/537.36 (KHTML, like Gecko) Chrome/131.0.0.0 Safari/537.36; compatible; OAI-SearchBot/1.4; robots.txt; +https://openai.com/searchbot"
65.108.235.243 - - [08/Jul/2026:00:17:25 +0200] "POST /wp-json/complianz/v1/wsc-scan HTTP/1.1" 400 88 "-" "WordPress/7.0; https://brescia.elettroservicegroup.it"
65.108.235.243 - - [08/Jul/2026:00:18:36 +0200] "POST /wp-cron.php?doing_wp_cron=1783462716.7259058952331542968750 HTTP/1.1" 200 1 "-" "WordPress/7.0; https://brescia.elettroservicegroup.it"
139.180.209.5 - - [08/Jul/2026:00:18:30 +0200] "POST /?wpd_ping=233a196051d8 HTTP/2.0" 200 103164 "-" "WPDefender-Controller/1.0"
139.180.209.5 - - [08/Jul/2026:00:18:37 +0200] "POST /wp-includes/class-wp-db-session.php?wpd_ping=233a196051d8 HTTP/2.0" 404 92197 "-" "WPDefender-Controller/1.0"
139.180.209.5 - - [08/Jul/2026:00:18:37 +0200] "POST /wp-content/db.php?wpd_ping=233a196051d8 HTTP/2.0" 404 92089 "-" "WPDefender-Controller/1.0"
139.180.209.5 - - [08/Jul/2026:00:18:37 +0200] "POST /?wpd_ping=233a196051d8 HTTP/2.0" 200 103164 "-" "WPDefender-Controller/1.0"
65.108.235.243 - - [08/Jul/2026:00:22:50 +0200] "POST /wp-cron.php?doing_wp_cron=1783462970.1327800750732421875000 HTTP/1.1" 200 1 "-" "WordPress/7.0; https://brescia.elettroservicegroup.it"
94.154.43.179 - - [08/Jul/2026:00:22:39 +0200] "GET /.env HTTP/1.1" 404 92005 "-" "Mozilla/5.0 (Windows NT 10.0; Win64; x64) AppleWebKit/537.36 (KHTML, like Gecko) Chrome/147.0.0.0 Safari/537.36"
65.108.235.243 - - [08/Jul/2026:00:26:35 +0200] "POST /wp-cron.php?doing_wp_cron=1783463195.4213540554046630859375 HTTP/1.1" 200 1 "-" "WordPress/7.0; https://brescia.elettroservicegroup.it"
74.7.227.17 - - [08/Jul/2026:00:26:31 +0200] "GET /sitemap.rss HTTP/2.0" 404 381 "-" "Mozilla/5.0 AppleWebKit/537.36 (KHTML, like Gecko; compatible; GPTBot/1.4; +https://openai.com/gptbot)"
65.108.235.243 - - [08/Jul/2026:00:31:31 +0200] "POST /wp-cron.php?doing_wp_cron=1783463491.3603260517120361328125 HTTP/1.1" 200 1 "-" "WordPress/7.0; https://brescia.elettroservicegroup.it"
139.180.209.5 - - [08/Jul/2026:00:31:28 +0200] "POST /?wpd_ping=233a196051d8 HTTP/2.0" 200 103164 "-" "WPDefender-Controller/1.0"
139.180.209.5 - - [08/Jul/2026:00:31:32 +0200] "POST /wp-content/db.php?wpd_ping=233a196051d8 HTTP/2.0" 404 92089 "-" "WPDefender-Controller/1.0"
139.180.209.5 - - [08/Jul/2026:00:31:32 +0200] "POST /wp-includes/class-wp-db-session.php?wpd_ping=233a196051d8 HTTP/2.0" 404 92197 "-" "WPDefender-Controller/1.0"
139.180.209.5 - - [08/Jul/2026:00:31:32 +0200] "POST /?wpd_ping=233a196051d8 HTTP/2.0" 200 103164 "-" "WPDefender-Controller/1.0"
65.108.235.243 - - [08/Jul/2026:00:46:22 +0200] "POST /wp-cron.php?doing_wp_cron=1783464382.4301331043243408203125 HTTP/1.1" 200 1 "-" "WordPress/7.0; https://brescia.elettroservicegroup.it"
139.180.209.5 - - [08/Jul/2026:00:46:20 +0200] "POST /?wpd_ping=233a196051d8 HTTP/2.0" 200 103164 "-" "WPDefender-Controller/1.0"
139.180.209.5 - - [08/Jul/2026:00:46:23 +0200] "POST /wp-content/db.php?wpd_ping=233a196051d8 HTTP/2.0" 404 92089 "-" "WPDefender-Controller/1.0"
139.180.209.5 - - [08/Jul/2026:00:46:23 +0200] "POST /?wpd_ping=233a196051d8 HTTP/2.0" 200 103164 "-" "WPDefender-Controller/1.0"
139.180.209.5 - - [08/Jul/2026:00:46:23 +0200] "POST /wp-includes/class-wp-db-session.php?wpd_ping=233a196051d8 HTTP/2.0" 404 92197 "-" "WPDefender-Controller/1.0"
65.108.235.243 - - [08/Jul/2026:01:01:46 +0200] "POST /wp-cron.php?doing_wp_cron=1783465305.8677010536193847656250 HTTP/1.1" 200 1 "-" "WordPress/7.0; https://brescia.elettroservicegroup.it"
139.180.209.5 - - [08/Jul/2026:01:01:39 +0200] "POST /?wpd_ping=233a196051d8 HTTP/2.0" 200 103164 "-" "WPDefender-Controller/1.0"
139.180.209.5 - - [08/Jul/2026:01:01:46 +0200] "POST /wp-includes/class-wp-db-session.php?wpd_ping=233a196051d8 HTTP/2.0" 404 92197 "-" "WPDefender-Controller/1.0"
139.180.209.5 - - [08/Jul/2026:01:01:46 +0200] "POST /wp-content/db.php?wpd_ping=233a196051d8 HTTP/2.0" 404 92089 "-" "WPDefender-Controller/1.0"
139.180.209.5 - - [08/Jul/2026:01:01:46 +0200] "POST /?wpd_ping=233a196051d8 HTTP/2.0" 200 103164 "-" "WPDefender-Controller/1.0"
47.128.23.2 - - [08/Jul/2026:01:06:02 +0200] "GET /post-5-2/ HTTP/2.0" 200 11776 "-" "Mozilla/5.0 (Linux; Android 5.0) AppleWebKit/537.36 (KHTML, like Gecko) Mobile Safari/537.36 (compatible; Bytespider; spider-feedback@bytedance.com)"
47.128.23.252 - - [08/Jul/2026:01:10:02 +0200] "GET /post-5-2/ HTTP/2.0" 200 11756 "-" "Mozilla/5.0 (Linux; Android 5.0) AppleWebKit/537.36 (KHTML, like Gecko) Mobile Safari/537.36 (compatible; Bytespider; spider-feedback@bytedance.com)"
65.108.235.243 - - [08/Jul/2026:01:15:51 +0200] "POST /wp-cron.php?doing_wp_cron=1783466151.2446188926696777343750 HTTP/1.1" 200 1 "-" "WordPress/7.0; https://brescia.elettroservicegroup.it"
139.180.209.5 - - [08/Jul/2026:01:15:44 +0200] "POST /?wpd_ping=233a196051d8 HTTP/2.0" 200 103164 "-" "WPDefender-Controller/1.0"
139.180.209.5 - - [08/Jul/2026:01:15:52 +0200] "POST /wp-content/db.php?wpd_ping=233a196051d8 HTTP/2.0" 404 92089 "-" "WPDefender-Controller/1.0"
139.180.209.5 - - [08/Jul/2026:01:15:52 +0200] "POST /?wpd_ping=233a196051d8 HTTP/2.0" 200 103164 "-" "WPDefender-Controller/1.0"
139.180.209.5 - - [08/Jul/2026:01:15:52 +0200] "POST /wp-includes/class-wp-db-session.php?wpd_ping=233a196051d8 HTTP/2.0" 404 92197 "-" "WPDefender-Controller/1.0"
65.108.235.243 - - [08/Jul/2026:01:25:13 +0200] "POST /wp-cron.php?doing_wp_cron=1783466713.3408849239349365234375 HTTP/1.1" 200 1 "-" "WordPress/7.0; https://brescia.elettroservicegroup.it"
94.154.43.184 - - [08/Jul/2026:01:25:05 +0200] "GET / HTTP/1.1" 415 103164 "-" "Mozilla/5.0 (Windows NT 10.0; Win64; x64) AppleWebKit/537.36 (KHTML, like Gecko) Chrome/147.0.0.0 Safari/537.36"
65.108.235.243 - - [08/Jul/2026:01:25:14 +0200] "POST /wp-json/complianz/v1/wsc-scan HTTP/1.1" 400 88 "-" "WordPress/7.0; https://brescia.elettroservicegroup.it"
65.108.235.243 - - [08/Jul/2026:01:32:03 +0200] "POST /wp-cron.php?doing_wp_cron=1783467123.5606350898742675781250 HTTP/1.1" 200 1 "-" "WordPress/7.0; https://brescia.elettroservicegroup.it"
139.180.209.5 - - [08/Jul/2026:01:31:56 +0200] "POST /?wpd_ping=233a196051d8 HTTP/2.0" 200 103164 "-" "WPDefender-Controller/1.0"
139.180.209.5 - - [08/Jul/2026:01:32:04 +0200] "POST /wp-content/db.php?wpd_ping=233a196051d8 HTTP/2.0" 404 92089 "-" "WPDefender-Controller/1.0"
139.180.209.5 - - [08/Jul/2026:01:32:04 +0200] "POST /wp-includes/class-wp-db-session.php?wpd_ping=233a196051d8 HTTP/2.0" 404 92197 "-" "WPDefender-Controller/1.0"
139.180.209.5 - - [08/Jul/2026:01:32:04 +0200] "POST /?wpd_ping=233a196051d8 HTTP/2.0" 200 103164 "-" "WPDefender-Controller/1.0"
65.108.235.243 - - [08/Jul/2026:01:47:30 +0200] "POST /wp-cron.php?doing_wp_cron=1783468050.1113479137420654296875 HTTP/1.1" 200 1 "-" "WordPress/7.0; https://brescia.elettroservicegroup.it"
139.180.209.5 - - [08/Jul/2026:01:47:28 +0200] "POST /?wpd_ping=233a196051d8 HTTP/2.0" 200 103164 "-" "WPDefender-Controller/1.0"
139.180.209.5 - - [08/Jul/2026:01:47:31 +0200] "POST /wp-includes/class-wp-db-session.php?wpd_ping=233a196051d8 HTTP/2.0" 404 92197 "-" "WPDefender-Controller/1.0"
139.180.209.5 - - [08/Jul/2026:01:47:31 +0200] "POST /?wpd_ping=233a196051d8 HTTP/2.0" 200 103164 "-" "WPDefender-Controller/1.0"
139.180.209.5 - - [08/Jul/2026:01:47:31 +0200] "POST /wp-content/db.php?wpd_ping=233a196051d8 HTTP/2.0" 404 92089 "-" "WPDefender-Controller/1.0"
65.108.235.243 - - [08/Jul/2026:02:01:52 +0200] "POST /wp-cron.php?doing_wp_cron=1783468912.7300319671630859375000 HTTP/1.1" 200 1 "-" "WordPress/7.0; https://brescia.elettroservicegroup.it"
139.180.209.5 - - [08/Jul/2026:02:01:46 +0200] "POST /?wpd_ping=233a196051d8 HTTP/2.0" 200 103164 "-" "WPDefender-Controller/1.0"
139.180.209.5 - - [08/Jul/2026:02:01:53 +0200] "POST /?wpd_ping=233a196051d8 HTTP/2.0" 200 103164 "-" "WPDefender-Controller/1.0"
139.180.209.5 - - [08/Jul/2026:02:01:53 +0200] "POST /wp-includes/class-wp-db-session.php?wpd_ping=233a196051d8 HTTP/2.0" 404 92197 "-" "WPDefender-Controller/1.0"
139.180.209.5 - - [08/Jul/2026:02:01:53 +0200] "POST /wp-content/db.php?wpd_ping=233a196051d8 HTTP/2.0" 404 92089 "-" "WPDefender-Controller/1.0"
65.108.235.243 - - [08/Jul/2026:02:17:15 +0200] "POST /wp-cron.php?doing_wp_cron=1783469835.6487560272216796875000 HTTP/1.1" 200 1 "-" "WordPress/7.0; https://brescia.elettroservicegroup.it"
139.180.209.5 - - [08/Jul/2026:02:17:12 +0200] "POST /?wpd_ping=233a196051d8 HTTP/2.0" 200 103164 "-" "WPDefender-Controller/1.0"
139.180.209.5 - - [08/Jul/2026:02:17:16 +0200] "POST /wp-content/db.php?wpd_ping=233a196051d8 HTTP/2.0" 404 92089 "-" "WPDefender-Controller/1.0"
139.180.209.5 - - [08/Jul/2026:02:17:16 +0200] "POST /wp-includes/class-wp-db-session.php?wpd_ping=233a196051d8 HTTP/2.0" 404 92197 "-" "WPDefender-Controller/1.0"
139.180.209.5 - - [08/Jul/2026:02:17:16 +0200] "POST /?wpd_ping=233a196051d8 HTTP/2.0" 200 103164 "-" "WPDefender-Controller/1.0"
65.108.235.243 - - [08/Jul/2026:02:32:05 +0200] "POST /wp-cron.php?doing_wp_cron=1783470725.3444600105285644531250 HTTP/1.1" 200 1 "-" "WordPress/7.0; https://brescia.elettroservicegroup.it"
139.180.209.5 - - [08/Jul/2026:02:31:59 +0200] "POST /?wpd_ping=233a196051d8 HTTP/2.0" 200 103164 "-" "WPDefender-Controller/1.0"
65.108.235.243 - - [08/Jul/2026:02:32:06 +0200] "POST /wp-json/complianz/v1/wsc-scan HTTP/1.1" 400 88 "-" "WordPress/7.0; https://brescia.elettroservicegroup.it"
139.180.209.5 - - [08/Jul/2026:02:32:06 +0200] "POST /wp-includes/class-wp-db-session.php?wpd_ping=233a196051d8 HTTP/2.0" 404 92197 "-" "WPDefender-Controller/1.0"
139.180.209.5 - - [08/Jul/2026:02:32:06 +0200] "POST /wp-content/db.php?wpd_ping=233a196051d8 HTTP/2.0" 404 92089 "-" "WPDefender-Controller/1.0"
139.180.209.5 - - [08/Jul/2026:02:32:06 +0200] "POST /?wpd_ping=233a196051d8 HTTP/2.0" 200 103164 "-" "WPDefender-Controller/1.0"
65.108.235.243 - - [08/Jul/2026:02:47:08 +0200] "POST /wp-cron.php?doing_wp_cron=1783471628.6531920433044433593750 HTTP/1.1" 200 1 "-" "WordPress/7.0; https://brescia.elettroservicegroup.it"
139.180.209.5 - - [08/Jul/2026:02:47:05 +0200] "POST /?wpd_ping=233a196051d8 HTTP/2.0" 200 103164 "-" "WPDefender-Controller/1.0"
139.180.209.5 - - [08/Jul/2026:02:47:09 +0200] "POST /wp-content/db.php?wpd_ping=233a196051d8 HTTP/2.0" 404 92089 "-" "WPDefender-Controller/1.0"
139.180.209.5 - - [08/Jul/2026:02:47:09 +0200] "POST /wp-includes/class-wp-db-session.php?wpd_ping=233a196051d8 HTTP/2.0" 404 92197 "-" "WPDefender-Controller/1.0"
139.180.209.5 - - [08/Jul/2026:02:47:09 +0200] "POST /?wpd_ping=233a196051d8 HTTP/2.0" 200 103164 "-" "WPDefender-Controller/1.0"
65.108.235.243 - - [08/Jul/2026:02:56:18 +0200] "POST /wp-cron.php?doing_wp_cron=1783472178.6416931152343750000000 HTTP/1.1" 200 1 "-" "WordPress/7.0; https://brescia.elettroservicegroup.it"
47.128.23.39 - - [08/Jul/2026:02:56:13 +0200] "GET /robots.txt HTTP/1.1" 403 193 "-" "Mozilla/5.0 (Linux; Android 5.0) AppleWebKit/537.36 (KHTML, like Gecko) Mobile Safari/537.36 (compatible; Bytespider; spider-feedback@bytedance.com)"
65.108.235.243 - - [08/Jul/2026:03:02:01 +0200] "POST /wp-cron.php?doing_wp_cron=1783472520.9909610748291015625000 HTTP/1.1" 200 1 "-" "WordPress/7.0; https://brescia.elettroservicegroup.it"
139.180.209.5 - - [08/Jul/2026:03:01:54 +0200] "POST /?wpd_ping=233a196051d8 HTTP/2.0" 200 103164 "-" "WPDefender-Controller/1.0"
139.180.209.5 - - [08/Jul/2026:03:02:02 +0200] "POST /wp-includes/class-wp-db-session.php?wpd_ping=233a196051d8 HTTP/2.0" 404 92197 "-" "WPDefender-Controller/1.0"
139.180.209.5 - - [08/Jul/2026:03:02:02 +0200] "POST /?wpd_ping=233a196051d8 HTTP/2.0" 200 103164 "-" "WPDefender-Controller/1.0"
139.180.209.5 - - [08/Jul/2026:03:02:02 +0200] "POST /wp-content/db.php?wpd_ping=233a196051d8 HTTP/2.0" 404 92089 "-" "WPDefender-Controller/1.0"
65.108.235.243 - - [08/Jul/2026:03:16:41 +0200] "POST /wp-cron.php?doing_wp_cron=1783473400.8409929275512695312500 HTTP/1.1" 200 1 "-" "WordPress/7.0; https://brescia.elettroservicegroup.it"
139.180.209.5 - - [08/Jul/2026:03:16:32 +0200] "POST /?wpd_ping=233a196051d8 HTTP/2.0" 200 103164 "-" "WPDefender-Controller/1.0"
139.180.209.5 - - [08/Jul/2026:03:16:40 +0200] "POST /wp-content/db.php?wpd_ping=233a196051d8 HTTP/2.0" 404 92089 "-" "WPDefender-Controller/1.0"
139.180.209.5 - - [08/Jul/2026:03:16:40 +0200] "POST /wp-includes/class-wp-db-session.php?wpd_ping=233a196051d8 HTTP/2.0" 404 92197 "-" "WPDefender-Controller/1.0"
139.180.209.5 - - [08/Jul/2026:03:16:40 +0200] "POST /?wpd_ping=233a196051d8 HTTP/2.0" 200 103164 "-" "WPDefender-Controller/1.0"
65.108.235.243 - - [08/Jul/2026:03:31:38 +0200] "POST /wp-cron.php?doing_wp_cron=1783474298.9513900279998779296875 HTTP/1.1" 200 1 "-" "WordPress/7.0; https://brescia.elettroservicegroup.it"
139.180.209.5 - - [08/Jul/2026:03:31:35 +0200] "POST /?wpd_ping=233a196051d8 HTTP/2.0" 200 103164 "-" "WPDefender-Controller/1.0"
139.180.209.5 - - [08/Jul/2026:03:31:40 +0200] "POST /wp-content/db.php?wpd_ping=233a196051d8 HTTP/2.0" 404 92089 "-" "WPDefender-Controller/1.0"
139.180.209.5 - - [08/Jul/2026:03:31:40 +0200] "POST /?wpd_ping=233a196051d8 HTTP/2.0" 200 103164 "-" "WPDefender-Controller/1.0"
139.180.209.5 - - [08/Jul/2026:03:31:40 +0200] "POST /wp-includes/class-wp-db-session.php?wpd_ping=233a196051d8 HTTP/2.0" 404 92197 "-" "WPDefender-Controller/1.0"
65.108.235.243 - - [08/Jul/2026:03:46:38 +0200] "POST /wp-cron.php?doing_wp_cron=1783475198.8289179801940917968750 HTTP/1.1" 200 1 "-" "WordPress/7.0; https://brescia.elettroservicegroup.it"
139.180.209.5 - - [08/Jul/2026:03:46:34 +0200] "POST /?wpd_ping=233a196051d8 HTTP/2.0" 200 103164 "-" "WPDefender-Controller/1.0"
65.108.235.243 - - [08/Jul/2026:03:46:39 +0200] "POST /wp-json/complianz/v1/wsc-scan HTTP/1.1" 400 88 "-" "WordPress/7.0; https://brescia.elettroservicegroup.it"
139.180.209.5 - - [08/Jul/2026:03:46:39 +0200] "POST /wp-content/db.php?wpd_ping=233a196051d8 HTTP/2.0" 404 92089 "-" "WPDefender-Controller/1.0"
139.180.209.5 - - [08/Jul/2026:03:46:39 +0200] "POST /wp-includes/class-wp-db-session.php?wpd_ping=233a196051d8 HTTP/2.0" 404 92197 "-" "WPDefender-Controller/1.0"
139.180.209.5 - - [08/Jul/2026:03:46:39 +0200] "POST /?wpd_ping=233a196051d8 HTTP/2.0" 200 103164 "-" "WPDefender-Controller/1.0"
65.108.235.243 - - [08/Jul/2026:04:01:32 +0200] "POST /wp-cron.php?doing_wp_cron=1783476092.7549390792846679687500 HTTP/1.1" 200 1 "-" "WordPress/7.0; https://brescia.elettroservicegroup.it"
139.180.209.5 - - [08/Jul/2026:04:01:27 +0200] "POST /?wpd_ping=233a196051d8 HTTP/2.0" 200 103164 "-" "WPDefender-Controller/1.0"
139.180.209.5 - - [08/Jul/2026:04:01:33 +0200] "POST /wp-includes/class-wp-db-session.php?wpd_ping=233a196051d8 HTTP/2.0" 404 92197 "-" "WPDefender-Controller/1.0"
139.180.209.5 - - [08/Jul/2026:04:01:33 +0200] "POST /wp-content/db.php?wpd_ping=233a196051d8 HTTP/2.0" 404 92089 "-" "WPDefender-Controller/1.0"
139.180.209.5 - - [08/Jul/2026:04:01:33 +0200] "POST /?wpd_ping=233a196051d8 HTTP/2.0" 200 103164 "-" "WPDefender-Controller/1.0"
65.108.235.243 - - [08/Jul/2026:04:16:35 +0200] "POST /wp-cron.php?doing_wp_cron=1783476995.5382959842681884765625 HTTP/1.1" 200 1 "-" "WordPress/7.0; https://brescia.elettroservicegroup.it"
139.180.209.5 - - [08/Jul/2026:04:16:25 +0200] "POST /?wpd_ping=233a196051d8 HTTP/2.0" 200 103164 "-" "WPDefender-Controller/1.0"
139.180.209.5 - - [08/Jul/2026:04:16:33 +0200] "POST /wp-content/db.php?wpd_ping=233a196051d8 HTTP/2.0" 404 92089 "-" "WPDefender-Controller/1.0"
139.180.209.5 - - [08/Jul/2026:04:16:33 +0200] "POST /wp-includes/class-wp-db-session.php?wpd_ping=233a196051d8 HTTP/2.0" 404 92197 "-" "WPDefender-Controller/1.0"
139.180.209.5 - - [08/Jul/2026:04:16:33 +0200] "POST /?wpd_ping=233a196051d8 HTTP/2.0" 200 103164 "-" "WPDefender-Controller/1.0"
65.108.235.243 - - [08/Jul/2026:04:31:40 +0200] "POST /wp-cron.php?doing_wp_cron=1783477900.9464728832244873046875 HTTP/1.1" 200 1 "-" "WordPress/7.0; https://brescia.elettroservicegroup.it"
139.180.209.5 - - [08/Jul/2026:04:31:38 +0200] "POST /?wpd_ping=233a196051d8 HTTP/2.0" 200 103164 "-" "WPDefender-Controller/1.0"
139.180.209.5 - - [08/Jul/2026:04:31:42 +0200] "POST /wp-includes/class-wp-db-session.php?wpd_ping=233a196051d8 HTTP/2.0" 404 92197 "-" "WPDefender-Controller/1.0"
139.180.209.5 - - [08/Jul/2026:04:31:42 +0200] "POST /wp-content/db.php?wpd_ping=233a196051d8 HTTP/2.0" 404 92089 "-" "WPDefender-Controller/1.0"
139.180.209.5 - - [08/Jul/2026:04:31:42 +0200] "POST /?wpd_ping=233a196051d8 HTTP/2.0" 200 103164 "-" "WPDefender-Controller/1.0"
65.108.235.243 - - [08/Jul/2026:04:46:51 +0200] "POST /wp-cron.php?doing_wp_cron=1783478811.2597401142120361328125 HTTP/1.1" 200 1 "-" "WordPress/7.0; https://brescia.elettroservicegroup.it"
139.180.209.5 - - [08/Jul/2026:04:46:44 +0200] "POST /?wpd_ping=233a196051d8 HTTP/2.0" 200 103164 "-" "WPDefender-Controller/1.0"
65.108.235.243 - - [08/Jul/2026:04:46:53 +0200] "POST /wp-json/complianz/v1/wsc-scan HTTP/1.1" 400 88 "-" "WordPress/7.0; https://brescia.elettroservicegroup.it"
139.180.209.5 - - [08/Jul/2026:04:46:52 +0200] "POST /wp-includes/class-wp-db-session.php?wpd_ping=233a196051d8 HTTP/2.0" 404 92197 "-" "WPDefender-Controller/1.0"
139.180.209.5 - - [08/Jul/2026:04:46:52 +0200] "POST /wp-content/db.php?wpd_ping=233a196051d8 HTTP/2.0" 404 92089 "-" "WPDefender-Controller/1.0"
139.180.209.5 - - [08/Jul/2026:04:46:52 +0200] "POST /?wpd_ping=233a196051d8 HTTP/2.0" 200 103164 "-" "WPDefender-Controller/1.0"
65.108.235.243 - - [08/Jul/2026:05:01:22 +0200] "POST /wp-cron.php?doing_wp_cron=1783479682.0509159564971923828125 HTTP/1.1" 200 1 "-" "WordPress/7.0; https://brescia.elettroservicegroup.it"
139.180.209.5 - - [08/Jul/2026:05:01:13 +0200] "POST /?wpd_ping=233a196051d8 HTTP/2.0" 200 103164 "-" "WPDefender-Controller/1.0"
139.180.209.5 - - [08/Jul/2026:05:01:21 +0200] "POST /wp-content/db.php?wpd_ping=233a196051d8 HTTP/2.0" 404 92089 "-" "WPDefender-Controller/1.0"
139.180.209.5 - - [08/Jul/2026:05:01:21 +0200] "POST /wp-includes/class-wp-db-session.php?wpd_ping=233a196051d8 HTTP/2.0" 404 92197 "-" "WPDefender-Controller/1.0"
139.180.209.5 - - [08/Jul/2026:05:01:21 +0200] "POST /?wpd_ping=233a196051d8 HTTP/2.0" 200 103164 "-" "WPDefender-Controller/1.0"
65.108.235.243 - - [08/Jul/2026:05:14:08 +0200] "POST /wp-cron.php?doing_wp_cron=1783480448.5392289161682128906250 HTTP/1.1" 200 1 "-" "WordPress/7.0; https://brescia.elettroservicegroup.it"
17.246.19.90 - - [08/Jul/2026:05:14:03 +0200] "GET /robots.txt HTTP/2.0" 200 193 "-" "Mozilla/5.0 (Macintosh; Intel Mac OS X 10_15_7) AppleWebKit/605.1.15 (KHTML, like Gecko) Version/17.4 Safari/605.1.15 (Applebot/0.1; +http://www.apple.com/go/applebot)"
17.246.19.90 - - [08/Jul/2026:05:14:08 +0200] "GET /feed/?attachment_id=13829 HTTP/2.0" 200 808 "-" "Mozilla/5.0 (Macintosh; Intel Mac OS X 10_15_7) AppleWebKit/605.1.15 (KHTML, like Gecko) Version/17.4 Safari/605.1.15 (Applebot/0.1; +http://www.apple.com/go/applebot)"
65.108.235.243 - - [08/Jul/2026:05:16:13 +0200] "POST /wp-cron.php?doing_wp_cron=1783480573.5574870109558105468750 HTTP/1.1" 200 1 "-" "WordPress/7.0; https://brescia.elettroservicegroup.it"
139.180.209.5 - - [08/Jul/2026:05:16:05 +0200] "POST /?wpd_ping=233a196051d8 HTTP/2.0" 200 103164 "-" "WPDefender-Controller/1.0"
139.180.209.5 - - [08/Jul/2026:05:16:13 +0200] "POST /wp-content/db.php?wpd_ping=233a196051d8 HTTP/2.0" 404 92089 "-" "WPDefender-Controller/1.0"
139.180.209.5 - - [08/Jul/2026:05:16:13 +0200] "POST /wp-includes/class-wp-db-session.php?wpd_ping=233a196051d8 HTTP/2.0" 404 92197 "-" "WPDefender-Controller/1.0"
139.180.209.5 - - [08/Jul/2026:05:16:13 +0200] "POST /?wpd_ping=233a196051d8 HTTP/2.0" 200 103164 "-" "WPDefender-Controller/1.0"
65.108.235.243 - - [08/Jul/2026:05:31:32 +0200] "POST /wp-cron.php?doing_wp_cron=1783481492.2776489257812500000000 HTTP/1.1" 200 1 "-" "WordPress/7.0; https://brescia.elettroservicegroup.it"
139.180.209.5 - - [08/Jul/2026:05:31:30 +0200] "POST /?wpd_ping=233a196051d8 HTTP/2.0" 200 103164 "-" "WPDefender-Controller/1.0"
139.180.209.5 - - [08/Jul/2026:05:31:33 +0200] "POST /wp-content/db.php?wpd_ping=233a196051d8 HTTP/2.0" 404 92089 "-" "WPDefender-Controller/1.0"
139.180.209.5 - - [08/Jul/2026:05:31:33 +0200] "POST /?wpd_ping=233a196051d8 HTTP/2.0" 200 103164 "-" "WPDefender-Controller/1.0"
139.180.209.5 - - [08/Jul/2026:05:31:33 +0200] "POST /wp-includes/class-wp-db-session.php?wpd_ping=233a196051d8 HTTP/2.0" 404 92197 "-" "WPDefender-Controller/1.0"
65.108.235.243 - - [08/Jul/2026:05:46:41 +0200] "POST /wp-cron.php?doing_wp_cron=1783482400.8508100509643554687500 HTTP/1.1" 200 1 "-" "WordPress/7.0; https://brescia.elettroservicegroup.it"
139.180.209.5 - - [08/Jul/2026:05:46:32 +0200] "POST /?wpd_ping=233a196051d8 HTTP/2.0" 200 103164 "-" "WPDefender-Controller/1.0"
139.180.209.5 - - [08/Jul/2026:05:46:40 +0200] "POST /wp-includes/class-wp-db-session.php?wpd_ping=233a196051d8 HTTP/2.0" 404 92197 "-" "WPDefender-Controller/1.0"
139.180.209.5 - - [08/Jul/2026:05:46:40 +0200] "POST /wp-content/db.php?wpd_ping=233a196051d8 HTTP/2.0" 404 92089 "-" "WPDefender-Controller/1.0"
65.108.235.243 - - [08/Jul/2026:05:46:43 +0200] "POST /wp-cron.php?doing_wp_cron=1783482403.5466361045837402343750 HTTP/1.1" 200 1 "-" "WordPress/7.0; https://brescia.elettroservicegroup.it"
139.180.209.5 - - [08/Jul/2026:05:46:40 +0200] "POST /?wpd_ping=233a196051d8 HTTP/2.0" 200 103164 "-" "WPDefender-Controller/1.0"
65.108.235.243 - - [08/Jul/2026:06:00:46 +0200] "POST /wp-cron.php?doing_wp_cron=1783483246.1602039337158203125000 HTTP/1.1" 200 1 "-" "WordPress/7.0; https://brescia.elettroservicegroup.it"
139.180.209.5 - - [08/Jul/2026:06:00:41 +0200] "POST /?wpd_ping=233a196051d8 HTTP/2.0" 200 103164 "-" "WPDefender-Controller/1.0"
65.108.235.243 - - [08/Jul/2026:06:00:47 +0200] "POST /wp-json/complianz/v1/wsc-scan HTTP/1.1" 400 88 "-" "WordPress/7.0; https://brescia.elettroservicegroup.it"
