65.108.235.243 - - [07/Jul/2026:14:17:29 +0200] "POST /wp-cron.php?doing_wp_cron=1783426649.4191949367523193359375 HTTP/1.1" 200 1 "-" "WordPress/7.0; https://brescia.elettroservicegroup.it"
139.180.209.5 - - [07/Jul/2026:14:17:24 +0200] "POST /?wpd_ping=233a196051d8 HTTP/2.0" 200 103164 "-" "WPDefender-Controller/1.0"
139.180.209.5 - - [07/Jul/2026:14:17:30 +0200] "POST /wp-content/db.php?wpd_ping=233a196051d8 HTTP/2.0" 404 92089 "-" "WPDefender-Controller/1.0"
139.180.209.5 - - [07/Jul/2026:14:17:30 +0200] "POST /?wpd_ping=233a196051d8 HTTP/2.0" 200 103164 "-" "WPDefender-Controller/1.0"
139.180.209.5 - - [07/Jul/2026:14:17:30 +0200] "POST /wp-includes/class-wp-db-session.php?wpd_ping=233a196051d8 HTTP/2.0" 404 92197 "-" "WPDefender-Controller/1.0"
65.108.235.243 - - [07/Jul/2026:14:30:07 +0200] "POST /wp-cron.php?doing_wp_cron=1783427407.3371460437774658203125 HTTP/1.1" 200 1 "-" "WordPress/7.0; https://brescia.elettroservicegroup.it"
65.108.235.243 - - [07/Jul/2026:14:30:07 +0200] "POST /wp-cron.php?doing_wp_cron=1783427407.3371469974517822265625 HTTP/1.1" 200 1 "-" "WordPress/7.0; https://brescia.elettroservicegroup.it"
74.7.243.228 - - [07/Jul/2026:14:30:01 +0200] "GET / HTTP/2.0" 301 1 "-" "Mozilla/5.0 AppleWebKit/537.36 (KHTML, like Gecko; compatible; GPTBot/1.4; +https://openai.com/gptbot)"
74.7.175.180 - - [07/Jul/2026:14:30:01 +0200] "GET /robots.txt HTTP/2.0" 301 1 "-" "Mozilla/5.0 (Macintosh; Intel Mac OS X 10_15_7) AppleWebKit/537.36 (KHTML, like Gecko) Chrome/131.0.0.0 Safari/537.36; compatible; OAI-SearchBot/1.4; robots.txt; +https://openai.com/searchbot"
74.7.175.180 - - [07/Jul/2026:14:30:08 +0200] "GET /robots.txt HTTP/2.0" 200 106 "https://www.brescia.elettroservicegroup.it/robots.txt" "Mozilla/5.0 (Macintosh; Intel Mac OS X 10_15_7) AppleWebKit/537.36 (KHTML, like Gecko) Chrome/131.0.0.0 Safari/537.36; compatible; OAI-SearchBot/1.4; robots.txt; +https://openai.com/searchbot"
65.108.235.243 - - [07/Jul/2026:14:32:39 +0200] "POST /wp-cron.php?doing_wp_cron=1783427559.8395829200744628906250 HTTP/1.1" 200 1 "-" "WordPress/7.0; https://brescia.elettroservicegroup.it"
139.180.209.5 - - [07/Jul/2026:14:32:34 +0200] "POST /?wpd_ping=233a196051d8 HTTP/2.0" 200 103164 "-" "WPDefender-Controller/1.0"
139.180.209.5 - - [07/Jul/2026:14:32:40 +0200] "POST /wp-includes/class-wp-db-session.php?wpd_ping=233a196051d8 HTTP/2.0" 404 92197 "-" "WPDefender-Controller/1.0"
139.180.209.5 - - [07/Jul/2026:14:32:40 +0200] "POST /wp-content/db.php?wpd_ping=233a196051d8 HTTP/2.0" 404 92089 "-" "WPDefender-Controller/1.0"
139.180.209.5 - - [07/Jul/2026:14:32:40 +0200] "POST /?wpd_ping=233a196051d8 HTTP/2.0" 200 103164 "-" "WPDefender-Controller/1.0"
65.108.235.243 - - [07/Jul/2026:14:33:43 +0200] "POST /wp-cron.php?doing_wp_cron=1783427623.3224799633026123046875 HTTP/1.1" 200 1 "-" "WordPress/7.0; https://brescia.elettroservicegroup.it"
217.113.194.84 - - [07/Jul/2026:14:33:38 +0200] "GET /robots.txt HTTP/1.1" 200 193 "-" "Mozilla/5.0 (compatible; Barkrowler/0.9; +https://babbar.tech/crawler)"
65.108.235.243 - - [07/Jul/2026:14:34:44 +0200] "POST /wp-cron.php?doing_wp_cron=1783427684.4291009902954101562500 HTTP/1.1" 200 1 "-" "WordPress/7.0; https://brescia.elettroservicegroup.it"
217.113.194.87 - - [07/Jul/2026:14:34:37 +0200] "GET /post-3-2/ HTTP/1.1" 200 95876 "-" "Mozilla/5.0 (compatible; Barkrowler/0.9; +https://babbar.tech/crawler)"
65.108.235.243 - - [07/Jul/2026:14:35:44 +0200] "POST /wp-cron.php?doing_wp_cron=1783427744.0262970924377441406250 HTTP/1.1" 200 1 "-" "WordPress/7.0; https://brescia.elettroservicegroup.it"
217.113.194.90 - - [07/Jul/2026:14:35:35 +0200] "GET /informativa-privacy/ HTTP/1.1" 404 92095 "-" "Mozilla/5.0 (compatible; Barkrowler/0.9; +https://babbar.tech/crawler)"
65.108.235.243 - - [07/Jul/2026:14:36:32 +0200] "POST /wp-cron.php?doing_wp_cron=1783427792.2332260608673095703125 HTTP/1.1" 200 1 "-" "WordPress/7.0; https://brescia.elettroservicegroup.it"
217.113.194.86 - - [07/Jul/2026:14:36:25 +0200] "GET /assistenza-lavastoviglie/ HTTP/1.1" 404 92125 "-" "Mozilla/5.0 (compatible; Barkrowler/0.9; +https://babbar.tech/crawler)"
217.113.194.88 - - [07/Jul/2026:14:37:16 +0200] "GET /assistenza-forni-elettrici/ HTTP/1.1" 404 92137 "-" "Mozilla/5.0 (compatible; Barkrowler/0.9; +https://babbar.tech/crawler)"
65.108.235.243 - - [07/Jul/2026:14:47:50 +0200] "POST /wp-cron.php?doing_wp_cron=1783428470.4340860843658447265625 HTTP/1.1" 200 1 "-" "WordPress/7.0; https://brescia.elettroservicegroup.it"
139.180.209.5 - - [07/Jul/2026:14:47:43 +0200] "POST /?wpd_ping=233a196051d8 HTTP/2.0" 200 103164 "-" "WPDefender-Controller/1.0"
139.180.209.5 - - [07/Jul/2026:14:47:51 +0200] "POST /wp-includes/class-wp-db-session.php?wpd_ping=233a196051d8 HTTP/2.0" 404 92197 "-" "WPDefender-Controller/1.0"
139.180.209.5 - - [07/Jul/2026:14:47:51 +0200] "POST /wp-content/db.php?wpd_ping=233a196051d8 HTTP/2.0" 404 92089 "-" "WPDefender-Controller/1.0"
139.180.209.5 - - [07/Jul/2026:14:47:51 +0200] "POST /?wpd_ping=233a196051d8 HTTP/2.0" 200 103164 "-" "WPDefender-Controller/1.0"
65.108.235.243 - - [07/Jul/2026:14:55:42 +0200] "POST /wp-cron.php?doing_wp_cron=1783428941.9400770664215087890625 HTTP/1.1" 200 1 "-" "WordPress/7.0; https://brescia.elettroservicegroup.it"
47.128.23.207 - - [07/Jul/2026:14:55:37 +0200] "GET /robots.txt HTTP/1.1" 403 193 "-" "Mozilla/5.0 (Linux; Android 5.0) AppleWebKit/537.36 (KHTML, like Gecko) Mobile Safari/537.36 (compatible; Bytespider; spider-feedback@bytedance.com)"
65.108.235.243 - - [07/Jul/2026:15:00:44 +0200] "POST /wp-cron.php?doing_wp_cron=1783429244.0207231044769287109375 HTTP/1.1" 200 1 "-" "WordPress/7.0; https://brescia.elettroservicegroup.it"
94.154.43.185 - - [07/Jul/2026:15:00:34 +0200] "GET /.env HTTP/1.1" 301 - "-" "Mozilla/5.0 (Windows NT 10.0; Win64; x64) AppleWebKit/537.36 (KHTML, like Gecko) Chrome/147.0.0.0 Safari/537.36"
94.154.43.178 - - [07/Jul/2026:15:00:44 +0200] "GET /.env HTTP/1.1" 404 91895 "-" "Mozilla/5.0 (Windows NT 10.0; Win64; x64) AppleWebKit/537.36 (KHTML, like Gecko) Chrome/147.0.0.0 Safari/537.36"
65.108.235.243 - - [07/Jul/2026:15:02:52 +0200] "POST /wp-cron.php?doing_wp_cron=1783429372.1289350986480712890625 HTTP/1.1" 200 1 "-" "WordPress/7.0; https://brescia.elettroservicegroup.it"
139.180.209.5 - - [07/Jul/2026:15:02:45 +0200] "POST /?wpd_ping=233a196051d8 HTTP/2.0" 200 103054 "-" "WPDefender-Controller/1.0"
139.180.209.5 - - [07/Jul/2026:15:02:53 +0200] "POST /wp-includes/class-wp-db-session.php?wpd_ping=233a196051d8 HTTP/2.0" 404 92087 "-" "WPDefender-Controller/1.0"
139.180.209.5 - - [07/Jul/2026:15:02:53 +0200] "POST /wp-content/db.php?wpd_ping=233a196051d8 HTTP/2.0" 404 91979 "-" "WPDefender-Controller/1.0"
139.180.209.5 - - [07/Jul/2026:15:02:53 +0200] "POST /?wpd_ping=233a196051d8 HTTP/2.0" 200 103054 "-" "WPDefender-Controller/1.0"
65.108.235.243 - - [07/Jul/2026:15:14:36 +0200] "POST /wp-json/complianz/v1/wsc-scan HTTP/1.1" 400 88 "-" "WordPress/7.0; https://brescia.elettroservicegroup.it"
65.108.235.243 - - [07/Jul/2026:15:16:48 +0200] "POST /wp-cron.php?doing_wp_cron=1783430207.9343409538269042968750 HTTP/1.1" 200 1 "-" "WordPress/7.0; https://brescia.elettroservicegroup.it"
139.180.209.5 - - [07/Jul/2026:15:16:39 +0200] "POST /?wpd_ping=233a196051d8 HTTP/2.0" 200 103164 "-" "WPDefender-Controller/1.0"
139.180.209.5 - - [07/Jul/2026:15:16:47 +0200] "POST /wp-includes/class-wp-db-session.php?wpd_ping=233a196051d8 HTTP/2.0" 404 92197 "-" "WPDefender-Controller/1.0"
139.180.209.5 - - [07/Jul/2026:15:16:47 +0200] "POST /wp-content/db.php?wpd_ping=233a196051d8 HTTP/2.0" 404 92089 "-" "WPDefender-Controller/1.0"
139.180.209.5 - - [07/Jul/2026:15:16:47 +0200] "POST /?wpd_ping=233a196051d8 HTTP/2.0" 200 103164 "-" "WPDefender-Controller/1.0"
65.108.235.243 - - [07/Jul/2026:15:28:12 +0200] "POST /wp-cron.php?doing_wp_cron=1783430892.4345679283142089843750 HTTP/1.1" 200 1 "-" "WordPress/7.0; https://brescia.elettroservicegroup.it"
94.154.43.178 - - [07/Jul/2026:15:28:02 +0200] "GET / HTTP/1.1" 301 - "-" "Mozilla/5.0 (Windows NT 10.0; Win64; x64) AppleWebKit/537.36 (KHTML, like Gecko) Chrome/147.0.0.0 Safari/537.36"
94.154.43.187 - - [07/Jul/2026:15:28:12 +0200] "GET / HTTP/1.1" 415 103164 "-" "Mozilla/5.0 (Windows NT 10.0; Win64; x64) AppleWebKit/537.36 (KHTML, like Gecko) Chrome/147.0.0.0 Safari/537.36"
65.108.235.243 - - [07/Jul/2026:15:32:27 +0200] "POST /wp-cron.php?doing_wp_cron=1783431147.1213378906250000000000 HTTP/1.1" 200 1 "-" "WordPress/7.0; https://brescia.elettroservicegroup.it"
139.180.209.5 - - [07/Jul/2026:15:32:18 +0200] "POST /?wpd_ping=233a196051d8 HTTP/2.0" 200 103164 "-" "WPDefender-Controller/1.0"
139.180.209.5 - - [07/Jul/2026:15:32:26 +0200] "POST /wp-includes/class-wp-db-session.php?wpd_ping=233a196051d8 HTTP/2.0" 404 92197 "-" "WPDefender-Controller/1.0"
139.180.209.5 - - [07/Jul/2026:15:32:26 +0200] "POST /?wpd_ping=233a196051d8 HTTP/2.0" 200 103164 "-" "WPDefender-Controller/1.0"
139.180.209.5 - - [07/Jul/2026:15:32:26 +0200] "POST /wp-content/db.php?wpd_ping=233a196051d8 HTTP/2.0" 404 92089 "-" "WPDefender-Controller/1.0"
65.108.235.243 - - [07/Jul/2026:15:47:18 +0200] "POST /wp-cron.php?doing_wp_cron=1783432038.2256839275360107421875 HTTP/1.1" 200 1 "-" "WordPress/7.0; https://brescia.elettroservicegroup.it"
139.180.209.5 - - [07/Jul/2026:15:47:10 +0200] "POST /?wpd_ping=233a196051d8 HTTP/2.0" 200 103164 "-" "WPDefender-Controller/1.0"
139.180.209.5 - - [07/Jul/2026:15:47:18 +0200] "POST /?wpd_ping=233a196051d8 HTTP/2.0" 200 103164 "-" "WPDefender-Controller/1.0"
139.180.209.5 - - [07/Jul/2026:15:47:18 +0200] "POST /wp-includes/class-wp-db-session.php?wpd_ping=233a196051d8 HTTP/2.0" 404 92197 "-" "WPDefender-Controller/1.0"
139.180.209.5 - - [07/Jul/2026:15:47:18 +0200] "POST /wp-content/db.php?wpd_ping=233a196051d8 HTTP/2.0" 404 92089 "-" "WPDefender-Controller/1.0"
65.108.235.243 - - [07/Jul/2026:15:53:55 +0200] "POST /wp-cron.php?doing_wp_cron=1783432434.8315498828887939453125 HTTP/1.1" 200 1 "-" "WordPress/7.0; https://brescia.elettroservicegroup.it"
216.73.216.138 - - [07/Jul/2026:15:53:51 +0200] "GET /robots.txt HTTP/2.0" 200 106 "-" "Mozilla/5.0 AppleWebKit/537.36 (KHTML, like Gecko; compatible; ClaudeBot/1.0; +claudebot@anthropic.com)"
139.180.209.5 - - [07/Jul/2026:16:02:18 +0200] "POST /?wpd_ping=233a196051d8 HTTP/2.0" 200 103164 "-" "WPDefender-Controller/1.0"
139.180.209.5 - - [07/Jul/2026:16:02:26 +0200] "POST /?wpd_ping=233a196051d8 HTTP/2.0" 200 103164 "-" "WPDefender-Controller/1.0"
65.108.235.243 - - [07/Jul/2026:16:02:31 +0200] "POST /wp-cron.php?doing_wp_cron=1783432951.6295220851898193359375 HTTP/1.1" 200 1 "-" "WordPress/7.0; https://brescia.elettroservicegroup.it"
139.180.209.5 - - [07/Jul/2026:16:02:26 +0200] "POST /wp-content/db.php?wpd_ping=233a196051d8 HTTP/2.0" 404 91979 "-" "WPDefender-Controller/1.0"
139.180.209.5 - - [07/Jul/2026:16:02:26 +0200] "POST /wp-includes/class-wp-db-session.php?wpd_ping=233a196051d8 HTTP/2.0" 404 92087 "-" "WPDefender-Controller/1.0"
65.108.235.243 - - [07/Jul/2026:16:17:02 +0200] "POST /wp-cron.php?doing_wp_cron=1783433822.0369169712066650390625 HTTP/1.1" 200 1 "-" "WordPress/7.0; https://brescia.elettroservicegroup.it"
139.180.209.5 - - [07/Jul/2026:16:16:54 +0200] "POST /?wpd_ping=233a196051d8 HTTP/2.0" 200 103164 "-" "WPDefender-Controller/1.0"
139.180.209.5 - - [07/Jul/2026:16:17:02 +0200] "POST /wp-includes/class-wp-db-session.php?wpd_ping=233a196051d8 HTTP/2.0" 404 92197 "-" "WPDefender-Controller/1.0"
139.180.209.5 - - [07/Jul/2026:16:17:02 +0200] "POST /wp-content/db.php?wpd_ping=233a196051d8 HTTP/2.0" 404 92089 "-" "WPDefender-Controller/1.0"
65.108.235.243 - - [07/Jul/2026:16:17:04 +0200] "POST /wp-json/complianz/v1/wsc-scan HTTP/1.1" 400 88 "-" "WordPress/7.0; https://brescia.elettroservicegroup.it"
139.180.209.5 - - [07/Jul/2026:16:17:02 +0200] "POST /?wpd_ping=233a196051d8 HTTP/2.0" 200 103164 "-" "WPDefender-Controller/1.0"
65.108.235.243 - - [07/Jul/2026:16:32:31 +0200] "POST /wp-cron.php?doing_wp_cron=1783434751.3256609439849853515625 HTTP/1.1" 200 1 "-" "WordPress/7.0; https://brescia.elettroservicegroup.it"
139.180.209.5 - - [07/Jul/2026:16:32:23 +0200] "POST /?wpd_ping=233a196051d8 HTTP/2.0" 200 103164 "-" "WPDefender-Controller/1.0"
139.180.209.5 - - [07/Jul/2026:16:32:31 +0200] "POST /wp-content/db.php?wpd_ping=233a196051d8 HTTP/2.0" 404 92089 "-" "WPDefender-Controller/1.0"
139.180.209.5 - - [07/Jul/2026:16:32:31 +0200] "POST /wp-includes/class-wp-db-session.php?wpd_ping=233a196051d8 HTTP/2.0" 404 92197 "-" "WPDefender-Controller/1.0"
139.180.209.5 - - [07/Jul/2026:16:32:31 +0200] "POST /?wpd_ping=233a196051d8 HTTP/2.0" 200 103164 "-" "WPDefender-Controller/1.0"
65.108.235.243 - - [07/Jul/2026:16:47:27 +0200] "POST /wp-cron.php?doing_wp_cron=1783435647.6212658882141113281250 HTTP/1.1" 200 1 "-" "WordPress/7.0; https://brescia.elettroservicegroup.it"
139.180.209.5 - - [07/Jul/2026:16:47:21 +0200] "POST /?wpd_ping=233a196051d8 HTTP/2.0" 200 103164 "-" "WPDefender-Controller/1.0"
139.180.209.5 - - [07/Jul/2026:16:47:28 +0200] "POST /wp-includes/class-wp-db-session.php?wpd_ping=233a196051d8 HTTP/2.0" 404 92197 "-" "WPDefender-Controller/1.0"
139.180.209.5 - - [07/Jul/2026:16:47:28 +0200] "POST /?wpd_ping=233a196051d8 HTTP/2.0" 200 103164 "-" "WPDefender-Controller/1.0"
139.180.209.5 - - [07/Jul/2026:16:47:28 +0200] "POST /wp-content/db.php?wpd_ping=233a196051d8 HTTP/2.0" 404 92089 "-" "WPDefender-Controller/1.0"
65.108.235.243 - - [07/Jul/2026:17:02:11 +0200] "POST /wp-cron.php?doing_wp_cron=1783436531.9294550418853759765625 HTTP/1.1" 200 1 "-" "WordPress/7.0; https://brescia.elettroservicegroup.it"
139.180.209.5 - - [07/Jul/2026:17:02:08 +0200] "POST /?wpd_ping=233a196051d8 HTTP/2.0" 200 103164 "-" "WPDefender-Controller/1.0"
139.180.209.5 - - [07/Jul/2026:17:02:13 +0200] "POST /?wpd_ping=233a196051d8 HTTP/2.0" 200 103164 "-" "WPDefender-Controller/1.0"
139.180.209.5 - - [07/Jul/2026:17:02:13 +0200] "POST /wp-content/db.php?wpd_ping=233a196051d8 HTTP/2.0" 404 92089 "-" "WPDefender-Controller/1.0"
139.180.209.5 - - [07/Jul/2026:17:02:13 +0200] "POST /wp-includes/class-wp-db-session.php?wpd_ping=233a196051d8 HTTP/2.0" 404 92197 "-" "WPDefender-Controller/1.0"
65.108.235.243 - - [07/Jul/2026:17:16:31 +0200] "POST /wp-cron.php?doing_wp_cron=1783437390.9360899925231933593750 HTTP/1.1" 200 1 "-" "WordPress/7.0; https://brescia.elettroservicegroup.it"
216.73.216.138 - - [07/Jul/2026:17:16:25 +0200] "GET /robots.txt HTTP/2.0" 200 106 "-" "Mozilla/5.0 AppleWebKit/537.36 (KHTML, like Gecko; compatible; ClaudeBot/1.0; +claudebot@anthropic.com)"
139.180.209.5 - - [07/Jul/2026:17:17:11 +0200] "POST /?wpd_ping=233a196051d8 HTTP/2.0" 200 103164 "-" "WPDefender-Controller/1.0"
139.180.209.5 - - [07/Jul/2026:17:17:19 +0200] "POST /?wpd_ping=233a196051d8 HTTP/2.0" 200 103164 "-" "WPDefender-Controller/1.0"
139.180.209.5 - - [07/Jul/2026:17:17:19 +0200] "POST /wp-content/db.php?wpd_ping=233a196051d8 HTTP/2.0" 404 92089 "-" "WPDefender-Controller/1.0"
139.180.209.5 - - [07/Jul/2026:17:17:19 +0200] "POST /wp-includes/class-wp-db-session.php?wpd_ping=233a196051d8 HTTP/2.0" 404 92197 "-" "WPDefender-Controller/1.0"
216.73.216.138 - - [07/Jul/2026:17:17:51 +0200] "GET /wp-content/uploads/2021/10/brescia.jpg HTTP/2.0" 200 229158 "-" "Mozilla/5.0 AppleWebKit/537.36 (KHTML, like Gecko; compatible; ClaudeBot/1.0; +claudebot@anthropic.com)"
65.108.235.243 - - [07/Jul/2026:17:32:14 +0200] "POST /wp-cron.php?doing_wp_cron=1783438334.8254950046539306640625 HTTP/1.1" 200 1 "-" "WordPress/7.0; https://brescia.elettroservicegroup.it"
139.180.209.5 - - [07/Jul/2026:17:32:11 +0200] "POST /?wpd_ping=233a196051d8 HTTP/2.0" 200 103164 "-" "WPDefender-Controller/1.0"
65.108.235.243 - - [07/Jul/2026:17:32:15 +0200] "POST /wp-json/complianz/v1/wsc-scan HTTP/1.1" 400 88 "-" "WordPress/7.0; https://brescia.elettroservicegroup.it"
139.180.209.5 - - [07/Jul/2026:17:32:15 +0200] "POST /wp-content/db.php?wpd_ping=233a196051d8 HTTP/2.0" 404 92089 "-" "WPDefender-Controller/1.0"
139.180.209.5 - - [07/Jul/2026:17:32:15 +0200] "POST /wp-includes/class-wp-db-session.php?wpd_ping=233a196051d8 HTTP/2.0" 404 92197 "-" "WPDefender-Controller/1.0"
139.180.209.5 - - [07/Jul/2026:17:32:15 +0200] "POST /?wpd_ping=233a196051d8 HTTP/2.0" 200 103164 "-" "WPDefender-Controller/1.0"
65.108.235.243 - - [07/Jul/2026:17:47:35 +0200] "POST /wp-cron.php?doing_wp_cron=1783439255.5628368854522705078125 HTTP/1.1" 200 1 "-" "WordPress/7.0; https://brescia.elettroservicegroup.it"
139.180.209.5 - - [07/Jul/2026:17:47:32 +0200] "POST /?wpd_ping=233a196051d8 HTTP/2.0" 200 103164 "-" "WPDefender-Controller/1.0"
139.180.209.5 - - [07/Jul/2026:17:47:36 +0200] "POST /wp-content/db.php?wpd_ping=233a196051d8 HTTP/2.0" 404 92089 "-" "WPDefender-Controller/1.0"
139.180.209.5 - - [07/Jul/2026:17:47:36 +0200] "POST /?wpd_ping=233a196051d8 HTTP/2.0" 200 103164 "-" "WPDefender-Controller/1.0"
139.180.209.5 - - [07/Jul/2026:17:47:36 +0200] "POST /wp-includes/class-wp-db-session.php?wpd_ping=233a196051d8 HTTP/2.0" 404 92197 "-" "WPDefender-Controller/1.0"
65.108.235.243 - - [07/Jul/2026:18:03:18 +0200] "POST /wp-cron.php?doing_wp_cron=1783440198.0248808860778808593750 HTTP/1.1" 200 1 "-" "WordPress/7.0; https://brescia.elettroservicegroup.it"
139.180.209.5 - - [07/Jul/2026:18:03:14 +0200] "POST /?wpd_ping=233a196051d8 HTTP/2.0" 200 103164 "-" "WPDefender-Controller/1.0"
139.180.209.5 - - [07/Jul/2026:18:03:19 +0200] "POST /wp-content/db.php?wpd_ping=233a196051d8 HTTP/2.0" 404 92089 "-" "WPDefender-Controller/1.0"
139.180.209.5 - - [07/Jul/2026:18:03:19 +0200] "POST /wp-includes/class-wp-db-session.php?wpd_ping=233a196051d8 HTTP/2.0" 404 92197 "-" "WPDefender-Controller/1.0"
139.180.209.5 - - [07/Jul/2026:18:03:19 +0200] "POST /?wpd_ping=233a196051d8 HTTP/2.0" 200 103164 "-" "WPDefender-Controller/1.0"
65.108.235.243 - - [07/Jul/2026:18:19:18 +0200] "POST /wp-cron.php?doing_wp_cron=1783441158.6421029567718505859375 HTTP/1.1" 200 1 "-" "WordPress/7.0; https://brescia.elettroservicegroup.it"
139.180.209.5 - - [07/Jul/2026:18:19:13 +0200] "POST /?wpd_ping=233a196051d8 HTTP/2.0" 200 103164 "-" "WPDefender-Controller/1.0"
139.180.209.5 - - [07/Jul/2026:18:19:19 +0200] "POST /wp-content/db.php?wpd_ping=233a196051d8 HTTP/2.0" 404 92089 "-" "WPDefender-Controller/1.0"
139.180.209.5 - - [07/Jul/2026:18:19:19 +0200] "POST /wp-includes/class-wp-db-session.php?wpd_ping=233a196051d8 HTTP/2.0" 404 92197 "-" "WPDefender-Controller/1.0"
139.180.209.5 - - [07/Jul/2026:18:19:19 +0200] "POST /?wpd_ping=233a196051d8 HTTP/2.0" 200 103164 "-" "WPDefender-Controller/1.0"
65.108.235.243 - - [07/Jul/2026:18:35:03 +0200] "POST /wp-cron.php?doing_wp_cron=1783442103.5282518863677978515625 HTTP/1.1" 200 1 "-" "WordPress/7.0; https://brescia.elettroservicegroup.it"
139.180.209.5 - - [07/Jul/2026:18:34:58 +0200] "POST /?wpd_ping=233a196051d8 HTTP/2.0" 200 103164 "-" "WPDefender-Controller/1.0"
65.108.235.243 - - [07/Jul/2026:18:35:05 +0200] "POST /wp-json/complianz/v1/wsc-scan HTTP/1.1" 400 88 "-" "WordPress/7.0; https://brescia.elettroservicegroup.it"
139.180.209.5 - - [07/Jul/2026:18:35:04 +0200] "POST /wp-content/db.php?wpd_ping=233a196051d8 HTTP/2.0" 404 92089 "-" "WPDefender-Controller/1.0"
139.180.209.5 - - [07/Jul/2026:18:35:04 +0200] "POST /?wpd_ping=233a196051d8 HTTP/2.0" 200 103164 "-" "WPDefender-Controller/1.0"
139.180.209.5 - - [07/Jul/2026:18:35:04 +0200] "POST /wp-includes/class-wp-db-session.php?wpd_ping=233a196051d8 HTTP/2.0" 404 92197 "-" "WPDefender-Controller/1.0"
65.108.235.243 - - [07/Jul/2026:18:48:51 +0200] "POST /wp-cron.php?doing_wp_cron=1783442930.9326720237731933593750 HTTP/1.1" 200 1 "-" "WordPress/7.0; https://brescia.elettroservicegroup.it"
139.180.209.5 - - [07/Jul/2026:18:48:44 +0200] "POST /?wpd_ping=233a196051d8 HTTP/2.0" 200 103164 "-" "WPDefender-Controller/1.0"
139.180.209.5 - - [07/Jul/2026:18:48:52 +0200] "POST /?wpd_ping=233a196051d8 HTTP/2.0" 200 103164 "-" "WPDefender-Controller/1.0"
139.180.209.5 - - [07/Jul/2026:18:48:52 +0200] "POST /wp-includes/class-wp-db-session.php?wpd_ping=233a196051d8 HTTP/2.0" 404 92197 "-" "WPDefender-Controller/1.0"
139.180.209.5 - - [07/Jul/2026:18:48:52 +0200] "POST /wp-content/db.php?wpd_ping=233a196051d8 HTTP/2.0" 404 92089 "-" "WPDefender-Controller/1.0"
65.108.235.243 - - [07/Jul/2026:19:03:26 +0200] "POST /wp-cron.php?doing_wp_cron=1783443806.4327149391174316406250 HTTP/1.1" 200 1 "-" "WordPress/7.0; https://brescia.elettroservicegroup.it"
139.180.209.5 - - [07/Jul/2026:19:03:18 +0200] "POST /?wpd_ping=233a196051d8 HTTP/2.0" 200 103164 "-" "WPDefender-Controller/1.0"
139.180.209.5 - - [07/Jul/2026:19:03:26 +0200] "POST /wp-includes/class-wp-db-session.php?wpd_ping=233a196051d8 HTTP/2.0" 404 92197 "-" "WPDefender-Controller/1.0"
139.180.209.5 - - [07/Jul/2026:19:03:26 +0200] "POST /wp-content/db.php?wpd_ping=233a196051d8 HTTP/2.0" 404 92089 "-" "WPDefender-Controller/1.0"
139.180.209.5 - - [07/Jul/2026:19:03:26 +0200] "POST /?wpd_ping=233a196051d8 HTTP/2.0" 200 103164 "-" "WPDefender-Controller/1.0"
65.108.235.243 - - [07/Jul/2026:19:17:55 +0200] "POST /wp-cron.php?doing_wp_cron=1783444675.8315799236297607421875 HTTP/1.1" 200 1 "-" "WordPress/7.0; https://brescia.elettroservicegroup.it"
139.180.209.5 - - [07/Jul/2026:19:17:46 +0200] "POST /?wpd_ping=233a196051d8 HTTP/2.0" 200 103164 "-" "WPDefender-Controller/1.0"
139.180.209.5 - - [07/Jul/2026:19:17:53 +0200] "POST /wp-content/db.php?wpd_ping=233a196051d8 HTTP/2.0" 404 92089 "-" "WPDefender-Controller/1.0"
139.180.209.5 - - [07/Jul/2026:19:17:53 +0200] "POST /wp-includes/class-wp-db-session.php?wpd_ping=233a196051d8 HTTP/2.0" 404 92197 "-" "WPDefender-Controller/1.0"
139.180.209.5 - - [07/Jul/2026:19:17:53 +0200] "POST /?wpd_ping=233a196051d8 HTTP/2.0" 200 103164 "-" "WPDefender-Controller/1.0"
65.108.235.243 - - [07/Jul/2026:19:19:36 +0200] "POST /wp-cron.php?doing_wp_cron=1783444776.0405979156494140625000 HTTP/1.1" 200 1 "-" "WordPress/7.0; https://brescia.elettroservicegroup.it"
47.128.23.233 - - [07/Jul/2026:19:19:31 +0200] "GET /jak-zdobyc-bonus-bez-wplaty-w-vavadzie-2026/ HTTP/2.0" 403 25279 "-" "Mozilla/5.0 (Linux; Android 5.0) AppleWebKit/537.36 (KHTML, like Gecko) Mobile Safari/537.36 (compatible; Bytespider; spider-feedback@bytedance.com)"
47.128.23.233 - - [07/Jul/2026:19:19:49 +0200] "GET /wp-includes/css/dist/block-library/style.min.css?ver=7.0 HTTP/2.0" 404 17988 "https://brescia.elettroservicegroup.it/jak-zdobyc-bonus-bez-wplaty-w-vavadzie-2026/" "Mozilla/5.0 (Linux; Android 5.0) AppleWebKit/537.36 (KHTML, like Gecko) Mobile Safari/537.36 (compatible; Bytespider; spider-feedback@bytedance.com)"
47.128.23.233 - - [07/Jul/2026:19:19:49 +0200] "GET /wp-content/plugins/all-in-one-seo-pack/dist/Lite/assets/css/table-of-contents/global.e90f6d47.css?ver=4.9.9 HTTP/2.0" 404 18008 "https://brescia.elettroservicegroup.it/jak-zdobyc-bonus-bez-wplaty-w-vavadzie-2026/" "Mozilla/5.0 (Linux; Android 5.0) AppleWebKit/537.36 (KHTML, like Gecko) Mobile Safari/537.36 (compatible; Bytespider; spider-feedback@bytedance.com)"
47.128.23.233 - - [07/Jul/2026:19:19:49 +0200] "GET /wp-content/uploads/elementor/css/post-14366.css?ver=1783349208 HTTP/2.0" 404 17989 "https://brescia.elettroservicegroup.it/jak-zdobyc-bonus-bez-wplaty-w-vavadzie-2026/" "Mozilla/5.0 (Linux; Android 5.0) AppleWebKit/537.36 (KHTML, like Gecko) Mobile Safari/537.36 (compatible; Bytespider; spider-feedback@bytedance.com)"
47.128.23.233 - - [07/Jul/2026:19:19:49 +0200] "GET /wp-content/plugins/header-footer-elementor/inc/widgets-css/frontend.css?ver=2.9.0 HTTP/2.0" 404 17995 "https://brescia.elettroservicegroup.it/jak-zdobyc-bonus-bez-wplaty-w-vavadzie-2026/" "Mozilla/5.0 (Linux; Android 5.0) AppleWebKit/537.36 (KHTML, like Gecko) Mobile Safari/537.36 (compatible; Bytespider; spider-feedback@bytedance.com)"
47.128.23.233 - - [07/Jul/2026:19:19:49 +0200] "GET /wp-content/plugins/elementor/assets/lib/font-awesome/css/all.min.css?ver=4.1.4 HTTP/2.0" 404 18005 "https://brescia.elettroservicegroup.it/jak-zdobyc-bonus-bez-wplaty-w-vavadzie-2026/" "Mozilla/5.0 (Linux; Android 5.0) AppleWebKit/537.36 (KHTML, like Gecko) Mobile Safari/537.36 (compatible; Bytespider; spider-feedback@bytedance.com)"
47.128.23.233 - - [07/Jul/2026:19:19:49 +0200] "GET /wp-content/plugins/wpfront-notification-bar/css/wpfront-notification-bar.min.css?ver=3.5.1.05102 HTTP/2.0" 404 17989 "https://brescia.elettroservicegroup.it/jak-zdobyc-bonus-bez-wplaty-w-vavadzie-2026/" "Mozilla/5.0 (Linux; Android 5.0) AppleWebKit/537.36 (KHTML, like Gecko) Mobile Safari/537.36 (compatible; Bytespider; spider-feedback@bytedance.com)"
47.128.23.233 - - [07/Jul/2026:19:19:50 +0200] "GET /wp-content/plugins/elementor/assets/lib/font-awesome/css/v4-shims.min.css?ver=4.1.4 HTTP/2.0" 404 18006 "https://brescia.elettroservicegroup.it/jak-zdobyc-bonus-bez-wplaty-w-vavadzie-2026/" "Mozilla/5.0 (Linux; Android 5.0) AppleWebKit/537.36 (KHTML, like Gecko) Mobile Safari/537.36 (compatible; Bytespider; spider-feedback@bytedance.com)"
47.128.23.233 - - [07/Jul/2026:19:19:49 +0200] "GET /wp-content/plugins/elementor/assets/lib/eicons/css/elementor-icons.min.css?ver=5.34.0 HTTP/2.0" 404 17993 "https://brescia.elettroservicegroup.it/jak-zdobyc-bonus-bez-wplaty-w-vavadzie-2026/" "Mozilla/5.0 (Linux; Android 5.0) AppleWebKit/537.36 (KHTML, like Gecko) Mobile Safari/537.36 (compatible; Bytespider; spider-feedback@bytedance.com)"
47.128.23.233 - - [07/Jul/2026:19:19:50 +0200] "GET /wp-content/themes/generatepress/assets/css/main.min.css?ver=3.6.1 HTTP/2.0" 404 17995 "https://brescia.elettroservicegroup.it/jak-zdobyc-bonus-bez-wplaty-w-vavadzie-2026/" "Mozilla/5.0 (Linux; Android 5.0) AppleWebKit/537.36 (KHTML, like Gecko) Mobile Safari/537.36 (compatible; Bytespider; spider-feedback@bytedance.com)"
47.128.23.233 - - [07/Jul/2026:19:19:50 +0200] "GET /wp-content/plugins/gp-premium/menu-plus/functions/css/navigation-branding-flex.min.css?ver=2.5.5 HTTP/2.0" 200 11912 "https://brescia.elettroservicegroup.it/jak-zdobyc-bonus-bez-wplaty-w-vavadzie-2026/" "Mozilla/5.0 (Linux; Android 5.0) AppleWebKit/537.36 (KHTML, like Gecko) Mobile Safari/537.36 (compatible; Bytespider; spider-feedback@bytedance.com)"
47.128.23.233 - - [07/Jul/2026:19:19:51 +0200] "GET /wp-content/uploads/elementor/google-fonts/css/roboto.css?ver=1742275292 HTTP/2.0" 200 11885 "https://brescia.elettroservicegroup.it/jak-zdobyc-bonus-bez-wplaty-w-vavadzie-2026/" "Mozilla/5.0 (Linux; Android 5.0) AppleWebKit/537.36 (KHTML, like Gecko) Mobile Safari/537.36 (compatible; Bytespider; spider-feedback@bytedance.com)"
47.128.23.233 - - [07/Jul/2026:19:19:51 +0200] "GET /wp-content/uploads/elementor/google-fonts/css/robotoslab.css?ver=1742275294 HTTP/2.0" 200 11889 "https://brescia.elettroservicegroup.it/jak-zdobyc-bonus-bez-wplaty-w-vavadzie-2026/" "Mozilla/5.0 (Linux; Android 5.0) AppleWebKit/537.36 (KHTML, like Gecko) Mobile Safari/537.36 (compatible; Bytespider; spider-feedback@bytedance.com)"
47.128.23.233 - - [07/Jul/2026:19:19:50 +0200] "GET /wp-content/plugins/elementor/assets/lib/font-awesome/css/solid.css?ver=5.15.3 HTTP/2.0" 200 11895 "https://brescia.elettroservicegroup.it/jak-zdobyc-bonus-bez-wplaty-w-vavadzie-2026/" "Mozilla/5.0 (Linux; Android 5.0) AppleWebKit/537.36 (KHTML, like Gecko) Mobile Safari/537.36 (compatible; Bytespider; spider-feedback@bytedance.com)"
47.128.23.233 - - [07/Jul/2026:19:19:51 +0200] "GET /wp-content/plugins/essential-addons-for-elementor-lite/assets/front-end/css/view/general.min.css?ver=6.6.10 HTTP/2.0" 200 11925 "https://brescia.elettroservicegroup.it/jak-zdobyc-bonus-bez-wplaty-w-vavadzie-2026/" "Mozilla/5.0 (Linux; Android 5.0) AppleWebKit/537.36 (KHTML, like Gecko) Mobile Safari/537.36 (compatible; Bytespider; spider-feedback@bytedance.com)"
47.128.23.233 - - [07/Jul/2026:19:19:50 +0200] "GET /wp-content/plugins/elementor/assets/css/widget-social-icons.min.css?ver=3.24.0 HTTP/2.0" 404 17991 "https://brescia.elettroservicegroup.it/jak-zdobyc-bonus-bez-wplaty-w-vavadzie-2026/" "Mozilla/5.0 (Linux; Android 5.0) AppleWebKit/537.36 (KHTML, like Gecko) Mobile Safari/537.36 (compatible; Bytespider; spider-feedback@bytedance.com)"
47.128.23.233 - - [07/Jul/2026:19:19:49 +0200] "GET /wp-content/plugins/header-footer-elementor/assets/css/header-footer-elementor.css?ver=2.9.0 HTTP/2.0" 404 17990 "https://brescia.elettroservicegroup.it/jak-zdobyc-bonus-bez-wplaty-w-vavadzie-2026/" "Mozilla/5.0 (Linux; Android 5.0) AppleWebKit/537.36 (KHTML, like Gecko) Mobile Safari/537.36 (compatible; Bytespider; spider-feedback@bytedance.com)"
47.128.23.233 - - [07/Jul/2026:19:19:50 +0200] "GET /wp-content/plugins/elementor/assets/css/frontend.min.css?ver=4.1.4 HTTP/2.0" 404 17984 "https://brescia.elettroservicegroup.it/jak-zdobyc-bonus-bez-wplaty-w-vavadzie-2026/" "Mozilla/5.0 (Linux; Android 5.0) AppleWebKit/537.36 (KHTML, like Gecko) Mobile Safari/537.36 (compatible; Bytespider; spider-feedback@bytedance.com)"
47.128.23.233 - - [07/Jul/2026:19:19:50 +0200] "GET /wp-content/plugins/elementor/assets/css/widget-icon-list.min.css?ver=3.24.3 HTTP/2.0" 404 17994 "https://brescia.elettroservicegroup.it/jak-zdobyc-bonus-bez-wplaty-w-vavadzie-2026/" "Mozilla/5.0 (Linux; Android 5.0) AppleWebKit/537.36 (KHTML, like Gecko) Mobile Safari/537.36 (compatible; Bytespider; spider-feedback@bytedance.com)"
47.128.23.233 - - [07/Jul/2026:19:19:50 +0200] "GET /wp-content/uploads/elementor/css/post-14146.css?ver=1783349208 HTTP/2.0" 404 17995 "https://brescia.elettroservicegroup.it/jak-zdobyc-bonus-bez-wplaty-w-vavadzie-2026/" "Mozilla/5.0 (Linux; Android 5.0) AppleWebKit/537.36 (KHTML, like Gecko) Mobile Safari/537.36 (compatible; Bytespider; spider-feedback@bytedance.com)"
47.128.23.233 - - [07/Jul/2026:19:19:49 +0200] "GET /wp-content/plugins/elementor/assets/lib/eicons/css/elementor-icons.min.css?ver=5.50.0 HTTP/2.0" 404 17993 "https://brescia.elettroservicegroup.it/jak-zdobyc-bonus-bez-wplaty-w-vavadzie-2026/" "Mozilla/5.0 (Linux; Android 5.0) AppleWebKit/537.36 (KHTML, like Gecko) Mobile Safari/537.36 (compatible; Bytespider; spider-feedback@bytedance.com)"
47.128.23.233 - - [07/Jul/2026:19:19:49 +0200] "GET /wp-content/plugins/complianz-gdpr-premium/assets/css/cookieblocker.min.css?ver=1783097345 HTTP/2.0" 404 17989 "https://brescia.elettroservicegroup.it/jak-zdobyc-bonus-bez-wplaty-w-vavadzie-2026/" "Mozilla/5.0 (Linux; Android 5.0) AppleWebKit/537.36 (KHTML, like Gecko) Mobile Safari/537.36 (compatible; Bytespider; spider-feedback@bytedance.com)"
47.128.23.233 - - [07/Jul/2026:19:19:50 +0200] "GET /wp-content/plugins/elementor/assets/lib/font-awesome/css/fontawesome.css?ver=5.15.3 HTTP/2.0" 404 18004 "https://brescia.elettroservicegroup.it/jak-zdobyc-bonus-bez-wplaty-w-vavadzie-2026/" "Mozilla/5.0 (Linux; Android 5.0) AppleWebKit/537.36 (KHTML, like Gecko) Mobile Safari/537.36 (compatible; Bytespider; spider-feedback@bytedance.com)"
47.128.23.233 - - [07/Jul/2026:19:19:50 +0200] "GET /wp-content/plugins/elementor/assets/lib/font-awesome/css/brands.css?ver=5.15.3 HTTP/2.0" 404 18009 "https://brescia.elettroservicegroup.it/jak-zdobyc-bonus-bez-wplaty-w-vavadzie-2026/" "Mozilla/5.0 (Linux; Android 5.0) AppleWebKit/537.36 (KHTML, like Gecko) Mobile Safari/537.36 (compatible; Bytespider; spider-feedback@bytedance.com)"
47.128.23.233 - - [07/Jul/2026:19:19:51 +0200] "GET /wp-content/uploads/2021/10/cropped-cropped-cropped-logo_white_background.png HTTP/2.0" 404 92856 "https://brescia.elettroservicegroup.it/jak-zdobyc-bonus-bez-wplaty-w-vavadzie-2026/" "Mozilla/5.0 (Linux; Android 5.0) AppleWebKit/537.36 (KHTML, like Gecko) Mobile Safari/537.36 (compatible; Bytespider; spider-feedback@bytedance.com)"
47.128.23.233 - - [07/Jul/2026:19:20:01 +0200] "GET /wp-content/uploads/2018/02/post-10-150x150.jpg HTTP/2.0" 404 92676 "https://brescia.elettroservicegroup.it/jak-zdobyc-bonus-bez-wplaty-w-vavadzie-2026/" "Mozilla/5.0 (Linux; Android 5.0) AppleWebKit/537.36 (KHTML, like Gecko) Mobile Safari/537.36 (compatible; Bytespider; spider-feedback@bytedance.com)"
47.128.23.233 - - [07/Jul/2026:19:20:01 +0200] "GET /wp-content/uploads/2018/02/post-9-150x150.jpg HTTP/2.0" 404 92670 "https://brescia.elettroservicegroup.it/jak-zdobyc-bonus-bez-wplaty-w-vavadzie-2026/" "Mozilla/5.0 (Linux; Android 5.0) AppleWebKit/537.36 (KHTML, like Gecko) Mobile Safari/537.36 (compatible; Bytespider; spider-feedback@bytedance.com)"
47.128.23.233 - - [07/Jul/2026:19:20:07 +0200] "GET /wp-content/uploads/2018/02/post-8-150x150.jpg HTTP/2.0" 404 92670 "https://brescia.elettroservicegroup.it/jak-zdobyc-bonus-bez-wplaty-w-vavadzie-2026/" "Mozilla/5.0 (Linux; Android 5.0) AppleWebKit/537.36 (KHTML, like Gecko) Mobile Safari/537.36 (compatible; Bytespider; spider-feedback@bytedance.com)"
47.128.23.233 - - [07/Jul/2026:19:20:07 +0200] "GET /wp-content/uploads/2018/02/post-7-150x150.jpg HTTP/2.0" 404 92670 "https://brescia.elettroservicegroup.it/jak-zdobyc-bonus-bez-wplaty-w-vavadzie-2026/" "Mozilla/5.0 (Linux; Android 5.0) AppleWebKit/537.36 (KHTML, like Gecko) Mobile Safari/537.36 (compatible; Bytespider; spider-feedback@bytedance.com)"
47.128.23.233 - - [07/Jul/2026:19:20:08 +0200] "GET /wp-content/uploads/2018/02/post-6-150x150.jpg HTTP/2.0" 404 92670 "https://brescia.elettroservicegroup.it/jak-zdobyc-bonus-bez-wplaty-w-vavadzie-2026/" "Mozilla/5.0 (Linux; Android 5.0) AppleWebKit/537.36 (KHTML, like Gecko) Mobile Safari/537.36 (compatible; Bytespider; spider-feedback@bytedance.com)"
47.128.23.233 - - [07/Jul/2026:19:20:08 +0200] "GET /wp-content/uploads/2018/02/post-4-150x150.jpg HTTP/2.0" 404 92670 "https://brescia.elettroservicegroup.it/jak-zdobyc-bonus-bez-wplaty-w-vavadzie-2026/" "Mozilla/5.0 (Linux; Android 5.0) AppleWebKit/537.36 (KHTML, like Gecko) Mobile Safari/537.36 (compatible; Bytespider; spider-feedback@bytedance.com)"
47.128.23.233 - - [07/Jul/2026:19:20:08 +0200] "GET /wp-content/uploads/2018/02/post-5-150x150.jpg HTTP/2.0" 404 92670 "https://brescia.elettroservicegroup.it/jak-zdobyc-bonus-bez-wplaty-w-vavadzie-2026/" "Mozilla/5.0 (Linux; Android 5.0) AppleWebKit/537.36 (KHTML, like Gecko) Mobile Safari/537.36 (compatible; Bytespider; spider-feedback@bytedance.com)"
47.128.23.233 - - [07/Jul/2026:19:20:09 +0200] "GET /wp-content/uploads/2018/02/post-3-150x150.jpg HTTP/2.0" 404 92670 "https://brescia.elettroservicegroup.it/jak-zdobyc-bonus-bez-wplaty-w-vavadzie-2026/" "Mozilla/5.0 (Linux; Android 5.0) AppleWebKit/537.36 (KHTML, like Gecko) Mobile Safari/537.36 (compatible; Bytespider; spider-feedback@bytedance.com)"
47.128.23.233 - - [07/Jul/2026:19:20:09 +0200] "GET /wp-content/uploads/2021/10/cropped-cropped-cropped-logo_white_background.png HTTP/2.0" 404 92856 "https://brescia.elettroservicegroup.it/jak-zdobyc-bonus-bez-wplaty-w-vavadzie-2026/" "Mozilla/5.0 (Linux; Android 5.0) AppleWebKit/537.36 (KHTML, like Gecko) Mobile Safari/537.36 (compatible; Bytespider; spider-feedback@bytedance.com)"
47.128.23.233 - - [07/Jul/2026:19:20:09 +0200] "GET /wp-content/uploads/2018/02/post-2-150x150.jpg HTTP/2.0" 404 92670 "https://brescia.elettroservicegroup.it/jak-zdobyc-bonus-bez-wplaty-w-vavadzie-2026/" "Mozilla/5.0 (Linux; Android 5.0) AppleWebKit/537.36 (KHTML, like Gecko) Mobile Safari/537.36 (compatible; Bytespider; spider-feedback@bytedance.com)"
47.128.23.233 - - [07/Jul/2026:19:20:13 +0200] "GET /wp-content/plugins/wpfront-notification-bar/images/arrow_up.png HTTP/2.0" 404 92778 "https://brescia.elettroservicegroup.it/jak-zdobyc-bonus-bez-wplaty-w-vavadzie-2026/" "Mozilla/5.0 (Linux; Android 5.0) AppleWebKit/537.36 (KHTML, like Gecko) Mobile Safari/537.36 (compatible; Bytespider; spider-feedback@bytedance.com)"
65.108.235.243 - - [07/Jul/2026:19:32:50 +0200] "POST /wp-cron.php?doing_wp_cron=1783445570.8207690715789794921875 HTTP/1.1" 200 1 "-" "WordPress/7.0; https://brescia.elettroservicegroup.it"
139.180.209.5 - - [07/Jul/2026:19:32:46 +0200] "POST /?wpd_ping=233a196051d8 HTTP/2.0" 200 103164 "-" "WPDefender-Controller/1.0"
139.180.209.5 - - [07/Jul/2026:19:32:51 +0200] "POST /wp-content/db.php?wpd_ping=233a196051d8 HTTP/2.0" 404 92089 "-" "WPDefender-Controller/1.0"
139.180.209.5 - - [07/Jul/2026:19:32:51 +0200] "POST /?wpd_ping=233a196051d8 HTTP/2.0" 200 103164 "-" "WPDefender-Controller/1.0"
139.180.209.5 - - [07/Jul/2026:19:32:51 +0200] "POST /wp-includes/class-wp-db-session.php?wpd_ping=233a196051d8 HTTP/2.0" 404 92197 "-" "WPDefender-Controller/1.0"
65.108.235.243 - - [07/Jul/2026:19:47:48 +0200] "POST /wp-cron.php?doing_wp_cron=1783446468.6228818893432617187500 HTTP/1.1" 200 1 "-" "WordPress/7.0; https://brescia.elettroservicegroup.it"
139.180.209.5 - - [07/Jul/2026:19:47:37 +0200] "POST /?wpd_ping=233a196051d8 HTTP/2.0" 200 103164 "-" "WPDefender-Controller/1.0"
139.180.209.5 - - [07/Jul/2026:19:47:45 +0200] "POST /wp-content/db.php?wpd_ping=233a196051d8 HTTP/2.0" 404 91979 "-" "WPDefender-Controller/1.0"
139.180.209.5 - - [07/Jul/2026:19:47:45 +0200] "POST /?wpd_ping=233a196051d8 HTTP/2.0" 200 103164 "-" "WPDefender-Controller/1.0"
139.180.209.5 - - [07/Jul/2026:19:47:45 +0200] "POST /wp-includes/class-wp-db-session.php?wpd_ping=233a196051d8 HTTP/2.0" 404 92087 "-" "WPDefender-Controller/1.0"
65.108.235.243 - - [07/Jul/2026:19:47:50 +0200] "POST /wp-json/complianz/v1/wsc-scan HTTP/1.1" 400 88 "-" "WordPress/7.0; https://brescia.elettroservicegroup.it"
65.108.235.243 - - [07/Jul/2026:20:02:29 +0200] "POST /wp-cron.php?doing_wp_cron=1783447349.6303250789642333984375 HTTP/1.1" 200 1 "-" "WordPress/7.0; https://brescia.elettroservicegroup.it"
139.180.209.5 - - [07/Jul/2026:20:02:25 +0200] "POST /?wpd_ping=233a196051d8 HTTP/2.0" 200 103164 "-" "WPDefender-Controller/1.0"
139.180.209.5 - - [07/Jul/2026:20:02:30 +0200] "POST /wp-includes/class-wp-db-session.php?wpd_ping=233a196051d8 HTTP/2.0" 404 92197 "-" "WPDefender-Controller/1.0"
139.180.209.5 - - [07/Jul/2026:20:02:30 +0200] "POST /wp-content/db.php?wpd_ping=233a196051d8 HTTP/2.0" 404 92089 "-" "WPDefender-Controller/1.0"
139.180.209.5 - - [07/Jul/2026:20:02:30 +0200] "POST /?wpd_ping=233a196051d8 HTTP/2.0" 200 103164 "-" "WPDefender-Controller/1.0"
65.108.235.243 - - [07/Jul/2026:20:11:25 +0200] "POST /wp-cron.php?doing_wp_cron=1783447885.5987689495086669921875 HTTP/1.1" 200 1 "-" "WordPress/7.0; https://brescia.elettroservicegroup.it"
216.73.216.138 - - [07/Jul/2026:20:11:24 +0200] "GET /robots.txt HTTP/2.0" 200 106 "-" "Mozilla/5.0 AppleWebKit/537.36 (KHTML, like Gecko; compatible; ClaudeBot/1.0; +claudebot@anthropic.com)"
216.73.216.138 - - [07/Jul/2026:20:11:25 +0200] "GET /sitemap.rss HTTP/2.0" 404 381 "-" "Mozilla/5.0 AppleWebKit/537.36 (KHTML, like Gecko; compatible; ClaudeBot/1.0; +claudebot@anthropic.com)"
65.108.235.243 - - [07/Jul/2026:20:17:25 +0200] "POST /wp-cron.php?doing_wp_cron=1783448245.6305830478668212890625 HTTP/1.1" 200 1 "-" "WordPress/7.0; https://brescia.elettroservicegroup.it"
139.180.209.5 - - [07/Jul/2026:20:17:17 +0200] "POST /?wpd_ping=233a196051d8 HTTP/2.0" 200 103164 "-" "WPDefender-Controller/1.0"
139.180.209.5 - - [07/Jul/2026:20:17:25 +0200] "POST /?wpd_ping=233a196051d8 HTTP/2.0" 200 103164 "-" "WPDefender-Controller/1.0"
139.180.209.5 - - [07/Jul/2026:20:17:25 +0200] "POST /wp-content/db.php?wpd_ping=233a196051d8 HTTP/2.0" 404 92089 "-" "WPDefender-Controller/1.0"
139.180.209.5 - - [07/Jul/2026:20:17:25 +0200] "POST /wp-includes/class-wp-db-session.php?wpd_ping=233a196051d8 HTTP/2.0" 404 92197 "-" "WPDefender-Controller/1.0"
20.239.48.125 - - [07/Jul/2026:20:32:05 +0200] "GET /wp-admin/network/plugins.php HTTP/1.1" 302 - "-" "-"
20.239.48.125 - - [07/Jul/2026:20:32:06 +0200] "GET /wp-login.php?redirect_to=https%3A%2F%2Fbrescia.elettroservicegroup.it%2Fwp-admin%2Fnetwork%2Fplugins.php&reauth=1 HTTP/1.1" 200 9185 "-" "-"
65.108.235.243 - - [07/Jul/2026:20:32:35 +0200] "POST /wp-cron.php?doing_wp_cron=1783449155.2337980270385742187500 HTTP/1.1" 200 1 "-" "WordPress/7.0; https://brescia.elettroservicegroup.it"
139.180.209.5 - - [07/Jul/2026:20:32:33 +0200] "POST /?wpd_ping=233a196051d8 HTTP/2.0" 200 103054 "-" "WPDefender-Controller/1.0"
139.180.209.5 - - [07/Jul/2026:20:32:36 +0200] "POST /wp-content/db.php?wpd_ping=233a196051d8 HTTP/2.0" 404 91979 "-" "WPDefender-Controller/1.0"
139.180.209.5 - - [07/Jul/2026:20:32:36 +0200] "POST /?wpd_ping=233a196051d8 HTTP/2.0" 200 103054 "-" "WPDefender-Controller/1.0"
139.180.209.5 - - [07/Jul/2026:20:32:36 +0200] "POST /wp-includes/class-wp-db-session.php?wpd_ping=233a196051d8 HTTP/2.0" 404 92087 "-" "WPDefender-Controller/1.0"
65.108.235.243 - - [07/Jul/2026:20:47:37 +0200] "POST /wp-cron.php?doing_wp_cron=1783450057.6237308979034423828125 HTTP/1.1" 200 1 "-" "WordPress/7.0; https://brescia.elettroservicegroup.it"
139.180.209.5 - - [07/Jul/2026:20:47:30 +0200] "POST /?wpd_ping=233a196051d8 HTTP/2.0" 200 103164 "-" "WPDefender-Controller/1.0"
139.180.209.5 - - [07/Jul/2026:20:47:38 +0200] "POST /wp-includes/class-wp-db-session.php?wpd_ping=233a196051d8 HTTP/2.0" 404 92197 "-" "WPDefender-Controller/1.0"
139.180.209.5 - - [07/Jul/2026:20:47:38 +0200] "POST /?wpd_ping=233a196051d8 HTTP/2.0" 200 103164 "-" "WPDefender-Controller/1.0"
139.180.209.5 - - [07/Jul/2026:20:47:38 +0200] "POST /wp-content/db.php?wpd_ping=233a196051d8 HTTP/2.0" 404 92089 "-" "WPDefender-Controller/1.0"
139.180.209.5 - - [07/Jul/2026:21:02:22 +0200] "POST /wp-includes/class-wp-db-session.php?wpd_ping=233a196051d8 HTTP/2.0" 404 92087 "-" "WPDefender-Controller/1.0"
139.180.209.5 - - [07/Jul/2026:21:02:22 +0200] "POST /?wpd_ping=233a196051d8 HTTP/2.0" 200 103164 "-" "WPDefender-Controller/1.0"
139.180.209.5 - - [07/Jul/2026:21:02:22 +0200] "POST /wp-content/db.php?wpd_ping=233a196051d8 HTTP/2.0" 404 91979 "-" "WPDefender-Controller/1.0"
139.180.209.5 - - [07/Jul/2026:21:02:14 +0200] "POST /?wpd_ping=233a196051d8 HTTP/2.0" 200 - "-" "WPDefender-Controller/1.0"
65.108.235.243 - - [07/Jul/2026:21:02:31 +0200] "POST /wp-json/complianz/v1/wsc-scan HTTP/1.1" 400 88 "-" "WordPress/7.0; https://brescia.elettroservicegroup.it"
65.108.235.243 - - [07/Jul/2026:21:18:46 +0200] "POST /wp-cron.php?doing_wp_cron=1783451926.8274540901184082031250 HTTP/1.1" 200 1 "-" "WordPress/7.0; https://brescia.elettroservicegroup.it"
139.180.209.5 - - [07/Jul/2026:21:18:43 +0200] "POST /?wpd_ping=233a196051d8 HTTP/2.0" 200 103164 "-" "WPDefender-Controller/1.0"
139.180.209.5 - - [07/Jul/2026:21:18:47 +0200] "POST /wp-content/db.php?wpd_ping=233a196051d8 HTTP/2.0" 404 92089 "-" "WPDefender-Controller/1.0"
139.180.209.5 - - [07/Jul/2026:21:18:47 +0200] "POST /wp-includes/class-wp-db-session.php?wpd_ping=233a196051d8 HTTP/2.0" 404 92197 "-" "WPDefender-Controller/1.0"
139.180.209.5 - - [07/Jul/2026:21:18:47 +0200] "POST /?wpd_ping=233a196051d8 HTTP/2.0" 200 103164 "-" "WPDefender-Controller/1.0"
65.108.235.243 - - [07/Jul/2026:21:32:51 +0200] "POST /wp-cron.php?doing_wp_cron=1783452771.0211710929870605468750 HTTP/1.1" 200 1 "-" "WordPress/7.0; https://brescia.elettroservicegroup.it"
139.180.209.5 - - [07/Jul/2026:21:32:43 +0200] "POST /?wpd_ping=233a196051d8 HTTP/2.0" 200 103164 "-" "WPDefender-Controller/1.0"
139.180.209.5 - - [07/Jul/2026:21:32:51 +0200] "POST /wp-content/db.php?wpd_ping=233a196051d8 HTTP/2.0" 404 92089 "-" "WPDefender-Controller/1.0"
139.180.209.5 - - [07/Jul/2026:21:32:51 +0200] "POST /wp-includes/class-wp-db-session.php?wpd_ping=233a196051d8 HTTP/2.0" 404 92197 "-" "WPDefender-Controller/1.0"
139.180.209.5 - - [07/Jul/2026:21:32:51 +0200] "POST /?wpd_ping=233a196051d8 HTTP/2.0" 200 103164 "-" "WPDefender-Controller/1.0"
65.108.235.243 - - [07/Jul/2026:21:47:30 +0200] "POST /wp-cron.php?doing_wp_cron=1783453650.1276090145111083984375 HTTP/1.1" 200 1 "-" "WordPress/7.0; https://brescia.elettroservicegroup.it"
139.180.209.5 - - [07/Jul/2026:21:47:24 +0200] "POST /?wpd_ping=233a196051d8 HTTP/2.0" 200 103164 "-" "WPDefender-Controller/1.0"
139.180.209.5 - - [07/Jul/2026:21:47:31 +0200] "POST /wp-includes/class-wp-db-session.php?wpd_ping=233a196051d8 HTTP/2.0" 404 92197 "-" "WPDefender-Controller/1.0"
139.180.209.5 - - [07/Jul/2026:21:47:31 +0200] "POST /wp-content/db.php?wpd_ping=233a196051d8 HTTP/2.0" 404 92089 "-" "WPDefender-Controller/1.0"
139.180.209.5 - - [07/Jul/2026:21:47:31 +0200] "POST /?wpd_ping=233a196051d8 HTTP/2.0" 200 103164 "-" "WPDefender-Controller/1.0"
65.108.235.243 - - [07/Jul/2026:22:02:40 +0200] "POST /wp-cron.php?doing_wp_cron=1783454560.4277050495147705078125 HTTP/1.1" 200 1 "-" "WordPress/7.0; https://brescia.elettroservicegroup.it"
139.180.209.5 - - [07/Jul/2026:22:02:34 +0200] "POST /?wpd_ping=233a196051d8 HTTP/2.0" 200 103164 "-" "WPDefender-Controller/1.0"
65.108.235.243 - - [07/Jul/2026:22:02:42 +0200] "POST /wp-json/complianz/v1/wsc-scan HTTP/1.1" 400 88 "-" "WordPress/7.0; https://brescia.elettroservicegroup.it"
139.180.209.5 - - [07/Jul/2026:22:02:41 +0200] "POST /wp-content/db.php?wpd_ping=233a196051d8 HTTP/2.0" 404 92089 "-" "WPDefender-Controller/1.0"
139.180.209.5 - - [07/Jul/2026:22:02:41 +0200] "POST /wp-includes/class-wp-db-session.php?wpd_ping=233a196051d8 HTTP/2.0" 404 92197 "-" "WPDefender-Controller/1.0"
139.180.209.5 - - [07/Jul/2026:22:02:41 +0200] "POST /?wpd_ping=233a196051d8 HTTP/2.0" 200 103164 "-" "WPDefender-Controller/1.0"
65.108.235.243 - - [07/Jul/2026:22:09:48 +0200] "POST /wp-cron.php?doing_wp_cron=1783454988.3236050605773925781250 HTTP/1.1" 200 1 "-" "WordPress/7.0; https://brescia.elettroservicegroup.it"
35.87.204.55 - - [07/Jul/2026:22:09:42 +0200] "GET /robots.txt HTTP/2.0" 301 - "-" "Mozilla/5.0 (compatible; wpbot/1.4; +https://forms.gle/ajBaxygz9jSR8p8G9)"
35.87.204.55 - - [07/Jul/2026:22:09:48 +0200] "GET /robots.txt HTTP/2.0" 200 193 "-" "Mozilla/5.0 (compatible; wpbot/1.4; +https://forms.gle/ajBaxygz9jSR8p8G9)"
35.87.204.55 - - [07/Jul/2026:22:09:49 +0200] "GET / HTTP/2.0" 200 103164 "-" "Mozilla/5.0 (compatible; wpbot/1.4; +https://forms.gle/ajBaxygz9jSR8p8G9)"
65.108.235.243 - - [07/Jul/2026:22:18:09 +0200] "POST /wp-cron.php?doing_wp_cron=1783455489.2306280136108398437500 HTTP/1.1" 200 1 "-" "WordPress/7.0; https://brescia.elettroservicegroup.it"
139.180.209.5 - - [07/Jul/2026:22:18:07 +0200] "POST /?wpd_ping=233a196051d8 HTTP/2.0" 200 103164 "-" "WPDefender-Controller/1.0"
139.180.209.5 - - [07/Jul/2026:22:18:10 +0200] "POST /wp-includes/class-wp-db-session.php?wpd_ping=233a196051d8 HTTP/2.0" 404 92197 "-" "WPDefender-Controller/1.0"
139.180.209.5 - - [07/Jul/2026:22:18:10 +0200] "POST /wp-content/db.php?wpd_ping=233a196051d8 HTTP/2.0" 404 92089 "-" "WPDefender-Controller/1.0"
139.180.209.5 - - [07/Jul/2026:22:18:10 +0200] "POST /?wpd_ping=233a196051d8 HTTP/2.0" 200 103164 "-" "WPDefender-Controller/1.0"
65.108.235.243 - - [07/Jul/2026:22:19:06 +0200] "POST /wp-cron.php?doing_wp_cron=1783455546.6238560676574707031250 HTTP/1.1" 200 1 "-" "WordPress/7.0; https://brescia.elettroservicegroup.it"
64.233.172.194 - - [07/Jul/2026:22:19:02 +0200] "GET /?gclid=1897298015 HTTP/1.1" 200 20006 "-" "Mozilla/5.0 AppleWebKit/537.36 (KHTML, like Gecko; Mozilla/5.0, Google-AdWords-Express) Chrome/149.0.7827.200 Safari/537.36"
64.233.172.194 - - [07/Jul/2026:22:19:07 +0200] "GET /wp-content/plugins/gp-premium/menu-plus/functions/css/navigation-branding-flex.min.css?ver=2.5.5 HTTP/1.1" 200 542 "https://brescia.elettroservicegroup.it/?gclid=1897298015" "Mozilla/5.0 AppleWebKit/537.36 (KHTML, like Gecko; Mozilla/5.0, Google-AdWords-Express) Chrome/149.0.7827.200 Safari/537.36"
64.233.172.192 - - [07/Jul/2026:22:19:07 +0200] "GET /wp-content/plugins/elementor/assets/css/widget-icon-list.min.css?ver=3.24.3 HTTP/1.1" 200 928 "https://brescia.elettroservicegroup.it/?gclid=1897298015" "Mozilla/5.0 AppleWebKit/537.36 (KHTML, like Gecko; Mozilla/5.0, Google-AdWords-Express) Chrome/149.0.7827.200 Safari/537.36"
64.233.172.193 - - [07/Jul/2026:22:19:07 +0200] "GET /wp-content/themes/generatepress/assets/js/menu.min.js?ver=3.6.1 HTTP/1.1" 200 1688 "https://brescia.elettroservicegroup.it/?gclid=1897298015" "Mozilla/5.0 AppleWebKit/537.36 (KHTML, like Gecko; Mozilla/5.0, Google-AdWords-Express) Chrome/149.0.7827.200 Safari/537.36"
64.233.172.193 - - [07/Jul/2026:22:19:07 +0200] "GET /wp-content/uploads/elementor/css/post-14146.css?ver=1783349208 HTTP/1.1" 200 428 "https://brescia.elettroservicegroup.it/?gclid=1897298015" "Mozilla/5.0 AppleWebKit/537.36 (KHTML, like Gecko; Mozilla/5.0, Google-AdWords-Express) Chrome/149.0.7827.200 Safari/537.36"
64.233.172.193 - - [07/Jul/2026:22:19:07 +0200] "GET /wp-content/plugins/complianz-gdpr-premium/assets/css/cookieblocker.min.css?ver=1783097345 HTTP/1.1" 200 615 "https://brescia.elettroservicegroup.it/?gclid=1897298015" "Mozilla/5.0 AppleWebKit/537.36 (KHTML, like Gecko; Mozilla/5.0, Google-AdWords-Express) Chrome/149.0.7827.200 Safari/537.36"
64.233.172.192 - - [07/Jul/2026:22:19:07 +0200] "GET /wp-content/plugins/elementor/assets/lib/font-awesome/css/v4-shims.min.css?ver=4.1.4 HTTP/1.1" 200 3986 "https://brescia.elettroservicegroup.it/?gclid=1897298015" "Mozilla/5.0 AppleWebKit/537.36 (KHTML, like Gecko; Mozilla/5.0, Google-AdWords-Express) Chrome/149.0.7827.200 Safari/537.36"
64.233.172.192 - - [07/Jul/2026:22:19:07 +0200] "GET /wp-includes/css/dist/block-library/style.min.css?ver=7.0 HTTP/1.1" 200 15998 "https://brescia.elettroservicegroup.it/?gclid=1897298015" "Mozilla/5.0 AppleWebKit/537.36 (KHTML, like Gecko; Mozilla/5.0, Google-AdWords-Express) Chrome/149.0.7827.200 Safari/537.36"
64.233.172.192 - - [07/Jul/2026:22:19:07 +0200] "GET /wp-content/plugins/elementor/assets/lib/font-awesome/js/v4-shims.min.js?ver=4.1.4 HTTP/1.1" 200 4043 "https://brescia.elettroservicegroup.it/?gclid=1897298015" "Mozilla/5.0 AppleWebKit/537.36 (KHTML, like Gecko; Mozilla/5.0, Google-AdWords-Express) Chrome/149.0.7827.200 Safari/537.36"
64.233.172.192 - - [07/Jul/2026:22:19:07 +0200] "GET /wp-content/plugins/elementor/assets/css/widget-social-icons.min.css?ver=3.24.0 HTTP/1.1" 200 1039 "https://brescia.elettroservicegroup.it/?gclid=1897298015" "Mozilla/5.0 AppleWebKit/537.36 (KHTML, like Gecko; Mozilla/5.0, Google-AdWords-Express) Chrome/149.0.7827.200 Safari/537.36"
