139.180.209.5 - - [08/Jul/2026:06:00:47 +0200] "POST /wp-content/db.php?wpd_ping=233a196051d8 HTTP/2.0" 404 92089 "-" "WPDefender-Controller/1.0"
139.180.209.5 - - [08/Jul/2026:06:00:47 +0200] "POST /wp-includes/class-wp-db-session.php?wpd_ping=233a196051d8 HTTP/2.0" 404 92197 "-" "WPDefender-Controller/1.0"
139.180.209.5 - - [08/Jul/2026:06:00:47 +0200] "POST /?wpd_ping=233a196051d8 HTTP/2.0" 200 103164 "-" "WPDefender-Controller/1.0"
193.104.143.42 - - [08/Jul/2026:06:06:45 +0200] "POST /xmlrpc.php HTTP/1.1" 200 11744 "-" "Mozilla/5.0 (Windows NT 10.0; Win64; x64) AppleWebKit/537.36"
65.108.235.243 - - [08/Jul/2026:06:15:49 +0200] "POST /wp-cron.php?doing_wp_cron=1783484149.0527489185333251953125 HTTP/1.1" 200 1 "-" "WordPress/7.0; https://brescia.elettroservicegroup.it"
139.180.209.5 - - [08/Jul/2026:06:15:43 +0200] "POST /?wpd_ping=233a196051d8 HTTP/2.0" 200 103164 "-" "WPDefender-Controller/1.0"
139.180.209.5 - - [08/Jul/2026:06:15:50 +0200] "POST /wp-includes/class-wp-db-session.php?wpd_ping=233a196051d8 HTTP/2.0" 404 92197 "-" "WPDefender-Controller/1.0"
139.180.209.5 - - [08/Jul/2026:06:15:50 +0200] "POST /?wpd_ping=233a196051d8 HTTP/2.0" 200 103164 "-" "WPDefender-Controller/1.0"
139.180.209.5 - - [08/Jul/2026:06:15:50 +0200] "POST /wp-content/db.php?wpd_ping=233a196051d8 HTTP/2.0" 404 92089 "-" "WPDefender-Controller/1.0"
65.108.235.243 - - [08/Jul/2026:06:31:52 +0200] "POST /wp-cron.php?doing_wp_cron=1783485112.6500370502471923828125 HTTP/1.1" 200 1 "-" "WordPress/7.0; https://brescia.elettroservicegroup.it"
139.180.209.5 - - [08/Jul/2026:06:31:46 +0200] "POST /?wpd_ping=233a196051d8 HTTP/2.0" 200 103164 "-" "WPDefender-Controller/1.0"
139.180.209.5 - - [08/Jul/2026:06:31:53 +0200] "POST /wp-includes/class-wp-db-session.php?wpd_ping=233a196051d8 HTTP/2.0" 404 92197 "-" "WPDefender-Controller/1.0"
139.180.209.5 - - [08/Jul/2026:06:31:53 +0200] "POST /wp-content/db.php?wpd_ping=233a196051d8 HTTP/2.0" 404 92089 "-" "WPDefender-Controller/1.0"
139.180.209.5 - - [08/Jul/2026:06:31:53 +0200] "POST /?wpd_ping=233a196051d8 HTTP/2.0" 200 103164 "-" "WPDefender-Controller/1.0"
65.108.235.243 - - [08/Jul/2026:06:46:10 +0200] "POST /wp-cron.php?doing_wp_cron=1783485970.1446108818054199218750 HTTP/1.1" 200 1 "-" "WordPress/7.0; https://brescia.elettroservicegroup.it"
139.180.209.5 - - [08/Jul/2026:06:46:02 +0200] "POST /?wpd_ping=233a196051d8 HTTP/2.0" 200 103164 "-" "WPDefender-Controller/1.0"
139.180.209.5 - - [08/Jul/2026:06:46:10 +0200] "POST /?wpd_ping=233a196051d8 HTTP/2.0" 200 103164 "-" "WPDefender-Controller/1.0"
139.180.209.5 - - [08/Jul/2026:06:46:10 +0200] "POST /wp-includes/class-wp-db-session.php?wpd_ping=233a196051d8 HTTP/2.0" 404 92197 "-" "WPDefender-Controller/1.0"
139.180.209.5 - - [08/Jul/2026:06:46:10 +0200] "POST /wp-content/db.php?wpd_ping=233a196051d8 HTTP/2.0" 404 92089 "-" "WPDefender-Controller/1.0"
65.108.235.243 - - [08/Jul/2026:07:01:38 +0200] "POST /wp-cron.php?doing_wp_cron=1783486898.2379128932952880859375 HTTP/1.1" 200 1 "-" "WordPress/7.0; https://brescia.elettroservicegroup.it"
139.180.209.5 - - [08/Jul/2026:07:01:29 +0200] "POST /?wpd_ping=233a196051d8 HTTP/2.0" 200 103164 "-" "WPDefender-Controller/1.0"
139.180.209.5 - - [08/Jul/2026:07:01:37 +0200] "POST /wp-includes/class-wp-db-session.php?wpd_ping=233a196051d8 HTTP/2.0" 404 92197 "-" "WPDefender-Controller/1.0"
139.180.209.5 - - [08/Jul/2026:07:01:37 +0200] "POST /wp-content/db.php?wpd_ping=233a196051d8 HTTP/2.0" 404 92089 "-" "WPDefender-Controller/1.0"
139.180.209.5 - - [08/Jul/2026:07:01:37 +0200] "POST /?wpd_ping=233a196051d8 HTTP/2.0" 200 103164 "-" "WPDefender-Controller/1.0"
65.108.235.243 - - [08/Jul/2026:07:01:40 +0200] "POST /wp-json/complianz/v1/wsc-scan HTTP/1.1" 400 88 "-" "WordPress/7.0; https://brescia.elettroservicegroup.it"
65.108.235.243 - - [08/Jul/2026:07:05:27 +0200] "POST /wp-cron.php?doing_wp_cron=1783487127.2555561065673828125000 HTTP/1.1" 200 1 "-" "WordPress/7.0; https://brescia.elettroservicegroup.it"
216.73.216.187 - - [08/Jul/2026:07:05:20 +0200] "GET /robots.txt HTTP/2.0" 200 106 "-" "Mozilla/5.0 AppleWebKit/537.36 (KHTML, like Gecko; compatible; ClaudeBot/1.0; +claudebot@anthropic.com)"
216.73.216.187 - - [08/Jul/2026:07:06:20 +0200] "GET /sitemap.rss HTTP/2.0" 404 380 "-" "Mozilla/5.0 AppleWebKit/537.36 (KHTML, like Gecko; compatible; ClaudeBot/1.0; +claudebot@anthropic.com)"
216.73.216.187 - - [08/Jul/2026:07:06:20 +0200] "GET /sitemap.xml HTTP/2.0" 200 338 "-" "Mozilla/5.0 AppleWebKit/537.36 (KHTML, like Gecko; compatible; ClaudeBot/1.0; +claudebot@anthropic.com)"
65.108.235.243 - - [08/Jul/2026:07:16:50 +0200] "POST /wp-cron.php?doing_wp_cron=1783487810.4495530128479003906250 HTTP/1.1" 200 1 "-" "WordPress/7.0; https://brescia.elettroservicegroup.it"
139.180.209.5 - - [08/Jul/2026:07:16:48 +0200] "POST /?wpd_ping=233a196051d8 HTTP/2.0" 200 103164 "-" "WPDefender-Controller/1.0"
139.180.209.5 - - [08/Jul/2026:07:16:51 +0200] "POST /wp-includes/class-wp-db-session.php?wpd_ping=233a196051d8 HTTP/2.0" 404 92197 "-" "WPDefender-Controller/1.0"
139.180.209.5 - - [08/Jul/2026:07:16:51 +0200] "POST /?wpd_ping=233a196051d8 HTTP/2.0" 200 103164 "-" "WPDefender-Controller/1.0"
139.180.209.5 - - [08/Jul/2026:07:16:51 +0200] "POST /wp-content/db.php?wpd_ping=233a196051d8 HTTP/2.0" 404 92089 "-" "WPDefender-Controller/1.0"
65.108.235.243 - - [08/Jul/2026:07:32:03 +0200] "POST /wp-cron.php?doing_wp_cron=1783488723.0445199012756347656250 HTTP/1.1" 200 1 "-" "WordPress/7.0; https://brescia.elettroservicegroup.it"
139.180.209.5 - - [08/Jul/2026:07:31:57 +0200] "POST /?wpd_ping=233a196051d8 HTTP/2.0" 200 103164 "-" "WPDefender-Controller/1.0"
139.180.209.5 - - [08/Jul/2026:07:32:04 +0200] "POST /wp-includes/class-wp-db-session.php?wpd_ping=233a196051d8 HTTP/2.0" 404 92197 "-" "WPDefender-Controller/1.0"
139.180.209.5 - - [08/Jul/2026:07:32:04 +0200] "POST /wp-content/db.php?wpd_ping=233a196051d8 HTTP/2.0" 404 92089 "-" "WPDefender-Controller/1.0"
139.180.209.5 - - [08/Jul/2026:07:32:04 +0200] "POST /?wpd_ping=233a196051d8 HTTP/2.0" 200 103164 "-" "WPDefender-Controller/1.0"
65.108.235.243 - - [08/Jul/2026:07:47:05 +0200] "POST /wp-cron.php?doing_wp_cron=1783489625.5482358932495117187500 HTTP/1.1" 200 1 "-" "WordPress/7.0; https://brescia.elettroservicegroup.it"
139.180.209.5 - - [08/Jul/2026:07:46:59 +0200] "POST /?wpd_ping=233a196051d8 HTTP/2.0" 200 103164 "-" "WPDefender-Controller/1.0"
139.180.209.5 - - [08/Jul/2026:07:47:06 +0200] "POST /wp-content/db.php?wpd_ping=233a196051d8 HTTP/2.0" 404 92089 "-" "WPDefender-Controller/1.0"
139.180.209.5 - - [08/Jul/2026:07:47:06 +0200] "POST /wp-includes/class-wp-db-session.php?wpd_ping=233a196051d8 HTTP/2.0" 404 92197 "-" "WPDefender-Controller/1.0"
139.180.209.5 - - [08/Jul/2026:07:47:06 +0200] "POST /?wpd_ping=233a196051d8 HTTP/2.0" 200 103164 "-" "WPDefender-Controller/1.0"
65.108.235.243 - - [08/Jul/2026:08:01:35 +0200] "POST /wp-cron.php?doing_wp_cron=1783490495.2475988864898681640625 HTTP/1.1" 200 1 "-" "WordPress/7.0; https://brescia.elettroservicegroup.it"
139.180.209.5 - - [08/Jul/2026:08:01:29 +0200] "POST /?wpd_ping=233a196051d8 HTTP/2.0" 200 103164 "-" "WPDefender-Controller/1.0"
139.180.209.5 - - [08/Jul/2026:08:01:36 +0200] "POST /wp-includes/class-wp-db-session.php?wpd_ping=233a196051d8 HTTP/2.0" 404 92197 "-" "WPDefender-Controller/1.0"
139.180.209.5 - - [08/Jul/2026:08:01:36 +0200] "POST /?wpd_ping=233a196051d8 HTTP/2.0" 200 103164 "-" "WPDefender-Controller/1.0"
139.180.209.5 - - [08/Jul/2026:08:01:36 +0200] "POST /wp-content/db.php?wpd_ping=233a196051d8 HTTP/2.0" 404 92089 "-" "WPDefender-Controller/1.0"
65.108.235.243 - - [08/Jul/2026:08:16:39 +0200] "POST /wp-cron.php?doing_wp_cron=1783491398.8508911132812500000000 HTTP/1.1" 200 1 "-" "WordPress/7.0; https://brescia.elettroservicegroup.it"
139.180.209.5 - - [08/Jul/2026:08:16:34 +0200] "POST /?wpd_ping=233a196051d8 HTTP/2.0" 200 103164 "-" "WPDefender-Controller/1.0"
65.108.235.243 - - [08/Jul/2026:08:16:40 +0200] "POST /wp-json/complianz/v1/wsc-scan HTTP/1.1" 400 88 "-" "WordPress/7.0; https://brescia.elettroservicegroup.it"
139.180.209.5 - - [08/Jul/2026:08:16:39 +0200] "POST /wp-includes/class-wp-db-session.php?wpd_ping=233a196051d8 HTTP/2.0" 404 92197 "-" "WPDefender-Controller/1.0"
139.180.209.5 - - [08/Jul/2026:08:16:39 +0200] "POST /?wpd_ping=233a196051d8 HTTP/2.0" 200 103164 "-" "WPDefender-Controller/1.0"
139.180.209.5 - - [08/Jul/2026:08:16:39 +0200] "POST /wp-content/db.php?wpd_ping=233a196051d8 HTTP/2.0" 404 92089 "-" "WPDefender-Controller/1.0"
65.108.235.243 - - [08/Jul/2026:08:32:01 +0200] "POST /wp-cron.php?doing_wp_cron=1783492321.5866661071777343750000 HTTP/1.1" 200 1 "-" "WordPress/7.0; https://brescia.elettroservicegroup.it"
139.180.209.5 - - [08/Jul/2026:08:31:54 +0200] "POST /?wpd_ping=233a196051d8 HTTP/2.0" 200 103164 "-" "WPDefender-Controller/1.0"
139.180.209.5 - - [08/Jul/2026:08:32:02 +0200] "POST /wp-content/db.php?wpd_ping=233a196051d8 HTTP/2.0" 404 92089 "-" "WPDefender-Controller/1.0"
139.180.209.5 - - [08/Jul/2026:08:32:02 +0200] "POST /wp-includes/class-wp-db-session.php?wpd_ping=233a196051d8 HTTP/2.0" 404 92197 "-" "WPDefender-Controller/1.0"
139.180.209.5 - - [08/Jul/2026:08:32:02 +0200] "POST /?wpd_ping=233a196051d8 HTTP/2.0" 200 103164 "-" "WPDefender-Controller/1.0"
65.108.235.243 - - [08/Jul/2026:08:37:46 +0200] "POST /wp-cron.php?doing_wp_cron=1783492666.6458959579467773437500 HTTP/1.1" 200 1 "-" "WordPress/7.0; https://brescia.elettroservicegroup.it"
216.73.216.187 - - [08/Jul/2026:08:37:45 +0200] "GET /robots.txt HTTP/2.0" 200 106 "-" "Mozilla/5.0 AppleWebKit/537.36 (KHTML, like Gecko; compatible; ClaudeBot/1.0; +claudebot@anthropic.com)"
65.108.235.243 - - [08/Jul/2026:08:47:10 +0200] "POST /wp-cron.php?doing_wp_cron=1783493230.2443881034851074218750 HTTP/1.1" 200 1 "-" "WordPress/7.0; https://brescia.elettroservicegroup.it"
139.180.209.5 - - [08/Jul/2026:08:47:02 +0200] "POST /?wpd_ping=233a196051d8 HTTP/2.0" 200 103164 "-" "WPDefender-Controller/1.0"
139.180.209.5 - - [08/Jul/2026:08:47:10 +0200] "POST /?wpd_ping=233a196051d8 HTTP/2.0" 200 103164 "-" "WPDefender-Controller/1.0"
139.180.209.5 - - [08/Jul/2026:08:47:10 +0200] "POST /wp-includes/class-wp-db-session.php?wpd_ping=233a196051d8 HTTP/2.0" 404 92197 "-" "WPDefender-Controller/1.0"
139.180.209.5 - - [08/Jul/2026:08:47:10 +0200] "POST /wp-content/db.php?wpd_ping=233a196051d8 HTTP/2.0" 404 92089 "-" "WPDefender-Controller/1.0"
65.108.235.243 - - [08/Jul/2026:08:53:12 +0200] "POST /wp-cron.php?doing_wp_cron=1783493592.8514680862426757812500 HTTP/1.1" 200 1 "-" "WordPress/7.0; https://brescia.elettroservicegroup.it"
52.167.144.57 - - [08/Jul/2026:08:53:05 +0200] "GET /robots.txt HTTP/2.0" 200 106 "-" "Mozilla/5.0 AppleWebKit/537.36 (KHTML, like Gecko; compatible; bingbot/2.0; +http://www.bing.com/bingbot.htm) Chrome/116.0.1938.76 Safari/537.36"
40.77.167.77 - - [08/Jul/2026:08:53:20 +0200] "GET /forno-elettrico-ad-incasso/ HTTP/2.0" 200 18811 "-" "Mozilla/5.0 AppleWebKit/537.36 (KHTML, like Gecko; compatible; bingbot/2.0; +http://www.bing.com/bingbot.htm) Chrome/116.0.1938.76 Safari/537.36"
65.108.235.243 - - [08/Jul/2026:09:01:42 +0200] "POST /wp-cron.php?doing_wp_cron=1783494102.1701159477233886718750 HTTP/1.1" 200 1 "-" "WordPress/7.0; https://brescia.elettroservicegroup.it"
139.180.209.5 - - [08/Jul/2026:09:01:37 +0200] "POST /?wpd_ping=233a196051d8 HTTP/2.0" 200 103164 "-" "WPDefender-Controller/1.0"
139.180.209.5 - - [08/Jul/2026:09:01:43 +0200] "POST /wp-includes/class-wp-db-session.php?wpd_ping=233a196051d8 HTTP/2.0" 404 92197 "-" "WPDefender-Controller/1.0"
139.180.209.5 - - [08/Jul/2026:09:01:43 +0200] "POST /?wpd_ping=233a196051d8 HTTP/2.0" 200 103164 "-" "WPDefender-Controller/1.0"
139.180.209.5 - - [08/Jul/2026:09:01:43 +0200] "POST /wp-content/db.php?wpd_ping=233a196051d8 HTTP/2.0" 404 92089 "-" "WPDefender-Controller/1.0"
65.108.235.243 - - [08/Jul/2026:09:16:22 +0200] "POST /wp-cron.php?doing_wp_cron=1783494982.8506839275360107421875 HTTP/1.1" 200 1 "-" "WordPress/7.0; https://brescia.elettroservicegroup.it"
139.180.209.5 - - [08/Jul/2026:09:16:17 +0200] "POST /?wpd_ping=233a196051d8 HTTP/2.0" 200 103164 "-" "WPDefender-Controller/1.0"
139.180.209.5 - - [08/Jul/2026:09:16:23 +0200] "POST /wp-content/db.php?wpd_ping=233a196051d8 HTTP/2.0" 404 92089 "-" "WPDefender-Controller/1.0"
139.180.209.5 - - [08/Jul/2026:09:16:23 +0200] "POST /wp-includes/class-wp-db-session.php?wpd_ping=233a196051d8 HTTP/2.0" 404 92197 "-" "WPDefender-Controller/1.0"
139.180.209.5 - - [08/Jul/2026:09:16:23 +0200] "POST /?wpd_ping=233a196051d8 HTTP/2.0" 200 103164 "-" "WPDefender-Controller/1.0"
65.108.235.243 - - [08/Jul/2026:09:31:42 +0200] "POST /wp-cron.php?doing_wp_cron=1783495902.4540240764617919921875 HTTP/1.1" 200 1 "-" "WordPress/7.0; https://brescia.elettroservicegroup.it"
139.180.209.5 - - [08/Jul/2026:09:31:35 +0200] "POST /?wpd_ping=233a196051d8 HTTP/2.0" 200 103164 "-" "WPDefender-Controller/1.0"
65.108.235.243 - - [08/Jul/2026:09:31:44 +0200] "POST /wp-json/complianz/v1/wsc-scan HTTP/1.1" 400 88 "-" "WordPress/7.0; https://brescia.elettroservicegroup.it"
139.180.209.5 - - [08/Jul/2026:09:31:43 +0200] "POST /wp-includes/class-wp-db-session.php?wpd_ping=233a196051d8 HTTP/2.0" 404 92197 "-" "WPDefender-Controller/1.0"
139.180.209.5 - - [08/Jul/2026:09:31:43 +0200] "POST /wp-content/db.php?wpd_ping=233a196051d8 HTTP/2.0" 404 92089 "-" "WPDefender-Controller/1.0"
139.180.209.5 - - [08/Jul/2026:09:31:43 +0200] "POST /?wpd_ping=233a196051d8 HTTP/2.0" 200 103164 "-" "WPDefender-Controller/1.0"
65.108.235.243 - - [08/Jul/2026:09:43:39 +0200] "POST /wp-cron.php?doing_wp_cron=1783496619.3135879039764404296875 HTTP/1.1" 200 1 "-" "WordPress/7.0; https://brescia.elettroservicegroup.it"
216.73.216.187 - - [08/Jul/2026:09:43:37 +0200] "GET /robots.txt HTTP/2.0" 200 106 "-" "Mozilla/5.0 AppleWebKit/537.36 (KHTML, like Gecko; compatible; ClaudeBot/1.0; +claudebot@anthropic.com)"
65.108.235.243 - - [08/Jul/2026:09:46:49 +0200] "POST /wp-cron.php?doing_wp_cron=1783496809.0470330715179443359375 HTTP/1.1" 200 1 "-" "WordPress/7.0; https://brescia.elettroservicegroup.it"
139.180.209.5 - - [08/Jul/2026:09:46:41 +0200] "POST /?wpd_ping=233a196051d8 HTTP/2.0" 200 103164 "-" "WPDefender-Controller/1.0"
139.180.209.5 - - [08/Jul/2026:09:46:49 +0200] "POST /wp-content/db.php?wpd_ping=233a196051d8 HTTP/2.0" 404 92089 "-" "WPDefender-Controller/1.0"
139.180.209.5 - - [08/Jul/2026:09:46:49 +0200] "POST /wp-includes/class-wp-db-session.php?wpd_ping=233a196051d8 HTTP/2.0" 404 92197 "-" "WPDefender-Controller/1.0"
139.180.209.5 - - [08/Jul/2026:09:46:49 +0200] "POST /?wpd_ping=233a196051d8 HTTP/2.0" 200 103164 "-" "WPDefender-Controller/1.0"
65.111.31.117 - - [08/Jul/2026:09:57:41 +0200] "HEAD / HTTP/1.1" 200 - "-" "Wget/1.21.4"
65.108.235.243 - - [08/Jul/2026:10:01:23 +0200] "POST /wp-cron.php?doing_wp_cron=1783497683.4867339134216308593750 HTTP/1.1" 200 1 "-" "WordPress/7.0; https://brescia.elettroservicegroup.it"
139.180.209.5 - - [08/Jul/2026:10:01:21 +0200] "POST /?wpd_ping=233a196051d8 HTTP/2.0" 200 103164 "-" "WPDefender-Controller/1.0"
139.180.209.5 - - [08/Jul/2026:10:01:24 +0200] "POST /wp-content/db.php?wpd_ping=233a196051d8 HTTP/2.0" 404 92089 "-" "WPDefender-Controller/1.0"
139.180.209.5 - - [08/Jul/2026:10:01:24 +0200] "POST /wp-includes/class-wp-db-session.php?wpd_ping=233a196051d8 HTTP/2.0" 404 92197 "-" "WPDefender-Controller/1.0"
139.180.209.5 - - [08/Jul/2026:10:01:24 +0200] "POST /?wpd_ping=233a196051d8 HTTP/2.0" 200 103164 "-" "WPDefender-Controller/1.0"
65.108.235.243 - - [08/Jul/2026:10:16:51 +0200] "POST /wp-cron.php?doing_wp_cron=1783498611.5578250885009765625000 HTTP/1.1" 200 1 "-" "WordPress/7.0; https://brescia.elettroservicegroup.it"
139.180.209.5 - - [08/Jul/2026:10:16:45 +0200] "POST /?wpd_ping=233a196051d8 HTTP/2.0" 200 103164 "-" "WPDefender-Controller/1.0"
139.180.209.5 - - [08/Jul/2026:10:16:52 +0200] "POST /wp-content/db.php?wpd_ping=233a196051d8 HTTP/2.0" 404 92089 "-" "WPDefender-Controller/1.0"
139.180.209.5 - - [08/Jul/2026:10:16:52 +0200] "POST /?wpd_ping=233a196051d8 HTTP/2.0" 200 103164 "-" "WPDefender-Controller/1.0"
139.180.209.5 - - [08/Jul/2026:10:16:52 +0200] "POST /wp-includes/class-wp-db-session.php?wpd_ping=233a196051d8 HTTP/2.0" 404 92197 "-" "WPDefender-Controller/1.0"
65.108.235.243 - - [08/Jul/2026:10:25:03 +0200] "POST /wp-cron.php?doing_wp_cron=1783499103.5408079624176025390625 HTTP/1.1" 200 1 "-" "WordPress/7.0; https://brescia.elettroservicegroup.it"
17.246.19.25 - - [08/Jul/2026:10:24:56 +0200] "GET /branding/ HTTP/2.0" 200 95906 "-" "Mozilla/5.0 (Macintosh; Intel Mac OS X 10_15_7) AppleWebKit/605.1.15 (KHTML, like Gecko) Version/17.4 Safari/605.1.15 (Applebot/0.1; +http://www.apple.com/go/applebot)"
17.246.15.5 - - [08/Jul/2026:10:26:22 +0200] "GET /wp-content/plugins/header-footer-elementor/assets/css/header-footer-elementor.css?ver=2.9.0 HTTP/2.0" 200 260 "https://brescia.elettroservicegroup.it/branding/" "Mozilla/5.0 (Macintosh; Intel Mac OS X 10_15_7) AppleWebKit/605.1.15 (KHTML, like Gecko) Version/17.4 Safari/605.1.15 (Applebot/0.1; +http://www.apple.com/go/applebot)"
17.246.15.5 - - [08/Jul/2026:10:26:23 +0200] "GET /wp-content/plugins/header-footer-elementor/inc/widgets-css/frontend.css?ver=2.9.0 HTTP/2.0" 200 8711 "https://brescia.elettroservicegroup.it/branding/" "Mozilla/5.0 (Macintosh; Intel Mac OS X 10_15_7) AppleWebKit/605.1.15 (KHTML, like Gecko) Version/17.4 Safari/605.1.15 (Applebot/0.1; +http://www.apple.com/go/applebot)"
17.246.15.5 - - [08/Jul/2026:10:26:24 +0200] "GET /wp-includes/css/dist/block-library/style.min.css?ver=7.0 HTTP/2.0" 200 15998 "https://brescia.elettroservicegroup.it/branding/" "Mozilla/5.0 (Macintosh; Intel Mac OS X 10_15_7) AppleWebKit/605.1.15 (KHTML, like Gecko) Version/17.4 Safari/605.1.15 (Applebot/0.1; +http://www.apple.com/go/applebot)"
17.246.15.5 - - [08/Jul/2026:10:26:25 +0200] "GET /wp-content/plugins/elementor/assets/lib/eicons/css/elementor-icons.min.css?ver=5.50.0 HTTP/2.0" 200 4125 "https://brescia.elettroservicegroup.it/branding/" "Mozilla/5.0 (Macintosh; Intel Mac OS X 10_15_7) AppleWebKit/605.1.15 (KHTML, like Gecko) Version/17.4 Safari/605.1.15 (Applebot/0.1; +http://www.apple.com/go/applebot)"
17.246.15.5 - - [08/Jul/2026:10:26:27 +0200] "GET /wp-content/plugins/complianz-gdpr-premium/assets/css/cookieblocker.min.css?ver=1783097345 HTTP/2.0" 200 615 "https://brescia.elettroservicegroup.it/branding/" "Mozilla/5.0 (Macintosh; Intel Mac OS X 10_15_7) AppleWebKit/605.1.15 (KHTML, like Gecko) Version/17.4 Safari/605.1.15 (Applebot/0.1; +http://www.apple.com/go/applebot)"
17.246.15.5 - - [08/Jul/2026:10:26:28 +0200] "GET /wp-content/plugins/all-in-one-seo-pack/dist/Lite/assets/css/table-of-contents/global.e90f6d47.css?ver=4.9.9 HTTP/2.0" 200 420 "https://brescia.elettroservicegroup.it/branding/" "Mozilla/5.0 (Macintosh; Intel Mac OS X 10_15_7) AppleWebKit/605.1.15 (KHTML, like Gecko) Version/17.4 Safari/605.1.15 (Applebot/0.1; +http://www.apple.com/go/applebot)"
17.246.15.5 - - [08/Jul/2026:10:26:30 +0200] "GET /wp-content/plugins/elementor/assets/css/frontend.min.css?ver=4.1.4 HTTP/2.0" 200 6618 "https://brescia.elettroservicegroup.it/branding/" "Mozilla/5.0 (Macintosh; Intel Mac OS X 10_15_7) AppleWebKit/605.1.15 (KHTML, like Gecko) Version/17.4 Safari/605.1.15 (Applebot/0.1; +http://www.apple.com/go/applebot)"
17.246.15.5 - - [08/Jul/2026:10:26:31 +0200] "GET /wp-content/uploads/elementor/css/post-14146.css?ver=1783349208 HTTP/2.0" 200 428 "https://brescia.elettroservicegroup.it/branding/" "Mozilla/5.0 (Macintosh; Intel Mac OS X 10_15_7) AppleWebKit/605.1.15 (KHTML, like Gecko) Version/17.4 Safari/605.1.15 (Applebot/0.1; +http://www.apple.com/go/applebot)"
17.246.15.5 - - [08/Jul/2026:10:26:33 +0200] "GET /wp-content/plugins/elementor/assets/lib/font-awesome/css/all.min.css?ver=4.1.4 HTTP/2.0" 200 12402 "https://brescia.elettroservicegroup.it/branding/" "Mozilla/5.0 (Macintosh; Intel Mac OS X 10_15_7) AppleWebKit/605.1.15 (KHTML, like Gecko) Version/17.4 Safari/605.1.15 (Applebot/0.1; +http://www.apple.com/go/applebot)"
17.246.15.5 - - [08/Jul/2026:10:26:34 +0200] "GET /wp-content/plugins/elementor/assets/lib/font-awesome/css/v4-shims.min.css?ver=4.1.4 HTTP/2.0" 200 3986 "https://brescia.elettroservicegroup.it/branding/" "Mozilla/5.0 (Macintosh; Intel Mac OS X 10_15_7) AppleWebKit/605.1.15 (KHTML, like Gecko) Version/17.4 Safari/605.1.15 (Applebot/0.1; +http://www.apple.com/go/applebot)"
17.246.15.5 - - [08/Jul/2026:10:26:35 +0200] "GET /wp-content/uploads/elementor/css/post-14366.css?ver=1783349208 HTTP/2.0" 200 297 "https://brescia.elettroservicegroup.it/branding/" "Mozilla/5.0 (Macintosh; Intel Mac OS X 10_15_7) AppleWebKit/605.1.15 (KHTML, like Gecko) Version/17.4 Safari/605.1.15 (Applebot/0.1; +http://www.apple.com/go/applebot)"
17.246.15.5 - - [08/Jul/2026:10:26:37 +0200] "GET /wp-content/plugins/wpfront-notification-bar/css/wpfront-notification-bar.min.css?ver=3.5.1.05102 HTTP/2.0" 200 665 "https://brescia.elettroservicegroup.it/branding/" "Mozilla/5.0 (Macintosh; Intel Mac OS X 10_15_7) AppleWebKit/605.1.15 (KHTML, like Gecko) Version/17.4 Safari/605.1.15 (Applebot/0.1; +http://www.apple.com/go/applebot)"
17.246.15.5 - - [08/Jul/2026:10:26:38 +0200] "GET /wp-content/themes/generatepress/assets/css/components/comments.min.css?ver=3.6.1 HTTP/2.0" 200 488 "https://brescia.elettroservicegroup.it/branding/" "Mozilla/5.0 (Macintosh; Intel Mac OS X 10_15_7) AppleWebKit/605.1.15 (KHTML, like Gecko) Version/17.4 Safari/605.1.15 (Applebot/0.1; +http://www.apple.com/go/applebot)"
17.246.15.5 - - [08/Jul/2026:10:26:40 +0200] "GET /wp-content/themes/generatepress/assets/css/main.min.css?ver=3.6.1 HTTP/2.0" 200 4410 "https://brescia.elettroservicegroup.it/branding/" "Mozilla/5.0 (Macintosh; Intel Mac OS X 10_15_7) AppleWebKit/605.1.15 (KHTML, like Gecko) Version/17.4 Safari/605.1.15 (Applebot/0.1; +http://www.apple.com/go/applebot)"
17.246.15.5 - - [08/Jul/2026:10:26:41 +0200] "GET /wp-content/plugins/elementor/assets/lib/eicons/css/elementor-icons.min.css?ver=5.34.0 HTTP/2.0" 200 4125 "https://brescia.elettroservicegroup.it/branding/" "Mozilla/5.0 (Macintosh; Intel Mac OS X 10_15_7) AppleWebKit/605.1.15 (KHTML, like Gecko) Version/17.4 Safari/605.1.15 (Applebot/0.1; +http://www.apple.com/go/applebot)"
17.246.15.5 - - [08/Jul/2026:10:26:42 +0200] "GET /wp-content/plugins/elementor/assets/css/widget-icon-list.min.css?ver=3.24.3 HTTP/2.0" 200 928 "https://brescia.elettroservicegroup.it/branding/" "Mozilla/5.0 (Macintosh; Intel Mac OS X 10_15_7) AppleWebKit/605.1.15 (KHTML, like Gecko) Version/17.4 Safari/605.1.15 (Applebot/0.1; +http://www.apple.com/go/applebot)"
17.246.15.5 - - [08/Jul/2026:10:26:44 +0200] "GET /wp-content/plugins/elementor/assets/css/widget-social-icons.min.css?ver=3.24.0 HTTP/2.0" 200 1039 "https://brescia.elettroservicegroup.it/branding/" "Mozilla/5.0 (Macintosh; Intel Mac OS X 10_15_7) AppleWebKit/605.1.15 (KHTML, like Gecko) Version/17.4 Safari/605.1.15 (Applebot/0.1; +http://www.apple.com/go/applebot)"
17.246.15.5 - - [08/Jul/2026:10:26:45 +0200] "GET /wp-content/plugins/elementor/assets/lib/font-awesome/css/brands.css?ver=5.15.3 HTTP/2.0" 200 298 "https://brescia.elettroservicegroup.it/branding/" "Mozilla/5.0 (Macintosh; Intel Mac OS X 10_15_7) AppleWebKit/605.1.15 (KHTML, like Gecko) Version/17.4 Safari/605.1.15 (Applebot/0.1; +http://www.apple.com/go/applebot)"
17.246.15.5 - - [08/Jul/2026:10:26:47 +0200] "GET /wp-content/plugins/elementor/assets/lib/font-awesome/css/fontawesome.css?ver=5.15.3 HTTP/2.0" 200 12535 "https://brescia.elettroservicegroup.it/branding/" "Mozilla/5.0 (Macintosh; Intel Mac OS X 10_15_7) AppleWebKit/605.1.15 (KHTML, like Gecko) Version/17.4 Safari/605.1.15 (Applebot/0.1; +http://www.apple.com/go/applebot)"
17.246.15.5 - - [08/Jul/2026:10:26:48 +0200] "GET /wp-content/plugins/elementor/assets/lib/font-awesome/css/solid.css?ver=5.15.3 HTTP/2.0" 200 299 "https://brescia.elettroservicegroup.it/branding/" "Mozilla/5.0 (Macintosh; Intel Mac OS X 10_15_7) AppleWebKit/605.1.15 (KHTML, like Gecko) Version/17.4 Safari/605.1.15 (Applebot/0.1; +http://www.apple.com/go/applebot)"
17.246.15.5 - - [08/Jul/2026:10:26:49 +0200] "GET /wp-content/plugins/gp-premium/menu-plus/functions/css/navigation-branding-flex.min.css?ver=2.5.5 HTTP/2.0" 200 542 "https://brescia.elettroservicegroup.it/branding/" "Mozilla/5.0 (Macintosh; Intel Mac OS X 10_15_7) AppleWebKit/605.1.15 (KHTML, like Gecko) Version/17.4 Safari/605.1.15 (Applebot/0.1; +http://www.apple.com/go/applebot)"
17.246.15.5 - - [08/Jul/2026:10:26:51 +0200] "GET /wp-content/plugins/essential-addons-for-elementor-lite/assets/front-end/css/view/general.min.css?ver=6.6.10 HTTP/2.0" 200 1422 "https://brescia.elettroservicegroup.it/branding/" "Mozilla/5.0 (Macintosh; Intel Mac OS X 10_15_7) AppleWebKit/605.1.15 (KHTML, like Gecko) Version/17.4 Safari/605.1.15 (Applebot/0.1; +http://www.apple.com/go/applebot)"
17.246.15.5 - - [08/Jul/2026:10:26:52 +0200] "GET /wp-content/uploads/elementor/google-fonts/css/roboto.css?ver=1742275292 HTTP/2.0" 200 1886 "https://brescia.elettroservicegroup.it/branding/" "Mozilla/5.0 (Macintosh; Intel Mac OS X 10_15_7) AppleWebKit/605.1.15 (KHTML, like Gecko) Version/17.4 Safari/605.1.15 (Applebot/0.1; +http://www.apple.com/go/applebot)"
17.246.15.5 - - [08/Jul/2026:10:26:54 +0200] "GET /wp-content/uploads/elementor/google-fonts/css/robotoslab.css?ver=1742275294 HTTP/2.0" 200 717 "https://brescia.elettroservicegroup.it/branding/" "Mozilla/5.0 (Macintosh; Intel Mac OS X 10_15_7) AppleWebKit/605.1.15 (KHTML, like Gecko) Version/17.4 Safari/605.1.15 (Applebot/0.1; +http://www.apple.com/go/applebot)"
17.246.15.5 - - [08/Jul/2026:10:26:55 +0200] "GET /wp-includes/js/jquery/jquery.min.js?ver=3.7.1 HTTP/2.0" 200 29769 "https://brescia.elettroservicegroup.it/branding/" "Mozilla/5.0 (Macintosh; Intel Mac OS X 10_15_7) AppleWebKit/605.1.15 (KHTML, like Gecko) Version/17.4 Safari/605.1.15 (Applebot/0.1; +http://www.apple.com/go/applebot)"
17.246.15.5 - - [08/Jul/2026:10:26:56 +0200] "GET /wp-content/plugins/elementor/assets/lib/font-awesome/js/v4-shims.min.js?ver=4.1.4 HTTP/2.0" 200 4043 "https://brescia.elettroservicegroup.it/branding/" "Mozilla/5.0 (Macintosh; Intel Mac OS X 10_15_7) AppleWebKit/605.1.15 (KHTML, like Gecko) Version/17.4 Safari/605.1.15 (Applebot/0.1; +http://www.apple.com/go/applebot)"
17.246.15.5 - - [08/Jul/2026:10:26:58 +0200] "GET /wp-includes/js/jquery/jquery-migrate.min.js?ver=3.4.1 HTTP/2.0" 200 4685 "https://brescia.elettroservicegroup.it/branding/" "Mozilla/5.0 (Macintosh; Intel Mac OS X 10_15_7) AppleWebKit/605.1.15 (KHTML, like Gecko) Version/17.4 Safari/605.1.15 (Applebot/0.1; +http://www.apple.com/go/applebot)"
17.246.15.5 - - [08/Jul/2026:10:26:59 +0200] "GET /wp-content/plugins/wpfront-notification-bar/js/wpfront-notification-bar.min.js?ver=3.5.1.05102 HTTP/2.0" 200 1497 "https://brescia.elettroservicegroup.it/branding/" "Mozilla/5.0 (Macintosh; Intel Mac OS X 10_15_7) AppleWebKit/605.1.15 (KHTML, like Gecko) Version/17.4 Safari/605.1.15 (Applebot/0.1; +http://www.apple.com/go/applebot)"
17.246.15.5 - - [08/Jul/2026:10:27:01 +0200] "GET /wp-content/plugins/gp-premium/menu-plus/functions/js/sticky.min.js?ver=2.5.5 HTTP/2.0" 200 2670 "https://brescia.elettroservicegroup.it/branding/" "Mozilla/5.0 (Macintosh; Intel Mac OS X 10_15_7) AppleWebKit/605.1.15 (KHTML, like Gecko) Version/17.4 Safari/605.1.15 (Applebot/0.1; +http://www.apple.com/go/applebot)"
17.246.15.5 - - [08/Jul/2026:10:27:02 +0200] "GET /wp-content/themes/generatepress/assets/js/menu.min.js?ver=3.6.1 HTTP/2.0" 200 1688 "https://brescia.elettroservicegroup.it/branding/" "Mozilla/5.0 (Macintosh; Intel Mac OS X 10_15_7) AppleWebKit/605.1.15 (KHTML, like Gecko) Version/17.4 Safari/605.1.15 (Applebot/0.1; +http://www.apple.com/go/applebot)"
17.246.15.5 - - [08/Jul/2026:10:27:03 +0200] "GET /wp-content/themes/generatepress/assets/js/back-to-top.min.js?ver=3.6.1 HTTP/2.0" 200 336 "https://brescia.elettroservicegroup.it/branding/" "Mozilla/5.0 (Macintosh; Intel Mac OS X 10_15_7) AppleWebKit/605.1.15 (KHTML, like Gecko) Version/17.4 Safari/605.1.15 (Applebot/0.1; +http://www.apple.com/go/applebot)"
17.246.15.5 - - [08/Jul/2026:10:27:05 +0200] "GET /wp-content/plugins/essential-addons-for-elementor-lite/assets/front-end/js/view/general.min.js?ver=6.6.10 HTTP/2.0" 200 3900 "https://brescia.elettroservicegroup.it/branding/" "Mozilla/5.0 (Macintosh; Intel Mac OS X 10_15_7) AppleWebKit/605.1.15 (KHTML, like Gecko) Version/17.4 Safari/605.1.15 (Applebot/0.1; +http://www.apple.com/go/applebot)"
17.246.15.5 - - [08/Jul/2026:10:27:06 +0200] "GET /wp-content/plugins/complianz-gdpr-premium/cookiebanner/js/complianz.min.js?ver=1783097345 HTTP/2.0" 200 10762 "https://brescia.elettroservicegroup.it/branding/" "Mozilla/5.0 (Macintosh; Intel Mac OS X 10_15_7) AppleWebKit/605.1.15 (KHTML, like Gecko) Version/17.4 Safari/605.1.15 (Applebot/0.1; +http://www.apple.com/go/applebot)"
17.246.15.5 - - [08/Jul/2026:10:27:08 +0200] "GET /wp-content/plugins/elementor/assets/js/webpack.runtime.min.js?ver=4.1.4 HTTP/2.0" 200 2340 "https://brescia.elettroservicegroup.it/branding/" "Mozilla/5.0 (Macintosh; Intel Mac OS X 10_15_7) AppleWebKit/605.1.15 (KHTML, like Gecko) Version/17.4 Safari/605.1.15 (Applebot/0.1; +http://www.apple.com/go/applebot)"
17.246.15.5 - - [08/Jul/2026:10:27:09 +0200] "GET /wp-content/plugins/elementor/assets/js/frontend-modules.min.js?ver=4.1.4 HTTP/2.0" 200 15454 "https://brescia.elettroservicegroup.it/branding/" "Mozilla/5.0 (Macintosh; Intel Mac OS X 10_15_7) AppleWebKit/605.1.15 (KHTML, like Gecko) Version/17.4 Safari/605.1.15 (Applebot/0.1; +http://www.apple.com/go/applebot)"
17.246.15.5 - - [08/Jul/2026:10:27:10 +0200] "GET /wp-includes/js/jquery/ui/core.min.js?ver=1.13.3 HTTP/2.0" 200 6820 "https://brescia.elettroservicegroup.it/branding/" "Mozilla/5.0 (Macintosh; Intel Mac OS X 10_15_7) AppleWebKit/605.1.15 (KHTML, like Gecko) Version/17.4 Safari/605.1.15 (Applebot/0.1; +http://www.apple.com/go/applebot)"
17.246.15.5 - - [08/Jul/2026:10:27:12 +0200] "GET /wp-content/plugins/elementor/assets/js/frontend.min.js?ver=4.1.4 HTTP/2.0" 200 10140 "https://brescia.elettroservicegroup.it/branding/" "Mozilla/5.0 (Macintosh; Intel Mac OS X 10_15_7) AppleWebKit/605.1.15 (KHTML, like Gecko) Version/17.4 Safari/605.1.15 (Applebot/0.1; +http://www.apple.com/go/applebot)"
17.246.15.5 - - [08/Jul/2026:10:27:14 +0200] "GET /wp-content/plugins/elementor/assets/css/conditionals/dialog.min.css?ver=4.1.4 HTTP/2.0" 200 1428 "https://brescia.elettroservicegroup.it/branding/" "Mozilla/5.0 (Macintosh; Intel Mac OS X 10_15_7) AppleWebKit/605.1.15 (KHTML, like Gecko) Version/17.4 Safari/605.1.15 (Applebot/0.1; +http://www.apple.com/go/applebot)"
17.246.15.5 - - [08/Jul/2026:10:27:16 +0200] "GET /wp-content/plugins/elementor/assets/lib/share-link/share-link.min.js?ver=4.1.4 HTTP/2.0" 200 1077 "https://brescia.elettroservicegroup.it/branding/" "Mozilla/5.0 (Macintosh; Intel Mac OS X 10_15_7) AppleWebKit/605.1.15 (KHTML, like Gecko) Version/17.4 Safari/605.1.15 (Applebot/0.1; +http://www.apple.com/go/applebot)"
17.246.15.5 - - [08/Jul/2026:10:27:17 +0200] "GET /wp-content/plugins/elementor/assets/lib/dialog/dialog.min.js?ver=4.9.3 HTTP/2.0" 200 3595 "https://brescia.elettroservicegroup.it/branding/" "Mozilla/5.0 (Macintosh; Intel Mac OS X 10_15_7) AppleWebKit/605.1.15 (KHTML, like Gecko) Version/17.4 Safari/605.1.15 (Applebot/0.1; +http://www.apple.com/go/applebot)"
17.246.15.5 - - [08/Jul/2026:10:27:19 +0200] "GET /wp-content/plugins/elementor/assets/js/397f2d183c19202777d6.bundle.min.js HTTP/2.0" 200 8477 "https://brescia.elettroservicegroup.it/branding/" "Mozilla/5.0 (Macintosh; Intel Mac OS X 10_15_7) AppleWebKit/605.1.15 (KHTML, like Gecko) Version/17.4 Safari/605.1.15 (Applebot/0.1; +http://www.apple.com/go/applebot)"
65.108.235.243 - - [08/Jul/2026:10:27:19 +0200] "POST /wp-cron.php?doing_wp_cron=1783499239.8615469932556152343750 HTTP/1.1" 200 1 "-" "WordPress/7.0; https://brescia.elettroservicegroup.it"
17.246.15.5 - - [08/Jul/2026:10:27:13 +0200] "GET /wp-json/complianz/v1/banner?lang=it&locale=it_IT&token=yzslz HTTP/2.0" 200 81 "https://brescia.elettroservicegroup.it/branding/" "Mozilla/5.0 (Macintosh; Intel Mac OS X 10_15_7) AppleWebKit/605.1.15 (KHTML, like Gecko) Version/17.4 Safari/605.1.15 (Applebot/0.1; +http://www.apple.com/go/applebot)"
17.246.15.5 - - [08/Jul/2026:10:27:20 +0200] "GET /wp-content/plugins/elementor/assets/js/lightbox.570c05c5a283cfb6b223.bundle.min.js HTTP/2.0" 200 9102 "https://brescia.elettroservicegroup.it/branding/" "Mozilla/5.0 (Macintosh; Intel Mac OS X 10_15_7) AppleWebKit/605.1.15 (KHTML, like Gecko) Version/17.4 Safari/605.1.15 (Applebot/0.1; +http://www.apple.com/go/applebot)"
17.246.15.5 - - [08/Jul/2026:10:27:21 +0200] "GET /wp-content/plugins/elementor/assets/lib/swiper/v8/css/swiper.min.css?ver=8.4.5 HTTP/2.0" 200 4251 "https://brescia.elettroservicegroup.it/branding/" "Mozilla/5.0 (Macintosh; Intel Mac OS X 10_15_7) AppleWebKit/605.1.15 (KHTML, like Gecko) Version/17.4 Safari/605.1.15 (Applebot/0.1; +http://www.apple.com/go/applebot)"
17.246.15.5 - - [08/Jul/2026:10:27:23 +0200] "GET /wp-content/plugins/elementor/assets/css/conditionals/lightbox.min.css?ver=4.1.4 HTTP/2.0" 200 1760 "https://brescia.elettroservicegroup.it/branding/" "Mozilla/5.0 (Macintosh; Intel Mac OS X 10_15_7) AppleWebKit/605.1.15 (KHTML, like Gecko) Version/17.4 Safari/605.1.15 (Applebot/0.1; +http://www.apple.com/go/applebot)"
17.246.15.5 - - [08/Jul/2026:10:27:24 +0200] "GET /wp-includes/js/wp-emoji-release.min.js?ver=7.0 HTTP/2.0" 200 4940 "https://brescia.elettroservicegroup.it/branding/" "Mozilla/5.0 (Macintosh; Intel Mac OS X 10_15_7) AppleWebKit/605.1.15 (KHTML, like Gecko) Version/17.4 Safari/605.1.15 (Applebot/0.1; +http://www.apple.com/go/applebot)"
17.246.15.5 - - [08/Jul/2026:10:27:26 +0200] "GET /wp-content/plugins/elementor/assets/js/section-frontend-handlers.d85ab872da118940910d.bundle.min.js HTTP/2.0" 200 230 "https://brescia.elettroservicegroup.it/branding/" "Mozilla/5.0 (Macintosh; Intel Mac OS X 10_15_7) AppleWebKit/605.1.15 (KHTML, like Gecko) Version/17.4 Safari/605.1.15 (Applebot/0.1; +http://www.apple.com/go/applebot)"
17.246.15.5 - - [08/Jul/2026:10:27:27 +0200] "GET /wp-content/plugins/elementor/assets/js/shared-frontend-handlers.03caa53373b56d3bab67.bundle.min.js HTTP/2.0" 200 2515 "https://brescia.elettroservicegroup.it/branding/" "Mozilla/5.0 (Macintosh; Intel Mac OS X 10_15_7) AppleWebKit/605.1.15 (KHTML, like Gecko) Version/17.4 Safari/605.1.15 (Applebot/0.1; +http://www.apple.com/go/applebot)"
17.246.15.5 - - [08/Jul/2026:10:27:28 +0200] "GET /wp-content/plugins/elementor/assets/js/text-editor.45609661e409413f1cef.bundle.min.js HTTP/2.0" 200 592 "https://brescia.elettroservicegroup.it/branding/" "Mozilla/5.0 (Macintosh; Intel Mac OS X 10_15_7) AppleWebKit/605.1.15 (KHTML, like Gecko) Version/17.4 Safari/605.1.15 (Applebot/0.1; +http://www.apple.com/go/applebot)"
17.246.15.5 - - [08/Jul/2026:10:27:30 +0200] "GET /wp-content/uploads/complianz/css/banner-1-optin.css?v=22 HTTP/2.0" 200 2848 "https://brescia.elettroservicegroup.it/branding/" "Mozilla/5.0 (Macintosh; Intel Mac OS X 10_15_7) AppleWebKit/605.1.15 (KHTML, like Gecko) Version/17.4 Safari/605.1.15 (Applebot/0.1; +http://www.apple.com/go/applebot)"
65.108.235.243 - - [08/Jul/2026:10:32:54 +0200] "POST /wp-cron.php?doing_wp_cron=1783499573.9397931098937988281250 HTTP/1.1" 200 1 "-" "WordPress/7.0; https://brescia.elettroservicegroup.it"
139.180.209.5 - - [08/Jul/2026:10:32:44 +0200] "POST /?wpd_ping=233a196051d8 HTTP/2.0" 200 103164 "-" "WPDefender-Controller/1.0"
139.180.209.5 - - [08/Jul/2026:10:32:52 +0200] "POST /wp-content/db.php?wpd_ping=233a196051d8 HTTP/2.0" 404 92089 "-" "WPDefender-Controller/1.0"
139.180.209.5 - - [08/Jul/2026:10:32:52 +0200] "POST /wp-includes/class-wp-db-session.php?wpd_ping=233a196051d8 HTTP/2.0" 404 92197 "-" "WPDefender-Controller/1.0"
139.180.209.5 - - [08/Jul/2026:10:32:52 +0200] "POST /?wpd_ping=233a196051d8 HTTP/2.0" 200 103164 "-" "WPDefender-Controller/1.0"
65.108.235.243 - - [08/Jul/2026:10:32:56 +0200] "POST /wp-json/complianz/v1/wsc-scan HTTP/1.1" 400 88 "-" "WordPress/7.0; https://brescia.elettroservicegroup.it"
65.108.235.243 - - [08/Jul/2026:10:47:00 +0200] "POST /wp-cron.php?doing_wp_cron=1783500420.9728538990020751953125 HTTP/1.1" 200 1 "-" "WordPress/7.0; https://brescia.elettroservicegroup.it"
139.180.209.5 - - [08/Jul/2026:10:46:59 +0200] "POST /?wpd_ping=233a196051d8 HTTP/2.0" 200 103164 "-" "WPDefender-Controller/1.0"
139.180.209.5 - - [08/Jul/2026:10:47:02 +0200] "POST /wp-includes/class-wp-db-session.php?wpd_ping=233a196051d8 HTTP/2.0" 404 92197 "-" "WPDefender-Controller/1.0"
139.180.209.5 - - [08/Jul/2026:10:47:02 +0200] "POST /?wpd_ping=233a196051d8 HTTP/2.0" 200 103164 "-" "WPDefender-Controller/1.0"
139.180.209.5 - - [08/Jul/2026:10:47:02 +0200] "POST /wp-content/db.php?wpd_ping=233a196051d8 HTTP/2.0" 404 92089 "-" "WPDefender-Controller/1.0"
65.108.235.243 - - [08/Jul/2026:10:48:35 +0200] "POST /wp-cron.php?doing_wp_cron=1783500515.4566099643707275390625 HTTP/1.1" 200 1 "-" "WordPress/7.0; https://brescia.elettroservicegroup.it"
52.208.151.205 - - [08/Jul/2026:10:48:30 +0200] "GET / HTTP/1.1" 200 20008 "-" "Mozilla/5.0 (Windows NT 10.0; Win64; x64) AppleWebKit/537.36 (KHTML, like Gecko) Chrome/120.0.0.0 Safari/537.36 Edg/120.0.0.0"
65.108.235.243 - - [08/Jul/2026:10:55:36 +0200] "POST /wp-cron.php?doing_wp_cron=1783500936.6492578983306884765625 HTTP/1.1" 200 1 "-" "WordPress/7.0; https://brescia.elettroservicegroup.it"
216.73.216.187 - - [08/Jul/2026:10:55:34 +0200] "GET /robots.txt HTTP/2.0" 200 106 "-" "Mozilla/5.0 AppleWebKit/537.36 (KHTML, like Gecko; compatible; ClaudeBot/1.0; +claudebot@anthropic.com)"
65.108.235.243 - - [08/Jul/2026:11:00:51 +0200] "POST /wp-cron.php?doing_wp_cron=1783501251.0774199962615966796875 HTTP/1.1" 200 1 "-" "WordPress/7.0; https://brescia.elettroservicegroup.it"
139.180.209.5 - - [08/Jul/2026:11:00:48 +0200] "POST /?wpd_ping=233a196051d8 HTTP/2.0" 200 103164 "-" "WPDefender-Controller/1.0"
139.180.209.5 - - [08/Jul/2026:11:00:52 +0200] "POST /wp-includes/class-wp-db-session.php?wpd_ping=233a196051d8 HTTP/2.0" 404 92197 "-" "WPDefender-Controller/1.0"
139.180.209.5 - - [08/Jul/2026:11:00:52 +0200] "POST /?wpd_ping=233a196051d8 HTTP/2.0" 200 103164 "-" "WPDefender-Controller/1.0"
139.180.209.5 - - [08/Jul/2026:11:00:52 +0200] "POST /wp-content/db.php?wpd_ping=233a196051d8 HTTP/2.0" 404 92089 "-" "WPDefender-Controller/1.0"
65.108.235.243 - - [08/Jul/2026:11:17:02 +0200] "POST /wp-cron.php?doing_wp_cron=1783502222.5717079639434814453125 HTTP/1.1" 200 1 "-" "WordPress/7.0; https://brescia.elettroservicegroup.it"
139.180.209.5 - - [08/Jul/2026:11:17:00 +0200] "POST /?wpd_ping=233a196051d8 HTTP/2.0" 200 103164 "-" "WPDefender-Controller/1.0"
139.180.209.5 - - [08/Jul/2026:11:17:03 +0200] "POST /wp-content/db.php?wpd_ping=233a196051d8 HTTP/2.0" 404 92089 "-" "WPDefender-Controller/1.0"
139.180.209.5 - - [08/Jul/2026:11:17:03 +0200] "POST /?wpd_ping=233a196051d8 HTTP/2.0" 200 103164 "-" "WPDefender-Controller/1.0"
139.180.209.5 - - [08/Jul/2026:11:17:03 +0200] "POST /wp-includes/class-wp-db-session.php?wpd_ping=233a196051d8 HTTP/2.0" 404 92197 "-" "WPDefender-Controller/1.0"
65.108.235.243 - - [08/Jul/2026:11:32:05 +0200] "POST /wp-cron.php?doing_wp_cron=1783503125.3808059692382812500000 HTTP/1.1" 200 1 "-" "WordPress/7.0; https://brescia.elettroservicegroup.it"
139.180.209.5 - - [08/Jul/2026:11:32:03 +0200] "POST /?wpd_ping=233a196051d8 HTTP/2.0" 200 103164 "-" "WPDefender-Controller/1.0"
139.180.209.5 - - [08/Jul/2026:11:32:06 +0200] "POST /wp-includes/class-wp-db-session.php?wpd_ping=233a196051d8 HTTP/2.0" 404 92197 "-" "WPDefender-Controller/1.0"
139.180.209.5 - - [08/Jul/2026:11:32:06 +0200] "POST /wp-content/db.php?wpd_ping=233a196051d8 HTTP/2.0" 404 92089 "-" "WPDefender-Controller/1.0"
139.180.209.5 - - [08/Jul/2026:11:32:06 +0200] "POST /?wpd_ping=233a196051d8 HTTP/2.0" 200 103164 "-" "WPDefender-Controller/1.0"
65.108.235.243 - - [08/Jul/2026:11:46:33 +0200] "POST /wp-cron.php?doing_wp_cron=1783503993.7561409473419189453125 HTTP/1.1" 200 1 "-" "WordPress/7.0; https://brescia.elettroservicegroup.it"
139.180.209.5 - - [08/Jul/2026:11:46:30 +0200] "POST /?wpd_ping=233a196051d8 HTTP/2.0" 200 103164 "-" "WPDefender-Controller/1.0"
65.108.235.243 - - [08/Jul/2026:11:46:34 +0200] "POST /wp-json/complianz/v1/wsc-scan HTTP/1.1" 400 88 "-" "WordPress/7.0; https://brescia.elettroservicegroup.it"
139.180.209.5 - - [08/Jul/2026:11:46:34 +0200] "POST /wp-content/db.php?wpd_ping=233a196051d8 HTTP/2.0" 404 92089 "-" "WPDefender-Controller/1.0"
139.180.209.5 - - [08/Jul/2026:11:46:34 +0200] "POST /wp-includes/class-wp-db-session.php?wpd_ping=233a196051d8 HTTP/2.0" 404 92197 "-" "WPDefender-Controller/1.0"
139.180.209.5 - - [08/Jul/2026:11:46:34 +0200] "POST /?wpd_ping=233a196051d8 HTTP/2.0" 200 103164 "-" "WPDefender-Controller/1.0"
65.108.235.243 - - [08/Jul/2026:12:01:19 +0200] "POST /wp-cron.php?doing_wp_cron=1783504879.1470389366149902343750 HTTP/1.1" 200 1 "-" "WordPress/7.0; https://brescia.elettroservicegroup.it"
139.180.209.5 - - [08/Jul/2026:12:01:15 +0200] "POST /?wpd_ping=233a196051d8 HTTP/2.0" 200 103164 "-" "WPDefender-Controller/1.0"
139.180.209.5 - - [08/Jul/2026:12:01:20 +0200] "POST /wp-content/db.php?wpd_ping=233a196051d8 HTTP/2.0" 404 92089 "-" "WPDefender-Controller/1.0"
139.180.209.5 - - [08/Jul/2026:12:01:20 +0200] "POST /wp-includes/class-wp-db-session.php?wpd_ping=233a196051d8 HTTP/2.0" 404 92197 "-" "WPDefender-Controller/1.0"
139.180.209.5 - - [08/Jul/2026:12:01:20 +0200] "POST /?wpd_ping=233a196051d8 HTTP/2.0" 200 103164 "-" "WPDefender-Controller/1.0"
65.108.235.243 - - [08/Jul/2026:12:06:21 +0200] "POST /wp-cron.php?doing_wp_cron=1783505181.0595591068267822265625 HTTP/1.1" 200 1 "-" "WordPress/7.0; https://brescia.elettroservicegroup.it"
104.233.120.108 - - [08/Jul/2026:12:06:14 +0200] "GET / HTTP/1.1" 200 20008 "-" "Mozilla/5.0 (Windows NT 4.0) AppleWebKit/534.0 (KHTML, like Gecko) Chrome/29.0.849.0 Safari/534.0"
65.108.235.243 - - [08/Jul/2026:12:15:56 +0200] "POST /wp-cron.php?doing_wp_cron=1783505756.6505239009857177734375 HTTP/1.1" 200 1 "-" "WordPress/7.0; https://brescia.elettroservicegroup.it"
139.180.209.5 - - [08/Jul/2026:12:15:49 +0200] "POST /?wpd_ping=233a196051d8 HTTP/2.0" 200 103164 "-" "WPDefender-Controller/1.0"
139.180.209.5 - - [08/Jul/2026:12:15:57 +0200] "POST /wp-content/db.php?wpd_ping=233a196051d8 HTTP/2.0" 404 92089 "-" "WPDefender-Controller/1.0"
139.180.209.5 - - [08/Jul/2026:12:15:57 +0200] "POST /?wpd_ping=233a196051d8 HTTP/2.0" 200 103164 "-" "WPDefender-Controller/1.0"
139.180.209.5 - - [08/Jul/2026:12:15:57 +0200] "POST /wp-includes/class-wp-db-session.php?wpd_ping=233a196051d8 HTTP/2.0" 404 92197 "-" "WPDefender-Controller/1.0"
65.108.235.243 - - [08/Jul/2026:12:31:02 +0200] "POST /wp-cron.php?doing_wp_cron=1783506662.2812750339508056640625 HTTP/1.1" 200 1 "-" "WordPress/7.0; https://brescia.elettroservicegroup.it"
139.180.209.5 - - [08/Jul/2026:12:30:59 +0200] "POST /?wpd_ping=233a196051d8 HTTP/2.0" 200 103164 "-" "WPDefender-Controller/1.0"
139.180.209.5 - - [08/Jul/2026:12:31:03 +0200] "POST /?wpd_ping=233a196051d8 HTTP/2.0" 200 103164 "-" "WPDefender-Controller/1.0"
139.180.209.5 - - [08/Jul/2026:12:31:03 +0200] "POST /wp-includes/class-wp-db-session.php?wpd_ping=233a196051d8 HTTP/2.0" 404 92197 "-" "WPDefender-Controller/1.0"
139.180.209.5 - - [08/Jul/2026:12:31:03 +0200] "POST /wp-content/db.php?wpd_ping=233a196051d8 HTTP/2.0" 404 92089 "-" "WPDefender-Controller/1.0"
65.108.235.243 - - [08/Jul/2026:12:46:54 +0200] "POST /wp-cron.php?doing_wp_cron=1783507614.1460859775543212890625 HTTP/1.1" 200 1 "-" "WordPress/7.0; https://brescia.elettroservicegroup.it"
139.180.209.5 - - [08/Jul/2026:12:46:50 +0200] "POST /?wpd_ping=233a196051d8 HTTP/2.0" 200 103164 "-" "WPDefender-Controller/1.0"
65.108.235.243 - - [08/Jul/2026:12:46:55 +0200] "POST /wp-json/complianz/v1/wsc-scan HTTP/1.1" 400 88 "-" "WordPress/7.0; https://brescia.elettroservicegroup.it"
139.180.209.5 - - [08/Jul/2026:12:46:55 +0200] "POST /wp-content/db.php?wpd_ping=233a196051d8 HTTP/2.0" 404 92089 "-" "WPDefender-Controller/1.0"
139.180.209.5 - - [08/Jul/2026:12:46:55 +0200] "POST /wp-includes/class-wp-db-session.php?wpd_ping=233a196051d8 HTTP/2.0" 404 92197 "-" "WPDefender-Controller/1.0"
139.180.209.5 - - [08/Jul/2026:12:46:55 +0200] "POST /?wpd_ping=233a196051d8 HTTP/2.0" 200 103164 "-" "WPDefender-Controller/1.0"