192.178.4.137 - - [23/Jun/2026:16:38:30 +0200] "GET /assistenza-smeg-reggio-emilia/ HTTP/1.1" 200 23050 "-" "Mozilla/5.0 (Linux; Android 6.0.1; Nexus 5X Build/MMB29P) AppleWebKit/537.36 (KHTML, like Gecko) Chrome/148.0.7778.96 Mobile Safari/537.36 (compatible; Googlebot/2.1; +http://www.google.com/bot.html)"
65.108.235.243 - - [23/Jun/2026:16:38:33 +0200] "GET /assistenza-lavastoviglie-smeg-scandiano/ HTTP/1.1" 200 22871 "-" "WP Fastest Cache Preload Bot"
65.108.235.243 - - [23/Jun/2026:16:38:35 +0200] "GET /assistenza-lavatrici-scandiano/ HTTP/1.1" 200 23603 "-" "WP Fastest Cache Preload Bot"
65.108.235.243 - - [23/Jun/2026:16:38:38 +0200] "GET /assistenza-lavatrici-santilario-denza/ HTTP/1.1" 200 23668 "-" "WP Fastest Cache Preload Bot"
65.108.235.243 - - [23/Jun/2026:16:38:39 +0200] "GET /assistenza-lavastoviglie-smeg-santilario-denza/ HTTP/1.1" 200 22953 "-" "WP Fastest Cache Preload Bot"
65.108.235.243 - - [23/Jun/2026:16:38:53 +0200] "POST /wp-cron.php?doing_wp_cron=1782225533.3982870578765869140625 HTTP/1.1" 200 1 "-" "WordPress/7.0; https://reggio-emilia.elettroservicegroup.it"
37.119.185.4 - - [23/Jun/2026:16:38:50 +0200] "GET /assistenza-miele-reggio-emilia/?gad_source=1&gad_campaignid=23800353523&gbraid=0AAAABDgs-LT2Yy76CsJOhj9Drq5BHv5S4&gclid=CjwKCAjw3ejRBhAdEiwADkqPn8SiXNPpihTV9slcjDJ1gy8qGCEnAnJG_D6_1_POXY4iBORxPvLuBhoCg58QAvD_BwE HTTP/2.0" 200 22997 "https://www.google.com/" "Mozilla/5.0 (iPhone; CPU iPhone OS 18_7 like Mac OS X) AppleWebKit/605.1.15 (KHTML, like Gecko) Version/26.5 Mobile/15E148 Safari/604.1"
37.119.185.4 - - [23/Jun/2026:16:38:54 +0200] "GET /wp-content/plugins/all-in-one-seo-pack/dist/Lite/assets/css/table-of-contents/global.e90f6d47.css?ver=4.9.8 HTTP/2.0" 200 420 "https://reggio-emilia.elettroservicegroup.it/assistenza-miele-reggio-emilia/?gad_source=1&gad_campaignid=23800353523&gbraid=0AAAABDgs-LT2Yy76CsJOhj9Drq5BHv5S4&gclid=CjwKCAjw3ejRBhAdEiwADkqPn8SiXNPpihTV9slcjDJ1gy8qGCEnAnJG_D6_1_POXY4iBORxPvLuBhoCg58QAvD_BwE" "Mozilla/5.0 (iPhone; CPU iPhone OS 18_7 like Mac OS X) AppleWebKit/605.1.15 (KHTML, like Gecko) Version/26.5 Mobile/15E148 Safari/604.1"
37.119.185.4 - - [23/Jun/2026:16:38:54 +0200] "GET /wp-content/uploads/elementor/css/post-14146.css?ver=1782140774 HTTP/2.0" 200 428 "https://reggio-emilia.elettroservicegroup.it/assistenza-miele-reggio-emilia/?gad_source=1&gad_campaignid=23800353523&gbraid=0AAAABDgs-LT2Yy76CsJOhj9Drq5BHv5S4&gclid=CjwKCAjw3ejRBhAdEiwADkqPn8SiXNPpihTV9slcjDJ1gy8qGCEnAnJG_D6_1_POXY4iBORxPvLuBhoCg58QAvD_BwE" "Mozilla/5.0 (iPhone; CPU iPhone OS 18_7 like Mac OS X) AppleWebKit/605.1.15 (KHTML, like Gecko) Version/26.5 Mobile/15E148 Safari/604.1"
37.119.185.4 - - [23/Jun/2026:16:38:54 +0200] "GET /wp-content/plugins/complianz-gdpr-premium/assets/css/cookieblocker.min.css?ver=1781536286 HTTP/2.0" 200 615 "https://reggio-emilia.elettroservicegroup.it/assistenza-miele-reggio-emilia/?gad_source=1&gad_campaignid=23800353523&gbraid=0AAAABDgs-LT2Yy76CsJOhj9Drq5BHv5S4&gclid=CjwKCAjw3ejRBhAdEiwADkqPn8SiXNPpihTV9slcjDJ1gy8qGCEnAnJG_D6_1_POXY4iBORxPvLuBhoCg58QAvD_BwE" "Mozilla/5.0 (iPhone; CPU iPhone OS 18_7 like Mac OS X) AppleWebKit/605.1.15 (KHTML, like Gecko) Version/26.5 Mobile/15E148 Safari/604.1"
37.119.185.4 - - [23/Jun/2026:16:38:54 +0200] "GET /wp-content/plugins/header-footer-elementor/assets/css/header-footer-elementor.css?ver=2.8.8 HTTP/2.0" 200 260 "https://reggio-emilia.elettroservicegroup.it/assistenza-miele-reggio-emilia/?gad_source=1&gad_campaignid=23800353523&gbraid=0AAAABDgs-LT2Yy76CsJOhj9Drq5BHv5S4&gclid=CjwKCAjw3ejRBhAdEiwADkqPn8SiXNPpihTV9slcjDJ1gy8qGCEnAnJG_D6_1_POXY4iBORxPvLuBhoCg58QAvD_BwE" "Mozilla/5.0 (iPhone; CPU iPhone OS 18_7 like Mac OS X) AppleWebKit/605.1.15 (KHTML, like Gecko) Version/26.5 Mobile/15E148 Safari/604.1"
37.119.185.4 - - [23/Jun/2026:16:38:54 +0200] "GET /wp-content/plugins/header-footer-elementor/inc/widgets-css/frontend.css?ver=2.8.8 HTTP/2.0" 200 8711 "https://reggio-emilia.elettroservicegroup.it/assistenza-miele-reggio-emilia/?gad_source=1&gad_campaignid=23800353523&gbraid=0AAAABDgs-LT2Yy76CsJOhj9Drq5BHv5S4&gclid=CjwKCAjw3ejRBhAdEiwADkqPn8SiXNPpihTV9slcjDJ1gy8qGCEnAnJG_D6_1_POXY4iBORxPvLuBhoCg58QAvD_BwE" "Mozilla/5.0 (iPhone; CPU iPhone OS 18_7 like Mac OS X) AppleWebKit/605.1.15 (KHTML, like Gecko) Version/26.5 Mobile/15E148 Safari/604.1"
37.119.185.4 - - [23/Jun/2026:16:38:54 +0200] "GET /wp-content/plugins/elementor/assets/css/frontend.min.css?ver=4.1.4 HTTP/2.0" 200 6618 "https://reggio-emilia.elettroservicegroup.it/assistenza-miele-reggio-emilia/?gad_source=1&gad_campaignid=23800353523&gbraid=0AAAABDgs-LT2Yy76CsJOhj9Drq5BHv5S4&gclid=CjwKCAjw3ejRBhAdEiwADkqPn8SiXNPpihTV9slcjDJ1gy8qGCEnAnJG_D6_1_POXY4iBORxPvLuBhoCg58QAvD_BwE" "Mozilla/5.0 (iPhone; CPU iPhone OS 18_7 like Mac OS X) AppleWebKit/605.1.15 (KHTML, like Gecko) Version/26.5 Mobile/15E148 Safari/604.1"
37.119.185.4 - - [23/Jun/2026:16:38:54 +0200] "GET /wp-content/plugins/elementor/assets/css/widget-heading.min.css?ver=4.1.4 HTTP/2.0" 200 127 "https://reggio-emilia.elettroservicegroup.it/assistenza-miele-reggio-emilia/?gad_source=1&gad_campaignid=23800353523&gbraid=0AAAABDgs-LT2Yy76CsJOhj9Drq5BHv5S4&gclid=CjwKCAjw3ejRBhAdEiwADkqPn8SiXNPpihTV9slcjDJ1gy8qGCEnAnJG_D6_1_POXY4iBORxPvLuBhoCg58QAvD_BwE" "Mozilla/5.0 (iPhone; CPU iPhone OS 18_7 like Mac OS X) AppleWebKit/605.1.15 (KHTML, like Gecko) Version/26.5 Mobile/15E148 Safari/604.1"
37.119.185.4 - - [23/Jun/2026:16:38:54 +0200] "GET /wp-content/plugins/elementor/assets/css/widget-spacer.min.css?ver=4.1.4 HTTP/2.0" 200 287 "https://reggio-emilia.elettroservicegroup.it/assistenza-miele-reggio-emilia/?gad_source=1&gad_campaignid=23800353523&gbraid=0AAAABDgs-LT2Yy76CsJOhj9Drq5BHv5S4&gclid=CjwKCAjw3ejRBhAdEiwADkqPn8SiXNPpihTV9slcjDJ1gy8qGCEnAnJG_D6_1_POXY4iBORxPvLuBhoCg58QAvD_BwE" "Mozilla/5.0 (iPhone; CPU iPhone OS 18_7 like Mac OS X) AppleWebKit/605.1.15 (KHTML, like Gecko) Version/26.5 Mobile/15E148 Safari/604.1"
37.119.185.4 - - [23/Jun/2026:16:38:54 +0200] "GET /wp-content/plugins/elementor/assets/lib/animations/styles/zoomIn.min.css?ver=4.1.4 HTTP/2.0" 200 87 "https://reggio-emilia.elettroservicegroup.it/assistenza-miele-reggio-emilia/?gad_source=1&gad_campaignid=23800353523&gbraid=0AAAABDgs-LT2Yy76CsJOhj9Drq5BHv5S4&gclid=CjwKCAjw3ejRBhAdEiwADkqPn8SiXNPpihTV9slcjDJ1gy8qGCEnAnJG_D6_1_POXY4iBORxPvLuBhoCg58QAvD_BwE" "Mozilla/5.0 (iPhone; CPU iPhone OS 18_7 like Mac OS X) AppleWebKit/605.1.15 (KHTML, like Gecko) Version/26.5 Mobile/15E148 Safari/604.1"
37.119.185.4 - - [23/Jun/2026:16:38:54 +0200] "GET /wp-content/plugins/elementor/assets/lib/animations/styles/bounceIn.min.css?ver=4.1.4 HTTP/2.0" 200 186 "https://reggio-emilia.elettroservicegroup.it/assistenza-miele-reggio-emilia/?gad_source=1&gad_campaignid=23800353523&gbraid=0AAAABDgs-LT2Yy76CsJOhj9Drq5BHv5S4&gclid=CjwKCAjw3ejRBhAdEiwADkqPn8SiXNPpihTV9slcjDJ1gy8qGCEnAnJG_D6_1_POXY4iBORxPvLuBhoCg58QAvD_BwE" "Mozilla/5.0 (iPhone; CPU iPhone OS 18_7 like Mac OS X) AppleWebKit/605.1.15 (KHTML, like Gecko) Version/26.5 Mobile/15E148 Safari/604.1"
37.119.185.4 - - [23/Jun/2026:16:38:54 +0200] "GET /wp-content/plugins/elementor/assets/lib/font-awesome/css/v4-shims.min.css?ver=4.1.4 HTTP/2.0" 200 3986 "https://reggio-emilia.elettroservicegroup.it/assistenza-miele-reggio-emilia/?gad_source=1&gad_campaignid=23800353523&gbraid=0AAAABDgs-LT2Yy76CsJOhj9Drq5BHv5S4&gclid=CjwKCAjw3ejRBhAdEiwADkqPn8SiXNPpihTV9slcjDJ1gy8qGCEnAnJG_D6_1_POXY4iBORxPvLuBhoCg58QAvD_BwE" "Mozilla/5.0 (iPhone; CPU iPhone OS 18_7 like Mac OS X) AppleWebKit/605.1.15 (KHTML, like Gecko) Version/26.5 Mobile/15E148 Safari/604.1"
37.119.185.4 - - [23/Jun/2026:16:38:54 +0200] "GET /wp-content/plugins/elementor/assets/css/widget-icon-list.min.css?ver=3.24.3 HTTP/2.0" 200 928 "https://reggio-emilia.elettroservicegroup.it/assistenza-miele-reggio-emilia/?gad_source=1&gad_campaignid=23800353523&gbraid=0AAAABDgs-LT2Yy76CsJOhj9Drq5BHv5S4&gclid=CjwKCAjw3ejRBhAdEiwADkqPn8SiXNPpihTV9slcjDJ1gy8qGCEnAnJG_D6_1_POXY4iBORxPvLuBhoCg58QAvD_BwE" "Mozilla/5.0 (iPhone; CPU iPhone OS 18_7 like Mac OS X) AppleWebKit/605.1.15 (KHTML, like Gecko) Version/26.5 Mobile/15E148 Safari/604.1"
37.119.185.4 - - [23/Jun/2026:16:38:54 +0200] "GET /wp-content/uploads/elementor/css/post-14366.css?ver=1782140774 HTTP/2.0" 200 302 "https://reggio-emilia.elettroservicegroup.it/assistenza-miele-reggio-emilia/?gad_source=1&gad_campaignid=23800353523&gbraid=0AAAABDgs-LT2Yy76CsJOhj9Drq5BHv5S4&gclid=CjwKCAjw3ejRBhAdEiwADkqPn8SiXNPpihTV9slcjDJ1gy8qGCEnAnJG_D6_1_POXY4iBORxPvLuBhoCg58QAvD_BwE" "Mozilla/5.0 (iPhone; CPU iPhone OS 18_7 like Mac OS X) AppleWebKit/605.1.15 (KHTML, like Gecko) Version/26.5 Mobile/15E148 Safari/604.1"
37.119.185.4 - - [23/Jun/2026:16:38:54 +0200] "GET /wp-content/plugins/elementor/assets/css/widget-image.min.css?ver=4.1.4 HTTP/2.0" 200 96 "https://reggio-emilia.elettroservicegroup.it/assistenza-miele-reggio-emilia/?gad_source=1&gad_campaignid=23800353523&gbraid=0AAAABDgs-LT2Yy76CsJOhj9Drq5BHv5S4&gclid=CjwKCAjw3ejRBhAdEiwADkqPn8SiXNPpihTV9slcjDJ1gy8qGCEnAnJG_D6_1_POXY4iBORxPvLuBhoCg58QAvD_BwE" "Mozilla/5.0 (iPhone; CPU iPhone OS 18_7 like Mac OS X) AppleWebKit/605.1.15 (KHTML, like Gecko) Version/26.5 Mobile/15E148 Safari/604.1"
37.119.185.4 - - [23/Jun/2026:16:38:54 +0200] "GET /wp-content/uploads/elementor/css/post-17816.css?ver=1782147073 HTTP/2.0" 200 2185 "https://reggio-emilia.elettroservicegroup.it/assistenza-miele-reggio-emilia/?gad_source=1&gad_campaignid=23800353523&gbraid=0AAAABDgs-LT2Yy76CsJOhj9Drq5BHv5S4&gclid=CjwKCAjw3ejRBhAdEiwADkqPn8SiXNPpihTV9slcjDJ1gy8qGCEnAnJG_D6_1_POXY4iBORxPvLuBhoCg58QAvD_BwE" "Mozilla/5.0 (iPhone; CPU iPhone OS 18_7 like Mac OS X) AppleWebKit/605.1.15 (KHTML, like Gecko) Version/26.5 Mobile/15E148 Safari/604.1"
37.119.185.4 - - [23/Jun/2026:16:38:54 +0200] "GET /wp-content/plugins/elementor/assets/lib/font-awesome/css/all.min.css?ver=4.1.4 HTTP/2.0" 200 12402 "https://reggio-emilia.elettroservicegroup.it/assistenza-miele-reggio-emilia/?gad_source=1&gad_campaignid=23800353523&gbraid=0AAAABDgs-LT2Yy76CsJOhj9Drq5BHv5S4&gclid=CjwKCAjw3ejRBhAdEiwADkqPn8SiXNPpihTV9slcjDJ1gy8qGCEnAnJG_D6_1_POXY4iBORxPvLuBhoCg58QAvD_BwE" "Mozilla/5.0 (iPhone; CPU iPhone OS 18_7 like Mac OS X) AppleWebKit/605.1.15 (KHTML, like Gecko) Version/26.5 Mobile/15E148 Safari/604.1"
37.119.185.4 - - [23/Jun/2026:16:38:54 +0200] "GET /wp-content/uploads/2021/10/cropped-cropped-cropped-logo_white_background.png HTTP/2.0" 200 26788 "https://reggio-emilia.elettroservicegroup.it/assistenza-miele-reggio-emilia/?gad_source=1&gad_campaignid=23800353523&gbraid=0AAAABDgs-LT2Yy76CsJOhj9Drq5BHv5S4&gclid=CjwKCAjw3ejRBhAdEiwADkqPn8SiXNPpihTV9slcjDJ1gy8qGCEnAnJG_D6_1_POXY4iBORxPvLuBhoCg58QAvD_BwE" "Mozilla/5.0 (iPhone; CPU iPhone OS 18_7 like Mac OS X) AppleWebKit/605.1.15 (KHTML, like Gecko) Version/26.5 Mobile/15E148 Safari/604.1"
37.119.185.4 - - [23/Jun/2026:16:38:54 +0200] "GET /wp-content/themes/generatepress/assets/css/main.min.css?ver=3.6.1 HTTP/2.0" 200 4410 "https://reggio-emilia.elettroservicegroup.it/assistenza-miele-reggio-emilia/?gad_source=1&gad_campaignid=23800353523&gbraid=0AAAABDgs-LT2Yy76CsJOhj9Drq5BHv5S4&gclid=CjwKCAjw3ejRBhAdEiwADkqPn8SiXNPpihTV9slcjDJ1gy8qGCEnAnJG_D6_1_POXY4iBORxPvLuBhoCg58QAvD_BwE" "Mozilla/5.0 (iPhone; CPU iPhone OS 18_7 like Mac OS X) AppleWebKit/605.1.15 (KHTML, like Gecko) Version/26.5 Mobile/15E148 Safari/604.1"
37.119.185.4 - - [23/Jun/2026:16:38:54 +0200] "GET /wp-content/plugins/elementor/assets/css/widget-social-icons.min.css?ver=3.24.0 HTTP/2.0" 200 1039 "https://reggio-emilia.elettroservicegroup.it/assistenza-miele-reggio-emilia/?gad_source=1&gad_campaignid=23800353523&gbraid=0AAAABDgs-LT2Yy76CsJOhj9Drq5BHv5S4&gclid=CjwKCAjw3ejRBhAdEiwADkqPn8SiXNPpihTV9slcjDJ1gy8qGCEnAnJG_D6_1_POXY4iBORxPvLuBhoCg58QAvD_BwE" "Mozilla/5.0 (iPhone; CPU iPhone OS 18_7 like Mac OS X) AppleWebKit/605.1.15 (KHTML, like Gecko) Version/26.5 Mobile/15E148 Safari/604.1"
37.119.185.4 - - [23/Jun/2026:16:38:54 +0200] "GET /wp-content/plugins/gp-premium/menu-plus/functions/css/navigation-branding-flex.min.css?ver=2.5.5 HTTP/2.0" 200 542 "https://reggio-emilia.elettroservicegroup.it/assistenza-miele-reggio-emilia/?gad_source=1&gad_campaignid=23800353523&gbraid=0AAAABDgs-LT2Yy76CsJOhj9Drq5BHv5S4&gclid=CjwKCAjw3ejRBhAdEiwADkqPn8SiXNPpihTV9slcjDJ1gy8qGCEnAnJG_D6_1_POXY4iBORxPvLuBhoCg58QAvD_BwE" "Mozilla/5.0 (iPhone; CPU iPhone OS 18_7 like Mac OS X) AppleWebKit/605.1.15 (KHTML, like Gecko) Version/26.5 Mobile/15E148 Safari/604.1"
37.119.185.4 - - [23/Jun/2026:16:38:54 +0200] "GET /wp-content/plugins/elementor/assets/js/webpack.runtime.min.js?ver=4.1.4 HTTP/2.0" 200 2340 "https://reggio-emilia.elettroservicegroup.it/assistenza-miele-reggio-emilia/?gad_source=1&gad_campaignid=23800353523&gbraid=0AAAABDgs-LT2Yy76CsJOhj9Drq5BHv5S4&gclid=CjwKCAjw3ejRBhAdEiwADkqPn8SiXNPpihTV9slcjDJ1gy8qGCEnAnJG_D6_1_POXY4iBORxPvLuBhoCg58QAvD_BwE" "Mozilla/5.0 (iPhone; CPU iPhone OS 18_7 like Mac OS X) AppleWebKit/605.1.15 (KHTML, like Gecko) Version/26.5 Mobile/15E148 Safari/604.1"
37.119.185.4 - - [23/Jun/2026:16:38:54 +0200] "GET /wp-content/plugins/elementor/assets/lib/font-awesome/css/brands.css?ver=5.15.3 HTTP/2.0" 200 298 "https://reggio-emilia.elettroservicegroup.it/assistenza-miele-reggio-emilia/?gad_source=1&gad_campaignid=23800353523&gbraid=0AAAABDgs-LT2Yy76CsJOhj9Drq5BHv5S4&gclid=CjwKCAjw3ejRBhAdEiwADkqPn8SiXNPpihTV9slcjDJ1gy8qGCEnAnJG_D6_1_POXY4iBORxPvLuBhoCg58QAvD_BwE" "Mozilla/5.0 (iPhone; CPU iPhone OS 18_7 like Mac OS X) AppleWebKit/605.1.15 (KHTML, like Gecko) Version/26.5 Mobile/15E148 Safari/604.1"
37.119.185.4 - - [23/Jun/2026:16:38:54 +0200] "GET /wp-content/plugins/elementor/assets/lib/eicons/css/elementor-icons.min.css?ver=5.34.0 HTTP/2.0" 200 4125 "https://reggio-emilia.elettroservicegroup.it/assistenza-miele-reggio-emilia/?gad_source=1&gad_campaignid=23800353523&gbraid=0AAAABDgs-LT2Yy76CsJOhj9Drq5BHv5S4&gclid=CjwKCAjw3ejRBhAdEiwADkqPn8SiXNPpihTV9slcjDJ1gy8qGCEnAnJG_D6_1_POXY4iBORxPvLuBhoCg58QAvD_BwE" "Mozilla/5.0 (iPhone; CPU iPhone OS 18_7 like Mac OS X) AppleWebKit/605.1.15 (KHTML, like Gecko) Version/26.5 Mobile/15E148 Safari/604.1"
37.119.185.4 - - [23/Jun/2026:16:38:54 +0200] "GET /wp-content/plugins/elementor/assets/lib/font-awesome/css/solid.css?ver=5.15.3 HTTP/2.0" 200 299 "https://reggio-emilia.elettroservicegroup.it/assistenza-miele-reggio-emilia/?gad_source=1&gad_campaignid=23800353523&gbraid=0AAAABDgs-LT2Yy76CsJOhj9Drq5BHv5S4&gclid=CjwKCAjw3ejRBhAdEiwADkqPn8SiXNPpihTV9slcjDJ1gy8qGCEnAnJG_D6_1_POXY4iBORxPvLuBhoCg58QAvD_BwE" "Mozilla/5.0 (iPhone; CPU iPhone OS 18_7 like Mac OS X) AppleWebKit/605.1.15 (KHTML, like Gecko) Version/26.5 Mobile/15E148 Safari/604.1"
37.119.185.4 - - [23/Jun/2026:16:38:54 +0200] "GET /wp-content/uploads/elementor/google-fonts/css/robotoslab.css?ver=1742255003 HTTP/2.0" 200 721 "https://reggio-emilia.elettroservicegroup.it/assistenza-miele-reggio-emilia/?gad_source=1&gad_campaignid=23800353523&gbraid=0AAAABDgs-LT2Yy76CsJOhj9Drq5BHv5S4&gclid=CjwKCAjw3ejRBhAdEiwADkqPn8SiXNPpihTV9slcjDJ1gy8qGCEnAnJG_D6_1_POXY4iBORxPvLuBhoCg58QAvD_BwE" "Mozilla/5.0 (iPhone; CPU iPhone OS 18_7 like Mac OS X) AppleWebKit/605.1.15 (KHTML, like Gecko) Version/26.5 Mobile/15E148 Safari/604.1"
37.119.185.4 - - [23/Jun/2026:16:38:54 +0200] "GET /wp-content/plugins/gp-premium/menu-plus/functions/js/sticky.min.js?ver=2.5.5 HTTP/2.0" 200 2670 "https://reggio-emilia.elettroservicegroup.it/assistenza-miele-reggio-emilia/?gad_source=1&gad_campaignid=23800353523&gbraid=0AAAABDgs-LT2Yy76CsJOhj9Drq5BHv5S4&gclid=CjwKCAjw3ejRBhAdEiwADkqPn8SiXNPpihTV9slcjDJ1gy8qGCEnAnJG_D6_1_POXY4iBORxPvLuBhoCg58QAvD_BwE" "Mozilla/5.0 (iPhone; CPU iPhone OS 18_7 like Mac OS X) AppleWebKit/605.1.15 (KHTML, like Gecko) Version/26.5 Mobile/15E148 Safari/604.1"
37.119.185.4 - - [23/Jun/2026:16:38:54 +0200] "GET /wp-content/uploads/elementor/google-fonts/css/roboto.css?ver=1742255001 HTTP/2.0" 200 1890 "https://reggio-emilia.elettroservicegroup.it/assistenza-miele-reggio-emilia/?gad_source=1&gad_campaignid=23800353523&gbraid=0AAAABDgs-LT2Yy76CsJOhj9Drq5BHv5S4&gclid=CjwKCAjw3ejRBhAdEiwADkqPn8SiXNPpihTV9slcjDJ1gy8qGCEnAnJG_D6_1_POXY4iBORxPvLuBhoCg58QAvD_BwE" "Mozilla/5.0 (iPhone; CPU iPhone OS 18_7 like Mac OS X) AppleWebKit/605.1.15 (KHTML, like Gecko) Version/26.5 Mobile/15E148 Safari/604.1"
37.119.185.4 - - [23/Jun/2026:16:38:54 +0200] "GET /wp-includes/js/jquery/jquery-migrate.min.js?ver=3.4.1 HTTP/2.0" 200 4685 "https://reggio-emilia.elettroservicegroup.it/assistenza-miele-reggio-emilia/?gad_source=1&gad_campaignid=23800353523&gbraid=0AAAABDgs-LT2Yy76CsJOhj9Drq5BHv5S4&gclid=CjwKCAjw3ejRBhAdEiwADkqPn8SiXNPpihTV9slcjDJ1gy8qGCEnAnJG_D6_1_POXY4iBORxPvLuBhoCg58QAvD_BwE" "Mozilla/5.0 (iPhone; CPU iPhone OS 18_7 like Mac OS X) AppleWebKit/605.1.15 (KHTML, like Gecko) Version/26.5 Mobile/15E148 Safari/604.1"
37.119.185.4 - - [23/Jun/2026:16:38:54 +0200] "GET /wp-content/plugins/elementor/assets/lib/font-awesome/css/fontawesome.css?ver=5.15.3 HTTP/2.0" 200 12535 "https://reggio-emilia.elettroservicegroup.it/assistenza-miele-reggio-emilia/?gad_source=1&gad_campaignid=23800353523&gbraid=0AAAABDgs-LT2Yy76CsJOhj9Drq5BHv5S4&gclid=CjwKCAjw3ejRBhAdEiwADkqPn8SiXNPpihTV9slcjDJ1gy8qGCEnAnJG_D6_1_POXY4iBORxPvLuBhoCg58QAvD_BwE" "Mozilla/5.0 (iPhone; CPU iPhone OS 18_7 like Mac OS X) AppleWebKit/605.1.15 (KHTML, like Gecko) Version/26.5 Mobile/15E148 Safari/604.1"
37.119.185.4 - - [23/Jun/2026:16:38:54 +0200] "GET /wp-content/plugins/elementor/assets/js/frontend-modules.min.js?ver=4.1.4 HTTP/2.0" 200 15454 "https://reggio-emilia.elettroservicegroup.it/assistenza-miele-reggio-emilia/?gad_source=1&gad_campaignid=23800353523&gbraid=0AAAABDgs-LT2Yy76CsJOhj9Drq5BHv5S4&gclid=CjwKCAjw3ejRBhAdEiwADkqPn8SiXNPpihTV9slcjDJ1gy8qGCEnAnJG_D6_1_POXY4iBORxPvLuBhoCg58QAvD_BwE" "Mozilla/5.0 (iPhone; CPU iPhone OS 18_7 like Mac OS X) AppleWebKit/605.1.15 (KHTML, like Gecko) Version/26.5 Mobile/15E148 Safari/604.1"
37.119.185.4 - - [23/Jun/2026:16:38:54 +0200] "GET /wp-includes/js/jquery/ui/core.min.js?ver=1.13.3 HTTP/2.0" 200 6820 "https://reggio-emilia.elettroservicegroup.it/assistenza-miele-reggio-emilia/?gad_source=1&gad_campaignid=23800353523&gbraid=0AAAABDgs-LT2Yy76CsJOhj9Drq5BHv5S4&gclid=CjwKCAjw3ejRBhAdEiwADkqPn8SiXNPpihTV9slcjDJ1gy8qGCEnAnJG_D6_1_POXY4iBORxPvLuBhoCg58QAvD_BwE" "Mozilla/5.0 (iPhone; CPU iPhone OS 18_7 like Mac OS X) AppleWebKit/605.1.15 (KHTML, like Gecko) Version/26.5 Mobile/15E148 Safari/604.1"
37.119.185.4 - - [23/Jun/2026:16:38:54 +0200] "GET /wp-content/plugins/elementor/assets/js/frontend.min.js?ver=4.1.4 HTTP/2.0" 200 10140 "https://reggio-emilia.elettroservicegroup.it/assistenza-miele-reggio-emilia/?gad_source=1&gad_campaignid=23800353523&gbraid=0AAAABDgs-LT2Yy76CsJOhj9Drq5BHv5S4&gclid=CjwKCAjw3ejRBhAdEiwADkqPn8SiXNPpihTV9slcjDJ1gy8qGCEnAnJG_D6_1_POXY4iBORxPvLuBhoCg58QAvD_BwE" "Mozilla/5.0 (iPhone; CPU iPhone OS 18_7 like Mac OS X) AppleWebKit/605.1.15 (KHTML, like Gecko) Version/26.5 Mobile/15E148 Safari/604.1"
37.119.185.4 - - [23/Jun/2026:16:38:54 +0200] "GET /wp-content/themes/generatepress/assets/js/menu.min.js?ver=3.6.1 HTTP/2.0" 200 1688 "https://reggio-emilia.elettroservicegroup.it/assistenza-miele-reggio-emilia/?gad_source=1&gad_campaignid=23800353523&gbraid=0AAAABDgs-LT2Yy76CsJOhj9Drq5BHv5S4&gclid=CjwKCAjw3ejRBhAdEiwADkqPn8SiXNPpihTV9slcjDJ1gy8qGCEnAnJG_D6_1_POXY4iBORxPvLuBhoCg58QAvD_BwE" "Mozilla/5.0 (iPhone; CPU iPhone OS 18_7 like Mac OS X) AppleWebKit/605.1.15 (KHTML, like Gecko) Version/26.5 Mobile/15E148 Safari/604.1"
37.119.185.4 - - [23/Jun/2026:16:38:54 +0200] "GET /wp-content/themes/generatepress/assets/js/back-to-top.min.js?ver=3.6.1 HTTP/2.0" 200 336 "https://reggio-emilia.elettroservicegroup.it/assistenza-miele-reggio-emilia/?gad_source=1&gad_campaignid=23800353523&gbraid=0AAAABDgs-LT2Yy76CsJOhj9Drq5BHv5S4&gclid=CjwKCAjw3ejRBhAdEiwADkqPn8SiXNPpihTV9slcjDJ1gy8qGCEnAnJG_D6_1_POXY4iBORxPvLuBhoCg58QAvD_BwE" "Mozilla/5.0 (iPhone; CPU iPhone OS 18_7 like Mac OS X) AppleWebKit/605.1.15 (KHTML, like Gecko) Version/26.5 Mobile/15E148 Safari/604.1"
37.119.185.4 - - [23/Jun/2026:16:38:54 +0200] "GET /wp-content/plugins/complianz-gdpr-premium/cookiebanner/js/complianz.min.js?ver=1781536286 HTTP/2.0" 200 10762 "https://reggio-emilia.elettroservicegroup.it/assistenza-miele-reggio-emilia/?gad_source=1&gad_campaignid=23800353523&gbraid=0AAAABDgs-LT2Yy76CsJOhj9Drq5BHv5S4&gclid=CjwKCAjw3ejRBhAdEiwADkqPn8SiXNPpihTV9slcjDJ1gy8qGCEnAnJG_D6_1_POXY4iBORxPvLuBhoCg58QAvD_BwE" "Mozilla/5.0 (iPhone; CPU iPhone OS 18_7 like Mac OS X) AppleWebKit/605.1.15 (KHTML, like Gecko) Version/26.5 Mobile/15E148 Safari/604.1"
37.119.185.4 - - [23/Jun/2026:16:38:54 +0200] "GET /wp-content/plugins/elementor/assets/lib/font-awesome/js/v4-shims.min.js?ver=4.1.4 HTTP/2.0" 200 4043 "https://reggio-emilia.elettroservicegroup.it/assistenza-miele-reggio-emilia/?gad_source=1&gad_campaignid=23800353523&gbraid=0AAAABDgs-LT2Yy76CsJOhj9Drq5BHv5S4&gclid=CjwKCAjw3ejRBhAdEiwADkqPn8SiXNPpihTV9slcjDJ1gy8qGCEnAnJG_D6_1_POXY4iBORxPvLuBhoCg58QAvD_BwE" "Mozilla/5.0 (iPhone; CPU iPhone OS 18_7 like Mac OS X) AppleWebKit/605.1.15 (KHTML, like Gecko) Version/26.5 Mobile/15E148 Safari/604.1"
37.119.185.4 - - [23/Jun/2026:16:38:54 +0200] "GET /wp-includes/js/jquery/jquery.min.js?ver=3.7.1 HTTP/2.0" 200 29769 "https://reggio-emilia.elettroservicegroup.it/assistenza-miele-reggio-emilia/?gad_source=1&gad_campaignid=23800353523&gbraid=0AAAABDgs-LT2Yy76CsJOhj9Drq5BHv5S4&gclid=CjwKCAjw3ejRBhAdEiwADkqPn8SiXNPpihTV9slcjDJ1gy8qGCEnAnJG_D6_1_POXY4iBORxPvLuBhoCg58QAvD_BwE" "Mozilla/5.0 (iPhone; CPU iPhone OS 18_7 like Mac OS X) AppleWebKit/605.1.15 (KHTML, like Gecko) Version/26.5 Mobile/15E148 Safari/604.1"
37.119.185.4 - - [23/Jun/2026:16:38:54 +0200] "GET /wp-content/uploads/2021/10/cropped-logo_white_background.png HTTP/2.0" 200 15855 "https://reggio-emilia.elettroservicegroup.it/assistenza-miele-reggio-emilia/?gad_source=1&gad_campaignid=23800353523&gbraid=0AAAABDgs-LT2Yy76CsJOhj9Drq5BHv5S4&gclid=CjwKCAjw3ejRBhAdEiwADkqPn8SiXNPpihTV9slcjDJ1gy8qGCEnAnJG_D6_1_POXY4iBORxPvLuBhoCg58QAvD_BwE" "Mozilla/5.0 (iPhone; CPU iPhone OS 18_7 like Mac OS X) AppleWebKit/605.1.15 (KHTML, like Gecko) Version/26.5 Mobile/15E148 Safari/604.1"
37.119.185.4 - - [23/Jun/2026:16:38:54 +0200] "GET /wp-content/uploads/elementor/google-fonts/fonts/roboto-kfo7cnqeu92fr1me7ksn66agldtyluama3yuba.woff2 HTTP/2.0" 200 40132 "https://reggio-emilia.elettroservicegroup.it/assistenza-miele-reggio-emilia/?gad_source=1&gad_campaignid=23800353523&gbraid=0AAAABDgs-LT2Yy76CsJOhj9Drq5BHv5S4&gclid=CjwKCAjw3ejRBhAdEiwADkqPn8SiXNPpihTV9slcjDJ1gy8qGCEnAnJG_D6_1_POXY4iBORxPvLuBhoCg58QAvD_BwE" "Mozilla/5.0 (iPhone; CPU iPhone OS 18_7 like Mac OS X) AppleWebKit/605.1.15 (KHTML, like Gecko) Version/26.5 Mobile/15E148 Safari/604.1"
37.119.185.4 - - [23/Jun/2026:16:38:54 +0200] "GET /wp-content/uploads/2022/08/copertina-Riparazione_Lavastoviglie-1-1.jpg HTTP/2.0" 200 35425 "https://reggio-emilia.elettroservicegroup.it/assistenza-miele-reggio-emilia/?gad_source=1&gad_campaignid=23800353523&gbraid=0AAAABDgs-LT2Yy76CsJOhj9Drq5BHv5S4&gclid=CjwKCAjw3ejRBhAdEiwADkqPn8SiXNPpihTV9slcjDJ1gy8qGCEnAnJG_D6_1_POXY4iBORxPvLuBhoCg58QAvD_BwE" "Mozilla/5.0 (iPhone; CPU iPhone OS 18_7 like Mac OS X) AppleWebKit/605.1.15 (KHTML, like Gecko) Version/26.5 Mobile/15E148 Safari/604.1"
37.119.185.4 - - [23/Jun/2026:16:38:54 +0200] "GET /wp-content/plugins/elementor/assets/js/text-editor.45609661e409413f1cef.bundle.min.js HTTP/2.0" 200 592 "https://reggio-emilia.elettroservicegroup.it/assistenza-miele-reggio-emilia/?gad_source=1&gad_campaignid=23800353523&gbraid=0AAAABDgs-LT2Yy76CsJOhj9Drq5BHv5S4&gclid=CjwKCAjw3ejRBhAdEiwADkqPn8SiXNPpihTV9slcjDJ1gy8qGCEnAnJG_D6_1_POXY4iBORxPvLuBhoCg58QAvD_BwE" "Mozilla/5.0 (iPhone; CPU iPhone OS 18_7 like Mac OS X) AppleWebKit/605.1.15 (KHTML, like Gecko) Version/26.5 Mobile/15E148 Safari/604.1"
37.119.185.4 - - [23/Jun/2026:16:38:54 +0200] "GET /wp-content/plugins/elementor/assets/js/shared-frontend-handlers.03caa53373b56d3bab67.bundle.min.js HTTP/2.0" 200 2515 "https://reggio-emilia.elettroservicegroup.it/assistenza-miele-reggio-emilia/?gad_source=1&gad_campaignid=23800353523&gbraid=0AAAABDgs-LT2Yy76CsJOhj9Drq5BHv5S4&gclid=CjwKCAjw3ejRBhAdEiwADkqPn8SiXNPpihTV9slcjDJ1gy8qGCEnAnJG_D6_1_POXY4iBORxPvLuBhoCg58QAvD_BwE" "Mozilla/5.0 (iPhone; CPU iPhone OS 18_7 like Mac OS X) AppleWebKit/605.1.15 (KHTML, like Gecko) Version/26.5 Mobile/15E148 Safari/604.1"
37.119.185.4 - - [23/Jun/2026:16:38:54 +0200] "GET /wp-content/plugins/elementor/assets/js/section-frontend-handlers.d85ab872da118940910d.bundle.min.js HTTP/2.0" 200 230 "https://reggio-emilia.elettroservicegroup.it/assistenza-miele-reggio-emilia/?gad_source=1&gad_campaignid=23800353523&gbraid=0AAAABDgs-LT2Yy76CsJOhj9Drq5BHv5S4&gclid=CjwKCAjw3ejRBhAdEiwADkqPn8SiXNPpihTV9slcjDJ1gy8qGCEnAnJG_D6_1_POXY4iBORxPvLuBhoCg58QAvD_BwE" "Mozilla/5.0 (iPhone; CPU iPhone OS 18_7 like Mac OS X) AppleWebKit/605.1.15 (KHTML, like Gecko) Version/26.5 Mobile/15E148 Safari/604.1"
37.119.185.4 - - [23/Jun/2026:16:38:54 +0200] "GET /wp-content/uploads/2021/10/cropped-cropped-cropped-cropped-logo_white_background-192x192.png HTTP/2.0" 200 15729 "https://reggio-emilia.elettroservicegroup.it/assistenza-miele-reggio-emilia/?gad_source=1&gad_campaignid=23800353523&gbraid=0AAAABDgs-LT2Yy76CsJOhj9Drq5BHv5S4&gclid=CjwKCAjw3ejRBhAdEiwADkqPn8SiXNPpihTV9slcjDJ1gy8qGCEnAnJG_D6_1_POXY4iBORxPvLuBhoCg58QAvD_BwE" "Mozilla/5.0 (iPhone; CPU iPhone OS 18_7 like Mac OS X) AppleWebKit/605.1.15 (KHTML, like Gecko) Version/26.5 Mobile/15E148 Safari/604.1"
37.119.185.4 - - [23/Jun/2026:16:38:54 +0200] "GET /wp-content/uploads/2021/10/cropped-cropped-cropped-cropped-logo_white_background-32x32.png HTTP/2.0" 200 1181 "https://reggio-emilia.elettroservicegroup.it/assistenza-miele-reggio-emilia/?gad_source=1&gad_campaignid=23800353523&gbraid=0AAAABDgs-LT2Yy76CsJOhj9Drq5BHv5S4&gclid=CjwKCAjw3ejRBhAdEiwADkqPn8SiXNPpihTV9slcjDJ1gy8qGCEnAnJG_D6_1_POXY4iBORxPvLuBhoCg58QAvD_BwE" "Mozilla/5.0 (iPhone; CPU iPhone OS 18_7 like Mac OS X) AppleWebKit/605.1.15 (KHTML, like Gecko) Version/26.5 Mobile/15E148 Safari/604.1"
37.119.185.4 - - [23/Jun/2026:16:38:54 +0200] "GET /wp-json/complianz/v1/banner?lang=it&locale=it_IT&token=otvhp HTTP/2.0" 200 82 "https://reggio-emilia.elettroservicegroup.it/assistenza-miele-reggio-emilia/?gad_source=1&gad_campaignid=23800353523&gbraid=0AAAABDgs-LT2Yy76CsJOhj9Drq5BHv5S4&gclid=CjwKCAjw3ejRBhAdEiwADkqPn8SiXNPpihTV9slcjDJ1gy8qGCEnAnJG_D6_1_POXY4iBORxPvLuBhoCg58QAvD_BwE" "Mozilla/5.0 (iPhone; CPU iPhone OS 18_7 like Mac OS X) AppleWebKit/605.1.15 (KHTML, like Gecko) Version/26.5 Mobile/15E148 Safari/604.1"
37.119.185.4 - - [23/Jun/2026:16:38:55 +0200] "GET /wp-content/uploads/complianz/css/banner-1-optin.css?v=511 HTTP/2.0" 200 2862 "https://reggio-emilia.elettroservicegroup.it/assistenza-miele-reggio-emilia/?gad_source=1&gad_campaignid=23800353523&gbraid=0AAAABDgs-LT2Yy76CsJOhj9Drq5BHv5S4&gclid=CjwKCAjw3ejRBhAdEiwADkqPn8SiXNPpihTV9slcjDJ1gy8qGCEnAnJG_D6_1_POXY4iBORxPvLuBhoCg58QAvD_BwE" "Mozilla/5.0 (iPhone; CPU iPhone OS 18_7 like Mac OS X) AppleWebKit/605.1.15 (KHTML, like Gecko) Version/26.5 Mobile/15E148 Safari/604.1"
37.119.185.4 - - [23/Jun/2026:16:38:55 +0200] "GET /wp-json/complianz/v1/cookie_data HTTP/2.0" 200 82 "https://reggio-emilia.elettroservicegroup.it/assistenza-miele-reggio-emilia/?gad_source=1&gad_campaignid=23800353523&gbraid=0AAAABDgs-LT2Yy76CsJOhj9Drq5BHv5S4&gclid=CjwKCAjw3ejRBhAdEiwADkqPn8SiXNPpihTV9slcjDJ1gy8qGCEnAnJG_D6_1_POXY4iBORxPvLuBhoCg58QAvD_BwE" "Mozilla/5.0 (iPhone; CPU iPhone OS 18_7 like Mac OS X) AppleWebKit/605.1.15 (KHTML, like Gecko) Version/26.5 Mobile/15E148 Safari/604.1"
37.119.185.4 - - [23/Jun/2026:16:38:57 +0200] "POST /wp-json/complianz/v1/track HTTP/2.0" 200 20 "https://reggio-emilia.elettroservicegroup.it/assistenza-miele-reggio-emilia/?gad_source=1&gad_campaignid=23800353523&gbraid=0AAAABDgs-LT2Yy76CsJOhj9Drq5BHv5S4&gclid=CjwKCAjw3ejRBhAdEiwADkqPn8SiXNPpihTV9slcjDJ1gy8qGCEnAnJG_D6_1_POXY4iBORxPvLuBhoCg58QAvD_BwE" "Mozilla/5.0 (iPhone; CPU iPhone OS 18_7 like Mac OS X) AppleWebKit/605.1.15 (KHTML, like Gecko) Version/26.5 Mobile/15E148 Safari/604.1"
37.119.185.4 - - [23/Jun/2026:16:39:04 +0200] "GET /wp-content/uploads/2022/08/COPERTINA-1.png HTTP/2.0" 200 238875 "https://reggio-emilia.elettroservicegroup.it/assistenza-miele-reggio-emilia/?gad_source=1&gad_campaignid=23800353523&gbraid=0AAAABDgs-LT2Yy76CsJOhj9Drq5BHv5S4&gclid=CjwKCAjw3ejRBhAdEiwADkqPn8SiXNPpihTV9slcjDJ1gy8qGCEnAnJG_D6_1_POXY4iBORxPvLuBhoCg58QAvD_BwE" "Mozilla/5.0 (iPhone; CPU iPhone OS 18_7 like Mac OS X) AppleWebKit/605.1.15 (KHTML, like Gecko) Version/26.5 Mobile/15E148 Safari/604.1"
37.119.185.4 - - [23/Jun/2026:16:39:20 +0200] "GET /wp-content/uploads/2022/01/ASCIUGATRICE-TECNIC.jpg HTTP/2.0" 200 43278 "https://reggio-emilia.elettroservicegroup.it/assistenza-miele-reggio-emilia/?gad_source=1&gad_campaignid=23800353523&gbraid=0AAAABDgs-LT2Yy76CsJOhj9Drq5BHv5S4&gclid=CjwKCAjw3ejRBhAdEiwADkqPn8SiXNPpihTV9slcjDJ1gy8qGCEnAnJG_D6_1_POXY4iBORxPvLuBhoCg58QAvD_BwE" "Mozilla/5.0 (iPhone; CPU iPhone OS 18_7 like Mac OS X) AppleWebKit/605.1.15 (KHTML, like Gecko) Version/26.5 Mobile/15E148 Safari/604.1"
192.178.4.136 - - [23/Jun/2026:16:40:59 +0200] "GET /wp-content/uploads/elementor/css/post-17834.css?ver=1780704000 HTTP/1.1" 200 2178 "https://reggio-emilia.elettroservicegroup.it/assistenza-smeg-reggio-emilia/" "Mozilla/5.0 (Linux; Android 6.0.1; Nexus 5X Build/MMB29P) AppleWebKit/537.36 (KHTML, like Gecko) Chrome/148.0.7778.96 Mobile Safari/537.36 (compatible; Googlebot/2.1; +http://www.google.com/bot.html)"
65.108.235.243 - - [23/Jun/2026:16:41:07 +0200] "POST /wp-cron.php?doing_wp_cron=1782225667.8533680438995361328125 HTTP/1.1" 200 1 "-" "WordPress/7.0; https://reggio-emilia.elettroservicegroup.it"
37.119.185.4 - - [23/Jun/2026:16:41:05 +0200] "GET /assistenza-miele-reggio-emilia/?gad_source=1&gad_campaignid=23800353523&gbraid=0AAAABDgs-LT2Yy76CsJOhj9Drq5BHv5S4&gclid=CjwKCAjw3ejRBhAdEiwADkqPn0CRCrkhPmKhnfv3ASpfpl9I69jVIzfGbt3dW7HMyVSc7U8vCKzlJhoC2sEQAvD_BwE HTTP/2.0" 200 22997 "https://www.google.com/" "Mozilla/5.0 (iPhone; CPU iPhone OS 18_7 like Mac OS X) AppleWebKit/605.1.15 (KHTML, like Gecko) Version/26.5 Mobile/15E148 Safari/604.1"
65.108.235.243 - - [23/Jun/2026:16:41:08 +0200] "GET /assistenza-lavatrici-guastalla/ HTTP/1.1" 200 23604 "-" "WP Fastest Cache Preload Bot"
65.108.235.243 - - [23/Jun/2026:16:41:09 +0200] "GET /assistenza-lavatrici-correggio/ HTTP/1.1" 200 23591 "-" "WP Fastest Cache Preload Bot"
65.108.235.243 - - [23/Jun/2026:16:41:10 +0200] "GET /assistenza-lavatrici-reggio-emilia/ HTTP/1.1" 200 23837 "-" "WP Fastest Cache Preload Bot"
65.108.235.243 - - [23/Jun/2026:16:41:11 +0200] "GET /assistenza-lavastoviglie-whirlpool-rubiera/ HTTP/1.1" 200 22909 "-" "WP Fastest Cache Preload Bot"
37.119.185.4 - - [23/Jun/2026:16:41:17 +0200] "GET /wp-content/uploads/2026/05/logo.png HTTP/2.0" 200 48185 "https://reggio-emilia.elettroservicegroup.it/assistenza-miele-reggio-emilia/?gad_source=1&gad_campaignid=23800353523&gbraid=0AAAABDgs-LT2Yy76CsJOhj9Drq5BHv5S4&gclid=CjwKCAjw3ejRBhAdEiwADkqPn0CRCrkhPmKhnfv3ASpfpl9I69jVIzfGbt3dW7HMyVSc7U8vCKzlJhoC2sEQAvD_BwE" "Mozilla/5.0 (iPhone; CPU iPhone OS 18_7 like Mac OS X) AppleWebKit/605.1.15 (KHTML, like Gecko) Version/26.5 Mobile/15E148 Safari/604.1"
37.119.185.4 - - [23/Jun/2026:16:41:19 +0200] "GET /wp-content/uploads/2022/08/ASCIUGATRICE-TECNIC-1.jpg HTTP/2.0" 200 40522 "https://reggio-emilia.elettroservicegroup.it/assistenza-miele-reggio-emilia/?gad_source=1&gad_campaignid=23800353523&gbraid=0AAAABDgs-LT2Yy76CsJOhj9Drq5BHv5S4&gclid=CjwKCAjw3ejRBhAdEiwADkqPn0CRCrkhPmKhnfv3ASpfpl9I69jVIzfGbt3dW7HMyVSc7U8vCKzlJhoC2sEQAvD_BwE" "Mozilla/5.0 (iPhone; CPU iPhone OS 18_7 like Mac OS X) AppleWebKit/605.1.15 (KHTML, like Gecko) Version/26.5 Mobile/15E148 Safari/604.1"
37.119.185.4 - - [23/Jun/2026:16:41:23 +0200] "GET /wp-content/plugins/complianz-gdpr-premium/assets/images/placeholders/google-maps-minimal-1280x920.jpg HTTP/2.0" 200 55264 "https://reggio-emilia.elettroservicegroup.it/assistenza-miele-reggio-emilia/?gad_source=1&gad_campaignid=23800353523&gbraid=0AAAABDgs-LT2Yy76CsJOhj9Drq5BHv5S4&gclid=CjwKCAjw3ejRBhAdEiwADkqPn0CRCrkhPmKhnfv3ASpfpl9I69jVIzfGbt3dW7HMyVSc7U8vCKzlJhoC2sEQAvD_BwE" "Mozilla/5.0 (iPhone; CPU iPhone OS 18_7 like Mac OS X) AppleWebKit/605.1.15 (KHTML, like Gecko) Version/26.5 Mobile/15E148 Safari/604.1"
47.128.23.226 - - [23/Jun/2026:16:49:04 +0200] "GET /winbet-erfahrungen-echtes-feedback-von-spielern-2026/ HTTP/2.0" 200 11801 "-" "Mozilla/5.0 (Linux; Android 5.0) AppleWebKit/537.36 (KHTML, like Gecko) Mobile Safari/537.36 (compatible; Bytespider; spider-feedback@bytedance.com)"
65.108.235.243 - - [23/Jun/2026:16:49:31 +0200] "POST /wp-cron.php?doing_wp_cron=1782226171.7402460575103759765625 HTTP/1.1" 200 1 "-" "WordPress/7.0; https://reggio-emilia.elettroservicegroup.it"
192.178.4.136 - - [23/Jun/2026:16:49:30 +0200] "GET /page-sitemap.xml HTTP/1.1" 200 2006 "-" "Mozilla/5.0 (compatible; Googlebot/2.1; +http://www.google.com/bot.html)"
65.108.235.243 - - [23/Jun/2026:16:49:32 +0200] "POST /wp-json/complianz/v1/wsc-scan HTTP/1.1" 400 88 "-" "WordPress/7.0; https://reggio-emilia.elettroservicegroup.it"
65.108.235.243 - - [23/Jun/2026:16:49:32 +0200] "GET /assistenza-lavastoviglie-smeg-guastalla/ HTTP/1.1" 200 22878 "-" "WP Fastest Cache Preload Bot"
65.108.235.243 - - [23/Jun/2026:16:49:32 +0200] "GET /assistenza-lavastoviglie-whirlpool-scandiano/ HTTP/1.1" 200 22911 "-" "WP Fastest Cache Preload Bot"
65.108.235.243 - - [23/Jun/2026:16:49:33 +0200] "GET /assistenza-lavastoviglie-whirlpool-santilario-denza/ HTTP/1.1" 200 22995 "-" "WP Fastest Cache Preload Bot"
65.108.235.243 - - [23/Jun/2026:16:49:33 +0200] "GET /assistenza-lavastoviglie-whirlpool-guastalla/ HTTP/1.1" 200 22913 "-" "WP Fastest Cache Preload Bot"
65.108.235.243 - - [23/Jun/2026:16:59:26 +0200] "POST /wp-cron.php?doing_wp_cron=1782226766.8151240348815917968750 HTTP/1.1" 200 1 "-" "WordPress/7.0; https://reggio-emilia.elettroservicegroup.it"
192.178.16.136 - - [23/Jun/2026:16:59:25 +0200] "GET /copertina-12/ HTTP/1.1" 200 17052 "-" "Mozilla/5.0 (Linux; Android 6.0.1; Nexus 5X Build/MMB29P) AppleWebKit/537.36 (KHTML, like Gecko) Chrome/148.0.7778.96 Mobile Safari/537.36 (compatible; AdsBot-Google-Mobile; +http://www.google.com/mobile/adsbot.html)"
65.108.235.243 - - [23/Jun/2026:16:59:27 +0200] "GET /assistenza-lavastoviglie-whirlpool-correggio/ HTTP/1.1" 200 22918 "-" "WP Fastest Cache Preload Bot"
65.108.235.243 - - [23/Jun/2026:16:59:27 +0200] "GET /assistenza-lavastoviglie-smeg-correggio/ HTTP/1.1" 200 22876 "-" "WP Fastest Cache Preload Bot"
65.108.235.243 - - [23/Jun/2026:16:59:27 +0200] "GET /assistenza-lavastoviglie-whirlpool-reggio-emilia/ HTTP/1.1" 200 22904 "-" "WP Fastest Cache Preload Bot"
65.108.235.243 - - [23/Jun/2026:16:59:28 +0200] "GET /assistenza-lavastoviglie-smeg-reggio-emilia/ HTTP/1.1" 200 22870 "-" "WP Fastest Cache Preload Bot"
192.178.16.138 - - [23/Jun/2026:17:00:01 +0200] "GET /wp-includes/css/dist/block-library/style.min.css?ver=7.0 HTTP/1.1" 200 15998 "https://reggio-emilia.elettroservicegroup.it/copertina-12/" "AdsBot-Google (+http://www.google.com/adsbot.html)"
192.178.16.138 - - [23/Jun/2026:17:00:01 +0200] "GET /wp-content/plugins/header-footer-elementor/assets/css/header-footer-elementor.css?ver=2.8.8 HTTP/1.1" 200 260 "https://reggio-emilia.elettroservicegroup.it/copertina-12/" "AdsBot-Google (+http://www.google.com/adsbot.html)"
192.178.16.137 - - [23/Jun/2026:17:00:01 +0200] "GET /wp-content/plugins/elementor/assets/lib/eicons/css/elementor-icons.min.css?ver=5.34.0 HTTP/1.1" 200 4125 "https://reggio-emilia.elettroservicegroup.it/copertina-12/" "AdsBot-Google (+http://www.google.com/adsbot.html)"
192.178.16.138 - - [23/Jun/2026:17:00:01 +0200] "GET /wp-content/plugins/gp-premium/menu-plus/functions/css/navigation-branding-flex.min.css?ver=2.5.5 HTTP/1.1" 200 542 "https://reggio-emilia.elettroservicegroup.it/copertina-12/" "AdsBot-Google (+http://www.google.com/adsbot.html)"
192.178.16.138 - - [23/Jun/2026:17:00:01 +0200] "GET /wp-content/plugins/elementor/assets/css/widget-social-icons.min.css?ver=3.24.0 HTTP/1.1" 200 1039 "https://reggio-emilia.elettroservicegroup.it/copertina-12/" "AdsBot-Google (+http://www.google.com/adsbot.html)"
192.178.16.137 - - [23/Jun/2026:17:00:01 +0200] "GET /wp-content/plugins/complianz-gdpr-premium/assets/css/cookieblocker.min.css?ver=1781536286 HTTP/1.1" 200 615 "https://reggio-emilia.elettroservicegroup.it/copertina-12/" "AdsBot-Google (+http://www.google.com/adsbot.html)"
192.178.16.136 - - [23/Jun/2026:17:00:01 +0200] "GET /wp-content/plugins/elementor/assets/lib/font-awesome/css/fontawesome.css?ver=5.15.3 HTTP/1.1" 200 12535 "https://reggio-emilia.elettroservicegroup.it/copertina-12/" "AdsBot-Google (+http://www.google.com/adsbot.html)"
192.178.16.136 - - [23/Jun/2026:17:00:01 +0200] "GET /wp-content/uploads/elementor/google-fonts/css/roboto.css?ver=1742255001 HTTP/1.1" 200 1890 "https://reggio-emilia.elettroservicegroup.it/copertina-12/" "AdsBot-Google (+http://www.google.com/adsbot.html)"
192.178.16.137 - - [23/Jun/2026:17:00:01 +0200] "GET /wp-content/plugins/all-in-one-seo-pack/dist/Lite/assets/css/table-of-contents/global.e90f6d47.css?ver=4.9.8 HTTP/1.1" 200 420 "https://reggio-emilia.elettroservicegroup.it/copertina-12/" "AdsBot-Google (+http://www.google.com/adsbot.html)"
192.178.16.138 - - [23/Jun/2026:17:00:02 +0200] "GET /wp-content/themes/generatepress/assets/css/components/comments.min.css?ver=3.6.1 HTTP/1.1" 200 488 "https://reggio-emilia.elettroservicegroup.it/copertina-12/" "AdsBot-Google (+http://www.google.com/adsbot.html)"
192.178.16.137 - - [23/Jun/2026:17:00:02 +0200] "GET /wp-content/plugins/gp-premium/menu-plus/functions/js/sticky.min.js?ver=2.5.5 HTTP/1.1" 200 2670 "https://reggio-emilia.elettroservicegroup.it/copertina-12/" "AdsBot-Google (+http://www.google.com/adsbot.html)"
192.178.16.138 - - [23/Jun/2026:17:00:02 +0200] "GET /wp-content/themes/generatepress/assets/css/main.min.css?ver=3.6.1 HTTP/1.1" 200 4410 "https://reggio-emilia.elettroservicegroup.it/copertina-12/" "AdsBot-Google (+http://www.google.com/adsbot.html)"
192.178.16.137 - - [23/Jun/2026:17:00:03 +0200] "GET /wp-includes/js/jquery/jquery-migrate.min.js?ver=3.4.1 HTTP/1.1" 200 4685 "https://reggio-emilia.elettroservicegroup.it/copertina-12/" "AdsBot-Google (+http://www.google.com/adsbot.html)"
192.178.16.137 - - [23/Jun/2026:17:00:04 +0200] "GET /wp-content/uploads/elementor/google-fonts/css/robotoslab.css?ver=1742255003 HTTP/1.1" 200 721 "https://reggio-emilia.elettroservicegroup.it/copertina-12/" "AdsBot-Google (+http://www.google.com/adsbot.html)"
192.178.16.137 - - [23/Jun/2026:17:00:04 +0200] "GET /wp-includes/js/jquery/jquery.min.js?ver=3.7.1 HTTP/1.1" 200 29769 "https://reggio-emilia.elettroservicegroup.it/copertina-12/" "AdsBot-Google (+http://www.google.com/adsbot.html)"
192.178.16.136 - - [23/Jun/2026:17:00:04 +0200] "GET /wp-content/plugins/elementor/assets/lib/font-awesome/css/brands.css?ver=5.15.3 HTTP/1.1" 200 298 "https://reggio-emilia.elettroservicegroup.it/copertina-12/" "AdsBot-Google (+http://www.google.com/adsbot.html)"
192.178.16.136 - - [23/Jun/2026:17:00:05 +0200] "GET /wp-content/plugins/header-footer-elementor/inc/widgets-css/frontend.css?ver=2.8.8 HTTP/1.1" 200 8711 "https://reggio-emilia.elettroservicegroup.it/copertina-12/" "AdsBot-Google (+http://www.google.com/adsbot.html)"
192.178.16.136 - - [23/Jun/2026:17:00:05 +0200] "GET /wp-content/themes/generatepress/assets/js/menu.min.js?ver=3.6.1 HTTP/1.1" 200 1688 "https://reggio-emilia.elettroservicegroup.it/copertina-12/" "AdsBot-Google (+http://www.google.com/adsbot.html)"
192.178.16.136 - - [23/Jun/2026:17:00:05 +0200] "GET /wp-content/plugins/elementor/assets/lib/font-awesome/css/solid.css?ver=5.15.3 HTTP/1.1" 200 299 "https://reggio-emilia.elettroservicegroup.it/copertina-12/" "AdsBot-Google (+http://www.google.com/adsbot.html)"
192.178.16.136 - - [23/Jun/2026:17:00:06 +0200] "GET /wp-content/plugins/elementor/assets/css/widget-icon-list.min.css?ver=3.24.3 HTTP/1.1" 200 928 "https://reggio-emilia.elettroservicegroup.it/copertina-12/" "AdsBot-Google (+http://www.google.com/adsbot.html)"
192.178.16.136 - - [23/Jun/2026:17:00:06 +0200] "GET /wp-content/themes/generatepress/assets/js/back-to-top.min.js?ver=3.6.1 HTTP/1.1" 200 336 "https://reggio-emilia.elettroservicegroup.it/copertina-12/" "AdsBot-Google (+http://www.google.com/adsbot.html)"
192.178.16.137 - - [23/Jun/2026:17:00:06 +0200] "GET /wp-includes/js/jquery/ui/core.min.js?ver=1.13.3 HTTP/1.1" 200 6820 "https://reggio-emilia.elettroservicegroup.it/copertina-12/" "AdsBot-Google (+http://www.google.com/adsbot.html)"
192.178.16.136 - - [23/Jun/2026:17:00:09 +0200] "GET /wp-includes/js/comment-reply.min.js?ver=7.0 HTTP/1.1" 200 1248 "https://reggio-emilia.elettroservicegroup.it/copertina-12/" "AdsBot-Google (+http://www.google.com/adsbot.html)"
192.178.16.136 - - [23/Jun/2026:17:00:09 +0200] "GET /wp-content/plugins/complianz-gdpr-premium/cookiebanner/js/complianz.min.js?ver=1781536286 HTTP/1.1" 200 10762 "https://reggio-emilia.elettroservicegroup.it/copertina-12/" "AdsBot-Google (+http://www.google.com/adsbot.html)"
192.178.16.136 - - [23/Jun/2026:17:00:13 +0200] "GET /wp-content/uploads/elementor/google-fonts/fonts/robotoslab-bngmuxzytxpivibgjjsb6ufn5qu.woff2 HTTP/1.1" 200 34328 "https://reggio-emilia.elettroservicegroup.it/wp-content/uploads/elementor/google-fonts/css/robotoslab.css?ver=1742255003" "AdsBot-Google (+http://www.google.com/adsbot.html)"
192.178.16.136 - - [23/Jun/2026:17:00:13 +0200] "GET /wp-content/uploads/complianz/css/banner-1-optin.css?v=511 HTTP/1.1" 200 2862 "https://reggio-emilia.elettroservicegroup.it/copertina-12/" "AdsBot-Google (+http://www.google.com/adsbot.html)"
65.108.235.243 - - [23/Jun/2026:17:00:15 +0200] "POST /wp-cron.php?doing_wp_cron=1782226815.6120100021362304687500 HTTP/1.1" 200 1 "-" "WordPress/7.0; https://reggio-emilia.elettroservicegroup.it"
192.178.16.136 - - [23/Jun/2026:17:00:14 +0200] "GET /wp-json/complianz/v1/cookie_data HTTP/1.1" 200 82 "https://reggio-emilia.elettroservicegroup.it/copertina-12/" "AdsBot-Google (+http://www.google.com/adsbot.html)"
192.178.16.136 - - [23/Jun/2026:17:00:15 +0200] "GET /wp-content/plugins/elementor/assets/lib/share-link/share-link.min.js?ver=4.1.4 HTTP/1.1" 200 1077 "https://reggio-emilia.elettroservicegroup.it/copertina-12/" "AdsBot-Google (+http://www.google.com/adsbot.html)"
192.178.16.136 - - [23/Jun/2026:17:00:15 +0200] "GET /wp-content/plugins/elementor/assets/css/conditionals/lightbox.min.css?ver=4.1.4 HTTP/1.1" 200 1760 "https://reggio-emilia.elettroservicegroup.it/copertina-12/" "AdsBot-Google (+http://www.google.com/adsbot.html)"
192.178.16.136 - - [23/Jun/2026:17:00:16 +0200] "GET /wp-content/plugins/elementor/assets/js/lightbox.570c05c5a283cfb6b223.bundle.min.js HTTP/1.1" 200 9102 "https://reggio-emilia.elettroservicegroup.it/copertina-12/" "AdsBot-Google (+http://www.google.com/adsbot.html)"
192.178.16.136 - - [23/Jun/2026:17:00:16 +0200] "GET /wp-content/plugins/elementor/assets/css/conditionals/dialog.min.css?ver=4.1.4 HTTP/1.1" 200 1428 "https://reggio-emilia.elettroservicegroup.it/copertina-12/" "AdsBot-Google (+http://www.google.com/adsbot.html)"
192.178.16.136 - - [23/Jun/2026:17:00:16 +0200] "GET /wp-content/plugins/elementor/assets/lib/dialog/dialog.min.js?ver=4.9.3 HTTP/1.1" 200 3595 "https://reggio-emilia.elettroservicegroup.it/copertina-12/" "AdsBot-Google (+http://www.google.com/adsbot.html)"
192.178.16.136 - - [23/Jun/2026:17:00:16 +0200] "GET /wp-content/plugins/elementor/assets/js/397f2d183c19202777d6.bundle.min.js HTTP/1.1" 200 8477 "https://reggio-emilia.elettroservicegroup.it/copertina-12/" "AdsBot-Google (+http://www.google.com/adsbot.html)"
65.108.235.243 - - [23/Jun/2026:17:00:15 +0200] "GET /assistenza-lavastoviglie-rex-electrolux-rubiera/ HTTP/1.1" 200 22855 "-" "WP Fastest Cache Preload Bot"
192.178.16.136 - - [23/Jun/2026:17:00:16 +0200] "GET /wp-content/plugins/elementor/assets/lib/swiper/v8/css/swiper.min.css?ver=8.4.5 HTTP/1.1" 200 4251 "https://reggio-emilia.elettroservicegroup.it/copertina-12/" "AdsBot-Google (+http://www.google.com/adsbot.html)"
65.108.235.243 - - [23/Jun/2026:17:00:16 +0200] "GET /assistenza-lavastoviglie-rex-electrolux-scandiano/ HTTP/1.1" 200 22937 "-" "WP Fastest Cache Preload Bot"
65.108.235.243 - - [23/Jun/2026:17:00:16 +0200] "GET /assistenza-lavastoviglie-rex-electrolux-santilario-denza/ HTTP/1.1" 200 22945 "-" "WP Fastest Cache Preload Bot"
65.108.235.243 - - [23/Jun/2026:17:00:17 +0200] "GET /assistenza-lavastoviglie-rex-electrolux-guastalla/ HTTP/1.1" 200 22887 "-" "WP Fastest Cache Preload Bot"
192.178.16.136 - - [23/Jun/2026:17:00:42 +0200] "GET /wp-content/plugins/elementor/assets/js/text-editor.45609661e409413f1cef.bundle.min.js HTTP/1.1" 200 592 "https://reggio-emilia.elettroservicegroup.it/copertina-12/" "AdsBot-Google (+http://www.google.com/adsbot.html)"
192.178.16.136 - - [23/Jun/2026:17:00:43 +0200] "GET /wp-content/plugins/elementor/assets/js/section-frontend-handlers.d85ab872da118940910d.bundle.min.js HTTP/1.1" 200 230 "https://reggio-emilia.elettroservicegroup.it/copertina-12/" "AdsBot-Google (+http://www.google.com/adsbot.html)"
192.178.16.136 - - [23/Jun/2026:17:00:43 +0200] "GET /wp-content/plugins/elementor/assets/js/shared-frontend-handlers.03caa53373b56d3bab67.bundle.min.js HTTP/1.1" 200 2515 "https://reggio-emilia.elettroservicegroup.it/copertina-12/" "AdsBot-Google (+http://www.google.com/adsbot.html)"
65.108.235.243 - - [23/Jun/2026:17:03:46 +0200] "POST /wp-cron.php?doing_wp_cron=1782227026.2095661163330078125000 HTTP/1.1" 200 1 "-" "WordPress/7.0; https://reggio-emilia.elettroservicegroup.it"
192.178.16.137 - - [23/Jun/2026:17:03:44 +0200] "GET /assistenza-ariston-rubiera/ HTTP/1.1" 200 23089 "-" "Mozilla/5.0 (Linux; Android 6.0.1; Nexus 5X Build/MMB29P) AppleWebKit/537.36 (KHTML, like Gecko) Chrome/148.0.7778.96 Mobile Safari/537.36 (compatible; AdsBot-Google-Mobile; +http://www.google.com/mobile/adsbot.html)"
192.178.16.136 - - [23/Jun/2026:17:03:57 +0200] "GET /1/ HTTP/1.1" 200 16931 "-" "Mozilla/5.0 (Linux; Android 6.0.1; Nexus 5X Build/MMB29P) AppleWebKit/537.36 (KHTML, like Gecko) Chrome/148.0.7778.96 Mobile Safari/537.36 (compatible; AdsBot-Google-Mobile; +http://www.google.com/mobile/adsbot.html)"
192.178.16.138 - - [23/Jun/2026:17:04:07 +0200] "GET /wp-includes/css/dist/block-library/style.min.css?ver=7.0 HTTP/1.1" 200 15998 "https://reggio-emilia.elettroservicegroup.it/1/" "AdsBot-Google (+http://www.google.com/adsbot.html)"
192.178.16.136 - - [23/Jun/2026:17:04:07 +0200] "GET /wp-content/themes/generatepress/assets/css/components/comments.min.css?ver=3.6.1 HTTP/1.1" 200 488 "https://reggio-emilia.elettroservicegroup.it/1/" "AdsBot-Google (+http://www.google.com/adsbot.html)"
192.178.16.138 - - [23/Jun/2026:17:04:07 +0200] "GET /wp-includes/js/comment-reply.min.js?ver=7.0 HTTP/1.1" 200 1248 "https://reggio-emilia.elettroservicegroup.it/1/" "AdsBot-Google (+http://www.google.com/adsbot.html)"
192.178.16.137 - - [23/Jun/2026:17:04:16 +0200] "GET /wp-content/uploads/elementor/google-fonts/fonts/robotoslab-bngmuxzytxpivibgjjsb6ufn5qu.woff2 HTTP/1.1" 304 - "https://reggio-emilia.elettroservicegroup.it/wp-content/uploads/elementor/google-fonts/css/robotoslab.css?ver=1742255003" "AdsBot-Google (+http://www.google.com/adsbot.html)"
192.178.16.137 - - [23/Jun/2026:17:04:16 +0200] "GET /wp-json/complianz/v1/banner?lang=it&locale=it_IT&token=haffc HTTP/1.1" 200 82 "https://reggio-emilia.elettroservicegroup.it/1/" "AdsBot-Google (+http://www.google.com/adsbot.html)"
192.178.16.136 - - [23/Jun/2026:17:04:42 +0200] "GET /wp-content/plugins/elementor/assets/lib/share-link/share-link.min.js?ver=4.1.4 HTTP/1.1" 200 1077 "https://reggio-emilia.elettroservicegroup.it/1/" "AdsBot-Google (+http://www.google.com/adsbot.html)"
192.178.16.136 - - [23/Jun/2026:17:04:42 +0200] "GET /wp-content/plugins/elementor/assets/css/conditionals/dialog.min.css?ver=4.1.4 HTTP/1.1" 200 1428 "https://reggio-emilia.elettroservicegroup.it/1/" "AdsBot-Google (+http://www.google.com/adsbot.html)"
192.178.16.136 - - [23/Jun/2026:17:04:42 +0200] "GET /wp-content/plugins/elementor/assets/css/conditionals/lightbox.min.css?ver=4.1.4 HTTP/1.1" 200 1760 "https://reggio-emilia.elettroservicegroup.it/1/" "AdsBot-Google (+http://www.google.com/adsbot.html)"
192.178.16.136 - - [23/Jun/2026:17:04:42 +0200] "GET /wp-content/plugins/elementor/assets/js/397f2d183c19202777d6.bundle.min.js HTTP/1.1" 200 8477 "https://reggio-emilia.elettroservicegroup.it/1/" "AdsBot-Google (+http://www.google.com/adsbot.html)"
192.178.16.136 - - [23/Jun/2026:17:04:42 +0200] "GET /wp-content/plugins/elementor/assets/lib/dialog/dialog.min.js?ver=4.9.3 HTTP/1.1" 200 3595 "https://reggio-emilia.elettroservicegroup.it/1/" "AdsBot-Google (+http://www.google.com/adsbot.html)"
192.178.16.136 - - [23/Jun/2026:17:04:43 +0200] "GET /wp-content/plugins/elementor/assets/lib/swiper/v8/css/swiper.min.css?ver=8.4.5 HTTP/1.1" 200 4251 "https://reggio-emilia.elettroservicegroup.it/1/" "AdsBot-Google (+http://www.google.com/adsbot.html)"
192.178.16.136 - - [23/Jun/2026:17:04:43 +0200] "GET /wp-content/plugins/elementor/assets/js/lightbox.570c05c5a283cfb6b223.bundle.min.js HTTP/1.1" 200 9102 "https://reggio-emilia.elettroservicegroup.it/1/" "AdsBot-Google (+http://www.google.com/adsbot.html)"
192.178.16.137 - - [23/Jun/2026:17:10:19 +0200] "GET /wp-content/uploads/elementor/css/post-17701.css?ver=1782169282 HTTP/1.1" 200 2167 "https://reggio-emilia.elettroservicegroup.it/assistenza-ariston-rubiera/" "AdsBot-Google (+http://www.google.com/adsbot.html)"
