20.9.87.223 - - [21/Jun/2026:14:36:17 +0200] "GET /wp-content/plugins/hellopress/wp_filemanager.php HTTP/1.1" 200 11844 "-" "-"
20.9.87.223 - - [21/Jun/2026:14:36:19 +0200] "GET /this_is_a_new_hello_world.php HTTP/1.1" 200 11709 "-" "-"
20.9.87.223 - - [21/Jun/2026:14:36:20 +0200] "GET /x.php HTTP/1.1" 200 11680 "-" "-"
20.9.87.223 - - [21/Jun/2026:14:36:22 +0200] "GET /wss.php HTTP/1.1" 200 11671 "-" "-"
20.9.87.223 - - [21/Jun/2026:14:36:23 +0200] "GET /ty.php?p= HTTP/1.1" 200 11734 "-" "-"
20.9.87.223 - - [21/Jun/2026:14:36:24 +0200] "GET /Ar.php HTTP/1.1" 200 11872 "-" "-"
20.9.87.223 - - [21/Jun/2026:14:36:26 +0200] "GET /wpconf.php HTTP/1.1" 200 11725 "-" "-"
20.9.87.223 - - [21/Jun/2026:14:36:28 +0200] "GET /aaf.php HTTP/1.1" 200 11783 "-" "-"
20.9.87.223 - - [21/Jun/2026:14:36:29 +0200] "GET /tw0.php HTTP/1.1" 200 11787 "-" "-"
20.9.87.223 - - [21/Jun/2026:14:36:31 +0200] "GET /v2.php HTTP/1.1" 200 11762 "-" "-"
20.9.87.223 - - [21/Jun/2026:14:36:32 +0200] "GET /eid.php HTTP/1.1" 200 11692 "-" "-"
20.9.87.223 - - [21/Jun/2026:14:36:41 +0200] "GET /hellcut.php HTTP/1.1" 200 11686 "-" "-"
20.9.87.223 - - [21/Jun/2026:14:36:41 +0200] "GET /tdd.php HTTP/1.1" 200 11682 "-" "-"
20.9.87.223 - - [21/Jun/2026:14:36:44 +0200] "GET /wander.php HTTP/1.1" 200 11765 "-" "-"
20.9.87.223 - - [21/Jun/2026:14:36:45 +0200] "GET /ha.php HTTP/1.1" 200 11746 "-" "-"
20.9.87.223 - - [21/Jun/2026:14:36:47 +0200] "GET /155.php HTTP/1.1" 200 11653 "-" "-"
20.9.87.223 - - [21/Jun/2026:14:36:48 +0200] "GET /ppp.php HTTP/1.1" 200 11757 "-" "-"
20.9.87.223 - - [21/Jun/2026:14:36:49 +0200] "GET /201.php HTTP/1.1" 200 11818 "-" "-"
20.9.87.223 - - [21/Jun/2026:14:36:50 +0200] "GET /ops.php HTTP/1.1" 200 11788 "-" "-"
20.9.87.223 - - [21/Jun/2026:14:36:52 +0200] "GET /samll.php HTTP/1.1" 200 11672 "-" "-"
20.9.87.223 - - [21/Jun/2026:14:36:54 +0200] "GET /ingfo.php HTTP/1.1" 200 11675 "-" "-"
20.9.87.223 - - [21/Jun/2026:14:36:55 +0200] "GET /c55cdler.php HTTP/1.1" 200 11697 "-" "-"
20.9.87.223 - - [21/Jun/2026:14:36:57 +0200] "GET /error_log.php HTTP/1.1" 200 11702 "-" "-"
20.9.87.223 - - [21/Jun/2026:14:36:58 +0200] "GET /xenon1337.php HTTP/1.1" 200 11715 "-" "-"
20.9.87.223 - - [21/Jun/2026:14:37:01 +0200] "GET /alfa403.php HTTP/1.1" 200 11772 "-" "-"
20.9.87.223 - - [21/Jun/2026:14:37:04 +0200] "GET /test11.php HTTP/1.1" 200 11716 "-" "-"
20.9.87.223 - - [21/Jun/2026:14:37:05 +0200] "GET //ok.php HTTP/1.1" 200 11728 "-" "-"
20.9.87.223 - - [21/Jun/2026:14:37:07 +0200] "GET /mac.php HTTP/1.1" 200 11747 "-" "-"
20.9.87.223 - - [21/Jun/2026:14:37:08 +0200] "GET /25d653587fdfd1.php HTTP/1.1" 200 11707 "-" "-"
20.9.87.223 - - [21/Jun/2026:14:37:10 +0200] "GET /wefile.php HTTP/1.1" 200 11604 "-" "-"
20.9.87.223 - - [21/Jun/2026:14:37:11 +0200] "GET /modules/mod_simplefileuploadv1.3/elements/filemanager.php?p= HTTP/1.1" 200 11704 "-" "-"
20.9.87.223 - - [21/Jun/2026:14:37:12 +0200] "GET /wp-includes/blocks/post-comments-form/ HTTP/1.1" 200 11749 "-" "-"
20.9.87.223 - - [21/Jun/2026:14:37:14 +0200] "GET /wp-admin/js/ HTTP/1.1" 200 11741 "-" "-"
20.9.87.223 - - [21/Jun/2026:14:37:16 +0200] "GET /wp-admin/css/colour.php HTTP/1.1" 200 11778 "-" "-"
20.9.87.223 - - [21/Jun/2026:14:37:18 +0200] "GET /half.php HTTP/1.1" 200 11638 "-" "-"
20.9.87.223 - - [21/Jun/2026:14:37:20 +0200] "GET /2P.php HTTP/1.1" 200 11609 "-" "-"
20.9.87.223 - - [21/Jun/2026:14:37:21 +0200] "GET /tires.php HTTP/1.1" 200 11779 "-" "-"
20.9.87.223 - - [21/Jun/2026:14:37:22 +0200] "GET /wordpress/wp-admin/maint/ HTTP/1.1" 200 11762 "-" "-"
20.9.87.223 - - [21/Jun/2026:14:37:23 +0200] "GET /like.php HTTP/1.1" 200 11733 "-" "-"
20.9.87.223 - - [21/Jun/2026:14:37:24 +0200] "GET /.well-known/about.php HTTP/1.1" 200 11784 "-" "-"
20.9.87.223 - - [21/Jun/2026:14:37:25 +0200] "GET /wp-includes/ID3/about.php HTTP/1.1" 200 11769 "-" "-"
20.9.87.223 - - [21/Jun/2026:14:37:25 +0200] "GET /bob.php HTTP/1.1" 200 11747 "-" "-"
20.9.87.223 - - [21/Jun/2026:14:37:26 +0200] "GET /t3s.php HTTP/1.1" 200 11681 "-" "-"
20.9.87.223 - - [21/Jun/2026:14:37:26 +0200] "GET /wp-admin/css/ HTTP/1.1" 200 11691 "-" "-"
20.9.87.223 - - [21/Jun/2026:14:37:28 +0200] "GET /wp-admin/css/colors/modern/ HTTP/1.1" 200 11790 "-" "-"
20.9.87.223 - - [21/Jun/2026:14:37:28 +0200] "GET /uwu.php HTTP/1.1" 200 11762 "-" "-"
20.9.87.223 - - [21/Jun/2026:14:37:29 +0200] "GET /uwa.php HTTP/1.1" 200 11748 "-" "-"
20.9.87.223 - - [21/Jun/2026:14:37:30 +0200] "GET /crgio.php HTTP/1.1" 200 11683 "-" "-"
20.9.87.223 - - [21/Jun/2026:14:37:31 +0200] "GET /geforce.php HTTP/1.1" 200 11732 "-" "-"
20.9.87.223 - - [21/Jun/2026:14:37:32 +0200] "GET /pucci.php HTTP/1.1" 200 11789 "-" "-"
20.9.87.223 - - [21/Jun/2026:14:37:33 +0200] "GET /wp-includes/blocks/details/ HTTP/1.1" 200 11764 "-" "-"
20.9.87.223 - - [21/Jun/2026:14:37:34 +0200] "GET /wp-includes/blocks/audio/ HTTP/1.1" 200 11716 "-" "-"
20.9.87.223 - - [21/Jun/2026:14:37:37 +0200] "GET /one.php HTTP/1.1" 200 11741 "-" "-"
20.9.87.223 - - [21/Jun/2026:14:37:39 +0200] "GET /wp-temp.php HTTP/1.1" 200 11704 "-" "-"
20.9.87.223 - - [21/Jun/2026:14:37:40 +0200] "GET /wp-includes/blocks/buttons/ HTTP/1.1" 200 11818 "-" "-"
124.156.226.179 - - [21/Jun/2026:14:45:05 +0200] "GET / HTTP/1.1" 200 11742 "-" "Mozilla/5.0 (iPhone; CPU iPhone OS 13_2_3 like Mac OS X) AppleWebKit/605.1.15 (KHTML, like Gecko) Version/13.0.3 Mobile/15E148 Safari/604.1"
65.108.235.243 - - [21/Jun/2026:15:22:14 +0200] "POST /wp-cron.php?doing_wp_cron=1782048134.7140519618988037109375 HTTP/1.1" 200 1 "-" "WordPress/7.0; https://elettroservicegroup.it"
192.178.4.103 - - [21/Jun/2026:15:22:11 +0200] "GET /robots.txt HTTP/1.1" 200 99 "-" "Mozilla/5.0 (compatible; Googlebot/2.1; +http://www.google.com/bot.html)"
43.130.131.18 - - [21/Jun/2026:15:23:11 +0200] "GET / HTTP/1.1" 200 11689 "-" "Mozilla/5.0 (iPhone; CPU iPhone OS 13_2_3 like Mac OS X) AppleWebKit/605.1.15 (KHTML, like Gecko) Version/13.0.3 Mobile/15E148 Safari/604.1"
65.108.235.243 - - [21/Jun/2026:16:19:12 +0200] "POST /wp-cron.php?doing_wp_cron=1782051552.6934840679168701171875 HTTP/1.1" 200 1 "-" "WordPress/7.0; https://elettroservicegroup.it"
198.235.24.243 - - [21/Jun/2026:16:19:11 +0200] "GET / HTTP/1.1" 301 - "-" "Hello from Palo Alto Networks, find out more about our scans in https://docs-cortex.paloaltonetworks.com/r/1/Cortex-Xpanse/Scanning-activity"
65.108.235.243 - - [21/Jun/2026:17:21:35 +0200] "POST /wp-cron.php?doing_wp_cron=1782055295.7518470287322998046875 HTTP/1.1" 200 1 "-" "WordPress/7.0; https://elettroservicegroup.it"
192.71.142.232 - - [21/Jun/2026:17:21:33 +0200] "GET / HTTP/1.1" 301 - "-" "Mozilla/5.0 (Windows NT 10.0; Win64; x64; rv:123.0) Gecko/20100101 Firefox/123"
100.23.220.145 - - [21/Jun/2026:17:57:07 +0200] "GET / HTTP/1.1" 200 11688 "-" "Go-http-client/1.1"
100.23.220.145 - - [21/Jun/2026:17:57:07 +0200] "GET /wp-includes/css/buttons.css HTTP/1.1" 200 11722 "-" "Go-http-client/1.1"
100.23.220.145 - - [21/Jun/2026:17:57:08 +0200] "GET /media/system/js/core.js HTTP/1.1" 200 11724 "-" "Go-http-client/1.1"
43.162.109.249 - - [21/Jun/2026:18:29:11 +0200] "GET / HTTP/1.1" 200 11715 "-" "Mozilla/5.0 (iPhone; CPU iPhone OS 13_2_3 like Mac OS X) AppleWebKit/605.1.15 (KHTML, like Gecko) Version/13.0.3 Mobile/15E148 Safari/604.1"
65.108.235.243 - - [21/Jun/2026:18:36:04 +0200] "POST /wp-cron.php?doing_wp_cron=1782059764.1991980075836181640625 HTTP/1.1" 200 1 "-" "WordPress/7.0; https://elettroservicegroup.it"
193.148.56.6 - - [21/Jun/2026:18:35:56 +0200] "POST / HTTP/1.1" 301 - "-" "Mozilla/5.0 (X11; Linux x86_64) AppleWebKit/537.36 (KHTML, like Gecko) Chrome/125.0.0.0 Safari/537.36"
193.148.56.6 - - [21/Jun/2026:18:36:04 +0200] "GET / HTTP/1.1" 301 - "-" "Mozilla/5.0 (X11; Linux x86_64) AppleWebKit/537.36 (KHTML, like Gecko) Chrome/125.0.0.0 Safari/537.36"
193.148.56.6 - - [21/Jun/2026:18:36:06 +0200] "GET /administrator/ HTTP/1.1" 404 83490 "-" "Mozilla/5.0 (X11; Linux x86_64) AppleWebKit/537.36 (KHTML, like Gecko) Chrome/125.0.0.0 Safari/537.36"
43.140.37.167 - - [21/Jun/2026:19:10:19 +0200] "GET / HTTP/1.1" 200 11761 "-" "Mozilla/5.0 (iPhone; CPU iPhone OS 13_2_3 like Mac OS X) AppleWebKit/605.1.15 (KHTML, like Gecko) Version/13.0.3 Mobile/15E148 Safari/604.1"
43.157.22.109 - - [21/Jun/2026:19:17:44 +0200] "GET / HTTP/1.1" 200 11690 "-" "Mozilla/5.0 (iPhone; CPU iPhone OS 13_2_3 like Mac OS X) AppleWebKit/605.1.15 (KHTML, like Gecko) Version/13.0.3 Mobile/15E148 Safari/604.1"
51.68.111.204 - - [21/Jun/2026:19:43:44 +0200] "GET /robots.txt HTTP/1.1" 403 - "-" "Mozilla/5.0 (compatible; MJ12bot/v2.0.5; http://mj12bot.com/)"
65.108.235.243 - - [21/Jun/2026:20:13:07 +0200] "POST /wp-cron.php?doing_wp_cron=1782065587.1009809970855712890625 HTTP/1.1" 200 1 "-" "WordPress/7.0; https://elettroservicegroup.it"
103.65.237.216 - - [21/Jun/2026:20:12:59 +0200] "GET /sftp-config.json HTTP/1.1" 404 83627 "-" "Mozilla/5.0 (Macintosh; Intel Mac OS X 10.15; rv:77.0) Gecko/20100101 Firefox/77.0"
103.65.237.216 - - [21/Jun/2026:20:13:13 +0200] "GET /.vscode/sftp.json HTTP/1.1" 404 83641 "-" "Mozilla/5.0 (Macintosh; Intel Mac OS X 10.15; rv:77.0) Gecko/20100101 Firefox/77.0"
65.108.235.243 - - [21/Jun/2026:21:03:44 +0200] "POST /wp-cron.php?doing_wp_cron=1782068624.2009770870208740234375 HTTP/1.1" 200 1 "-" "WordPress/7.0; https://elettroservicegroup.it"
34.73.226.197 - - [21/Jun/2026:21:03:36 +0200] "HEAD /wordpress/ HTTP/1.1" 404 - "-" "Mozilla/5.0 (Windows NT 10.0; WOW64) AppleWebKit/537.36 (KHTML, like Gecko) Chrome/118.0.5993.90 Safari/537.36"
34.73.226.197 - - [21/Jun/2026:21:03:44 +0200] "HEAD /backup/ HTTP/1.1" 404 - "-" "Mozilla/5.0 (Windows NT 10.0; Win64; x64) AppleWebKit/537.36 (KHTML, like Gecko) Chrome/125.0.6422.112 Safari/537.36 Brave/1.63.120"
34.73.226.197 - - [21/Jun/2026:21:03:46 +0200] "HEAD / HTTP/1.1" 301 - "-" "Mozilla/5.0 (Windows NT 10.0; Win64; x64) AppleWebKit/537.36 (KHTML, like Gecko) Chrome/127.0.6534.42 Safari/537.36"
34.73.226.197 - - [21/Jun/2026:21:03:48 +0200] "HEAD /wp/ HTTP/1.1" 404 - "-" "Mozilla/5.0 (Linux; Android 13; Pixel 7a) AppleWebKit/537.36 (KHTML, like Gecko) Chrome/124.0.6367.82 Mobile Safari/537.36"
34.73.226.197 - - [21/Jun/2026:21:03:49 +0200] "HEAD /blog/ HTTP/1.1" 404 - "-" "Mozilla/5.0 (iPhone; CPU iPhone OS 16_7 like Mac OS X) AppleWebKit/605.1.15 (KHTML, like Gecko) Version/16.7 Mobile/15E148 Safari/604.1"
34.73.226.197 - - [21/Jun/2026:21:03:50 +0200] "HEAD /new/ HTTP/1.1" 404 - "-" "Mozilla/5.0 (Linux; Android 11; RMX2195) AppleWebKit/537.36 (KHTML, like Gecko) Chrome/120.0.6099.210 Mobile Safari/537.36 OPR/75.2.3995.72468"
34.73.226.197 - - [21/Jun/2026:21:03:52 +0200] "HEAD /old/ HTTP/1.1" 404 - "-" "Mozilla/5.0 (Linux; Android 14; OnePlus 12) AppleWebKit/537.36 (KHTML, like Gecko) Chrome/125.0.6422.102 Mobile Safari/537.36"
51.68.111.242 - - [21/Jun/2026:21:44:01 +0200] "GET /robots.txt HTTP/1.1" 403 - "-" "Mozilla/5.0 (compatible; MJ12bot/v2.0.5; http://mj12bot.com/)"
49.51.39.209 - - [21/Jun/2026:22:28:13 +0200] "GET / HTTP/1.1" 200 11731 "-" "Mozilla/5.0 (iPhone; CPU iPhone OS 13_2_3 like Mac OS X) AppleWebKit/605.1.15 (KHTML, like Gecko) Version/13.0.3 Mobile/15E148 Safari/604.1"
80.94.95.173 - - [21/Jun/2026:22:58:40 +0200] "GET / HTTP/1.0" 200 11737 "http://elettroservicegroup.it/" "Mozilla/5.0 (Windows NT 10.0; Win64; x64) AppleWebKit/537.36 (KHTML, like Gecko) Chrome/130.0.0.0 Safari/537.36"
172.86.89.205 - - [21/Jun/2026:23:03:08 +0200] "GET /unzipper.php HTTP/1.1" 200 11685 "-" "Python-urllib/2.7"
65.108.235.243 - - [21/Jun/2026:23:07:25 +0200] "POST /wp-cron.php?doing_wp_cron=1782076045.4978270530700683593750 HTTP/1.1" 200 1 "-" "WordPress/7.0; https://elettroservicegroup.it"
103.131.71.103 - - [21/Jun/2026:23:07:18 +0200] "GET /robots.txt HTTP/1.1" 200 126 "-" "Mozilla/5.0 (compatible; coccocbot-web/1.0; +http://help.coccoc.com/searchengine)"
43.159.140.236 - - [21/Jun/2026:23:14:20 +0200] "GET / HTTP/1.1" 200 11696 "-" "Mozilla/5.0 (iPhone; CPU iPhone OS 13_2_3 like Mac OS X) AppleWebKit/605.1.15 (KHTML, like Gecko) Version/13.0.3 Mobile/15E148 Safari/604.1"
65.108.235.243 - - [22/Jun/2026:00:12:02 +0200] "POST /wp-cron.php?doing_wp_cron=1782079922.2099249362945556640625 HTTP/1.1" 200 1 "-" "WordPress/7.0; https://elettroservicegroup.it"
159.138.83.198 - - [22/Jun/2026:00:11:59 +0200] "GET /robots.txt HTTP/2.0" 200 99 "http://elettroservicegroup.it/robots.txt" "Mozilla/5.0 (Macintosh; Intel Mac OS X 10_15_7) AppleWebKit/537.36 (KHTML, like Gecko) Chrome/123.0.0.0 Safari/537.36"
159.138.83.198 - - [22/Jun/2026:00:11:59 +0200] "GET /robots.txt HTTP/1.1" 101 - "http://elettroservicegroup.it/robots.txt" "Mozilla/5.0 (Macintosh; Intel Mac OS X 10_15_7) AppleWebKit/537.36 (KHTML, like Gecko) Chrome/123.0.0.0 Safari/537.36"
65.108.235.243 - - [22/Jun/2026:00:15:51 +0200] "POST /wp-cron.php?doing_wp_cron=1782080151.7872080802917480468750 HTTP/1.1" 200 1 "-" "WordPress/7.0; https://elettroservicegroup.it"
116.204.75.219 - - [22/Jun/2026:00:15:46 +0200] "GET /robots.txt HTTP/2.0" 200 99 "http://elettroservicegroup.it/robots.txt" "Mozilla/5.0 (Macintosh; Intel Mac OS X 10_15_7) AppleWebKit/537.36 (KHTML, like Gecko) Chrome/120.0.0.0 Safari/537.36"
116.204.75.219 - - [22/Jun/2026:00:15:46 +0200] "GET /robots.txt HTTP/1.1" 101 - "http://elettroservicegroup.it/robots.txt" "Mozilla/5.0 (Macintosh; Intel Mac OS X 10_15_7) AppleWebKit/537.36 (KHTML, like Gecko) Chrome/120.0.0.0 Safari/537.36"
139.155.134.17 - - [22/Jun/2026:00:17:01 +0200] "GET / HTTP/1.1" 200 11711 "-" "Mozilla/5.0 (iPhone; CPU iPhone OS 13_2_3 like Mac OS X) AppleWebKit/605.1.15 (KHTML, like Gecko) Version/13.0.3 Mobile/15E148 Safari/604.1"
62.60.130.223 - - [22/Jun/2026:00:27:05 +0200] "GET /images/images/cache.php HTTP/1.1" 200 11737 "www.google.com" "Mozlila/5.0 (Linux; Android 7.0; SM-G892A Bulid/NRD90M; wv) AppleWebKit/537.36 (KHTML, like Gecko) Version/4.0 Chrome/60.0.3112.107 Moblie Safari/537.36"
157.173.102.12 - - [22/Jun/2026:01:34:22 +0200] "GET /wp-admin/ HTTP/1.1" 200 11787 "-" "Mozilla/5.0 (Windows NT 10.0; Win64; x64) AppleWebKit/537.36 (KHTML, like Gecko) Chrome/120.0.0.0 Safari/537.36"
157.173.102.12 - - [22/Jun/2026:01:34:27 +0200] "GET /wp-admin/css/ HTTP/1.1" 200 11773 "-" "Mozilla/5.0 (Windows NT 10.0; Win64; x64) AppleWebKit/537.36 (KHTML, like Gecko) Chrome/120.0.0.0 Safari/537.36"
157.173.102.12 - - [22/Jun/2026:01:34:32 +0200] "GET /wp-admin/css/colors/ HTTP/1.1" 200 11767 "-" "Mozilla/5.0 (Windows NT 10.0; Win64; x64) AppleWebKit/537.36 (KHTML, like Gecko) Chrome/120.0.0.0 Safari/537.36"
157.173.102.12 - - [22/Jun/2026:01:34:40 +0200] "GET /wp-admin/css/colors/blue/ HTTP/1.1" 200 11758 "-" "Mozilla/5.0 (Windows NT 10.0; Win64; x64) AppleWebKit/537.36 (KHTML, like Gecko) Chrome/120.0.0.0 Safari/537.36"
157.173.102.12 - - [22/Jun/2026:01:34:43 +0200] "GET /wp-admin/includes/ HTTP/1.1" 200 11813 "-" "Mozilla/5.0 (Windows NT 10.0; Win64; x64) AppleWebKit/537.36 (KHTML, like Gecko) Chrome/120.0.0.0 Safari/537.36"
157.173.102.12 - - [22/Jun/2026:01:34:47 +0200] "GET /wp-admin/maint/ HTTP/1.1" 200 11774 "-" "Mozilla/5.0 (Windows NT 10.0; Win64; x64) AppleWebKit/537.36 (KHTML, like Gecko) Chrome/120.0.0.0 Safari/537.36"
157.173.102.12 - - [22/Jun/2026:01:34:52 +0200] "GET /wp-admin/js/ HTTP/1.1" 200 11727 "-" "Mozilla/5.0 (Windows NT 10.0; Win64; x64) AppleWebKit/537.36 (KHTML, like Gecko) Chrome/120.0.0.0 Safari/537.36"
157.173.102.12 - - [22/Jun/2026:01:34:55 +0200] "GET /wp-admin/js/widgets/ HTTP/1.1" 200 11685 "-" "Mozilla/5.0 (Windows NT 10.0; Win64; x64) AppleWebKit/537.36 (KHTML, like Gecko) Chrome/120.0.0.0 Safari/537.36"
157.173.102.12 - - [22/Jun/2026:01:34:59 +0200] "GET /wp-admin/images/ HTTP/1.1" 200 11746 "-" "Mozilla/5.0 (Windows NT 10.0; Win64; x64) AppleWebKit/537.36 (KHTML, like Gecko) Chrome/120.0.0.0 Safari/537.36"
157.173.102.12 - - [22/Jun/2026:01:35:07 +0200] "GET /wp-admin/network/ HTTP/1.1" 200 11700 "-" "Mozilla/5.0 (Windows NT 10.0; Win64; x64) AppleWebKit/537.36 (KHTML, like Gecko) Chrome/120.0.0.0 Safari/537.36"
157.173.102.12 - - [22/Jun/2026:01:35:10 +0200] "GET /wp-admin/user/ HTTP/1.1" 200 11729 "-" "Mozilla/5.0 (Windows NT 10.0; Win64; x64) AppleWebKit/537.36 (KHTML, like Gecko) Chrome/120.0.0.0 Safari/537.36"
157.173.102.12 - - [22/Jun/2026:01:35:14 +0200] "GET /wp-includes/ HTTP/1.1" 200 11684 "-" "Mozilla/5.0 (Windows NT 10.0; Win64; x64) AppleWebKit/537.36 (KHTML, like Gecko) Chrome/120.0.0.0 Safari/537.36"
157.173.102.12 - - [22/Jun/2026:01:35:21 +0200] "GET /wp-includes/Text/ HTTP/1.1" 200 11831 "-" "Mozilla/5.0 (Windows NT 10.0; Win64; x64) AppleWebKit/537.36 (KHTML, like Gecko) Chrome/120.0.0.0 Safari/537.36"
157.173.102.12 - - [22/Jun/2026:01:35:26 +0200] "GET /wp-includes/Text/Diff/ HTTP/1.1" 200 11662 "-" "Mozilla/5.0 (Windows NT 10.0; Win64; x64) AppleWebKit/537.36 (KHTML, like Gecko) Chrome/120.0.0.0 Safari/537.36"
157.173.102.12 - - [22/Jun/2026:01:35:33 +0200] "GET /wp-includes/css/ HTTP/1.1" 200 11780 "-" "Mozilla/5.0 (Windows NT 10.0; Win64; x64) AppleWebKit/537.36 (KHTML, like Gecko) Chrome/120.0.0.0 Safari/537.36"
157.173.102.12 - - [22/Jun/2026:01:35:35 +0200] "GET /wp-includes/css/dist/ HTTP/1.1" 200 11746 "-" "Mozilla/5.0 (Windows NT 10.0; Win64; x64) AppleWebKit/537.36 (KHTML, like Gecko) Chrome/120.0.0.0 Safari/537.36"
157.173.102.12 - - [22/Jun/2026:01:35:40 +0200] "GET /wp-includes/fonts/ HTTP/1.1" 200 11797 "-" "Mozilla/5.0 (Windows NT 10.0; Win64; x64) AppleWebKit/537.36 (KHTML, like Gecko) Chrome/120.0.0.0 Safari/537.36"
157.173.102.12 - - [22/Jun/2026:01:35:48 +0200] "GET /wp-includes/ID3/ HTTP/1.1" 200 11821 "-" "Mozilla/5.0 (Windows NT 10.0; Win64; x64) AppleWebKit/537.36 (KHTML, like Gecko) Chrome/120.0.0.0 Safari/537.36"
157.173.102.12 - - [22/Jun/2026:01:35:50 +0200] "GET /wp-includes/sitemaps/ HTTP/1.1" 200 11781 "-" "Mozilla/5.0 (Windows NT 10.0; Win64; x64) AppleWebKit/537.36 (KHTML, like Gecko) Chrome/120.0.0.0 Safari/537.36"
157.173.102.12 - - [22/Jun/2026:01:35:54 +0200] "GET /wp-includes/sitemaps/providers/ HTTP/1.1" 200 11712 "-" "Mozilla/5.0 (Windows NT 10.0; Win64; x64) AppleWebKit/537.36 (KHTML, like Gecko) Chrome/120.0.0.0 Safari/537.36"
157.173.102.12 - - [22/Jun/2026:01:36:01 +0200] "GET /wp-includes/IXR/ HTTP/1.1" 200 11715 "-" "Mozilla/5.0 (Windows NT 10.0; Win64; x64) AppleWebKit/537.36 (KHTML, like Gecko) Chrome/120.0.0.0 Safari/537.36"
157.173.102.12 - - [22/Jun/2026:01:36:04 +0200] "GET /wp-includes/images/ HTTP/1.1" 200 11738 "-" "Mozilla/5.0 (Windows NT 10.0; Win64; x64) AppleWebKit/537.36 (KHTML, like Gecko) Chrome/120.0.0.0 Safari/537.36"
157.173.102.12 - - [22/Jun/2026:01:36:07 +0200] "GET /wp-includes/PHPMailer/ HTTP/1.1" 200 11702 "-" "Mozilla/5.0 (Windows NT 10.0; Win64; x64) AppleWebKit/537.36 (KHTML, like Gecko) Chrome/120.0.0.0 Safari/537.36"
157.173.102.12 - - [22/Jun/2026:01:36:13 +0200] "GET /wp-includes/pomo/ HTTP/1.1" 200 11822 "-" "Mozilla/5.0 (Windows NT 10.0; Win64; x64) AppleWebKit/537.36 (KHTML, like Gecko) Chrome/120.0.0.0 Safari/537.36"
157.173.102.12 - - [22/Jun/2026:01:36:16 +0200] "GET /wp-includes/blocks/ HTTP/1.1" 200 11664 "-" "Mozilla/5.0 (Windows NT 10.0; Win64; x64) AppleWebKit/537.36 (KHTML, like Gecko) Chrome/120.0.0.0 Safari/537.36"
157.173.102.12 - - [22/Jun/2026:01:36:21 +0200] "GET /wp-includes/js/ HTTP/1.1" 200 11763 "-" "Mozilla/5.0 (Windows NT 10.0; Win64; x64) AppleWebKit/537.36 (KHTML, like Gecko) Chrome/120.0.0.0 Safari/537.36"
157.173.102.12 - - [22/Jun/2026:01:36:25 +0200] "GET /wp-includes/js/codemirror/ HTTP/1.1" 200 11752 "-" "Mozilla/5.0 (Windows NT 10.0; Win64; x64) AppleWebKit/537.36 (KHTML, like Gecko) Chrome/120.0.0.0 Safari/537.36"
157.173.102.12 - - [22/Jun/2026:01:36:29 +0200] "GET /wp-includes/js/plupload/ HTTP/1.1" 200 11845 "-" "Mozilla/5.0 (Windows NT 10.0; Win64; x64) AppleWebKit/537.36 (KHTML, like Gecko) Chrome/120.0.0.0 Safari/537.36"
157.173.102.12 - - [22/Jun/2026:01:36:33 +0200] "GET /wp-includes/widgets/ HTTP/1.1" 200 11770 "-" "Mozilla/5.0 (Windows NT 10.0; Win64; x64) AppleWebKit/537.36 (KHTML, like Gecko) Chrome/120.0.0.0 Safari/537.36"
157.173.102.12 - - [22/Jun/2026:01:36:38 +0200] "GET /wp-content/ HTTP/1.1" 200 11638 "-" "Mozilla/5.0 (Windows NT 10.0; Win64; x64) AppleWebKit/537.36 (KHTML, like Gecko) Chrome/120.0.0.0 Safari/537.36"
157.173.102.12 - - [22/Jun/2026:01:36:42 +0200] "GET /wp-content/languages/ HTTP/1.1" 200 11689 "-" "Mozilla/5.0 (Windows NT 10.0; Win64; x64) AppleWebKit/537.36 (KHTML, like Gecko) Chrome/120.0.0.0 Safari/537.36"
157.173.102.12 - - [22/Jun/2026:01:36:46 +0200] "GET /wp-content/IXR/ HTTP/1.1" 200 11789 "-" "Mozilla/5.0 (Windows NT 10.0; Win64; x64) AppleWebKit/537.36 (KHTML, like Gecko) Chrome/120.0.0.0 Safari/537.36"
157.173.102.12 - - [22/Jun/2026:01:36:52 +0200] "GET /wp-content/uploads/ HTTP/1.1" 200 11808 "-" "Mozilla/5.0 (Windows NT 10.0; Win64; x64) AppleWebKit/537.36 (KHTML, like Gecko) Chrome/120.0.0.0 Safari/537.36"
157.173.102.12 - - [22/Jun/2026:01:36:55 +0200] "GET /wp-content/upgrade/ HTTP/1.1" 200 11739 "-" "Mozilla/5.0 (Windows NT 10.0; Win64; x64) AppleWebKit/537.36 (KHTML, like Gecko) Chrome/120.0.0.0 Safari/537.36"
157.173.102.12 - - [22/Jun/2026:01:36:58 +0200] "GET /wp-content/plugins/ HTTP/1.1" 200 11784 "-" "Mozilla/5.0 (Windows NT 10.0; Win64; x64) AppleWebKit/537.36 (KHTML, like Gecko) Chrome/120.0.0.0 Safari/537.36"
157.173.102.12 - - [22/Jun/2026:01:37:04 +0200] "GET /wp-content/themes/ HTTP/1.1" 200 11666 "-" "Mozilla/5.0 (Windows NT 10.0; Win64; x64) AppleWebKit/537.36 (KHTML, like Gecko) Chrome/120.0.0.0 Safari/537.36"
157.173.102.12 - - [22/Jun/2026:01:37:07 +0200] "GET /.well-known/ HTTP/1.1" 200 11794 "-" "Mozilla/5.0 (Windows NT 10.0; Win64; x64) AppleWebKit/537.36 (KHTML, like Gecko) Chrome/120.0.0.0 Safari/537.36"
157.173.102.12 - - [22/Jun/2026:01:37:16 +0200] "GET /files/ HTTP/1.1" 200 11754 "-" "Mozilla/5.0 (Windows NT 10.0; Win64; x64) AppleWebKit/537.36 (KHTML, like Gecko) Chrome/120.0.0.0 Safari/537.36"
157.173.102.12 - - [22/Jun/2026:01:37:18 +0200] "GET /file/ HTTP/1.1" 200 11783 "-" "Mozilla/5.0 (Windows NT 10.0; Win64; x64) AppleWebKit/537.36 (KHTML, like Gecko) Chrome/120.0.0.0 Safari/537.36"
157.173.102.12 - - [22/Jun/2026:01:37:21 +0200] "GET /images/ HTTP/1.1" 200 11685 "-" "Mozilla/5.0 (Windows NT 10.0; Win64; x64) AppleWebKit/537.36 (KHTML, like Gecko) Chrome/120.0.0.0 Safari/537.36"
157.173.102.12 - - [22/Jun/2026:01:37:25 +0200] "GET /admin/ HTTP/1.1" 200 11834 "-" "Mozilla/5.0 (Windows NT 10.0; Win64; x64) AppleWebKit/537.36 (KHTML, like Gecko) Chrome/120.0.0.0 Safari/537.36"
157.173.102.12 - - [22/Jun/2026:01:37:31 +0200] "GET /cgi-bin/ HTTP/1.1" 200 11736 "-" "Mozilla/5.0 (Windows NT 10.0; Win64; x64) AppleWebKit/537.36 (KHTML, like Gecko) Chrome/120.0.0.0 Safari/537.36"
157.173.102.12 - - [22/Jun/2026:01:37:34 +0200] "GET /.tmb/ HTTP/1.1" 200 11757 "-" "Mozilla/5.0 (Windows NT 10.0; Win64; x64) AppleWebKit/537.36 (KHTML, like Gecko) Chrome/120.0.0.0 Safari/537.36"
179.65.193.82 - - [22/Jun/2026:02:12:26 +0200] "GET / HTTP/1.1" 200 11756 "-" "Mozilla/5.0 (Windows NT 10.0; Win64; x64) AppleWebKit/537.36 (KHTML, like Gecko) Chrome/114.0.0.0 Safari/537.36"
179.65.193.82 - - [22/Jun/2026:02:12:27 +0200] "GET /administrator/ HTTP/1.1" 200 11666 "-" "Mozilla/5.0 (Windows NT 10.0; Win64; x64) AppleWebKit/537.36 (KHTML, like Gecko) Chrome/114.0.0.0 Safari/537.36"
101.33.66.34 - - [22/Jun/2026:02:23:13 +0200] "GET / HTTP/1.1" 200 11731 "-" "Mozilla/5.0 (iPhone; CPU iPhone OS 13_2_3 like Mac OS X) AppleWebKit/605.1.15 (KHTML, like Gecko) Version/13.0.3 Mobile/15E148 Safari/604.1"
101.255.151.205 - - [22/Jun/2026:03:02:36 +0200] "GET /wp-json/wp/v2/posts HTTP/1.1" 200 11785 "-" "Mozilla/5.0 (Windows NT 10.0; Win64; x64) AppleWebKit/537.36 (KHTML, like Gecko) Chrome/120.0.0.0 Safari/537.36"
49.51.204.74 - - [22/Jun/2026:03:20:40 +0200] "GET / HTTP/1.1" 200 11700 "-" "Mozilla/5.0 (iPhone; CPU iPhone OS 13_2_3 like Mac OS X) AppleWebKit/605.1.15 (KHTML, like Gecko) Version/13.0.3 Mobile/15E148 Safari/604.1"
207.241.172.205 - - [22/Jun/2026:04:41:27 +0200] "GET /wp-includes/core.php HTTP/1.1" 403 17006 "-" "Mozlila/5.0 (Linux; Android 7.0; SM-G892A Bulid/NRD90M; wv) AppleWebKit/537.36 (KHTML, like Gecko) Version/4.0 Chrome/60.0.3112.107 Moblie Safari/537.36"
65.108.235.243 - - [22/Jun/2026:04:57:30 +0200] "POST /wp-cron.php?doing_wp_cron=1782097050.1180679798126220703125 HTTP/1.1" 200 1 "-" "WordPress/7.0; https://elettroservicegroup.it"
217.160.202.182 - - [22/Jun/2026:04:57:28 +0200] "GET / HTTP/1.1" 301 - "-" "Mozilla/5.0 (Windows NT 10.0; Win64; x64) AppleWebKit/537.36 (KHTML, like Gecko) Chrome/91.0.4472.114 Safari/537.36 Edg/91.0.864.54"
65.108.235.243 - - [22/Jun/2026:05:01:34 +0200] "POST /wp-cron.php?doing_wp_cron=1782097294.3106830120086669921875 HTTP/1.1" 200 1 "-" "WordPress/7.0; https://elettroservicegroup.it"
207.46.13.229 - - [22/Jun/2026:05:01:25 +0200] "GET /robots.txt HTTP/1.1" 301 1 "-" "Mozilla/5.0 AppleWebKit/537.36 (KHTML, like Gecko; compatible; bingbot/2.0; +http://www.bing.com/bingbot.htm) Chrome/116.0.1938.76 Safari/537.36"
207.46.13.229 - - [22/Jun/2026:05:01:35 +0200] "GET /robots.txt HTTP/1.1" 200 99 "-" "Mozilla/5.0 AppleWebKit/537.36 (KHTML, like Gecko; compatible; bingbot/2.0; +http://www.bing.com/bingbot.htm) Chrome/116.0.1938.76 Safari/537.36"
52.167.144.177 - - [22/Jun/2026:05:01:40 +0200] "GET / HTTP/1.1" 301 1 "-" "Mozilla/5.0 AppleWebKit/537.36 (KHTML, like Gecko; compatible; bingbot/2.0; +http://www.bing.com/bingbot.htm) Chrome/116.0.1938.76 Safari/537.36"
65.108.235.243 - - [22/Jun/2026:05:03:33 +0200] "POST /wp-cron.php?doing_wp_cron=1782097413.1032741069793701171875 HTTP/1.1" 200 1 "-" "WordPress/7.0; https://elettroservicegroup.it"
45.61.187.30 - - [22/Jun/2026:05:03:26 +0200] "POST / HTTP/1.1" 301 - "-" "python-requests/2.34.2"
124.83.99.145 - - [22/Jun/2026:05:16:31 +0200] "GET /wp-json/wp/v2/posts HTTP/1.1" 200 11789 "-" "Mozilla/5.0 (Windows NT 10.0; Win64; x64) AppleWebKit/537.36 (KHTML, like Gecko) Chrome/120.0.0.0 Safari/537.36"
122.51.236.174 - - [22/Jun/2026:05:35:56 +0200] "GET / HTTP/1.1" 200 11776 "-" "Mozilla/5.0 (iPhone; CPU iPhone OS 13_2_3 like Mac OS X) AppleWebKit/605.1.15 (KHTML, like Gecko) Version/13.0.3 Mobile/15E148 Safari/604.1"
65.108.235.243 - - [22/Jun/2026:05:47:40 +0200] "POST /wp-cron.php?doing_wp_cron=1782100060.0158350467681884765625 HTTP/1.1" 200 1 "-" "WordPress/7.0; https://elettroservicegroup.it"
23.94.232.146 - - [22/Jun/2026:05:47:33 +0200] "GET / HTTP/1.1" 301 - "-" "Mozilla/5.0 (X11; Linux i686) Gecko/20101919 Firefox/121.0"
47.237.203.255 - - [22/Jun/2026:05:59:28 +0200] "GET /wp-json/wp/v2/posts HTTP/1.1" 200 11701 "-" "Mozilla/5.0 (Windows NT 10.0; Win64; x64) AppleWebKit/537.36 (KHTML, like Gecko) Chrome/120.0.0.0 Safari/537.36"
65.108.235.243 - - [22/Jun/2026:06:03:18 +0200] "POST /wp-cron.php?doing_wp_cron=1782100998.9027359485626220703125 HTTP/1.1" 200 1 "-" "WordPress/7.0; https://elettroservicegroup.it"
213.209.159.113 - - [22/Jun/2026:06:03:06 +0200] "GET /.git/config HTTP/1.1" 404 83599 "-" "Mozilla/5.0 (compatible; GitFinder/1.0)"
172.86.89.205 - - [22/Jun/2026:06:34:29 +0200] "GET /wp-config.php_ HTTP/1.1" 200 11730 "-" "Python-urllib/2.7"
43.166.246.180 - - [22/Jun/2026:06:44:41 +0200] "GET / HTTP/1.1" 200 11706 "-" "Mozilla/5.0 (iPhone; CPU iPhone OS 13_2_3 like Mac OS X) AppleWebKit/605.1.15 (KHTML, like Gecko) Version/13.0.3 Mobile/15E148 Safari/604.1"
64.89.160.167 - - [22/Jun/2026:07:31:07 +0200] "GET /assets/js/elfinder/php/connector.php HTTP/1.1" 403 17006 "-" "ALittle Client"
43.157.38.131 - - [22/Jun/2026:07:37:30 +0200] "GET / HTTP/1.1" 200 11660 "-" "Mozilla/5.0 (iPhone; CPU iPhone OS 13_2_3 like Mac OS X) AppleWebKit/605.1.15 (KHTML, like Gecko) Version/13.0.3 Mobile/15E148 Safari/604.1"
103.131.71.230 - - [22/Jun/2026:07:43:20 +0200] "GET /robots.txt HTTP/1.1" 200 126 "-" "Mozilla/5.0 (compatible; coccocbot-web/1.0; +http://help.coccoc.com/searchengine)"
65.108.235.243 - - [22/Jun/2026:07:49:15 +0200] "POST /wp-cron.php?doing_wp_cron=1782107355.8181140422821044921875 HTTP/1.1" 200 1 "-" "WordPress/7.0; https://elettroservicegroup.it"
45.61.187.30 - - [22/Jun/2026:07:49:11 +0200] "POST / HTTP/1.1" 301 - "-" "python-requests/2.34.2"
104.197.69.115 - - [22/Jun/2026:08:07:24 +0200] "GET / HTTP/1.1" 200 11748 "-" "Mozilla/5.0 (X11; Linux x86_64) AppleWebKit/537.36 (KHTML, like Gecko) Chrome/125.0.0.0 Safari/537.36"
65.108.235.243 - - [22/Jun/2026:08:07:28 +0200] "POST /wp-cron.php?doing_wp_cron=1782108448.0903530120849609375000 HTTP/1.1" 200 1 "-" "WordPress/7.0; https://elettroservicegroup.it"
34.123.170.104 - - [22/Jun/2026:08:07:25 +0200] "GET /z0f76a1d14fd21a8fb5fd0d03e0fdc3d3cedae52f?wsidchk=10131819&pdata=http%253A%252F%252Felettroservicegroup.it&id=7fa3b767c460b54a2be4d49030b349c7&ts=1782108444 HTTP/1.1" 404 83678 "http://elettroservicegroup.it/" "Mozilla/5.0 (X11; Linux x86_64) AppleWebKit/537.36 (KHTML, like Gecko) Chrome/125.0.0.0 Safari/537.36"
34.123.170.104 - - [22/Jun/2026:08:07:29 +0200] "GET / HTTP/1.1" 200 11776 "http://elettroservicegroup.it/" "Mozilla/5.0 (X11; Linux x86_64) AppleWebKit/537.36 (KHTML, like Gecko) Chrome/125.0.0.0 Safari/537.36"
34.72.176.129 - - [22/Jun/2026:08:07:32 +0200] "GET /z0f76a1d14fd21a8fb5fd0d03e0fdc3d3cedae52f?wsidchk=6775966&pdata=http%253A%252F%252Felettroservicegroup.it&id=7fa3b767c460b54a2be4d49030b349c7&ts=1782108449 HTTP/1.1" 404 83678 "http://elettroservicegroup.it/" "Mozilla/5.0 (X11; Linux x86_64) AppleWebKit/537.36 (KHTML, like Gecko) Chrome/125.0.0.0 Safari/537.36"
34.72.176.129 - - [22/Jun/2026:08:07:36 +0200] "GET / HTTP/1.1" 200 11767 "http://elettroservicegroup.it/" "Mozilla/5.0 (X11; Linux x86_64) AppleWebKit/537.36 (KHTML, like Gecko) Chrome/125.0.0.0 Safari/537.36"
34.122.147.229 - - [22/Jun/2026:08:07:38 +0200] "GET /z0f76a1d14fd21a8fb5fd0d03e0fdc3d3cedae52f?wsidchk=7444377&pdata=http%253A%252F%252Felettroservicegroup.it&id=7fa3b767c460b54a2be4d49030b349c7&ts=1782108456 HTTP/1.1" 404 83678 "http://elettroservicegroup.it/" "Mozilla/5.0 (X11; Linux x86_64) AppleWebKit/537.36 (KHTML, like Gecko) Chrome/125.0.0.0 Safari/537.36"
34.123.170.104 - - [22/Jun/2026:08:07:41 +0200] "GET / HTTP/1.1" 200 11708 "http://elettroservicegroup.it/" "Mozilla/5.0 (X11; Linux x86_64) AppleWebKit/537.36 (KHTML, like Gecko) Chrome/125.0.0.0 Safari/537.36"
104.197.69.115 - - [22/Jun/2026:08:07:42 +0200] "GET /z0f76a1d14fd21a8fb5fd0d03e0fdc3d3cedae52f?wsidchk=7115668&pdata=http%253A%252F%252Felettroservicegroup.it&id=7fa3b767c460b54a2be4d49030b349c7&ts=1782108461 HTTP/1.1" 404 83678 "http://elettroservicegroup.it/" "Mozilla/5.0 (X11; Linux x86_64) AppleWebKit/537.36 (KHTML, like Gecko) Chrome/125.0.0.0 Safari/537.36"
34.123.170.104 - - [22/Jun/2026:08:07:46 +0200] "GET / HTTP/1.1" 200 11732 "http://elettroservicegroup.it/" "Mozilla/5.0 (X11; Linux x86_64) AppleWebKit/537.36 (KHTML, like Gecko) Chrome/125.0.0.0 Safari/537.36"
104.197.69.115 - - [22/Jun/2026:08:07:47 +0200] "GET /z0f76a1d14fd21a8fb5fd0d03e0fdc3d3cedae52f?wsidchk=10196075&pdata=http%253A%252F%252Felettroservicegroup.it&id=7fa3b767c460b54a2be4d49030b349c7&ts=1782108466 HTTP/1.1" 404 83678 "http://elettroservicegroup.it/" "Mozilla/5.0 (X11; Linux x86_64) AppleWebKit/537.36 (KHTML, like Gecko) Chrome/125.0.0.0 Safari/537.36"
34.123.170.104 - - [22/Jun/2026:08:07:50 +0200] "GET /wp-content/plugins/header-footer-elementor/inc/widgets-css/frontend.css?ver=2.8.8 HTTP/1.1" 200 11806 "http://elettroservicegroup.it/z0f76a1d14fd21a8fb5fd0d03e0fdc3d3cedae52f?wsidchk=10196075&pdata=http%253A%252F%252Felettroservicegroup.it&id=7fa3b767c460b54a2be4d49030b349c7&ts=1782108466" "Mozilla/5.0 (X11; Linux x86_64) AppleWebKit/537.36 (KHTML, like Gecko) Chrome/125.0.0.0 Safari/537.36"
34.72.176.129 - - [22/Jun/2026:08:07:50 +0200] "GET /wp-includes/css/dist/block-library/style.min.css?ver=7.0 HTTP/1.1" 200 11782 "http://elettroservicegroup.it/z0f76a1d14fd21a8fb5fd0d03e0fdc3d3cedae52f?wsidchk=10196075&pdata=http%253A%252F%252Felettroservicegroup.it&id=7fa3b767c460b54a2be4d49030b349c7&ts=1782108466" "Mozilla/5.0 (X11; Linux x86_64) AppleWebKit/537.36 (KHTML, like Gecko) Chrome/125.0.0.0 Safari/537.36"
104.197.69.115 - - [22/Jun/2026:08:07:50 +0200] "GET /wp-content/plugins/all-in-one-seo-pack/dist/Lite/assets/css/table-of-contents/global.e90f6d47.css?ver=4.9.8 HTTP/1.1" 200 11797 "http://elettroservicegroup.it/z0f76a1d14fd21a8fb5fd0d03e0fdc3d3cedae52f?wsidchk=10196075&pdata=http%253A%252F%252Felettroservicegroup.it&id=7fa3b767c460b54a2be4d49030b349c7&ts=1782108466" "Mozilla/5.0 (X11; Linux x86_64) AppleWebKit/537.36 (KHTML, like Gecko) Chrome/125.0.0.0 Safari/537.36"
104.197.69.115 - - [22/Jun/2026:08:07:50 +0200] "GET /wp-content/plugins/complianz-gdpr-premium/assets/css/cookieblocker.min.css?ver=1781535054 HTTP/1.1" 200 11773 "http://elettroservicegroup.it/z0f76a1d14fd21a8fb5fd0d03e0fdc3d3cedae52f?wsidchk=10196075&pdata=http%253A%252F%252Felettroservicegroup.it&id=7fa3b767c460b54a2be4d49030b349c7&ts=1782108466" "Mozilla/5.0 (X11; Linux x86_64) AppleWebKit/537.36 (KHTML, like Gecko) Chrome/125.0.0.0 Safari/537.36"
34.123.170.104 - - [22/Jun/2026:08:07:51 +0200] "GET /wp-content/plugins/header-footer-elementor/assets/css/header-footer-elementor.css?ver=2.8.8 HTTP/1.1" 200 11836 "http://elettroservicegroup.it/z0f76a1d14fd21a8fb5fd0d03e0fdc3d3cedae52f?wsidchk=10196075&pdata=http%253A%252F%252Felettroservicegroup.it&id=7fa3b767c460b54a2be4d49030b349c7&ts=1782108466" "Mozilla/5.0 (X11; Linux x86_64) AppleWebKit/537.36 (KHTML, like Gecko) Chrome/125.0.0.0 Safari/537.36"
34.123.170.104 - - [22/Jun/2026:08:07:51 +0200] "GET /wp-content/plugins/elementor/assets/lib/eicons/css/elementor-icons.min.css?ver=5.49.0 HTTP/1.1" 200 11834 "http://elettroservicegroup.it/z0f76a1d14fd21a8fb5fd0d03e0fdc3d3cedae52f?wsidchk=10196075&pdata=http%253A%252F%252Felettroservicegroup.it&id=7fa3b767c460b54a2be4d49030b349c7&ts=1782108466" "Mozilla/5.0 (X11; Linux x86_64) AppleWebKit/537.36 (KHTML, like Gecko) Chrome/125.0.0.0 Safari/537.36"
34.123.170.104 - - [22/Jun/2026:08:07:51 +0200] "GET /wp-content/plugins/elementor/assets/css/frontend.min.css?ver=4.1.3 HTTP/1.1" 200 11811 "http://elettroservicegroup.it/z0f76a1d14fd21a8fb5fd0d03e0fdc3d3cedae52f?wsidchk=10196075&pdata=http%253A%252F%252Felettroservicegroup.it&id=7fa3b767c460b54a2be4d49030b349c7&ts=1782108466" "Mozilla/5.0 (X11; Linux x86_64) AppleWebKit/537.36 (KHTML, like Gecko) Chrome/125.0.0.0 Safari/537.36"
34.122.147.229 - - [22/Jun/2026:08:07:51 +0200] "GET /wp-content/uploads/elementor/css/post-14146.css?ver=1781752608 HTTP/1.1" 200 11829 "http://elettroservicegroup.it/z0f76a1d14fd21a8fb5fd0d03e0fdc3d3cedae52f?wsidchk=10196075&pdata=http%253A%252F%252Felettroservicegroup.it&id=7fa3b767c460b54a2be4d49030b349c7&ts=1782108466" "Mozilla/5.0 (X11; Linux x86_64) AppleWebKit/537.36 (KHTML, like Gecko) Chrome/125.0.0.0 Safari/537.36"
34.122.147.229 - - [22/Jun/2026:08:07:51 +0200] "GET /wp-content/plugins/elementor/assets/lib/font-awesome/css/all.min.css?ver=4.1.3 HTTP/1.1" 200 11851 "http://elettroservicegroup.it/z0f76a1d14fd21a8fb5fd0d03e0fdc3d3cedae52f?wsidchk=10196075&pdata=http%253A%252F%252Felettroservicegroup.it&id=7fa3b767c460b54a2be4d49030b349c7&ts=1782108466" "Mozilla/5.0 (X11; Linux x86_64) AppleWebKit/537.36 (KHTML, like Gecko) Chrome/125.0.0.0 Safari/537.36"
104.197.69.115 - - [22/Jun/2026:08:07:51 +0200] "GET /wp-content/uploads/elementor/css/post-14366.css?ver=1781752608 HTTP/1.1" 200 11784 "http://elettroservicegroup.it/z0f76a1d14fd21a8fb5fd0d03e0fdc3d3cedae52f?wsidchk=10196075&pdata=http%253A%252F%252Felettroservicegroup.it&id=7fa3b767c460b54a2be4d49030b349c7&ts=1782108466" "Mozilla/5.0 (X11; Linux x86_64) AppleWebKit/537.36 (KHTML, like Gecko) Chrome/125.0.0.0 Safari/537.36"
34.122.147.229 - - [22/Jun/2026:08:07:51 +0200] "GET /wp-content/themes/generatepress/assets/css/main.min.css?ver=3.6.1 HTTP/1.1" 200 11834 "http://elettroservicegroup.it/z0f76a1d14fd21a8fb5fd0d03e0fdc3d3cedae52f?wsidchk=10196075&pdata=http%253A%252F%252Felettroservicegroup.it&id=7fa3b767c460b54a2be4d49030b349c7&ts=1782108466" "Mozilla/5.0 (X11; Linux x86_64) AppleWebKit/537.36 (KHTML, like Gecko) Chrome/125.0.0.0 Safari/537.36"
34.72.176.129 - - [22/Jun/2026:08:07:51 +0200] "GET /wp-content/plugins/elementor/assets/lib/eicons/css/elementor-icons.min.css?ver=5.34.0 HTTP/1.1" 200 11823 "http://elettroservicegroup.it/z0f76a1d14fd21a8fb5fd0d03e0fdc3d3cedae52f?wsidchk=10196075&pdata=http%253A%252F%252Felettroservicegroup.it&id=7fa3b767c460b54a2be4d49030b349c7&ts=1782108466" "Mozilla/5.0 (X11; Linux x86_64) AppleWebKit/537.36 (KHTML, like Gecko) Chrome/125.0.0.0 Safari/537.36"
34.122.147.229 - - [22/Jun/2026:08:07:51 +0200] "GET /wp-content/plugins/elementor/assets/css/widget-icon-list.min.css?ver=3.24.3 HTTP/1.1" 200 11844 "http://elettroservicegroup.it/z0f76a1d14fd21a8fb5fd0d03e0fdc3d3cedae52f?wsidchk=10196075&pdata=http%253A%252F%252Felettroservicegroup.it&id=7fa3b767c460b54a2be4d49030b349c7&ts=1782108466" "Mozilla/5.0 (X11; Linux x86_64) AppleWebKit/537.36 (KHTML, like Gecko) Chrome/125.0.0.0 Safari/537.36"
34.72.176.129 - - [22/Jun/2026:08:07:51 +0200] "GET /wp-content/plugins/elementor/assets/css/widget-social-icons.min.css?ver=3.24.0 HTTP/1.1" 200 11812 "http://elettroservicegroup.it/z0f76a1d14fd21a8fb5fd0d03e0fdc3d3cedae52f?wsidchk=10196075&pdata=http%253A%252F%252Felettroservicegroup.it&id=7fa3b767c460b54a2be4d49030b349c7&ts=1782108466" "Mozilla/5.0 (X11; Linux x86_64) AppleWebKit/537.36 (KHTML, like Gecko) Chrome/125.0.0.0 Safari/537.36"
34.122.147.229 - - [22/Jun/2026:08:07:51 +0200] "GET /wp-content/plugins/elementor/assets/lib/font-awesome/css/brands.css?ver=5.15.3 HTTP/1.1" 200 11851 "http://elettroservicegroup.it/z0f76a1d14fd21a8fb5fd0d03e0fdc3d3cedae52f?wsidchk=10196075&pdata=http%253A%252F%252Felettroservicegroup.it&id=7fa3b767c460b54a2be4d49030b349c7&ts=1782108466" "Mozilla/5.0 (X11; Linux x86_64) AppleWebKit/537.36 (KHTML, like Gecko) Chrome/125.0.0.0 Safari/537.36"
34.72.176.129 - - [22/Jun/2026:08:07:52 +0200] "GET /wp-content/plugins/elementor/assets/lib/font-awesome/css/fontawesome.css?ver=5.15.3 HTTP/1.1" 200 11688 "http://elettroservicegroup.it/z0f76a1d14fd21a8fb5fd0d03e0fdc3d3cedae52f?wsidchk=10196075&pdata=http%253A%252F%252Felettroservicegroup.it&id=7fa3b767c460b54a2be4d49030b349c7&ts=1782108466" "Mozilla/5.0 (X11; Linux x86_64) AppleWebKit/537.36 (KHTML, like Gecko) Chrome/125.0.0.0 Safari/537.36"
104.197.69.115 - - [22/Jun/2026:08:07:52 +0200] "GET /wp-content/plugins/elementor/assets/lib/font-awesome/css/solid.css?ver=5.15.3 HTTP/1.1" 200 11830 "http://elettroservicegroup.it/z0f76a1d14fd21a8fb5fd0d03e0fdc3d3cedae52f?wsidchk=10196075&pdata=http%253A%252F%252Felettroservicegroup.it&id=7fa3b767c460b54a2be4d49030b349c7&ts=1782108466" "Mozilla/5.0 (X11; Linux x86_64) AppleWebKit/537.36 (KHTML, like Gecko) Chrome/125.0.0.0 Safari/537.36"
34.123.170.104 - - [22/Jun/2026:08:07:52 +0200] "GET /wp-content/plugins/gp-premium/blog/functions/css/featured-images.min.css?ver=2.5.5 HTTP/1.1" 200 11833 "http://elettroservicegroup.it/z0f76a1d14fd21a8fb5fd0d03e0fdc3d3cedae52f?wsidchk=10196075&pdata=http%253A%252F%252Felettroservicegroup.it&id=7fa3b767c460b54a2be4d49030b349c7&ts=1782108466" "Mozilla/5.0 (X11; Linux x86_64) AppleWebKit/537.36 (KHTML, like Gecko) Chrome/125.0.0.0 Safari/537.36"
34.72.176.129 - - [22/Jun/2026:08:07:52 +0200] "GET /wp-content/plugins/gp-premium/menu-plus/functions/css/navigation-branding-flex.min.css?ver=2.5.5 HTTP/1.1" 200 11699 "http://elettroservicegroup.it/z0f76a1d14fd21a8fb5fd0d03e0fdc3d3cedae52f?wsidchk=10196075&pdata=http%253A%252F%252Felettroservicegroup.it&id=7fa3b767c460b54a2be4d49030b349c7&ts=1782108466" "Mozilla/5.0 (X11; Linux x86_64) AppleWebKit/537.36 (KHTML, like Gecko) Chrome/125.0.0.0 Safari/537.36"
34.122.147.229 - - [22/Jun/2026:08:07:52 +0200] "GET /wp-content/plugins/elementor/assets/lib/font-awesome/css/v4-shims.min.css?ver=4.1.3 HTTP/1.1" 200 11729 "http://elettroservicegroup.it/z0f76a1d14fd21a8fb5fd0d03e0fdc3d3cedae52f?wsidchk=10196075&pdata=http%253A%252F%252Felettroservicegroup.it&id=7fa3b767c460b54a2be4d49030b349c7&ts=1782108466" "Mozilla/5.0 (X11; Linux x86_64) AppleWebKit/537.36 (KHTML, like Gecko) Chrome/125.0.0.0 Safari/537.36"
34.72.176.129 - - [22/Jun/2026:08:07:52 +0200] "GET /wp-content/plugins/complianz-gdpr-premium/DNSMPD/script.min.js?ver=1781535056 HTTP/1.1" 404 87721 "http://elettroservicegroup.it/z0f76a1d14fd21a8fb5fd0d03e0fdc3d3cedae52f?wsidchk=10196075&pdata=http%253A%252F%252Felettroservicegroup.it&id=7fa3b767c460b54a2be4d49030b349c7&ts=1782108466" "Mozilla/5.0 (X11; Linux x86_64) AppleWebKit/537.36 (KHTML, like Gecko) Chrome/125.0.0.0 Safari/537.36"
34.123.170.104 - - [22/Jun/2026:08:07:52 +0200] "GET /wp-includes/js/jquery/jquery.min.js?ver=3.7.1 HTTP/1.1" 404 87525 "http://elettroservicegroup.it/z0f76a1d14fd21a8fb5fd0d03e0fdc3d3cedae52f?wsidchk=10196075&pdata=http%253A%252F%252Felettroservicegroup.it&id=7fa3b767c460b54a2be4d49030b349c7&ts=1782108466" "Mozilla/5.0 (X11; Linux x86_64) AppleWebKit/537.36 (KHTML, like Gecko) Chrome/125.0.0.0 Safari/537.36"
34.122.147.229 - - [22/Jun/2026:08:07:52 +0200] "GET /wp-content/plugins/elementor/assets/lib/font-awesome/js/v4-shims.min.js?ver=4.1.3 HTTP/1.1" 404 87805 "http://elettroservicegroup.it/z0f76a1d14fd21a8fb5fd0d03e0fdc3d3cedae52f?wsidchk=10196075&pdata=http%253A%252F%252Felettroservicegroup.it&id=7fa3b767c460b54a2be4d49030b349c7&ts=1782108466" "Mozilla/5.0 (X11; Linux x86_64) AppleWebKit/537.36 (KHTML, like Gecko) Chrome/125.0.0.0 Safari/537.36"
34.122.147.229 - - [22/Jun/2026:08:07:52 +0200] "GET /wp-includes/js/jquery/jquery-migrate.min.js?ver=3.4.1 HTTP/1.1" 404 87581 "http://elettroservicegroup.it/z0f76a1d14fd21a8fb5fd0d03e0fdc3d3cedae52f?wsidchk=10196075&pdata=http%253A%252F%252Felettroservicegroup.it&id=7fa3b767c460b54a2be4d49030b349c7&ts=1782108466" "Mozilla/5.0 (X11; Linux x86_64) AppleWebKit/537.36 (KHTML, like Gecko) Chrome/125.0.0.0 Safari/537.36"
104.197.69.115 - - [22/Jun/2026:08:07:52 +0200] "GET /wp-content/plugins/gp-premium/menu-plus/functions/js/sticky.min.js?ver=2.5.5 HTTP/1.1" 404 87763 "http://elettroservicegroup.it/z0f76a1d14fd21a8fb5fd0d03e0fdc3d3cedae52f?wsidchk=10196075&pdata=http%253A%252F%252Felettroservicegroup.it&id=7fa3b767c460b54a2be4d49030b349c7&ts=1782108466" "Mozilla/5.0 (X11; Linux x86_64) AppleWebKit/537.36 (KHTML, like Gecko) Chrome/125.0.0.0 Safari/537.36"
34.122.147.229 - - [22/Jun/2026:08:07:56 +0200] "GET /wp-content/themes/generatepress/assets/js/menu.min.js?ver=3.6.1 HTTP/1.1" 404 87665 "http://elettroservicegroup.it/z0f76a1d14fd21a8fb5fd0d03e0fdc3d3cedae52f?wsidchk=10196075&pdata=http%253A%252F%252Felettroservicegroup.it&id=7fa3b767c460b54a2be4d49030b349c7&ts=1782108466" "Mozilla/5.0 (X11; Linux x86_64) AppleWebKit/537.36 (KHTML, like Gecko) Chrome/125.0.0.0 Safari/537.36"
65.108.235.243 - - [22/Jun/2026:08:08:00 +0200] "POST /wp-cron.php?doing_wp_cron=1782108480.0055189132690429687500 HTTP/1.1" 200 1 "-" "WordPress/7.0; https://elettroservicegroup.it"
104.197.69.115 - - [22/Jun/2026:08:07:56 +0200] "GET /wp-content/themes/generatepress/assets/js/back-to-top.min.js?ver=3.6.1 HTTP/1.1" 404 87714 "http://elettroservicegroup.it/z0f76a1d14fd21a8fb5fd0d03e0fdc3d3cedae52f?wsidchk=10196075&pdata=http%253A%252F%252Felettroservicegroup.it&id=7fa3b767c460b54a2be4d49030b349c7&ts=1782108466" "Mozilla/5.0 (X11; Linux x86_64) AppleWebKit/537.36 (KHTML, like Gecko) Chrome/125.0.0.0 Safari/537.36"
34.122.147.229 - - [22/Jun/2026:08:07:56 +0200] "GET /wp-includes/js/jquery/ui/core.min.js?ver=1.13.3 HTTP/1.1" 404 87539 "http://elettroservicegroup.it/z0f76a1d14fd21a8fb5fd0d03e0fdc3d3cedae52f?wsidchk=10196075&pdata=http%253A%252F%252Felettroservicegroup.it&id=7fa3b767c460b54a2be4d49030b349c7&ts=1782108466" "Mozilla/5.0 (X11; Linux x86_64) AppleWebKit/537.36 (KHTML, like Gecko) Chrome/125.0.0.0 Safari/537.36"
34.72.176.129 - - [22/Jun/2026:08:07:56 +0200] "GET /wp-content/plugins/elementor/assets/js/frontend.min.js?ver=4.1.3 HTTP/1.1" 404 87672 "http://elettroservicegroup.it/z0f76a1d14fd21a8fb5fd0d03e0fdc3d3cedae52f?wsidchk=10196075&pdata=http%253A%252F%252Felettroservicegroup.it&id=7fa3b767c460b54a2be4d49030b349c7&ts=1782108466" "Mozilla/5.0 (X11; Linux x86_64) AppleWebKit/537.36 (KHTML, like Gecko) Chrome/125.0.0.0 Safari/537.36"
34.122.147.229 - - [22/Jun/2026:08:07:56 +0200] "GET /wp-content/plugins/elementor/assets/js/frontend-modules.min.js?ver=4.1.3 HTTP/1.1" 404 87728 "http://elettroservicegroup.it/z0f76a1d14fd21a8fb5fd0d03e0fdc3d3cedae52f?wsidchk=10196075&pdata=http%253A%252F%252Felettroservicegroup.it&id=7fa3b767c460b54a2be4d49030b349c7&ts=1782108466" "Mozilla/5.0 (X11; Linux x86_64) AppleWebKit/537.36 (KHTML, like Gecko) Chrome/125.0.0.0 Safari/537.36"
34.123.170.104 - - [22/Jun/2026:08:07:56 +0200] "GET /wp-content/plugins/elementor/assets/js/webpack.runtime.min.js?ver=4.1.3 HTTP/1.1" 404 87721 "http://elettroservicegroup.it/z0f76a1d14fd21a8fb5fd0d03e0fdc3d3cedae52f?wsidchk=10196075&pdata=http%253A%252F%252Felettroservicegroup.it&id=7fa3b767c460b54a2be4d49030b349c7&ts=1782108466" "Mozilla/5.0 (X11; Linux x86_64) AppleWebKit/537.36 (KHTML, like Gecko) Chrome/125.0.0.0 Safari/537.36"
34.122.147.229 - - [22/Jun/2026:08:07:59 +0200] "GET /wp-content/plugins/google-analytics-for-wordpress/assets/js/frontend-gtag.min.js?ver=10.2.2 HTTP/1.1" 404 87854 "http://elettroservicegroup.it/z0f76a1d14fd21a8fb5fd0d03e0fdc3d3cedae52f?wsidchk=10196075&pdata=http%253A%252F%252Felettroservicegroup.it&id=7fa3b767c460b54a2be4d49030b349c7&ts=1782108466" "Mozilla/5.0 (X11; Linux x86_64) AppleWebKit/537.36 (KHTML, like Gecko) Chrome/125.0.0.0 Safari/537.36"
104.197.69.115 - - [22/Jun/2026:08:08:01 +0200] "GET /wp-content/plugins/complianz-gdpr-premium/cookiebanner/js/complianz.min.js?ver=1781535054 HTTP/1.1" 404 87812 "http://elettroservicegroup.it/z0f76a1d14fd21a8fb5fd0d03e0fdc3d3cedae52f?wsidchk=10196075&pdata=http%253A%252F%252Felettroservicegroup.it&id=7fa3b767c460b54a2be4d49030b349c7&ts=1782108466" "Mozilla/5.0 (X11; Linux x86_64) AppleWebKit/537.36 (KHTML, like Gecko) Chrome/125.0.0.0 Safari/537.36"
65.108.235.243 - - [22/Jun/2026:09:01:41 +0200] "POST /wp-cron.php?doing_wp_cron=1782111701.2051389217376708984375 HTTP/1.1" 200 1 "-" "WordPress/7.0; https://elettroservicegroup.it"
114.119.137.98 - - [22/Jun/2026:09:01:37 +0200] "GET /robots.txt HTTP/1.1" 200 126 "http://elettroservicegroup.it/robots.txt" "Mozilla/5.0 (Windows NT 10.0; Win64; x64) AppleWebKit/537.36 (KHTML, like Gecko) Chrome/148.0.0.0 Safari/537.36"