52.167.144.228 - - [06/Jul/2026:18:21:30 +0200] "GET /wp-content/plugins/elementor/assets/js/section-frontend-handlers.d85ab872da118940910d.bundle.min.js HTTP/2.0" 200 230 "https://reggio-emilia.elettroservicegroup.it/assistenza-forni-elettrici-reggio-emilia/" "Mozilla/5.0 AppleWebKit/537.36 (KHTML, like Gecko; compatible; bingbot/2.0; +http://www.bing.com/bingbot.htm) Chrome/136.0.0.0 Safari/537.36 AppleWebKit/537.36 (KHTML, like Gecko; compatible; bingbot/2.0; +http://www.bing.com/bingbot.htm) Chrome/116.0.1938.76 Safari/537.36"
40.77.167.136 - - [06/Jul/2026:18:21:34 +0200] "GET /wp-includes/js/jquery/ui/core.min.js?ver=1.13.3 HTTP/2.0" 200 6820 "https://reggio-emilia.elettroservicegroup.it/assistenza-forni-elettrici-reggio-emilia/" "Mozilla/5.0 AppleWebKit/537.36 (KHTML, like Gecko; compatible; bingbot/2.0; +http://www.bing.com/bingbot.htm) Chrome/136.0.0.0 Safari/537.36 AppleWebKit/537.36 (KHTML, like Gecko; compatible; bingbot/2.0; +http://www.bing.com/bingbot.htm) Chrome/116.0.1938.76 Safari/537.36"
40.77.167.136 - - [06/Jul/2026:18:21:34 +0200] "GET /wp-content/plugins/elementor/assets/js/text-editor.45609661e409413f1cef.bundle.min.js HTTP/2.0" 200 592 "https://reggio-emilia.elettroservicegroup.it/assistenza-forni-elettrici-reggio-emilia/" "Mozilla/5.0 AppleWebKit/537.36 (KHTML, like Gecko; compatible; bingbot/2.0; +http://www.bing.com/bingbot.htm) Chrome/136.0.0.0 Safari/537.36 AppleWebKit/537.36 (KHTML, like Gecko; compatible; bingbot/2.0; +http://www.bing.com/bingbot.htm) Chrome/116.0.1938.76 Safari/537.36"
40.77.167.136 - - [06/Jul/2026:18:21:34 +0200] "GET /wp-content/uploads/elementor/css/post-15288.css?ver=1783160668 HTTP/2.0" 200 1947 "https://reggio-emilia.elettroservicegroup.it/assistenza-forni-elettrici-reggio-emilia/" "Mozilla/5.0 AppleWebKit/537.36 (KHTML, like Gecko; compatible; bingbot/2.0; +http://www.bing.com/bingbot.htm) Chrome/136.0.0.0 Safari/537.36 AppleWebKit/537.36 (KHTML, like Gecko; compatible; bingbot/2.0; +http://www.bing.com/bingbot.htm) Chrome/116.0.1938.76 Safari/537.36"
192.178.4.137 - - [06/Jul/2026:18:24:03 +0200] "GET /assistenza-siemens-reggio-emilia/ HTTP/1.1" 200 24811 "-" "Mozilla/5.0 (compatible; Googlebot/2.1; +http://www.google.com/bot.html)"
31.27.167.169 - - [06/Jul/2026:18:24:04 +0200] "GET /wp-json/complianz/v1/banner?lang=it&locale=it_IT&token=rckqk HTTP/2.0" 200 82 "https://reggio-emilia.elettroservicegroup.it/assistenza-siemens-reggio-emilia/" "Mozilla/5.0 (iPhone; CPU iPhone OS 26_5_0 like Mac OS X) AppleWebKit/605.1.15 (KHTML, like Gecko) GSA/379.0.786762118 Mobile/15E148 Safari/604.1"
65.108.235.243 - - [06/Jul/2026:18:24:11 +0200] "POST /wp-cron.php?doing_wp_cron=1783355051.1784379482269287109375 HTTP/1.1" 200 1 "-" "WordPress/7.0; https://reggio-emilia.elettroservicegroup.it"
31.27.167.169 - - [06/Jul/2026:18:24:06 +0200] "POST /wp-json/complianz/v1/track HTTP/2.0" 200 20 "https://reggio-emilia.elettroservicegroup.it/assistenza-siemens-reggio-emilia/" "Mozilla/5.0 (iPhone; CPU iPhone OS 26_5_0 like Mac OS X) AppleWebKit/605.1.15 (KHTML, like Gecko) GSA/379.0.786762118 Mobile/15E148 Safari/604.1"
31.27.167.169 - - [06/Jul/2026:18:24:11 +0200] "GET /wp-json/complianz/v1/cookie_data HTTP/2.0" 200 82 "https://reggio-emilia.elettroservicegroup.it/assistenza-siemens-reggio-emilia/" "Mozilla/5.0 (iPhone; CPU iPhone OS 26_5_0 like Mac OS X) AppleWebKit/605.1.15 (KHTML, like Gecko) GSA/379.0.786762118 Mobile/15E148 Safari/604.1"
192.178.4.135 - - [06/Jul/2026:18:24:03 +0200] "GET /assistenza-siemens-reggio-emilia/ HTTP/1.1" 200 25037 "-" "Mozilla/5.0 (Linux; Android 6.0.1; Nexus 5X Build/MMB29P) AppleWebKit/537.36 (KHTML, like Gecko) Chrome/99.0.4844.84 Mobile Safari/537.36 (compatible; Googlebot/2.1; +http://www.google.com/bot.html)"
192.178.4.137 - - [06/Jul/2026:18:24:13 +0200] "GET /wp-content/uploads/elementor/css/post-17828.css?ver=1783104673 HTTP/1.1" 200 2176 "https://reggio-emilia.elettroservicegroup.it/assistenza-siemens-reggio-emilia/" "Mozilla/5.0 (Linux; Android 6.0.1; Nexus 5X Build/MMB29P) AppleWebKit/537.36 (KHTML, like Gecko) Chrome/149.0.7827.200 Mobile Safari/537.36 (compatible; Googlebot/2.1; +http://www.google.com/bot.html)"
192.178.4.136 - - [06/Jul/2026:18:24:13 +0200] "GET /wp-content/uploads/elementor/css/post-17828.css?ver=1783104673 HTTP/1.1" 200 2176 "https://reggio-emilia.elettroservicegroup.it/assistenza-siemens-reggio-emilia/" "Mozilla/5.0 AppleWebKit/537.36 (KHTML, like Gecko; compatible; Googlebot/2.1; +http://www.google.com/bot.html) Chrome/149.0.7827.200 Safari/537.36"
192.178.4.135 - - [06/Jul/2026:18:24:13 +0200] "GET /wp-content/uploads/elementor/css/post-14146.css?ver=1783099225 HTTP/1.1" 200 428 "https://reggio-emilia.elettroservicegroup.it/assistenza-siemens-reggio-emilia/" "Mozilla/5.0 AppleWebKit/537.36 (KHTML, like Gecko; compatible; Googlebot/2.1; +http://www.google.com/bot.html) Chrome/149.0.7827.200 Safari/537.36"
192.178.4.137 - - [06/Jul/2026:18:24:13 +0200] "GET /wp-content/uploads/elementor/css/post-14366.css?ver=1783099226 HTTP/1.1" 200 302 "https://reggio-emilia.elettroservicegroup.it/assistenza-siemens-reggio-emilia/" "Mozilla/5.0 AppleWebKit/537.36 (KHTML, like Gecko; compatible; Googlebot/2.1; +http://www.google.com/bot.html) Chrome/149.0.7827.200 Safari/537.36"
192.178.4.136 - - [06/Jul/2026:18:24:13 +0200] "GET /wp-content/cache/wpfc-minified/1yoxc57o/wfc0.css HTTP/1.1" 200 16447 "https://reggio-emilia.elettroservicegroup.it/assistenza-siemens-reggio-emilia/" "Mozilla/5.0 AppleWebKit/537.36 (KHTML, like Gecko; compatible; Googlebot/2.1; +http://www.google.com/bot.html) Chrome/149.0.7827.200 Safari/537.36"
192.178.4.136 - - [06/Jul/2026:18:24:13 +0200] "GET /wp-content/uploads/elementor/css/post-14146.css?ver=1783099225 HTTP/1.1" 200 428 "https://reggio-emilia.elettroservicegroup.it/assistenza-siemens-reggio-emilia/" "Mozilla/5.0 (Linux; Android 6.0.1; Nexus 5X Build/MMB29P) AppleWebKit/537.36 (KHTML, like Gecko) Chrome/149.0.7827.200 Mobile Safari/537.36 (compatible; Googlebot/2.1; +http://www.google.com/bot.html)"
192.178.4.135 - - [06/Jul/2026:18:24:14 +0200] "GET /wp-content/uploads/elementor/css/post-14366.css?ver=1783099226 HTTP/1.1" 200 302 "https://reggio-emilia.elettroservicegroup.it/assistenza-siemens-reggio-emilia/" "Mozilla/5.0 (Linux; Android 6.0.1; Nexus 5X Build/MMB29P) AppleWebKit/537.36 (KHTML, like Gecko) Chrome/149.0.7827.200 Mobile Safari/537.36 (compatible; Googlebot/2.1; +http://www.google.com/bot.html)"
192.178.4.136 - - [06/Jul/2026:18:24:14 +0200] "GET /wp-content/plugins/complianz-gdpr-premium/cookiebanner/js/complianz.min.js?ver=1783097850 HTTP/1.1" 200 10762 "https://reggio-emilia.elettroservicegroup.it/assistenza-siemens-reggio-emilia/" "Mozilla/5.0 AppleWebKit/537.36 (KHTML, like Gecko; compatible; Googlebot/2.1; +http://www.google.com/bot.html) Chrome/149.0.7827.200 Safari/537.36"
192.178.4.136 - - [06/Jul/2026:18:24:14 +0200] "GET /wp-content/plugins/complianz-gdpr-premium/assets/css/cookieblocker.min.css?ver=1783097850 HTTP/1.1" 200 615 "https://reggio-emilia.elettroservicegroup.it/assistenza-siemens-reggio-emilia/" "Mozilla/5.0 (Linux; Android 6.0.1; Nexus 5X Build/MMB29P) AppleWebKit/537.36 (KHTML, like Gecko) Chrome/149.0.7827.200 Mobile Safari/537.36 (compatible; Googlebot/2.1; +http://www.google.com/bot.html)"
192.178.4.135 - - [06/Jul/2026:18:24:14 +0200] "GET /wp-content/plugins/complianz-gdpr-premium/cookiebanner/js/complianz.min.js?ver=1783097850 HTTP/1.1" 200 10762 "https://reggio-emilia.elettroservicegroup.it/assistenza-siemens-reggio-emilia/" "Mozilla/5.0 (Linux; Android 6.0.1; Nexus 5X Build/MMB29P) AppleWebKit/537.36 (KHTML, like Gecko) Chrome/149.0.7827.200 Mobile Safari/537.36 (compatible; Googlebot/2.1; +http://www.google.com/bot.html)"
65.108.235.243 - - [06/Jul/2026:18:24:17 +0200] "POST /wp-json/complianz/v1/wsc-scan HTTP/1.1" 400 88 "-" "WordPress/7.0; https://reggio-emilia.elettroservicegroup.it"
65.108.235.243 - - [06/Jul/2026:18:24:18 +0200] "GET /assistenza-indesit-correggio/ HTTP/1.1" 200 24863 "-" "WP Fastest Cache Preload Bot"
65.108.235.243 - - [06/Jul/2026:18:24:20 +0200] "GET /assistenza-indesit-reggio-emilia/ HTTP/1.1" 200 24857 "-" "WP Fastest Cache Preload Bot"
65.108.235.243 - - [06/Jul/2026:18:24:22 +0200] "GET /assistenza-candy-rubiera/ HTTP/1.1" 200 24880 "-" "WP Fastest Cache Preload Bot"
65.108.235.243 - - [06/Jul/2026:18:24:25 +0200] "GET /assistenza-candy-scandiano/ HTTP/1.1" 200 24886 "-" "WP Fastest Cache Preload Bot"
52.167.144.216 - - [06/Jul/2026:18:30:16 +0200] "GET /assistenza-lavastoviglie-rex-electrolux-reggio-emilia/ HTTP/2.0" 200 24750 "-" "Mozilla/5.0 AppleWebKit/537.36 (KHTML, like Gecko; compatible; bingbot/2.0; +http://www.bing.com/bingbot.htm) Chrome/116.0.1938.76 Safari/537.36"
157.55.39.10 - - [06/Jul/2026:18:30:42 +0200] "GET /wp-content/uploads/elementor/css/post-17750.css?ver=1783122800 HTTP/2.0" 200 2051 "https://reggio-emilia.elettroservicegroup.it/assistenza-lavastoviglie-rex-electrolux-reggio-emilia/" "Mozilla/5.0 AppleWebKit/537.36 (KHTML, like Gecko; compatible; bingbot/2.0; +http://www.bing.com/bingbot.htm) Chrome/136.0.0.0 Safari/537.36 AppleWebKit/537.36 (KHTML, like Gecko; compatible; bingbot/2.0; +http://www.bing.com/bingbot.htm) Chrome/116.0.1938.76 Safari/537.36"
65.108.235.243 - - [06/Jul/2026:18:32:45 +0200] "POST /wp-cron.php?doing_wp_cron=1783355564.9884819984436035156250 HTTP/1.1" 200 1 "-" "WordPress/7.0; https://reggio-emilia.elettroservicegroup.it"
23.249.17.203 - - [06/Jul/2026:18:32:37 +0200] "POST /wp-login.php HTTP/1.1" 503 18967 "https://reggio-emilia.elettroservicegroup.it/wp-admin/" "Mozilla/5.0 (Windows NT 10.0; Win64; x64) AppleWebKit/537.36 (KHTML, like Gecko) Chrome/90.0.4430.85 Safari/537.36"
23.249.17.203 - - [06/Jul/2026:18:32:46 +0200] "GET /wp-admin/ HTTP/1.1" 200 11756 "www.google.com" "Mozilla/5.0 (Windows NT 10.0; Win64; x64) AppleWebKit/537.36 (KHTML, like Gecko) Chrome/90.0.4430.85 Safari/537.36"
65.108.235.243 - - [06/Jul/2026:18:32:46 +0200] "GET /assistenza-candy-santilario-denza/ HTTP/1.1" 200 24954 "-" "WP Fastest Cache Preload Bot"
65.108.235.243 - - [06/Jul/2026:18:32:49 +0200] "GET /assistenza-candy-guastalla/ HTTP/1.1" 200 24885 "-" "WP Fastest Cache Preload Bot"
65.108.235.243 - - [06/Jul/2026:18:32:52 +0200] "GET /assistenza-candy-correggio/ HTTP/1.1" 200 24883 "-" "WP Fastest Cache Preload Bot"
65.108.235.243 - - [06/Jul/2026:18:32:54 +0200] "GET /assistenza-candy-reggio-emilia/ HTTP/1.1" 200 24872 "-" "WP Fastest Cache Preload Bot"
20.169.73.32 - - [06/Jul/2026:18:52:04 +0200] "GET / HTTP/2.0" 200 25308 "-" "Mozilla/5.0 AppleWebKit/537.36 (KHTML, like Gecko); compatible; ChatGPT-User/1.0; +https://openai.com/bot"
20.169.73.36 - - [06/Jul/2026:18:52:04 +0200] "GET / HTTP/2.0" 200 25308 "-" "Mozilla/5.0 AppleWebKit/537.36 (KHTML, like Gecko); compatible; ChatGPT-User/1.0; +https://openai.com/bot"
151.34.30.255 - - [06/Jul/2026:19:12:42 +0200] "GET /wp-json/complianz/v1/banner?lang=it&locale=it_IT&token=ssdio HTTP/2.0" 200 82 "https://reggio-emilia.elettroservicegroup.it/assistenza-lavastoviglie-reggio-emilia/?gad_source=1&gad_campaignid=23800353523&gbraid=0AAAABDgs-LTOdW4aETZsbfAka0ieOZmyo&gclid=CjwKCAjwpK3SBhASEiwAtV1SPLTLRoyDfJVYDn7xP4ukcfvQ2toVzGEeafeEZukvtIycGar6y8sAOhoCa2MQAvD_BwE" "Mozilla/5.0 (Linux; Android 10; K) AppleWebKit/537.36 (KHTML, like Gecko) Chrome/149.0.0.0 Mobile Safari/537.36"
65.108.235.243 - - [06/Jul/2026:19:12:48 +0200] "POST /wp-cron.php?doing_wp_cron=1783357968.2803480625152587890625 HTTP/1.1" 200 1 "-" "WordPress/7.0; https://reggio-emilia.elettroservicegroup.it"
151.34.30.255 - - [06/Jul/2026:19:12:42 +0200] "POST /wp-json/complianz/v1/track HTTP/2.0" 200 20 "https://reggio-emilia.elettroservicegroup.it/assistenza-lavastoviglie-reggio-emilia/?gad_source=1&gad_campaignid=23800353523&gbraid=0AAAABDgs-LTOdW4aETZsbfAka0ieOZmyo&gclid=CjwKCAjwpK3SBhASEiwAtV1SPLTLRoyDfJVYDn7xP4ukcfvQ2toVzGEeafeEZukvtIycGar6y8sAOhoCa2MQAvD_BwE" "Mozilla/5.0 (Linux; Android 10; K) AppleWebKit/537.36 (KHTML, like Gecko) Chrome/149.0.0.0 Mobile Safari/537.36"
65.108.235.243 - - [06/Jul/2026:19:12:51 +0200] "GET /assistenza-bosch-rubiera/ HTTP/1.1" 200 24801 "-" "WP Fastest Cache Preload Bot"
192.178.16.137 - - [06/Jul/2026:19:12:55 +0200] "GET /wp-content/uploads/elementor/css/post-15287.css?ver=1783161502 HTTP/1.1" 304 - "https://reggio-emilia.elettroservicegroup.it/assistenza-frigoriferi-reggio-emilia/" "AdsBot-Google (+http://www.google.com/adsbot.html)"
65.108.235.243 - - [06/Jul/2026:19:12:53 +0200] "GET /assistenza-bosch-scandiano/ HTTP/1.1" 200 24807 "-" "WP Fastest Cache Preload Bot"
65.108.235.243 - - [06/Jul/2026:19:12:56 +0200] "GET /assistenza-bosch-santilario-denza/ HTTP/1.1" 200 24876 "-" "WP Fastest Cache Preload Bot"
65.108.235.243 - - [06/Jul/2026:19:12:57 +0200] "GET /assistenza-bosch-guastalla/ HTTP/1.1" 200 24810 "-" "WP Fastest Cache Preload Bot"
65.108.235.243 - - [06/Jul/2026:19:27:11 +0200] "POST /wp-cron.php?doing_wp_cron=1783358831.4841310977935791015625 HTTP/1.1" 200 1 "-" "WordPress/7.0; https://reggio-emilia.elettroservicegroup.it"
74.7.243.222 - - [06/Jul/2026:19:27:02 +0200] "GET /sitemap.xml HTTP/2.0" 415 334 "-" "Mozilla/5.0 AppleWebKit/537.36 (KHTML, like Gecko; compatible; GPTBot/1.4; +https://openai.com/gptbot)"
74.7.244.51 - - [06/Jul/2026:19:27:02 +0200] "GET /robots.txt HTTP/2.0" 200 110 "-" "Mozilla/5.0 (Macintosh; Intel Mac OS X 10_15_7) AppleWebKit/537.36 (KHTML, like Gecko) Chrome/131.0.0.0 Safari/537.36; compatible; OAI-SearchBot/1.4; robots.txt; +https://openai.com/searchbot"
65.108.235.243 - - [06/Jul/2026:19:27:19 +0200] "POST /wp-json/complianz/v1/wsc-scan HTTP/1.1" 400 88 "-" "WordPress/7.0; https://reggio-emilia.elettroservicegroup.it"
65.108.235.243 - - [06/Jul/2026:19:27:20 +0200] "GET /assistenza-bosch-correggio/ HTTP/1.1" 200 24807 "-" "WP Fastest Cache Preload Bot"
65.108.235.243 - - [06/Jul/2026:19:27:23 +0200] "GET /assistenza-bosch-reggio-emilia/ HTTP/1.1" 200 24797 "-" "WP Fastest Cache Preload Bot"
65.108.235.243 - - [06/Jul/2026:19:27:26 +0200] "GET /assistenza-ariston-rubiera/ HTTP/1.1" 200 24962 "-" "WP Fastest Cache Preload Bot"
65.108.235.243 - - [06/Jul/2026:19:27:28 +0200] "GET /assistenza-ariston-scandiano/ HTTP/1.1" 200 24940 "-" "WP Fastest Cache Preload Bot"
65.108.235.243 - - [06/Jul/2026:19:34:42 +0200] "POST /wp-cron.php?doing_wp_cron=1783359282.1868309974670410156250 HTTP/1.1" 200 1 "-" "WordPress/7.0; https://reggio-emilia.elettroservicegroup.it"
74.7.243.222 - - [06/Jul/2026:19:34:36 +0200] "GET /sitemap.rss HTTP/2.0" 415 1463 "-" "Mozilla/5.0 AppleWebKit/537.36 (KHTML, like Gecko; compatible; GPTBot/1.4; +https://openai.com/gptbot)"
65.108.235.243 - - [06/Jul/2026:19:34:44 +0200] "GET /assistenza-ariston-santilario-denza/ HTTP/1.1" 200 24989 "-" "WP Fastest Cache Preload Bot"
65.108.235.243 - - [06/Jul/2026:19:34:47 +0200] "GET /assistenza-ariston-guastalla/ HTTP/1.1" 200 25013 "-" "WP Fastest Cache Preload Bot"
65.108.235.243 - - [06/Jul/2026:19:34:50 +0200] "GET /assistenza-ariston-correggio/ HTTP/1.1" 200 24969 "-" "WP Fastest Cache Preload Bot"
65.108.235.243 - - [06/Jul/2026:19:34:53 +0200] "GET /assistenza-ariston-reggio-emilia/ HTTP/1.1" 200 24933 "-" "WP Fastest Cache Preload Bot"
65.108.235.243 - - [06/Jul/2026:19:36:22 +0200] "GET /assistenza-aeg-rubiera/ HTTP/1.1" 200 24841 "-" "WP Fastest Cache Preload Bot"
65.108.235.243 - - [06/Jul/2026:19:36:25 +0200] "GET /assistenza-aeg-scandiano/ HTTP/1.1" 200 24864 "-" "WP Fastest Cache Preload Bot"
65.108.235.243 - - [06/Jul/2026:19:36:27 +0200] "GET /assistenza-aeg-santilario-denza/ HTTP/1.1" 200 24904 "-" "WP Fastest Cache Preload Bot"
65.108.235.243 - - [06/Jul/2026:19:36:30 +0200] "GET /assistenza-aeg-guastalla/ HTTP/1.1" 200 24954 "-" "WP Fastest Cache Preload Bot"
65.108.235.243 - - [06/Jul/2026:19:51:59 +0200] "GET /assistenza-aeg-correggio/ HTTP/1.1" 200 24734 "-" "WP Fastest Cache Preload Bot"
65.108.235.243 - - [06/Jul/2026:19:52:02 +0200] "GET /assistenza-aeg-reggio-emilia/ HTTP/1.1" 200 24810 "-" "WP Fastest Cache Preload Bot"
65.108.235.243 - - [06/Jul/2026:19:52:05 +0200] "GET /cookie-policy/ HTTP/1.1" 200 19428 "-" "WP Fastest Cache Preload Bot"
65.108.235.243 - - [06/Jul/2026:19:52:07 +0200] "GET /termini-e-condizioni/ HTTP/1.1" 200 19095 "-" "WP Fastest Cache Preload Bot"
34.45.221.24 - - [06/Jul/2026:20:16:29 +0200] "GET /wp-content/uploads/2021/10/asko-e1634463631713-1024x675.jpg HTTP/1.1" 200 80013 "-" "Mozilla/5.0"
65.108.235.243 - - [06/Jul/2026:20:17:09 +0200] "POST /wp-cron.php?doing_wp_cron=1783361829.7879788875579833984375 HTTP/1.1" 200 1 "-" "WordPress/7.0; https://reggio-emilia.elettroservicegroup.it"
193.207.101.241 - - [06/Jul/2026:20:17:08 +0200] "GET /assistenza-lavatrici-smeg-guastalla/ HTTP/2.0" 200 25058 "https://www.google.com/" "Mozilla/5.0 (Linux; Android 10; K) AppleWebKit/537.36 (KHTML, like Gecko) Chrome/144.0.0.0 Mobile Safari/537.36"
65.108.235.243 - - [06/Jul/2026:20:17:10 +0200] "GET /cookie-policy-ue/ HTTP/1.1" 200 20569 "-" "WP Fastest Cache Preload Bot"
65.108.235.243 - - [06/Jul/2026:20:17:10 +0200] "GET /informativa-privacy/ HTTP/1.1" 200 21233 "-" "WP Fastest Cache Preload Bot"
193.207.101.241 - - [06/Jul/2026:20:17:10 +0200] "GET /wp-json/complianz/v1/banner?lang=it&locale=it_IT&token=mqonm HTTP/2.0" 200 82 "https://reggio-emilia.elettroservicegroup.it/assistenza-lavatrici-smeg-guastalla/" "Mozilla/5.0 (Linux; Android 10; K) AppleWebKit/537.36 (KHTML, like Gecko) Chrome/144.0.0.0 Mobile Safari/537.36"
193.207.101.241 - - [06/Jul/2026:20:17:11 +0200] "GET /wp-json/complianz/v1/cookie_data HTTP/2.0" 200 82 "https://reggio-emilia.elettroservicegroup.it/assistenza-lavatrici-smeg-guastalla/" "Mozilla/5.0 (Linux; Android 10; K) AppleWebKit/537.36 (KHTML, like Gecko) Chrome/144.0.0.0 Mobile Safari/537.36"
65.108.235.243 - - [06/Jul/2026:20:17:11 +0200] "GET /assistenza-condizionatori-reggio-emilia/ HTTP/1.1" 200 22156 "-" "WP Fastest Cache Preload Bot"
65.108.235.243 - - [06/Jul/2026:20:17:11 +0200] "GET /assistenza-forni-elettrici-reggio-emilia/ HTTP/1.1" 200 23052 "-" "WP Fastest Cache Preload Bot"
84.52.252.225 - - [06/Jul/2026:20:30:01 +0200] "GET /wp-content/uploads/2021/10/TECNICO-ELETTRODOMESTICI-6-300x211.jpg HTTP/1.1" 200 10464 "-" "Mozilla/5.0 (compatible; MSIE 5.0; Windows NT 6.1; Trident/5.1)"
65.108.235.243 - - [06/Jul/2026:20:31:10 +0200] "POST /wp-cron.php?doing_wp_cron=1783362670.2764179706573486328125 HTTP/1.1" 200 1 "-" "WordPress/7.0; https://reggio-emilia.elettroservicegroup.it"
192.178.4.135 - - [06/Jul/2026:20:31:03 +0200] "GET /sitemap1.xml HTTP/1.1" 302 1 "-" "Mozilla/5.0 (compatible; Googlebot/2.1; +http://www.google.com/bot.html)"
192.178.4.136 - - [06/Jul/2026:20:31:11 +0200] "GET /sitemap.xml HTTP/1.1" 200 334 "-" "Mozilla/5.0 (compatible; Googlebot/2.1; +http://www.google.com/bot.html)"
65.108.235.243 - - [06/Jul/2026:20:31:12 +0200] "POST /wp-json/complianz/v1/wsc-scan HTTP/1.1" 400 88 "-" "WordPress/7.0; https://reggio-emilia.elettroservicegroup.it"
65.108.235.243 - - [06/Jul/2026:20:31:14 +0200] "GET /assistenza-frigoriferi-reggio-emilia/ HTTP/1.1" 200 22983 "-" "WP Fastest Cache Preload Bot"
65.108.235.243 - - [06/Jul/2026:20:31:18 +0200] "GET /assistenza-lavastoviglie/ HTTP/1.1" 200 23008 "-" "WP Fastest Cache Preload Bot"
65.108.235.243 - - [06/Jul/2026:20:31:20 +0200] "GET /assistenza-asciugatrici-reggio-emilia/ HTTP/1.1" 200 22972 "-" "WP Fastest Cache Preload Bot"
65.108.235.243 - - [06/Jul/2026:20:31:23 +0200] "GET /assistenza-lavatrici/ HTTP/1.1" 200 23041 "-" "WP Fastest Cache Preload Bot"
65.108.235.243 - - [06/Jul/2026:20:39:19 +0200] "POST /wp-cron.php?doing_wp_cron=1783363159.9776959419250488281250 HTTP/1.1" 200 1 "-" "WordPress/7.0; https://reggio-emilia.elettroservicegroup.it"
192.178.16.135 - - [06/Jul/2026:20:39:11 +0200] "GET /copertina-12/ HTTP/1.1" 200 19183 "-" "Mozilla/5.0 (Linux; Android 6.0.1; Nexus 5X Build/MMB29P) AppleWebKit/537.36 (KHTML, like Gecko) Chrome/150.0.7871.46 Mobile Safari/537.36 (compatible; AdsBot-Google-Mobile; +http://www.google.com/mobile/adsbot.html)"
65.108.235.243 - - [06/Jul/2026:20:39:21 +0200] "GET / HTTP/1.1" 200 25330 "-" "WP Fastest Cache Preload Bot"
192.178.16.136 - - [06/Jul/2026:20:41:09 +0200] "GET /wp-content/plugins/gp-premium/menu-plus/functions/js/sticky.min.js?ver=2.5.5 HTTP/1.1" 200 2670 "https://reggio-emilia.elettroservicegroup.it/copertina-12/" "AdsBot-Google (+http://www.google.com/adsbot.html)"
192.178.16.137 - - [06/Jul/2026:20:41:09 +0200] "GET /wp-content/plugins/elementor/assets/css/widget-icon-list.min.css?ver=3.24.3 HTTP/1.1" 200 928 "https://reggio-emilia.elettroservicegroup.it/copertina-12/" "AdsBot-Google (+http://www.google.com/adsbot.html)"
192.178.16.137 - - [06/Jul/2026:20:41:09 +0200] "GET /wp-content/uploads/elementor/css/post-14366.css?ver=1783099226 HTTP/1.1" 200 302 "https://reggio-emilia.elettroservicegroup.it/copertina-12/" "AdsBot-Google (+http://www.google.com/adsbot.html)"
192.178.16.137 - - [06/Jul/2026:20:41:10 +0200] "GET /wp-content/plugins/complianz-gdpr-premium/assets/css/cookieblocker.min.css?ver=1783097850 HTTP/1.1" 200 615 "https://reggio-emilia.elettroservicegroup.it/copertina-12/" "AdsBot-Google (+http://www.google.com/adsbot.html)"
192.178.16.135 - - [06/Jul/2026:20:41:10 +0200] "GET /wp-content/uploads/elementor/google-fonts/css/roboto.css?ver=1742255001 HTTP/1.1" 200 1890 "https://reggio-emilia.elettroservicegroup.it/copertina-12/" "AdsBot-Google (+http://www.google.com/adsbot.html)"
192.178.16.137 - - [06/Jul/2026:20:41:10 +0200] "GET /wp-content/plugins/header-footer-elementor/inc/widgets-css/frontend.css?ver=2.9.0 HTTP/1.1" 200 8711 "https://reggio-emilia.elettroservicegroup.it/copertina-12/" "AdsBot-Google (+http://www.google.com/adsbot.html)"
192.178.16.135 - - [06/Jul/2026:20:41:10 +0200] "GET /wp-content/themes/generatepress/assets/js/menu.min.js?ver=3.6.1 HTTP/1.1" 200 1688 "https://reggio-emilia.elettroservicegroup.it/copertina-12/" "AdsBot-Google (+http://www.google.com/adsbot.html)"
192.178.16.137 - - [06/Jul/2026:20:41:10 +0200] "GET /wp-content/plugins/elementor/assets/lib/font-awesome/css/solid.css?ver=5.15.3 HTTP/1.1" 200 299 "https://reggio-emilia.elettroservicegroup.it/copertina-12/" "AdsBot-Google (+http://www.google.com/adsbot.html)"
192.178.16.135 - - [06/Jul/2026:20:41:10 +0200] "GET /wp-content/plugins/all-in-one-seo-pack/dist/Lite/assets/css/table-of-contents/global.e90f6d47.css?ver=4.9.9 HTTP/1.1" 200 420 "https://reggio-emilia.elettroservicegroup.it/copertina-12/" "AdsBot-Google (+http://www.google.com/adsbot.html)"
192.178.16.137 - - [06/Jul/2026:20:41:10 +0200] "GET /wp-content/plugins/elementor/assets/lib/eicons/css/elementor-icons.min.css?ver=5.34.0 HTTP/1.1" 200 4125 "https://reggio-emilia.elettroservicegroup.it/copertina-12/" "AdsBot-Google (+http://www.google.com/adsbot.html)"
192.178.16.136 - - [06/Jul/2026:20:41:10 +0200] "GET /wp-content/plugins/header-footer-elementor/assets/css/header-footer-elementor.css?ver=2.9.0 HTTP/1.1" 200 260 "https://reggio-emilia.elettroservicegroup.it/copertina-12/" "AdsBot-Google (+http://www.google.com/adsbot.html)"
192.178.16.137 - - [06/Jul/2026:20:41:11 +0200] "GET /wp-content/plugins/elementor/assets/css/widget-social-icons.min.css?ver=3.24.0 HTTP/1.1" 200 1039 "https://reggio-emilia.elettroservicegroup.it/copertina-12/" "AdsBot-Google (+http://www.google.com/adsbot.html)"
192.178.16.136 - - [06/Jul/2026:20:41:11 +0200] "GET /wp-content/uploads/elementor/google-fonts/css/robotoslab.css?ver=1742255003 HTTP/1.1" 200 721 "https://reggio-emilia.elettroservicegroup.it/copertina-12/" "AdsBot-Google (+http://www.google.com/adsbot.html)"
192.178.16.135 - - [06/Jul/2026:20:41:11 +0200] "GET /wp-content/plugins/elementor/assets/lib/font-awesome/css/v4-shims.min.css?ver=4.1.4 HTTP/1.1" 200 3986 "https://reggio-emilia.elettroservicegroup.it/copertina-12/" "AdsBot-Google (+http://www.google.com/adsbot.html)"
192.178.16.136 - - [06/Jul/2026:20:41:11 +0200] "GET /wp-content/plugins/gp-premium/menu-plus/functions/css/navigation-branding-flex.min.css?ver=2.5.5 HTTP/1.1" 200 542 "https://reggio-emilia.elettroservicegroup.it/copertina-12/" "AdsBot-Google (+http://www.google.com/adsbot.html)"
192.178.16.137 - - [06/Jul/2026:20:41:12 +0200] "GET /wp-content/plugins/elementor/assets/lib/font-awesome/js/v4-shims.min.js?ver=4.1.4 HTTP/1.1" 200 4043 "https://reggio-emilia.elettroservicegroup.it/copertina-12/" "AdsBot-Google (+http://www.google.com/adsbot.html)"
192.178.16.136 - - [06/Jul/2026:20:41:12 +0200] "GET /wp-content/uploads/elementor/css/post-14146.css?ver=1783099225 HTTP/1.1" 200 428 "https://reggio-emilia.elettroservicegroup.it/copertina-12/" "AdsBot-Google (+http://www.google.com/adsbot.html)"
192.178.16.137 - - [06/Jul/2026:20:41:12 +0200] "GET /wp-content/plugins/elementor/assets/lib/font-awesome/css/all.min.css?ver=4.1.4 HTTP/1.1" 200 12402 "https://reggio-emilia.elettroservicegroup.it/copertina-12/" "AdsBot-Google (+http://www.google.com/adsbot.html)"
192.178.16.136 - - [06/Jul/2026:20:41:12 +0200] "GET /wp-content/plugins/elementor/assets/css/frontend.min.css?ver=4.1.4 HTTP/1.1" 200 6618 "https://reggio-emilia.elettroservicegroup.it/copertina-12/" "AdsBot-Google (+http://www.google.com/adsbot.html)"
192.178.16.137 - - [06/Jul/2026:20:41:13 +0200] "GET /wp-includes/js/jquery/jquery.min.js?ver=3.7.1 HTTP/1.1" 200 29769 "https://reggio-emilia.elettroservicegroup.it/copertina-12/" "AdsBot-Google (+http://www.google.com/adsbot.html)"
192.178.16.135 - - [06/Jul/2026:20:41:13 +0200] "GET /wp-content/themes/generatepress/assets/css/components/comments.min.css?ver=3.6.1 HTTP/1.1" 200 488 "https://reggio-emilia.elettroservicegroup.it/copertina-12/" "AdsBot-Google (+http://www.google.com/adsbot.html)"
192.178.16.135 - - [06/Jul/2026:20:41:13 +0200] "GET /wp-includes/css/dist/block-library/style.min.css?ver=7.0 HTTP/1.1" 200 15998 "https://reggio-emilia.elettroservicegroup.it/copertina-12/" "AdsBot-Google (+http://www.google.com/adsbot.html)"
192.178.16.135 - - [06/Jul/2026:20:41:14 +0200] "GET /wp-content/plugins/elementor/assets/lib/font-awesome/css/fontawesome.css?ver=5.15.3 HTTP/1.1" 200 12535 "https://reggio-emilia.elettroservicegroup.it/copertina-12/" "AdsBot-Google (+http://www.google.com/adsbot.html)"
192.178.16.135 - - [06/Jul/2026:20:41:14 +0200] "GET /wp-includes/js/jquery/jquery-migrate.min.js?ver=3.4.1 HTTP/1.1" 200 4685 "https://reggio-emilia.elettroservicegroup.it/copertina-12/" "AdsBot-Google (+http://www.google.com/adsbot.html)"
192.178.16.135 - - [06/Jul/2026:20:41:14 +0200] "GET /wp-content/themes/generatepress/assets/css/main.min.css?ver=3.6.1 HTTP/1.1" 200 4410 "https://reggio-emilia.elettroservicegroup.it/copertina-12/" "AdsBot-Google (+http://www.google.com/adsbot.html)"
192.178.16.135 - - [06/Jul/2026:20:41:14 +0200] "GET /wp-content/plugins/elementor/assets/lib/font-awesome/css/brands.css?ver=5.15.3 HTTP/1.1" 200 298 "https://reggio-emilia.elettroservicegroup.it/copertina-12/" "AdsBot-Google (+http://www.google.com/adsbot.html)"
192.178.16.135 - - [06/Jul/2026:20:41:14 +0200] "GET /wp-content/themes/generatepress/assets/js/back-to-top.min.js?ver=3.6.1 HTTP/1.1" 200 336 "https://reggio-emilia.elettroservicegroup.it/copertina-12/" "AdsBot-Google (+http://www.google.com/adsbot.html)"
192.178.16.135 - - [06/Jul/2026:20:41:15 +0200] "GET /wp-content/plugins/elementor/assets/js/webpack.runtime.min.js?ver=4.1.4 HTTP/1.1" 200 2340 "https://reggio-emilia.elettroservicegroup.it/copertina-12/" "AdsBot-Google (+http://www.google.com/adsbot.html)"
192.178.16.135 - - [06/Jul/2026:20:41:17 +0200] "GET /wp-content/plugins/google-analytics-for-wordpress/assets/js/frontend-gtag.min.js?ver=10.2.2 HTTP/1.1" 200 3075 "https://reggio-emilia.elettroservicegroup.it/copertina-12/" "AdsBot-Google (+http://www.google.com/adsbot.html)"
192.178.16.135 - - [06/Jul/2026:20:41:17 +0200] "GET /wp-content/plugins/complianz-gdpr-premium/cookiebanner/js/complianz.min.js?ver=1783097850 HTTP/1.1" 200 10762 "https://reggio-emilia.elettroservicegroup.it/copertina-12/" "AdsBot-Google (+http://www.google.com/adsbot.html)"
192.178.16.135 - - [06/Jul/2026:20:41:18 +0200] "GET /wp-content/plugins/elementor/assets/js/frontend.min.js?ver=4.1.4 HTTP/1.1" 200 10140 "https://reggio-emilia.elettroservicegroup.it/copertina-12/" "AdsBot-Google (+http://www.google.com/adsbot.html)"
192.178.16.135 - - [06/Jul/2026:20:41:18 +0200] "GET /wp-includes/js/jquery/ui/core.min.js?ver=1.13.3 HTTP/1.1" 200 6820 "https://reggio-emilia.elettroservicegroup.it/copertina-12/" "AdsBot-Google (+http://www.google.com/adsbot.html)"
192.178.16.135 - - [06/Jul/2026:20:41:18 +0200] "GET /wp-content/plugins/elementor/assets/js/frontend-modules.min.js?ver=4.1.4 HTTP/1.1" 200 15454 "https://reggio-emilia.elettroservicegroup.it/copertina-12/" "AdsBot-Google (+http://www.google.com/adsbot.html)"
192.178.16.135 - - [06/Jul/2026:20:41:18 +0200] "GET /wp-includes/js/comment-reply.min.js?ver=7.0 HTTP/1.1" 200 1248 "https://reggio-emilia.elettroservicegroup.it/copertina-12/" "AdsBot-Google (+http://www.google.com/adsbot.html)"
192.178.16.135 - - [06/Jul/2026:20:41:20 +0200] "GET /wp-content/uploads/elementor/google-fonts/fonts/robotoslab-bngmuxzytxpivibgjjsb6ufn5qu.woff2 HTTP/1.1" 304 - "https://reggio-emilia.elettroservicegroup.it/wp-content/uploads/elementor/google-fonts/css/robotoslab.css?ver=1742255003" "AdsBot-Google (+http://www.google.com/adsbot.html)"
65.108.235.243 - - [06/Jul/2026:20:41:26 +0200] "POST /wp-cron.php?doing_wp_cron=1783363286.3896999359130859375000 HTTP/1.1" 200 1 "-" "WordPress/7.0; https://reggio-emilia.elettroservicegroup.it"
192.178.16.135 - - [06/Jul/2026:20:41:19 +0200] "GET /wp-json/complianz/v1/banner?lang=it&locale=it_IT&token=lcps HTTP/1.1" 200 82 "https://reggio-emilia.elettroservicegroup.it/copertina-12/" "AdsBot-Google (+http://www.google.com/adsbot.html)"
192.178.16.135 - - [06/Jul/2026:20:41:27 +0200] "GET /wp-content/uploads/complianz/css/banner-1-optin.css?v=511 HTTP/1.1" 200 2862 "https://reggio-emilia.elettroservicegroup.it/copertina-12/" "AdsBot-Google (+http://www.google.com/adsbot.html)"
192.178.16.135 - - [06/Jul/2026:20:41:27 +0200] "GET /wp-content/plugins/elementor/assets/js/lightbox.570c05c5a283cfb6b223.bundle.min.js HTTP/1.1" 200 9102 "https://reggio-emilia.elettroservicegroup.it/copertina-12/" "AdsBot-Google (+http://www.google.com/adsbot.html)"
192.178.16.135 - - [06/Jul/2026:20:41:27 +0200] "GET /wp-content/plugins/elementor/assets/lib/share-link/share-link.min.js?ver=4.1.4 HTTP/1.1" 200 1077 "https://reggio-emilia.elettroservicegroup.it/copertina-12/" "AdsBot-Google (+http://www.google.com/adsbot.html)"
192.178.16.135 - - [06/Jul/2026:20:41:27 +0200] "GET /wp-content/plugins/elementor/assets/css/conditionals/lightbox.min.css?ver=4.1.4 HTTP/1.1" 200 1760 "https://reggio-emilia.elettroservicegroup.it/copertina-12/" "AdsBot-Google (+http://www.google.com/adsbot.html)"
192.178.16.135 - - [06/Jul/2026:20:41:27 +0200] "GET /wp-content/plugins/elementor/assets/lib/dialog/dialog.min.js?ver=4.9.3 HTTP/1.1" 200 3595 "https://reggio-emilia.elettroservicegroup.it/copertina-12/" "AdsBot-Google (+http://www.google.com/adsbot.html)"
192.178.16.135 - - [06/Jul/2026:20:41:27 +0200] "GET /wp-content/plugins/elementor/assets/lib/swiper/v8/css/swiper.min.css?ver=8.4.5 HTTP/1.1" 200 4251 "https://reggio-emilia.elettroservicegroup.it/copertina-12/" "AdsBot-Google (+http://www.google.com/adsbot.html)"
192.178.16.135 - - [06/Jul/2026:20:41:27 +0200] "GET /wp-content/plugins/elementor/assets/css/conditionals/dialog.min.css?ver=4.1.4 HTTP/1.1" 200 1428 "https://reggio-emilia.elettroservicegroup.it/copertina-12/" "AdsBot-Google (+http://www.google.com/adsbot.html)"
192.178.16.135 - - [06/Jul/2026:20:41:27 +0200] "GET /wp-content/plugins/elementor/assets/js/397f2d183c19202777d6.bundle.min.js HTTP/1.1" 200 8477 "https://reggio-emilia.elettroservicegroup.it/copertina-12/" "AdsBot-Google (+http://www.google.com/adsbot.html)"
192.178.16.135 - - [06/Jul/2026:20:41:26 +0200] "GET /wp-json/complianz/v1/cookie_data HTTP/1.1" 200 82 "https://reggio-emilia.elettroservicegroup.it/copertina-12/" "AdsBot-Google (+http://www.google.com/adsbot.html)"
192.178.16.135 - - [06/Jul/2026:20:41:28 +0200] "GET /wp-content/plugins/elementor/assets/js/shared-frontend-handlers.03caa53373b56d3bab67.bundle.min.js HTTP/1.1" 200 2515 "https://reggio-emilia.elettroservicegroup.it/copertina-12/" "AdsBot-Google (+http://www.google.com/adsbot.html)"
192.178.16.135 - - [06/Jul/2026:20:41:28 +0200] "GET /wp-content/plugins/elementor/assets/js/section-frontend-handlers.d85ab872da118940910d.bundle.min.js HTTP/1.1" 200 230 "https://reggio-emilia.elettroservicegroup.it/copertina-12/" "AdsBot-Google (+http://www.google.com/adsbot.html)"
192.178.16.135 - - [06/Jul/2026:20:41:28 +0200] "GET /wp-content/plugins/elementor/assets/js/text-editor.45609661e409413f1cef.bundle.min.js HTTP/1.1" 200 592 "https://reggio-emilia.elettroservicegroup.it/copertina-12/" "AdsBot-Google (+http://www.google.com/adsbot.html)"
170.244.29.142 - - [06/Jul/2026:20:46:26 +0200] "GET /wp-content/uploads/2021/10/TECNICO-ELETTRODOMESTICI-6.jpg HTTP/1.1" 200 23089 "-" "Mozilla/5.0 (Android 5.0.1; Mobile; rv:63.0) Gecko/63.0 Firefox/63.0"
14.191.18.147 - - [06/Jul/2026:22:16:36 +0200] "GET /wp-content/uploads/2021/10/RICAMBI-LAVATRICE-300x116.webp HTTP/1.1" 200 6334 "-" "Mozilla/5.0 (X11; Linux i686) AppleWebKit/533.0 (KHTML, like Gecko) Chrome/16.0.875.0 Safari/533.0"
40.77.167.154 - - [06/Jul/2026:22:47:29 +0200] "GET /assistenza-lavastoviglie-rex-electrolux-santilario-denza/ HTTP/2.0" 200 24865 "-" "Mozilla/5.0 AppleWebKit/537.36 (KHTML, like Gecko; compatible; bingbot/2.0; +http://www.bing.com/bingbot.htm) Chrome/116.0.1938.76 Safari/537.36"
65.108.235.243 - - [06/Jul/2026:22:54:50 +0200] "POST /wp-cron.php?doing_wp_cron=1783371290.8843100070953369140625 HTTP/1.1" 200 1 "-" "WordPress/7.0; https://reggio-emilia.elettroservicegroup.it"
192.178.16.136 - - [06/Jul/2026:22:54:42 +0200] "GET /assistenza-lavastoviglie-smeg-reggio-emilia/ HTTP/1.1" 200 25009 "-" "Mozilla/5.0 (Linux; Android 6.0.1; Nexus 5X Build/MMB29P) AppleWebKit/537.36 (KHTML, like Gecko) Chrome/150.0.7871.46 Mobile Safari/537.36 (compatible; AdsBot-Google-Mobile; +http://www.google.com/mobile/adsbot.html)"
192.178.16.135 - - [06/Jul/2026:22:54:53 +0200] "GET /wp-content/plugins/header-footer-elementor/assets/css/header-footer-elementor.css?ver=2.9.0 HTTP/1.1" 200 260 "https://reggio-emilia.elettroservicegroup.it/assistenza-lavastoviglie-smeg-reggio-emilia/" "AdsBot-Google (+http://www.google.com/adsbot.html)"
192.178.16.135 - - [06/Jul/2026:22:54:53 +0200] "GET /wp-content/plugins/elementor/assets/css/widget-spacer.min.css?ver=4.1.4 HTTP/1.1" 200 287 "https://reggio-emilia.elettroservicegroup.it/assistenza-lavastoviglie-smeg-reggio-emilia/" "AdsBot-Google (+http://www.google.com/adsbot.html)"
192.178.16.135 - - [06/Jul/2026:22:54:53 +0200] "GET /wp-content/plugins/elementor/assets/lib/animations/styles/zoomIn.min.css?ver=4.1.4 HTTP/1.1" 200 87 "https://reggio-emilia.elettroservicegroup.it/assistenza-lavastoviglie-smeg-reggio-emilia/" "AdsBot-Google (+http://www.google.com/adsbot.html)"
192.178.16.135 - - [06/Jul/2026:22:54:54 +0200] "GET /wp-content/plugins/elementor/assets/css/widget-heading.min.css?ver=4.1.4 HTTP/1.1" 200 127 "https://reggio-emilia.elettroservicegroup.it/assistenza-lavastoviglie-smeg-reggio-emilia/" "AdsBot-Google (+http://www.google.com/adsbot.html)"
192.178.16.136 - - [06/Jul/2026:22:54:54 +0200] "GET /wp-content/uploads/elementor/css/post-17756.css?ver=1783104898 HTTP/1.1" 200 2067 "https://reggio-emilia.elettroservicegroup.it/assistenza-lavastoviglie-smeg-reggio-emilia/" "AdsBot-Google (+http://www.google.com/adsbot.html)"
192.178.16.136 - - [06/Jul/2026:22:54:54 +0200] "GET /wp-content/plugins/elementor/assets/lib/font-awesome/css/brands.css?ver=5.15.3 HTTP/1.1" 200 298 "https://reggio-emilia.elettroservicegroup.it/assistenza-lavastoviglie-smeg-reggio-emilia/" "AdsBot-Google (+http://www.google.com/adsbot.html)"
192.178.16.136 - - [06/Jul/2026:22:54:55 +0200] "GET /wp-content/plugins/gp-premium/menu-plus/functions/css/navigation-branding-flex.min.css?ver=2.5.5 HTTP/1.1" 200 542 "https://reggio-emilia.elettroservicegroup.it/assistenza-lavastoviglie-smeg-reggio-emilia/" "AdsBot-Google (+http://www.google.com/adsbot.html)"
192.178.16.136 - - [06/Jul/2026:22:54:55 +0200] "GET /wp-content/uploads/elementor/css/post-14146.css?ver=1783099225 HTTP/1.1" 200 428 "https://reggio-emilia.elettroservicegroup.it/assistenza-lavastoviglie-smeg-reggio-emilia/" "AdsBot-Google (+http://www.google.com/adsbot.html)"
192.178.16.136 - - [06/Jul/2026:22:54:55 +0200] "GET /wp-content/plugins/elementor/assets/css/widget-icon-list.min.css?ver=3.24.3 HTTP/1.1" 200 928 "https://reggio-emilia.elettroservicegroup.it/assistenza-lavastoviglie-smeg-reggio-emilia/" "AdsBot-Google (+http://www.google.com/adsbot.html)"
192.178.16.135 - - [06/Jul/2026:22:54:55 +0200] "GET /wp-content/plugins/gp-premium/menu-plus/functions/js/sticky.min.js?ver=2.5.5 HTTP/1.1" 200 2670 "https://reggio-emilia.elettroservicegroup.it/assistenza-lavastoviglie-smeg-reggio-emilia/" "AdsBot-Google (+http://www.google.com/adsbot.html)"
192.178.16.135 - - [06/Jul/2026:22:54:56 +0200] "GET /wp-content/plugins/elementor/assets/lib/font-awesome/js/v4-shims.min.js?ver=4.1.4 HTTP/1.1" 200 4043 "https://reggio-emilia.elettroservicegroup.it/assistenza-lavastoviglie-smeg-reggio-emilia/" "AdsBot-Google (+http://www.google.com/adsbot.html)"
65.108.235.243 - - [06/Jul/2026:22:54:54 +0200] "POST /wp-json/complianz/v1/wsc-scan HTTP/1.1" 400 88 "-" "WordPress/7.0; https://reggio-emilia.elettroservicegroup.it"
192.178.16.136 - - [06/Jul/2026:22:54:56 +0200] "GET /wp-content/plugins/elementor/assets/lib/font-awesome/css/solid.css?ver=5.15.3 HTTP/1.1" 200 299 "https://reggio-emilia.elettroservicegroup.it/assistenza-lavastoviglie-smeg-reggio-emilia/" "AdsBot-Google (+http://www.google.com/adsbot.html)"
192.178.16.136 - - [06/Jul/2026:22:54:56 +0200] "GET /wp-content/plugins/elementor/assets/css/frontend.min.css?ver=4.1.4 HTTP/1.1" 200 6618 "https://reggio-emilia.elettroservicegroup.it/assistenza-lavastoviglie-smeg-reggio-emilia/" "AdsBot-Google (+http://www.google.com/adsbot.html)"
192.178.16.136 - - [06/Jul/2026:22:54:56 +0200] "GET /wp-content/themes/generatepress/assets/css/main.min.css?ver=3.6.1 HTTP/1.1" 200 4410 "https://reggio-emilia.elettroservicegroup.it/assistenza-lavastoviglie-smeg-reggio-emilia/" "AdsBot-Google (+http://www.google.com/adsbot.html)"
192.178.16.136 - - [06/Jul/2026:22:54:56 +0200] "GET /wp-content/plugins/elementor/assets/lib/animations/styles/bounceIn.min.css?ver=4.1.4 HTTP/1.1" 200 186 "https://reggio-emilia.elettroservicegroup.it/assistenza-lavastoviglie-smeg-reggio-emilia/" "AdsBot-Google (+http://www.google.com/adsbot.html)"
192.178.16.135 - - [06/Jul/2026:22:54:57 +0200] "GET /wp-includes/js/jquery/jquery-migrate.min.js?ver=3.4.1 HTTP/1.1" 200 4685 "https://reggio-emilia.elettroservicegroup.it/assistenza-lavastoviglie-smeg-reggio-emilia/" "AdsBot-Google (+http://www.google.com/adsbot.html)"
192.178.16.135 - - [06/Jul/2026:22:54:57 +0200] "GET /wp-content/plugins/elementor/assets/js/webpack.runtime.min.js?ver=4.1.4 HTTP/1.1" 200 2340 "https://reggio-emilia.elettroservicegroup.it/assistenza-lavastoviglie-smeg-reggio-emilia/" "AdsBot-Google (+http://www.google.com/adsbot.html)"
192.178.16.135 - - [06/Jul/2026:22:54:57 +0200] "GET /wp-content/plugins/elementor/assets/lib/eicons/css/elementor-icons.min.css?ver=5.34.0 HTTP/1.1" 200 4125 "https://reggio-emilia.elettroservicegroup.it/assistenza-lavastoviglie-smeg-reggio-emilia/" "AdsBot-Google (+http://www.google.com/adsbot.html)"
192.178.16.135 - - [06/Jul/2026:22:54:57 +0200] "GET /wp-content/plugins/all-in-one-seo-pack/dist/Lite/assets/css/table-of-contents/global.e90f6d47.css?ver=4.9.9 HTTP/1.1" 200 420 "https://reggio-emilia.elettroservicegroup.it/assistenza-lavastoviglie-smeg-reggio-emilia/" "AdsBot-Google (+http://www.google.com/adsbot.html)"
192.178.16.135 - - [06/Jul/2026:22:54:58 +0200] "GET /wp-content/plugins/elementor/assets/css/widget-image.min.css?ver=4.1.4 HTTP/1.1" 200 96 "https://reggio-emilia.elettroservicegroup.it/assistenza-lavastoviglie-smeg-reggio-emilia/" "AdsBot-Google (+http://www.google.com/adsbot.html)"
192.178.16.135 - - [06/Jul/2026:22:54:58 +0200] "GET /wp-includes/js/jquery/jquery.min.js?ver=3.7.1 HTTP/1.1" 200 29769 "https://reggio-emilia.elettroservicegroup.it/assistenza-lavastoviglie-smeg-reggio-emilia/" "AdsBot-Google (+http://www.google.com/adsbot.html)"
192.178.16.136 - - [06/Jul/2026:22:54:54 +0200] "GET /assistenza-ariston-correggio/ HTTP/1.1" 200 25177 "-" "Mozilla/5.0 (Linux; Android 6.0.1; Nexus 5X Build/MMB29P) AppleWebKit/537.36 (KHTML, like Gecko) Chrome/150.0.7871.46 Mobile Safari/537.36 (compatible; AdsBot-Google-Mobile; +http://www.google.com/mobile/adsbot.html)"
192.178.16.135 - - [06/Jul/2026:22:54:58 +0200] "GET /wp-content/plugins/elementor/assets/css/widget-social-icons.min.css?ver=3.24.0 HTTP/1.1" 200 1039 "https://reggio-emilia.elettroservicegroup.it/assistenza-lavastoviglie-smeg-reggio-emilia/" "AdsBot-Google (+http://www.google.com/adsbot.html)"
192.178.16.135 - - [06/Jul/2026:22:54:58 +0200] "GET /wp-content/plugins/header-footer-elementor/inc/widgets-css/frontend.css?ver=2.9.0 HTTP/1.1" 200 8711 "https://reggio-emilia.elettroservicegroup.it/assistenza-lavastoviglie-smeg-reggio-emilia/" "AdsBot-Google (+http://www.google.com/adsbot.html)"
192.178.16.135 - - [06/Jul/2026:22:54:58 +0200] "GET /wp-content/plugins/complianz-gdpr-premium/assets/css/cookieblocker.min.css?ver=1783097850 HTTP/1.1" 200 615 "https://reggio-emilia.elettroservicegroup.it/assistenza-lavastoviglie-smeg-reggio-emilia/" "AdsBot-Google (+http://www.google.com/adsbot.html)"
192.178.16.135 - - [06/Jul/2026:22:54:59 +0200] "GET /wp-content/uploads/elementor/google-fonts/css/roboto.css?ver=1742255001 HTTP/1.1" 200 1890 "https://reggio-emilia.elettroservicegroup.it/assistenza-lavastoviglie-smeg-reggio-emilia/" "AdsBot-Google (+http://www.google.com/adsbot.html)"
65.108.235.243 - - [06/Jul/2026:22:54:56 +0200] "GET /dichiarazione-sulla-privacy-ue/ HTTP/1.1" 200 21217 "-" "WP Fastest Cache Preload Bot"
192.178.16.135 - - [06/Jul/2026:22:54:59 +0200] "GET /wp-content/plugins/elementor/assets/lib/font-awesome/css/all.min.css?ver=4.1.4 HTTP/1.1" 200 12402 "https://reggio-emilia.elettroservicegroup.it/assistenza-lavastoviglie-smeg-reggio-emilia/" "AdsBot-Google (+http://www.google.com/adsbot.html)"
192.178.16.135 - - [06/Jul/2026:22:55:00 +0200] "GET /wp-content/plugins/elementor/assets/lib/font-awesome/css/fontawesome.css?ver=5.15.3 HTTP/1.1" 200 12535 "https://reggio-emilia.elettroservicegroup.it/assistenza-lavastoviglie-smeg-reggio-emilia/" "AdsBot-Google (+http://www.google.com/adsbot.html)"
192.178.16.135 - - [06/Jul/2026:22:55:00 +0200] "GET /wp-content/uploads/elementor/google-fonts/css/robotoslab.css?ver=1742255003 HTTP/1.1" 200 721 "https://reggio-emilia.elettroservicegroup.it/assistenza-lavastoviglie-smeg-reggio-emilia/" "AdsBot-Google (+http://www.google.com/adsbot.html)"
192.178.16.135 - - [06/Jul/2026:22:55:00 +0200] "GET /wp-content/uploads/elementor/css/post-14366.css?ver=1783099226 HTTP/1.1" 200 302 "https://reggio-emilia.elettroservicegroup.it/assistenza-lavastoviglie-smeg-reggio-emilia/" "AdsBot-Google (+http://www.google.com/adsbot.html)"
192.178.16.135 - - [06/Jul/2026:22:55:00 +0200] "GET /wp-content/plugins/elementor/assets/lib/font-awesome/css/v4-shims.min.css?ver=4.1.4 HTTP/1.1" 200 3986 "https://reggio-emilia.elettroservicegroup.it/assistenza-lavastoviglie-smeg-reggio-emilia/" "AdsBot-Google (+http://www.google.com/adsbot.html)"
192.178.16.135 - - [06/Jul/2026:22:55:01 +0200] "GET /wp-content/plugins/elementor/assets/js/frontend-modules.min.js?ver=4.1.4 HTTP/1.1" 200 15454 "https://reggio-emilia.elettroservicegroup.it/assistenza-lavastoviglie-smeg-reggio-emilia/" "AdsBot-Google (+http://www.google.com/adsbot.html)"
192.178.16.135 - - [06/Jul/2026:22:55:01 +0200] "GET /wp-includes/js/jquery/ui/core.min.js?ver=1.13.3 HTTP/1.1" 200 6820 "https://reggio-emilia.elettroservicegroup.it/assistenza-lavastoviglie-smeg-reggio-emilia/" "AdsBot-Google (+http://www.google.com/adsbot.html)"
192.178.16.135 - - [06/Jul/2026:22:55:01 +0200] "GET /wp-content/uploads/elementor/css/post-17697.css?ver=1783158049 HTTP/1.1" 200 2167 "https://reggio-emilia.elettroservicegroup.it/assistenza-ariston-correggio/" "AdsBot-Google (+http://www.google.com/adsbot.html)"
192.178.16.135 - - [06/Jul/2026:22:55:02 +0200] "GET /wp-content/plugins/elementor/assets/js/frontend.min.js?ver=4.1.4 HTTP/1.1" 200 10140 "https://reggio-emilia.elettroservicegroup.it/assistenza-lavastoviglie-smeg-reggio-emilia/" "AdsBot-Google (+http://www.google.com/adsbot.html)"
192.178.16.135 - - [06/Jul/2026:22:55:02 +0200] "GET /wp-content/themes/generatepress/assets/js/back-to-top.min.js?ver=3.6.1 HTTP/1.1" 200 336 "https://reggio-emilia.elettroservicegroup.it/assistenza-lavastoviglie-smeg-reggio-emilia/" "AdsBot-Google (+http://www.google.com/adsbot.html)"
192.178.16.135 - - [06/Jul/2026:22:55:02 +0200] "GET /wp-content/themes/generatepress/assets/js/menu.min.js?ver=3.6.1 HTTP/1.1" 200 1688 "https://reggio-emilia.elettroservicegroup.it/assistenza-lavastoviglie-smeg-reggio-emilia/" "AdsBot-Google (+http://www.google.com/adsbot.html)"
192.178.16.135 - - [06/Jul/2026:22:55:02 +0200] "GET /wp-content/plugins/google-analytics-for-wordpress/assets/js/frontend-gtag.min.js?ver=10.2.2 HTTP/1.1" 200 3075 "https://reggio-emilia.elettroservicegroup.it/assistenza-lavastoviglie-smeg-reggio-emilia/" "AdsBot-Google (+http://www.google.com/adsbot.html)"
192.178.16.135 - - [06/Jul/2026:22:55:03 +0200] "GET /wp-content/plugins/complianz-gdpr-premium/cookiebanner/js/complianz.min.js?ver=1783097850 HTTP/1.1" 200 10762 "https://reggio-emilia.elettroservicegroup.it/assistenza-lavastoviglie-smeg-reggio-emilia/" "AdsBot-Google (+http://www.google.com/adsbot.html)"
65.108.235.243 - - [06/Jul/2026:22:54:59 +0200] "GET /imprint/ HTTP/1.1" 200 18740 "-" "WP Fastest Cache Preload Bot"
192.178.16.135 - - [06/Jul/2026:22:55:04 +0200] "GET /wp-content/uploads/elementor/google-fonts/fonts/roboto-kfo7cnqeu92fr1me7ksn66agldtyluama3yuba.woff2 HTTP/1.1" 200 40132 "https://reggio-emilia.elettroservicegroup.it/wp-content/uploads/elementor/google-fonts/css/roboto.css?ver=1742255001" "AdsBot-Google (+http://www.google.com/adsbot.html)"
192.178.16.135 - - [06/Jul/2026:22:55:04 +0200] "GET /wp-json/complianz/v1/banner?lang=it&locale=it_IT&token=lcps HTTP/1.1" 200 82 "https://reggio-emilia.elettroservicegroup.it/assistenza-lavastoviglie-smeg-reggio-emilia/" "AdsBot-Google (+http://www.google.com/adsbot.html)"
192.178.16.135 - - [06/Jul/2026:22:55:05 +0200] "GET /wp-content/uploads/complianz/css/banner-1-optin.css?v=511 HTTP/1.1" 200 2862 "https://reggio-emilia.elettroservicegroup.it/assistenza-lavastoviglie-smeg-reggio-emilia/" "AdsBot-Google (+http://www.google.com/adsbot.html)"
65.108.235.243 - - [06/Jul/2026:22:55:03 +0200] "GET /assistenza-whirlpool-rubiera/ HTTP/1.1" 200 24986 "-" "WP Fastest Cache Preload Bot"
192.178.16.135 - - [06/Jul/2026:22:55:05 +0200] "GET /wp-json/complianz/v1/cookie_data HTTP/1.1" 200 82 "https://reggio-emilia.elettroservicegroup.it/assistenza-lavastoviglie-smeg-reggio-emilia/" "AdsBot-Google (+http://www.google.com/adsbot.html)"
192.178.16.135 - - [06/Jul/2026:22:55:07 +0200] "GET /wp-content/plugins/elementor/assets/js/shared-frontend-handlers.03caa53373b56d3bab67.bundle.min.js HTTP/1.1" 200 2515 "https://reggio-emilia.elettroservicegroup.it/assistenza-lavastoviglie-smeg-reggio-emilia/" "AdsBot-Google (+http://www.google.com/adsbot.html)"
192.178.16.135 - - [06/Jul/2026:22:55:07 +0200] "GET /wp-content/plugins/elementor/assets/js/section-frontend-handlers.d85ab872da118940910d.bundle.min.js HTTP/1.1" 200 230 "https://reggio-emilia.elettroservicegroup.it/assistenza-lavastoviglie-smeg-reggio-emilia/" "AdsBot-Google (+http://www.google.com/adsbot.html)"
192.178.16.135 - - [06/Jul/2026:22:55:07 +0200] "GET /wp-content/plugins/elementor/assets/js/text-editor.45609661e409413f1cef.bundle.min.js HTTP/1.1" 200 592 "https://reggio-emilia.elettroservicegroup.it/assistenza-lavastoviglie-smeg-reggio-emilia/" "AdsBot-Google (+http://www.google.com/adsbot.html)"
65.108.235.243 - - [06/Jul/2026:22:55:06 +0200] "GET /assistenza-whirlpool-scandiano/ HTTP/1.1" 200 24897 "-" "WP Fastest Cache Preload Bot"
65.108.235.243 - - [06/Jul/2026:22:55:08 +0200] "GET / HTTP/1.1" 200 25330 "-" "WP Fastest Cache Preload Bot"
65.108.235.243 - - [06/Jul/2026:22:55:11 +0200] "POST /wp-admin/admin-ajax.php?action=wordfence_testAjax HTTP/1.1" 200 16 "-" "WordPress/7.0; https://reggio-emilia.elettroservicegroup.it"
65.108.235.243 - - [06/Jul/2026:22:55:13 +0200] "GET /wp-admin/admin-ajax.php?action=wordfence_doScan&isFork=0&scanMode=quick&cronKey=089ac2f50dca82d56969c793a1ebf2fa&signature=b476db54cc41cb383187497a87abeb6efdf2ba95eabfff0cf749864fba03dbfd HTTP/1.1" 200 1 "-" "WordPress/7.0; https://reggio-emilia.elettroservicegroup.it"
65.108.235.243 - - [06/Jul/2026:22:57:11 +0200] "POST /wp-cron.php?doing_wp_cron=1783371431.5904469490051269531250 HTTP/1.1" 200 1 "-" "WordPress/7.0; https://reggio-emilia.elettroservicegroup.it"
192.178.16.136 - - [06/Jul/2026:22:57:00 +0200] "GET /assistenza-rex-electrolux-reggio-emilia/ HTTP/1.1" 200 25135 "-" "Mozilla/5.0 (Linux; Android 6.0.1; Nexus 5X Build/MMB29P) AppleWebKit/537.36 (KHTML, like Gecko) Chrome/150.0.7871.46 Mobile Safari/537.36 (compatible; AdsBot-Google-Mobile; +http://www.google.com/mobile/adsbot.html)"
192.178.16.135 - - [06/Jul/2026:22:57:15 +0200] "GET /wp-content/uploads/elementor/css/post-17822.css?ver=1783106379 HTTP/1.1" 200 2174 "https://reggio-emilia.elettroservicegroup.it/assistenza-rex-electrolux-reggio-emilia/" "AdsBot-Google (+http://www.google.com/adsbot.html)"
