192.178.16.136 - - [06/Jul/2026:16:53:27 +0200] "GET /wp-content/plugins/elementor/assets/js/lightbox.570c05c5a283cfb6b223.bundle.min.js HTTP/1.1" 200 9102 "https://reggio-emilia.elettroservicegroup.it/1/" "AdsBot-Google (+http://www.google.com/adsbot.html)"
65.108.235.243 - - [06/Jul/2026:16:55:11 +0200] "POST /wp-cron.php?doing_wp_cron=1783349711.5920579433441162109375 HTTP/1.1" 200 1 "-" "WordPress/7.0; https://reggio-emilia.elettroservicegroup.it"
192.178.16.136 - - [06/Jul/2026:16:55:04 +0200] "GET /assistenza-ariston-rubiera/ HTTP/1.1" 200 25166 "-" "Mozilla/5.0 (Linux; Android 6.0.1; Nexus 5X Build/MMB29P) AppleWebKit/537.36 (KHTML, like Gecko) Chrome/150.0.7871.46 Mobile Safari/537.36 (compatible; AdsBot-Google-Mobile; +http://www.google.com/mobile/adsbot.html)"
192.178.16.136 - - [06/Jul/2026:16:55:13 +0200] "GET /wp-content/uploads/elementor/css/post-17701.css?ver=1783157383 HTTP/1.1" 200 2167 "https://reggio-emilia.elettroservicegroup.it/assistenza-ariston-rubiera/" "AdsBot-Google (+http://www.google.com/adsbot.html)"
65.108.235.243 - - [06/Jul/2026:16:55:40 +0200] "POST /wp-cron.php?doing_wp_cron=1783349740.3921189308166503906250 HTTP/1.1" 200 1 "-" "WordPress/7.0; https://reggio-emilia.elettroservicegroup.it"
192.178.16.135 - - [06/Jul/2026:16:55:38 +0200] "GET /assistenza-candy-reggio-emilia/ HTTP/1.1" 200 25083 "-" "Mozilla/5.0 (Linux; Android 6.0.1; Nexus 5X Build/MMB29P) AppleWebKit/537.36 (KHTML, like Gecko) Chrome/150.0.7871.46 Mobile Safari/537.36 (compatible; AdsBot-Google-Mobile; +http://www.google.com/mobile/adsbot.html)"
192.178.16.135 - - [06/Jul/2026:16:55:43 +0200] "GET /wp-content/uploads/elementor/css/post-17708.css?ver=1783155545 HTTP/1.1" 200 2177 "https://reggio-emilia.elettroservicegroup.it/assistenza-candy-reggio-emilia/" "AdsBot-Google (+http://www.google.com/adsbot.html)"
65.108.235.243 - - [06/Jul/2026:16:56:14 +0200] "POST /wp-cron.php?doing_wp_cron=1783349774.7815530300140380859375 HTTP/1.1" 200 1 "-" "WordPress/7.0; https://reggio-emilia.elettroservicegroup.it"
192.178.16.136 - - [06/Jul/2026:16:56:12 +0200] "GET /assistenza-siemens-correggio/ HTTP/1.1" 200 25050 "-" "Mozilla/5.0 (Linux; Android 6.0.1; Nexus 5X Build/MMB29P) AppleWebKit/537.36 (KHTML, like Gecko) Chrome/150.0.7871.46 Mobile Safari/537.36 (compatible; AdsBot-Google-Mobile; +http://www.google.com/mobile/adsbot.html)"
192.178.16.136 - - [06/Jul/2026:16:56:17 +0200] "GET /wp-content/uploads/elementor/css/post-17829.css?ver=1783104670 HTTP/1.1" 200 2178 "https://reggio-emilia.elettroservicegroup.it/assistenza-siemens-correggio/" "AdsBot-Google (+http://www.google.com/adsbot.html)"
65.108.235.243 - - [06/Jul/2026:16:56:16 +0200] "GET /assistenza-lavastoviglie-bosch-correggio/ HTTP/1.1" 200 24833 "-" "WP Fastest Cache Preload Bot"
65.108.235.243 - - [06/Jul/2026:16:56:18 +0200] "GET /assistenza-lavastoviglie-bosch-reggio-emilia/ HTTP/1.1" 200 24832 "-" "WP Fastest Cache Preload Bot"
65.108.235.243 - - [06/Jul/2026:16:56:21 +0200] "GET /assistenza-lavastoviglie-ariston-rubiera/ HTTP/1.1" 200 24857 "-" "WP Fastest Cache Preload Bot"
65.108.235.243 - - [06/Jul/2026:16:56:23 +0200] "GET /assistenza-lavastoviglie-ariston-scandiano/ HTTP/1.1" 200 24859 "-" "WP Fastest Cache Preload Bot"
65.108.235.243 - - [06/Jul/2026:16:56:46 +0200] "POST /wp-cron.php?doing_wp_cron=1783349806.8967061042785644531250 HTTP/1.1" 200 1 "-" "WordPress/7.0; https://reggio-emilia.elettroservicegroup.it"
192.178.16.135 - - [06/Jul/2026:16:56:46 +0200] "GET /assistenza-whirlpool-reggio-emilia/ HTTP/1.1" 200 25178 "-" "Mozilla/5.0 (Linux; Android 6.0.1; Nexus 5X Build/MMB29P) AppleWebKit/537.36 (KHTML, like Gecko) Chrome/150.0.7871.46 Mobile Safari/537.36 (compatible; AdsBot-Google-Mobile; +http://www.google.com/mobile/adsbot.html)"
192.178.16.135 - - [06/Jul/2026:16:56:48 +0200] "GET /wp-content/uploads/elementor/css/post-17840.css?ver=1783099900 HTTP/1.1" 200 2168 "https://reggio-emilia.elettroservicegroup.it/assistenza-whirlpool-reggio-emilia/" "AdsBot-Google (+http://www.google.com/adsbot.html)"
65.108.235.243 - - [06/Jul/2026:17:16:11 +0200] "POST /wp-cron.php?doing_wp_cron=1783350971.3775029182434082031250 HTTP/1.1" 200 1 "-" "WordPress/7.0; https://reggio-emilia.elettroservicegroup.it"
192.178.16.137 - - [06/Jul/2026:17:16:09 +0200] "GET /assistenza-siemens-reggio-emilia/ HTTP/1.1" 200 25037 "-" "Mozilla/5.0 (Linux; Android 6.0.1; Nexus 5X Build/MMB29P) AppleWebKit/537.36 (KHTML, like Gecko) Chrome/150.0.7871.46 Mobile Safari/537.36 (compatible; AdsBot-Google-Mobile; +http://www.google.com/mobile/adsbot.html)"
65.108.235.243 - - [06/Jul/2026:17:16:11 +0200] "POST /wp-json/complianz/v1/wsc-scan HTTP/1.1" 400 88 "-" "WordPress/7.0; https://reggio-emilia.elettroservicegroup.it"
65.108.235.243 - - [06/Jul/2026:17:16:12 +0200] "GET /assistenza-lavastoviglie-ariston-santilario-denza/ HTTP/1.1" 200 24955 "-" "WP Fastest Cache Preload Bot"
65.108.235.243 - - [06/Jul/2026:17:16:12 +0200] "GET /assistenza-lavastoviglie-ariston-guastalla/ HTTP/1.1" 200 24860 "-" "WP Fastest Cache Preload Bot"
65.108.235.243 - - [06/Jul/2026:17:16:12 +0200] "GET /assistenza-lavastoviglie-ariston-correggio/ HTTP/1.1" 200 24858 "-" "WP Fastest Cache Preload Bot"
65.108.235.243 - - [06/Jul/2026:17:16:13 +0200] "GET /assistenza-lavastoviglie-ariston-reggio-emilia/ HTTP/1.1" 200 24865 "-" "WP Fastest Cache Preload Bot"
192.178.16.137 - - [06/Jul/2026:17:16:13 +0200] "GET /wp-content/uploads/elementor/css/post-17828.css?ver=1783104673 HTTP/1.1" 200 2176 "https://reggio-emilia.elettroservicegroup.it/assistenza-siemens-reggio-emilia/" "AdsBot-Google (+http://www.google.com/adsbot.html)"
162.120.188.13 - - [06/Jul/2026:17:20:44 +0200] "GET /assistenza-frigoriferi-reggio-emilia/?gad_source=1&gad_campaignid=23800353523&gbraid=0AAAABDgs-LTOdW4aETZsbfAka0ieOZmyo&gclid=CjwKCAjwpK3SBhASEiwAtV1SPEVj4gr6Z_6vwuG0QJ58WkhF-pdCXjHzFrm8MMOvD4uHA2PYHALgqhoCaWwQAvD_BwE HTTP/2.0" 503 468 "https://www.google.com/" "Mozilla/5.0 (Linux; Android 10; K) AppleWebKit/537.36 (KHTML, like Gecko) Chrome/149.0.0.0 Mobile Safari/537.36"
65.108.235.243 - - [06/Jul/2026:17:20:45 +0200] "POST /wp-cron.php?doing_wp_cron=1783351245.8426499366760253906250 HTTP/1.1" 200 1 "-" "WordPress/7.0; https://reggio-emilia.elettroservicegroup.it"
66.249.93.133 - - [06/Jul/2026:17:20:44 +0200] "GET /.well-known/traffic-advice HTTP/1.1" 404 18062 "-" "Chrome Privacy Preserving Prefetch Proxy"
65.108.235.243 - - [06/Jul/2026:17:20:46 +0200] "GET /assistenza-lavastoviglie-aeg-rubiera/ HTTP/1.1" 200 24847 "-" "WP Fastest Cache Preload Bot"
65.108.235.243 - - [06/Jul/2026:17:20:46 +0200] "GET /assistenza-lavastoviglie-aeg-scandiano/ HTTP/1.1" 200 24850 "-" "WP Fastest Cache Preload Bot"
151.68.57.68 - - [06/Jul/2026:17:20:46 +0200] "GET /assistenza-lavastoviglie-reggio-emilia/?gad_source=1&gad_campaignid=23800353523&gbraid=0AAAABDgs-LTOdW4aETZsbfAka0ieOZmyo&gclid=CjwKCAjwpK3SBhASEiwAtV1SPLTLRoyDfJVYDn7xP4ukcfvQ2toVzGEeafeEZukvtIycGar6y8sAOhoCa2MQAvD_BwE HTTP/2.0" 200 25681 "https://www.google.com/" "Mozilla/5.0 (Linux; Android 10; K) AppleWebKit/537.36 (KHTML, like Gecko) Chrome/149.0.0.0 Mobile Safari/537.36"
65.108.235.243 - - [06/Jul/2026:17:20:46 +0200] "GET /assistenza-lavastoviglie-aeg-santilario-denza/ HTTP/1.1" 200 24937 "-" "WP Fastest Cache Preload Bot"
65.108.235.243 - - [06/Jul/2026:17:20:47 +0200] "GET /assistenza-lavastoviglie-aeg-guastalla/ HTTP/1.1" 200 24972 "-" "WP Fastest Cache Preload Bot"
151.68.57.68 - - [06/Jul/2026:17:20:47 +0200] "GET /wp-content/uploads/elementor/css/post-14146.css?ver=1783099225 HTTP/2.0" 200 428 "https://reggio-emilia.elettroservicegroup.it/assistenza-lavastoviglie-reggio-emilia/?gad_source=1&gad_campaignid=23800353523&gbraid=0AAAABDgs-LTOdW4aETZsbfAka0ieOZmyo&gclid=CjwKCAjwpK3SBhASEiwAtV1SPLTLRoyDfJVYDn7xP4ukcfvQ2toVzGEeafeEZukvtIycGar6y8sAOhoCa2MQAvD_BwE" "Mozilla/5.0 (Linux; Android 10; K) AppleWebKit/537.36 (KHTML, like Gecko) Chrome/149.0.0.0 Mobile Safari/537.36"
151.68.57.68 - - [06/Jul/2026:17:20:47 +0200] "GET /wp-content/plugins/complianz-gdpr-premium/assets/css/cookieblocker.min.css?ver=1783097850 HTTP/2.0" 200 615 "https://reggio-emilia.elettroservicegroup.it/assistenza-lavastoviglie-reggio-emilia/?gad_source=1&gad_campaignid=23800353523&gbraid=0AAAABDgs-LTOdW4aETZsbfAka0ieOZmyo&gclid=CjwKCAjwpK3SBhASEiwAtV1SPLTLRoyDfJVYDn7xP4ukcfvQ2toVzGEeafeEZukvtIycGar6y8sAOhoCa2MQAvD_BwE" "Mozilla/5.0 (Linux; Android 10; K) AppleWebKit/537.36 (KHTML, like Gecko) Chrome/149.0.0.0 Mobile Safari/537.36"
151.68.57.68 - - [06/Jul/2026:17:20:47 +0200] "GET /wp-content/plugins/elementor/assets/lib/font-awesome/css/v4-shims.min.css?ver=4.1.4 HTTP/2.0" 200 3986 "https://reggio-emilia.elettroservicegroup.it/assistenza-lavastoviglie-reggio-emilia/?gad_source=1&gad_campaignid=23800353523&gbraid=0AAAABDgs-LTOdW4aETZsbfAka0ieOZmyo&gclid=CjwKCAjwpK3SBhASEiwAtV1SPLTLRoyDfJVYDn7xP4ukcfvQ2toVzGEeafeEZukvtIycGar6y8sAOhoCa2MQAvD_BwE" "Mozilla/5.0 (Linux; Android 10; K) AppleWebKit/537.36 (KHTML, like Gecko) Chrome/149.0.0.0 Mobile Safari/537.36"
151.68.57.68 - - [06/Jul/2026:17:20:47 +0200] "GET /wp-content/plugins/header-footer-elementor/assets/css/header-footer-elementor.css?ver=2.9.0 HTTP/2.0" 200 260 "https://reggio-emilia.elettroservicegroup.it/assistenza-lavastoviglie-reggio-emilia/?gad_source=1&gad_campaignid=23800353523&gbraid=0AAAABDgs-LTOdW4aETZsbfAka0ieOZmyo&gclid=CjwKCAjwpK3SBhASEiwAtV1SPLTLRoyDfJVYDn7xP4ukcfvQ2toVzGEeafeEZukvtIycGar6y8sAOhoCa2MQAvD_BwE" "Mozilla/5.0 (Linux; Android 10; K) AppleWebKit/537.36 (KHTML, like Gecko) Chrome/149.0.0.0 Mobile Safari/537.36"
151.68.57.68 - - [06/Jul/2026:17:20:47 +0200] "GET /wp-content/plugins/all-in-one-seo-pack/dist/Lite/assets/css/table-of-contents/global.e90f6d47.css?ver=4.9.9 HTTP/2.0" 200 420 "https://reggio-emilia.elettroservicegroup.it/assistenza-lavastoviglie-reggio-emilia/?gad_source=1&gad_campaignid=23800353523&gbraid=0AAAABDgs-LTOdW4aETZsbfAka0ieOZmyo&gclid=CjwKCAjwpK3SBhASEiwAtV1SPLTLRoyDfJVYDn7xP4ukcfvQ2toVzGEeafeEZukvtIycGar6y8sAOhoCa2MQAvD_BwE" "Mozilla/5.0 (Linux; Android 10; K) AppleWebKit/537.36 (KHTML, like Gecko) Chrome/149.0.0.0 Mobile Safari/537.36"
151.68.57.68 - - [06/Jul/2026:17:20:47 +0200] "GET /wp-content/plugins/elementor/assets/css/frontend.min.css?ver=4.1.4 HTTP/2.0" 200 6618 "https://reggio-emilia.elettroservicegroup.it/assistenza-lavastoviglie-reggio-emilia/?gad_source=1&gad_campaignid=23800353523&gbraid=0AAAABDgs-LTOdW4aETZsbfAka0ieOZmyo&gclid=CjwKCAjwpK3SBhASEiwAtV1SPLTLRoyDfJVYDn7xP4ukcfvQ2toVzGEeafeEZukvtIycGar6y8sAOhoCa2MQAvD_BwE" "Mozilla/5.0 (Linux; Android 10; K) AppleWebKit/537.36 (KHTML, like Gecko) Chrome/149.0.0.0 Mobile Safari/537.36"
151.68.57.68 - - [06/Jul/2026:17:20:47 +0200] "GET /wp-content/plugins/elementor/assets/css/widget-image.min.css?ver=4.1.4 HTTP/2.0" 200 96 "https://reggio-emilia.elettroservicegroup.it/assistenza-lavastoviglie-reggio-emilia/?gad_source=1&gad_campaignid=23800353523&gbraid=0AAAABDgs-LTOdW4aETZsbfAka0ieOZmyo&gclid=CjwKCAjwpK3SBhASEiwAtV1SPLTLRoyDfJVYDn7xP4ukcfvQ2toVzGEeafeEZukvtIycGar6y8sAOhoCa2MQAvD_BwE" "Mozilla/5.0 (Linux; Android 10; K) AppleWebKit/537.36 (KHTML, like Gecko) Chrome/149.0.0.0 Mobile Safari/537.36"
151.68.57.68 - - [06/Jul/2026:17:20:47 +0200] "GET /wp-content/uploads/elementor/css/post-14366.css?ver=1783099226 HTTP/2.0" 200 302 "https://reggio-emilia.elettroservicegroup.it/assistenza-lavastoviglie-reggio-emilia/?gad_source=1&gad_campaignid=23800353523&gbraid=0AAAABDgs-LTOdW4aETZsbfAka0ieOZmyo&gclid=CjwKCAjwpK3SBhASEiwAtV1SPLTLRoyDfJVYDn7xP4ukcfvQ2toVzGEeafeEZukvtIycGar6y8sAOhoCa2MQAvD_BwE" "Mozilla/5.0 (Linux; Android 10; K) AppleWebKit/537.36 (KHTML, like Gecko) Chrome/149.0.0.0 Mobile Safari/537.36"
151.68.57.68 - - [06/Jul/2026:17:20:47 +0200] "GET /wp-content/plugins/header-footer-elementor/inc/widgets-css/frontend.css?ver=2.9.0 HTTP/2.0" 200 8711 "https://reggio-emilia.elettroservicegroup.it/assistenza-lavastoviglie-reggio-emilia/?gad_source=1&gad_campaignid=23800353523&gbraid=0AAAABDgs-LTOdW4aETZsbfAka0ieOZmyo&gclid=CjwKCAjwpK3SBhASEiwAtV1SPLTLRoyDfJVYDn7xP4ukcfvQ2toVzGEeafeEZukvtIycGar6y8sAOhoCa2MQAvD_BwE" "Mozilla/5.0 (Linux; Android 10; K) AppleWebKit/537.36 (KHTML, like Gecko) Chrome/149.0.0.0 Mobile Safari/537.36"
151.68.57.68 - - [06/Jul/2026:17:20:47 +0200] "GET /wp-content/plugins/elementor/assets/css/widget-spacer.min.css?ver=4.1.4 HTTP/2.0" 200 287 "https://reggio-emilia.elettroservicegroup.it/assistenza-lavastoviglie-reggio-emilia/?gad_source=1&gad_campaignid=23800353523&gbraid=0AAAABDgs-LTOdW4aETZsbfAka0ieOZmyo&gclid=CjwKCAjwpK3SBhASEiwAtV1SPLTLRoyDfJVYDn7xP4ukcfvQ2toVzGEeafeEZukvtIycGar6y8sAOhoCa2MQAvD_BwE" "Mozilla/5.0 (Linux; Android 10; K) AppleWebKit/537.36 (KHTML, like Gecko) Chrome/149.0.0.0 Mobile Safari/537.36"
151.68.57.68 - - [06/Jul/2026:17:20:47 +0200] "GET /wp-content/plugins/elementor/assets/lib/animations/styles/bounceIn.min.css?ver=4.1.4 HTTP/2.0" 200 186 "https://reggio-emilia.elettroservicegroup.it/assistenza-lavastoviglie-reggio-emilia/?gad_source=1&gad_campaignid=23800353523&gbraid=0AAAABDgs-LTOdW4aETZsbfAka0ieOZmyo&gclid=CjwKCAjwpK3SBhASEiwAtV1SPLTLRoyDfJVYDn7xP4ukcfvQ2toVzGEeafeEZukvtIycGar6y8sAOhoCa2MQAvD_BwE" "Mozilla/5.0 (Linux; Android 10; K) AppleWebKit/537.36 (KHTML, like Gecko) Chrome/149.0.0.0 Mobile Safari/537.36"
151.68.57.68 - - [06/Jul/2026:17:20:47 +0200] "GET /wp-content/plugins/elementor/assets/css/widget-heading.min.css?ver=4.1.4 HTTP/2.0" 200 127 "https://reggio-emilia.elettroservicegroup.it/assistenza-lavastoviglie-reggio-emilia/?gad_source=1&gad_campaignid=23800353523&gbraid=0AAAABDgs-LTOdW4aETZsbfAka0ieOZmyo&gclid=CjwKCAjwpK3SBhASEiwAtV1SPLTLRoyDfJVYDn7xP4ukcfvQ2toVzGEeafeEZukvtIycGar6y8sAOhoCa2MQAvD_BwE" "Mozilla/5.0 (Linux; Android 10; K) AppleWebKit/537.36 (KHTML, like Gecko) Chrome/149.0.0.0 Mobile Safari/537.36"
151.68.57.68 - - [06/Jul/2026:17:20:47 +0200] "GET /wp-content/plugins/elementor/assets/lib/animations/styles/zoomIn.min.css?ver=4.1.4 HTTP/2.0" 200 87 "https://reggio-emilia.elettroservicegroup.it/assistenza-lavastoviglie-reggio-emilia/?gad_source=1&gad_campaignid=23800353523&gbraid=0AAAABDgs-LTOdW4aETZsbfAka0ieOZmyo&gclid=CjwKCAjwpK3SBhASEiwAtV1SPLTLRoyDfJVYDn7xP4ukcfvQ2toVzGEeafeEZukvtIycGar6y8sAOhoCa2MQAvD_BwE" "Mozilla/5.0 (Linux; Android 10; K) AppleWebKit/537.36 (KHTML, like Gecko) Chrome/149.0.0.0 Mobile Safari/537.36"
151.68.57.68 - - [06/Jul/2026:17:20:47 +0200] "GET /wp-content/plugins/elementor/assets/lib/font-awesome/css/all.min.css?ver=4.1.4 HTTP/2.0" 200 12402 "https://reggio-emilia.elettroservicegroup.it/assistenza-lavastoviglie-reggio-emilia/?gad_source=1&gad_campaignid=23800353523&gbraid=0AAAABDgs-LTOdW4aETZsbfAka0ieOZmyo&gclid=CjwKCAjwpK3SBhASEiwAtV1SPLTLRoyDfJVYDn7xP4ukcfvQ2toVzGEeafeEZukvtIycGar6y8sAOhoCa2MQAvD_BwE" "Mozilla/5.0 (Linux; Android 10; K) AppleWebKit/537.36 (KHTML, like Gecko) Chrome/149.0.0.0 Mobile Safari/537.36"
151.68.57.68 - - [06/Jul/2026:17:20:47 +0200] "GET /wp-content/themes/generatepress/assets/css/main.min.css?ver=3.6.1 HTTP/2.0" 200 4410 "https://reggio-emilia.elettroservicegroup.it/assistenza-lavastoviglie-reggio-emilia/?gad_source=1&gad_campaignid=23800353523&gbraid=0AAAABDgs-LTOdW4aETZsbfAka0ieOZmyo&gclid=CjwKCAjwpK3SBhASEiwAtV1SPLTLRoyDfJVYDn7xP4ukcfvQ2toVzGEeafeEZukvtIycGar6y8sAOhoCa2MQAvD_BwE" "Mozilla/5.0 (Linux; Android 10; K) AppleWebKit/537.36 (KHTML, like Gecko) Chrome/149.0.0.0 Mobile Safari/537.36"
151.68.57.68 - - [06/Jul/2026:17:20:47 +0200] "GET /wp-content/uploads/elementor/css/post-17716.css?ver=1783151173 HTTP/2.0" 200 2155 "https://reggio-emilia.elettroservicegroup.it/assistenza-lavastoviglie-reggio-emilia/?gad_source=1&gad_campaignid=23800353523&gbraid=0AAAABDgs-LTOdW4aETZsbfAka0ieOZmyo&gclid=CjwKCAjwpK3SBhASEiwAtV1SPLTLRoyDfJVYDn7xP4ukcfvQ2toVzGEeafeEZukvtIycGar6y8sAOhoCa2MQAvD_BwE" "Mozilla/5.0 (Linux; Android 10; K) AppleWebKit/537.36 (KHTML, like Gecko) Chrome/149.0.0.0 Mobile Safari/537.36"
151.68.57.68 - - [06/Jul/2026:17:20:47 +0200] "GET /wp-content/plugins/gp-premium/menu-plus/functions/css/navigation-branding-flex.min.css?ver=2.5.5 HTTP/2.0" 200 542 "https://reggio-emilia.elettroservicegroup.it/assistenza-lavastoviglie-reggio-emilia/?gad_source=1&gad_campaignid=23800353523&gbraid=0AAAABDgs-LTOdW4aETZsbfAka0ieOZmyo&gclid=CjwKCAjwpK3SBhASEiwAtV1SPLTLRoyDfJVYDn7xP4ukcfvQ2toVzGEeafeEZukvtIycGar6y8sAOhoCa2MQAvD_BwE" "Mozilla/5.0 (Linux; Android 10; K) AppleWebKit/537.36 (KHTML, like Gecko) Chrome/149.0.0.0 Mobile Safari/537.36"
151.68.57.68 - - [06/Jul/2026:17:20:47 +0200] "GET /wp-content/plugins/elementor/assets/css/widget-social-icons.min.css?ver=3.24.0 HTTP/2.0" 200 1039 "https://reggio-emilia.elettroservicegroup.it/assistenza-lavastoviglie-reggio-emilia/?gad_source=1&gad_campaignid=23800353523&gbraid=0AAAABDgs-LTOdW4aETZsbfAka0ieOZmyo&gclid=CjwKCAjwpK3SBhASEiwAtV1SPLTLRoyDfJVYDn7xP4ukcfvQ2toVzGEeafeEZukvtIycGar6y8sAOhoCa2MQAvD_BwE" "Mozilla/5.0 (Linux; Android 10; K) AppleWebKit/537.36 (KHTML, like Gecko) Chrome/149.0.0.0 Mobile Safari/537.36"
151.68.57.68 - - [06/Jul/2026:17:20:47 +0200] "GET /wp-content/plugins/elementor/assets/lib/font-awesome/css/solid.css?ver=5.15.3 HTTP/2.0" 200 299 "https://reggio-emilia.elettroservicegroup.it/assistenza-lavastoviglie-reggio-emilia/?gad_source=1&gad_campaignid=23800353523&gbraid=0AAAABDgs-LTOdW4aETZsbfAka0ieOZmyo&gclid=CjwKCAjwpK3SBhASEiwAtV1SPLTLRoyDfJVYDn7xP4ukcfvQ2toVzGEeafeEZukvtIycGar6y8sAOhoCa2MQAvD_BwE" "Mozilla/5.0 (Linux; Android 10; K) AppleWebKit/537.36 (KHTML, like Gecko) Chrome/149.0.0.0 Mobile Safari/537.36"
151.68.57.68 - - [06/Jul/2026:17:20:47 +0200] "GET /wp-content/uploads/elementor/google-fonts/css/robotoslab.css?ver=1742255003 HTTP/2.0" 200 721 "https://reggio-emilia.elettroservicegroup.it/assistenza-lavastoviglie-reggio-emilia/?gad_source=1&gad_campaignid=23800353523&gbraid=0AAAABDgs-LTOdW4aETZsbfAka0ieOZmyo&gclid=CjwKCAjwpK3SBhASEiwAtV1SPLTLRoyDfJVYDn7xP4ukcfvQ2toVzGEeafeEZukvtIycGar6y8sAOhoCa2MQAvD_BwE" "Mozilla/5.0 (Linux; Android 10; K) AppleWebKit/537.36 (KHTML, like Gecko) Chrome/149.0.0.0 Mobile Safari/537.36"
151.68.57.68 - - [06/Jul/2026:17:20:47 +0200] "GET /wp-content/plugins/elementor/assets/lib/eicons/css/elementor-icons.min.css?ver=5.34.0 HTTP/2.0" 200 4125 "https://reggio-emilia.elettroservicegroup.it/assistenza-lavastoviglie-reggio-emilia/?gad_source=1&gad_campaignid=23800353523&gbraid=0AAAABDgs-LTOdW4aETZsbfAka0ieOZmyo&gclid=CjwKCAjwpK3SBhASEiwAtV1SPLTLRoyDfJVYDn7xP4ukcfvQ2toVzGEeafeEZukvtIycGar6y8sAOhoCa2MQAvD_BwE" "Mozilla/5.0 (Linux; Android 10; K) AppleWebKit/537.36 (KHTML, like Gecko) Chrome/149.0.0.0 Mobile Safari/537.36"
151.68.57.68 - - [06/Jul/2026:17:20:47 +0200] "GET /wp-content/plugins/elementor/assets/css/widget-icon-list.min.css?ver=3.24.3 HTTP/2.0" 200 928 "https://reggio-emilia.elettroservicegroup.it/assistenza-lavastoviglie-reggio-emilia/?gad_source=1&gad_campaignid=23800353523&gbraid=0AAAABDgs-LTOdW4aETZsbfAka0ieOZmyo&gclid=CjwKCAjwpK3SBhASEiwAtV1SPLTLRoyDfJVYDn7xP4ukcfvQ2toVzGEeafeEZukvtIycGar6y8sAOhoCa2MQAvD_BwE" "Mozilla/5.0 (Linux; Android 10; K) AppleWebKit/537.36 (KHTML, like Gecko) Chrome/149.0.0.0 Mobile Safari/537.36"
151.68.57.68 - - [06/Jul/2026:17:20:47 +0200] "GET /wp-content/uploads/elementor/google-fonts/css/roboto.css?ver=1742255001 HTTP/2.0" 200 1890 "https://reggio-emilia.elettroservicegroup.it/assistenza-lavastoviglie-reggio-emilia/?gad_source=1&gad_campaignid=23800353523&gbraid=0AAAABDgs-LTOdW4aETZsbfAka0ieOZmyo&gclid=CjwKCAjwpK3SBhASEiwAtV1SPLTLRoyDfJVYDn7xP4ukcfvQ2toVzGEeafeEZukvtIycGar6y8sAOhoCa2MQAvD_BwE" "Mozilla/5.0 (Linux; Android 10; K) AppleWebKit/537.36 (KHTML, like Gecko) Chrome/149.0.0.0 Mobile Safari/537.36"
151.68.57.68 - - [06/Jul/2026:17:20:47 +0200] "GET /wp-content/plugins/elementor/assets/lib/font-awesome/css/brands.css?ver=5.15.3 HTTP/2.0" 200 298 "https://reggio-emilia.elettroservicegroup.it/assistenza-lavastoviglie-reggio-emilia/?gad_source=1&gad_campaignid=23800353523&gbraid=0AAAABDgs-LTOdW4aETZsbfAka0ieOZmyo&gclid=CjwKCAjwpK3SBhASEiwAtV1SPLTLRoyDfJVYDn7xP4ukcfvQ2toVzGEeafeEZukvtIycGar6y8sAOhoCa2MQAvD_BwE" "Mozilla/5.0 (Linux; Android 10; K) AppleWebKit/537.36 (KHTML, like Gecko) Chrome/149.0.0.0 Mobile Safari/537.36"
151.68.57.68 - - [06/Jul/2026:17:20:47 +0200] "GET /wp-content/uploads/2021/10/cropped-cropped-cropped-logo_white_background.png HTTP/2.0" 200 26788 "https://reggio-emilia.elettroservicegroup.it/assistenza-lavastoviglie-reggio-emilia/?gad_source=1&gad_campaignid=23800353523&gbraid=0AAAABDgs-LTOdW4aETZsbfAka0ieOZmyo&gclid=CjwKCAjwpK3SBhASEiwAtV1SPLTLRoyDfJVYDn7xP4ukcfvQ2toVzGEeafeEZukvtIycGar6y8sAOhoCa2MQAvD_BwE" "Mozilla/5.0 (Linux; Android 10; K) AppleWebKit/537.36 (KHTML, like Gecko) Chrome/149.0.0.0 Mobile Safari/537.36"
151.68.57.68 - - [06/Jul/2026:17:20:47 +0200] "GET /wp-content/plugins/elementor/assets/lib/font-awesome/js/v4-shims.min.js?ver=4.1.4 HTTP/2.0" 200 4043 "https://reggio-emilia.elettroservicegroup.it/assistenza-lavastoviglie-reggio-emilia/?gad_source=1&gad_campaignid=23800353523&gbraid=0AAAABDgs-LTOdW4aETZsbfAka0ieOZmyo&gclid=CjwKCAjwpK3SBhASEiwAtV1SPLTLRoyDfJVYDn7xP4ukcfvQ2toVzGEeafeEZukvtIycGar6y8sAOhoCa2MQAvD_BwE" "Mozilla/5.0 (Linux; Android 10; K) AppleWebKit/537.36 (KHTML, like Gecko) Chrome/149.0.0.0 Mobile Safari/537.36"
151.68.57.68 - - [06/Jul/2026:17:20:47 +0200] "GET /wp-content/plugins/gp-premium/menu-plus/functions/js/sticky.min.js?ver=2.5.5 HTTP/2.0" 200 2670 "https://reggio-emilia.elettroservicegroup.it/assistenza-lavastoviglie-reggio-emilia/?gad_source=1&gad_campaignid=23800353523&gbraid=0AAAABDgs-LTOdW4aETZsbfAka0ieOZmyo&gclid=CjwKCAjwpK3SBhASEiwAtV1SPLTLRoyDfJVYDn7xP4ukcfvQ2toVzGEeafeEZukvtIycGar6y8sAOhoCa2MQAvD_BwE" "Mozilla/5.0 (Linux; Android 10; K) AppleWebKit/537.36 (KHTML, like Gecko) Chrome/149.0.0.0 Mobile Safari/537.36"
151.68.57.68 - - [06/Jul/2026:17:20:47 +0200] "GET /wp-content/uploads/2021/10/cropped-logo_white_background.png HTTP/2.0" 200 15855 "https://reggio-emilia.elettroservicegroup.it/assistenza-lavastoviglie-reggio-emilia/?gad_source=1&gad_campaignid=23800353523&gbraid=0AAAABDgs-LTOdW4aETZsbfAka0ieOZmyo&gclid=CjwKCAjwpK3SBhASEiwAtV1SPLTLRoyDfJVYDn7xP4ukcfvQ2toVzGEeafeEZukvtIycGar6y8sAOhoCa2MQAvD_BwE" "Mozilla/5.0 (Linux; Android 10; K) AppleWebKit/537.36 (KHTML, like Gecko) Chrome/149.0.0.0 Mobile Safari/537.36"
151.68.57.68 - - [06/Jul/2026:17:20:47 +0200] "GET /wp-content/plugins/elementor/assets/lib/font-awesome/css/fontawesome.css?ver=5.15.3 HTTP/2.0" 200 12535 "https://reggio-emilia.elettroservicegroup.it/assistenza-lavastoviglie-reggio-emilia/?gad_source=1&gad_campaignid=23800353523&gbraid=0AAAABDgs-LTOdW4aETZsbfAka0ieOZmyo&gclid=CjwKCAjwpK3SBhASEiwAtV1SPLTLRoyDfJVYDn7xP4ukcfvQ2toVzGEeafeEZukvtIycGar6y8sAOhoCa2MQAvD_BwE" "Mozilla/5.0 (Linux; Android 10; K) AppleWebKit/537.36 (KHTML, like Gecko) Chrome/149.0.0.0 Mobile Safari/537.36"
151.68.57.68 - - [06/Jul/2026:17:20:47 +0200] "GET /wp-includes/js/jquery/jquery.min.js?ver=3.7.1 HTTP/2.0" 200 29769 "https://reggio-emilia.elettroservicegroup.it/assistenza-lavastoviglie-reggio-emilia/?gad_source=1&gad_campaignid=23800353523&gbraid=0AAAABDgs-LTOdW4aETZsbfAka0ieOZmyo&gclid=CjwKCAjwpK3SBhASEiwAtV1SPLTLRoyDfJVYDn7xP4ukcfvQ2toVzGEeafeEZukvtIycGar6y8sAOhoCa2MQAvD_BwE" "Mozilla/5.0 (Linux; Android 10; K) AppleWebKit/537.36 (KHTML, like Gecko) Chrome/149.0.0.0 Mobile Safari/537.36"
151.68.57.68 - - [06/Jul/2026:17:20:47 +0200] "GET /wp-includes/js/jquery/jquery-migrate.min.js?ver=3.4.1 HTTP/2.0" 200 4685 "https://reggio-emilia.elettroservicegroup.it/assistenza-lavastoviglie-reggio-emilia/?gad_source=1&gad_campaignid=23800353523&gbraid=0AAAABDgs-LTOdW4aETZsbfAka0ieOZmyo&gclid=CjwKCAjwpK3SBhASEiwAtV1SPLTLRoyDfJVYDn7xP4ukcfvQ2toVzGEeafeEZukvtIycGar6y8sAOhoCa2MQAvD_BwE" "Mozilla/5.0 (Linux; Android 10; K) AppleWebKit/537.36 (KHTML, like Gecko) Chrome/149.0.0.0 Mobile Safari/537.36"
151.68.57.68 - - [06/Jul/2026:17:20:48 +0200] "GET /wp-content/plugins/elementor/assets/js/webpack.runtime.min.js?ver=4.1.4 HTTP/2.0" 200 2340 "https://reggio-emilia.elettroservicegroup.it/assistenza-lavastoviglie-reggio-emilia/?gad_source=1&gad_campaignid=23800353523&gbraid=0AAAABDgs-LTOdW4aETZsbfAka0ieOZmyo&gclid=CjwKCAjwpK3SBhASEiwAtV1SPLTLRoyDfJVYDn7xP4ukcfvQ2toVzGEeafeEZukvtIycGar6y8sAOhoCa2MQAvD_BwE" "Mozilla/5.0 (Linux; Android 10; K) AppleWebKit/537.36 (KHTML, like Gecko) Chrome/149.0.0.0 Mobile Safari/537.36"
151.68.57.68 - - [06/Jul/2026:17:20:48 +0200] "GET /wp-content/plugins/elementor/assets/js/frontend-modules.min.js?ver=4.1.4 HTTP/2.0" 200 15454 "https://reggio-emilia.elettroservicegroup.it/assistenza-lavastoviglie-reggio-emilia/?gad_source=1&gad_campaignid=23800353523&gbraid=0AAAABDgs-LTOdW4aETZsbfAka0ieOZmyo&gclid=CjwKCAjwpK3SBhASEiwAtV1SPLTLRoyDfJVYDn7xP4ukcfvQ2toVzGEeafeEZukvtIycGar6y8sAOhoCa2MQAvD_BwE" "Mozilla/5.0 (Linux; Android 10; K) AppleWebKit/537.36 (KHTML, like Gecko) Chrome/149.0.0.0 Mobile Safari/537.36"
151.68.57.68 - - [06/Jul/2026:17:20:48 +0200] "GET /wp-includes/js/jquery/ui/core.min.js?ver=1.13.3 HTTP/2.0" 200 6820 "https://reggio-emilia.elettroservicegroup.it/assistenza-lavastoviglie-reggio-emilia/?gad_source=1&gad_campaignid=23800353523&gbraid=0AAAABDgs-LTOdW4aETZsbfAka0ieOZmyo&gclid=CjwKCAjwpK3SBhASEiwAtV1SPLTLRoyDfJVYDn7xP4ukcfvQ2toVzGEeafeEZukvtIycGar6y8sAOhoCa2MQAvD_BwE" "Mozilla/5.0 (Linux; Android 10; K) AppleWebKit/537.36 (KHTML, like Gecko) Chrome/149.0.0.0 Mobile Safari/537.36"
151.68.57.68 - - [06/Jul/2026:17:20:48 +0200] "GET /wp-content/plugins/elementor/assets/js/frontend.min.js?ver=4.1.4 HTTP/2.0" 200 10140 "https://reggio-emilia.elettroservicegroup.it/assistenza-lavastoviglie-reggio-emilia/?gad_source=1&gad_campaignid=23800353523&gbraid=0AAAABDgs-LTOdW4aETZsbfAka0ieOZmyo&gclid=CjwKCAjwpK3SBhASEiwAtV1SPLTLRoyDfJVYDn7xP4ukcfvQ2toVzGEeafeEZukvtIycGar6y8sAOhoCa2MQAvD_BwE" "Mozilla/5.0 (Linux; Android 10; K) AppleWebKit/537.36 (KHTML, like Gecko) Chrome/149.0.0.0 Mobile Safari/537.36"
151.68.57.68 - - [06/Jul/2026:17:20:48 +0200] "GET /wp-content/themes/generatepress/assets/js/back-to-top.min.js?ver=3.6.1 HTTP/2.0" 200 336 "https://reggio-emilia.elettroservicegroup.it/assistenza-lavastoviglie-reggio-emilia/?gad_source=1&gad_campaignid=23800353523&gbraid=0AAAABDgs-LTOdW4aETZsbfAka0ieOZmyo&gclid=CjwKCAjwpK3SBhASEiwAtV1SPLTLRoyDfJVYDn7xP4ukcfvQ2toVzGEeafeEZukvtIycGar6y8sAOhoCa2MQAvD_BwE" "Mozilla/5.0 (Linux; Android 10; K) AppleWebKit/537.36 (KHTML, like Gecko) Chrome/149.0.0.0 Mobile Safari/537.36"
151.68.57.68 - - [06/Jul/2026:17:20:48 +0200] "GET /wp-content/themes/generatepress/assets/js/menu.min.js?ver=3.6.1 HTTP/2.0" 200 1688 "https://reggio-emilia.elettroservicegroup.it/assistenza-lavastoviglie-reggio-emilia/?gad_source=1&gad_campaignid=23800353523&gbraid=0AAAABDgs-LTOdW4aETZsbfAka0ieOZmyo&gclid=CjwKCAjwpK3SBhASEiwAtV1SPLTLRoyDfJVYDn7xP4ukcfvQ2toVzGEeafeEZukvtIycGar6y8sAOhoCa2MQAvD_BwE" "Mozilla/5.0 (Linux; Android 10; K) AppleWebKit/537.36 (KHTML, like Gecko) Chrome/149.0.0.0 Mobile Safari/537.36"
151.68.57.68 - - [06/Jul/2026:17:20:48 +0200] "GET /wp-content/plugins/google-analytics-for-wordpress/assets/js/frontend-gtag.min.js?ver=10.2.2 HTTP/2.0" 200 3075 "https://reggio-emilia.elettroservicegroup.it/assistenza-lavastoviglie-reggio-emilia/?gad_source=1&gad_campaignid=23800353523&gbraid=0AAAABDgs-LTOdW4aETZsbfAka0ieOZmyo&gclid=CjwKCAjwpK3SBhASEiwAtV1SPLTLRoyDfJVYDn7xP4ukcfvQ2toVzGEeafeEZukvtIycGar6y8sAOhoCa2MQAvD_BwE" "Mozilla/5.0 (Linux; Android 10; K) AppleWebKit/537.36 (KHTML, like Gecko) Chrome/149.0.0.0 Mobile Safari/537.36"
151.68.57.68 - - [06/Jul/2026:17:20:48 +0200] "GET /wp-content/uploads/elementor/google-fonts/fonts/roboto-kfo7cnqeu92fr1me7ksn66agldtyluama3yuba.woff2 HTTP/2.0" 200 40132 "https://reggio-emilia.elettroservicegroup.it/wp-content/uploads/elementor/google-fonts/css/roboto.css?ver=1742255001" "Mozilla/5.0 (Linux; Android 10; K) AppleWebKit/537.36 (KHTML, like Gecko) Chrome/149.0.0.0 Mobile Safari/537.36"
151.68.57.68 - - [06/Jul/2026:17:20:48 +0200] "GET /wp-content/uploads/2021/12/TECNICO-ELETTRODOMESTICI.jpg HTTP/2.0" 200 23089 "https://reggio-emilia.elettroservicegroup.it/assistenza-lavastoviglie-reggio-emilia/?gad_source=1&gad_campaignid=23800353523&gbraid=0AAAABDgs-LTOdW4aETZsbfAka0ieOZmyo&gclid=CjwKCAjwpK3SBhASEiwAtV1SPLTLRoyDfJVYDn7xP4ukcfvQ2toVzGEeafeEZukvtIycGar6y8sAOhoCa2MQAvD_BwE" "Mozilla/5.0 (Linux; Android 10; K) AppleWebKit/537.36 (KHTML, like Gecko) Chrome/149.0.0.0 Mobile Safari/537.36"
151.68.57.68 - - [06/Jul/2026:17:20:48 +0200] "GET /wp-content/uploads/2021/12/804_lavastoviglie.jpg HTTP/2.0" 200 77999 "https://reggio-emilia.elettroservicegroup.it/assistenza-lavastoviglie-reggio-emilia/?gad_source=1&gad_campaignid=23800353523&gbraid=0AAAABDgs-LTOdW4aETZsbfAka0ieOZmyo&gclid=CjwKCAjwpK3SBhASEiwAtV1SPLTLRoyDfJVYDn7xP4ukcfvQ2toVzGEeafeEZukvtIycGar6y8sAOhoCa2MQAvD_BwE" "Mozilla/5.0 (Linux; Android 10; K) AppleWebKit/537.36 (KHTML, like Gecko) Chrome/149.0.0.0 Mobile Safari/537.36"
151.68.57.68 - - [06/Jul/2026:17:20:48 +0200] "GET /wp-content/plugins/complianz-gdpr-premium/cookiebanner/js/complianz.min.js?ver=1783097850 HTTP/2.0" 200 10762 "https://reggio-emilia.elettroservicegroup.it/assistenza-lavastoviglie-reggio-emilia/?gad_source=1&gad_campaignid=23800353523&gbraid=0AAAABDgs-LTOdW4aETZsbfAka0ieOZmyo&gclid=CjwKCAjwpK3SBhASEiwAtV1SPLTLRoyDfJVYDn7xP4ukcfvQ2toVzGEeafeEZukvtIycGar6y8sAOhoCa2MQAvD_BwE" "Mozilla/5.0 (Linux; Android 10; K) AppleWebKit/537.36 (KHTML, like Gecko) Chrome/149.0.0.0 Mobile Safari/537.36"
151.68.57.68 - - [06/Jul/2026:17:20:49 +0200] "GET /wp-content/uploads/2021/10/cropped-cropped-cropped-cropped-logo_white_background-180x180.png HTTP/2.0" 200 16527 "https://reggio-emilia.elettroservicegroup.it/assistenza-lavastoviglie-reggio-emilia/?gad_source=1&gad_campaignid=23800353523&gbraid=0AAAABDgs-LTOdW4aETZsbfAka0ieOZmyo&gclid=CjwKCAjwpK3SBhASEiwAtV1SPLTLRoyDfJVYDn7xP4ukcfvQ2toVzGEeafeEZukvtIycGar6y8sAOhoCa2MQAvD_BwE" "Mozilla/5.0 (Linux; Android 10; K) AppleWebKit/537.36 (KHTML, like Gecko) Chrome/149.0.0.0 Mobile Safari/537.36"
151.68.57.68 - - [06/Jul/2026:17:20:49 +0200] "GET /wp-content/uploads/2021/10/cropped-cropped-cropped-cropped-logo_white_background-192x192.png HTTP/2.0" 200 15729 "https://reggio-emilia.elettroservicegroup.it/assistenza-lavastoviglie-reggio-emilia/?gad_source=1&gad_campaignid=23800353523&gbraid=0AAAABDgs-LTOdW4aETZsbfAka0ieOZmyo&gclid=CjwKCAjwpK3SBhASEiwAtV1SPLTLRoyDfJVYDn7xP4ukcfvQ2toVzGEeafeEZukvtIycGar6y8sAOhoCa2MQAvD_BwE" "Mozilla/5.0 (Linux; Android 10; K) AppleWebKit/537.36 (KHTML, like Gecko) Chrome/149.0.0.0 Mobile Safari/537.36"
151.68.57.68 - - [06/Jul/2026:17:20:49 +0200] "GET /wp-content/plugins/elementor/assets/js/section-frontend-handlers.d85ab872da118940910d.bundle.min.js HTTP/2.0" 200 230 "https://reggio-emilia.elettroservicegroup.it/assistenza-lavastoviglie-reggio-emilia/?gad_source=1&gad_campaignid=23800353523&gbraid=0AAAABDgs-LTOdW4aETZsbfAka0ieOZmyo&gclid=CjwKCAjwpK3SBhASEiwAtV1SPLTLRoyDfJVYDn7xP4ukcfvQ2toVzGEeafeEZukvtIycGar6y8sAOhoCa2MQAvD_BwE" "Mozilla/5.0 (Linux; Android 10; K) AppleWebKit/537.36 (KHTML, like Gecko) Chrome/149.0.0.0 Mobile Safari/537.36"
151.68.57.68 - - [06/Jul/2026:17:20:49 +0200] "GET /wp-content/plugins/elementor/assets/js/text-editor.45609661e409413f1cef.bundle.min.js HTTP/2.0" 200 592 "https://reggio-emilia.elettroservicegroup.it/assistenza-lavastoviglie-reggio-emilia/?gad_source=1&gad_campaignid=23800353523&gbraid=0AAAABDgs-LTOdW4aETZsbfAka0ieOZmyo&gclid=CjwKCAjwpK3SBhASEiwAtV1SPLTLRoyDfJVYDn7xP4ukcfvQ2toVzGEeafeEZukvtIycGar6y8sAOhoCa2MQAvD_BwE" "Mozilla/5.0 (Linux; Android 10; K) AppleWebKit/537.36 (KHTML, like Gecko) Chrome/149.0.0.0 Mobile Safari/537.36"
151.68.57.68 - - [06/Jul/2026:17:20:49 +0200] "GET /wp-content/plugins/elementor/assets/js/shared-frontend-handlers.03caa53373b56d3bab67.bundle.min.js HTTP/2.0" 200 2515 "https://reggio-emilia.elettroservicegroup.it/assistenza-lavastoviglie-reggio-emilia/?gad_source=1&gad_campaignid=23800353523&gbraid=0AAAABDgs-LTOdW4aETZsbfAka0ieOZmyo&gclid=CjwKCAjwpK3SBhASEiwAtV1SPLTLRoyDfJVYDn7xP4ukcfvQ2toVzGEeafeEZukvtIycGar6y8sAOhoCa2MQAvD_BwE" "Mozilla/5.0 (Linux; Android 10; K) AppleWebKit/537.36 (KHTML, like Gecko) Chrome/149.0.0.0 Mobile Safari/537.36"
151.68.57.68 - - [06/Jul/2026:17:20:49 +0200] "GET /wp-json/complianz/v1/banner?lang=it&locale=it_IT&token=xlipe HTTP/2.0" 200 82 "https://reggio-emilia.elettroservicegroup.it/assistenza-lavastoviglie-reggio-emilia/?gad_source=1&gad_campaignid=23800353523&gbraid=0AAAABDgs-LTOdW4aETZsbfAka0ieOZmyo&gclid=CjwKCAjwpK3SBhASEiwAtV1SPLTLRoyDfJVYDn7xP4ukcfvQ2toVzGEeafeEZukvtIycGar6y8sAOhoCa2MQAvD_BwE" "Mozilla/5.0 (Linux; Android 10; K) AppleWebKit/537.36 (KHTML, like Gecko) Chrome/149.0.0.0 Mobile Safari/537.36"
151.68.57.68 - - [06/Jul/2026:17:20:50 +0200] "GET /wp-content/uploads/2021/12/LAVASTOVIGLIE.jpg HTTP/2.0" 200 8879 "https://reggio-emilia.elettroservicegroup.it/assistenza-lavastoviglie-reggio-emilia/?gad_source=1&gad_campaignid=23800353523&gbraid=0AAAABDgs-LTOdW4aETZsbfAka0ieOZmyo&gclid=CjwKCAjwpK3SBhASEiwAtV1SPLTLRoyDfJVYDn7xP4ukcfvQ2toVzGEeafeEZukvtIycGar6y8sAOhoCa2MQAvD_BwE" "Mozilla/5.0 (Linux; Android 10; K) AppleWebKit/537.36 (KHTML, like Gecko) Chrome/149.0.0.0 Mobile Safari/537.36"
151.68.57.68 - - [06/Jul/2026:17:20:50 +0200] "GET /wp-content/uploads/complianz/css/banner-1-optin.css?v=511 HTTP/2.0" 200 2862 "https://reggio-emilia.elettroservicegroup.it/assistenza-lavastoviglie-reggio-emilia/?gad_source=1&gad_campaignid=23800353523&gbraid=0AAAABDgs-LTOdW4aETZsbfAka0ieOZmyo&gclid=CjwKCAjwpK3SBhASEiwAtV1SPLTLRoyDfJVYDn7xP4ukcfvQ2toVzGEeafeEZukvtIycGar6y8sAOhoCa2MQAvD_BwE" "Mozilla/5.0 (Linux; Android 10; K) AppleWebKit/537.36 (KHTML, like Gecko) Chrome/149.0.0.0 Mobile Safari/537.36"
151.68.57.68 - - [06/Jul/2026:17:20:50 +0200] "GET /wp-json/complianz/v1/cookie_data HTTP/2.0" 200 82 "https://reggio-emilia.elettroservicegroup.it/assistenza-lavastoviglie-reggio-emilia/?gad_source=1&gad_campaignid=23800353523&gbraid=0AAAABDgs-LTOdW4aETZsbfAka0ieOZmyo&gclid=CjwKCAjwpK3SBhASEiwAtV1SPLTLRoyDfJVYDn7xP4ukcfvQ2toVzGEeafeEZukvtIycGar6y8sAOhoCa2MQAvD_BwE" "Mozilla/5.0 (Linux; Android 10; K) AppleWebKit/537.36 (KHTML, like Gecko) Chrome/149.0.0.0 Mobile Safari/537.36"
151.68.57.68 - - [06/Jul/2026:17:20:51 +0200] "POST /wp-json/complianz/v1/track HTTP/2.0" 200 20 "https://reggio-emilia.elettroservicegroup.it/assistenza-lavastoviglie-reggio-emilia/?gad_source=1&gad_campaignid=23800353523&gbraid=0AAAABDgs-LTOdW4aETZsbfAka0ieOZmyo&gclid=CjwKCAjwpK3SBhASEiwAtV1SPLTLRoyDfJVYDn7xP4ukcfvQ2toVzGEeafeEZukvtIycGar6y8sAOhoCa2MQAvD_BwE" "Mozilla/5.0 (Linux; Android 10; K) AppleWebKit/537.36 (KHTML, like Gecko) Chrome/149.0.0.0 Mobile Safari/537.36"
23.27.251.20 - - [06/Jul/2026:17:23:57 +0200] "GET /wp-content/uploads/2021/10/TECNICO-ELETTRODOMESTICI-10.jpg HTTP/2.0" 200 23089 "https://reggio-emilia.elettroservicegroup.it/assistenza-whirlpool-reggio-emilia/" "Mozilla/5.0 (Macintosh; Intel Mac OS X 10_15_7) AppleWebKit/537.36 (KHTML, like Gecko) Chrome/130.0.0.0 Safari/537.36"
192.178.16.135 - - [06/Jul/2026:17:24:18 +0200] "GET /wp-content/uploads/elementor/css/post-17816.css?ver=1783107204 HTTP/1.1" 304 - "https://reggio-emilia.elettroservicegroup.it/assistenza-miele-reggio-emilia/" "AdsBot-Google (+http://www.google.com/adsbot.html)"
47.128.23.210 - - [06/Jul/2026:17:47:25 +0200] "GET /page-generator-pro/titolo/ HTTP/2.0" 200 11789 "-" "Mozilla/5.0 (Linux; Android 5.0) AppleWebKit/537.36 (KHTML, like Gecko) Mobile Safari/537.36 (compatible; Bytespider; spider-feedback@bytedance.com)"
5.161.117.163 - - [06/Jul/2026:17:48:20 +0200] "GET /assistenza-condizionatori-reggio-emilia/ HTTP/2.0" 200 22249 "-" "Mozilla/5.0 (Macintosh; Intel Mac OS X 10_15_7) AppleWebKit/537.36 (KHTML, like Gecko) Chrome/146.0.0.0 Safari/537.36"
65.108.235.243 - - [06/Jul/2026:17:49:00 +0200] "POST /wp-cron.php?doing_wp_cron=1783352940.5794179439544677734375 HTTP/1.1" 200 1 "-" "WordPress/7.0; https://reggio-emilia.elettroservicegroup.it"
204.168.240.14 - - [06/Jul/2026:17:48:54 +0200] "GET /robots.txt HTTP/1.1" 200 110 "-" "Mozilla/5.0 AppleWebKit/537.36 (KHTML, like Gecko; compatible; Bravebot/1.0; +https://search.brave.com/help/brave-search-crawler) Chrome/W.X.Y.Z Safari/537.36"
65.108.235.243 - - [06/Jul/2026:17:49:02 +0200] "GET /assistenza-lavastoviglie-aeg-correggio/ HTTP/1.1" 200 24934 "-" "WP Fastest Cache Preload Bot"
65.108.235.243 - - [06/Jul/2026:17:49:05 +0200] "GET /assistenza-lavastoviglie-aeg-reggio-emilia/ HTTP/1.1" 200 24804 "-" "WP Fastest Cache Preload Bot"
65.108.235.243 - - [06/Jul/2026:17:49:07 +0200] "GET /assistenza-indesit-rubiera/ HTTP/1.1" 200 24828 "-" "WP Fastest Cache Preload Bot"
65.108.235.243 - - [06/Jul/2026:17:49:09 +0200] "GET /assistenza-lavastoviglie-rubiera/ HTTP/1.1" 200 25477 "-" "WP Fastest Cache Preload Bot"
65.108.235.243 - - [06/Jul/2026:17:51:32 +0200] "POST /wp-cron.php?doing_wp_cron=1783353092.0883920192718505859375 HTTP/1.1" 200 1 "-" "WordPress/7.0; https://reggio-emilia.elettroservicegroup.it"
47.128.23.31 - - [06/Jul/2026:17:51:24 +0200] "GET /page-generator-pro/titolo/ HTTP/2.0" 301 1 "-" "Mozilla/5.0 (Linux; Android 5.0) AppleWebKit/537.36 (KHTML, like Gecko) Mobile Safari/537.36 (compatible; Bytespider; spider-feedback@bytedance.com)"
47.128.23.31 - - [06/Jul/2026:17:51:33 +0200] "GET / HTTP/2.0" 403 25435 "-" "Mozilla/5.0 (Linux; Android 5.0) AppleWebKit/537.36 (KHTML, like Gecko) Mobile Safari/537.36 (compatible; Bytespider; spider-feedback@bytedance.com)"
65.108.235.243 - - [06/Jul/2026:17:51:35 +0200] "GET /assistenza-indesit-scandiano/ HTTP/1.1" 200 24826 "-" "WP Fastest Cache Preload Bot"
47.128.23.31 - - [06/Jul/2026:17:51:38 +0200] "GET /wp-content/plugins/header-footer-elementor/inc/widgets-css/frontend.css?ver=2.9.0 HTTP/2.0" 200 11775 "https://reggio-emilia.elettroservicegroup.it/" "Mozilla/5.0 (Linux; Android 5.0) AppleWebKit/537.36 (KHTML, like Gecko) Mobile Safari/537.36 (compatible; Bytespider; spider-feedback@bytedance.com)"
47.128.23.31 - - [06/Jul/2026:17:51:38 +0200] "GET /wp-content/plugins/complianz-gdpr-premium/assets/css/cookieblocker.min.css?ver=1783097850 HTTP/2.0" 200 11783 "https://reggio-emilia.elettroservicegroup.it/" "Mozilla/5.0 (Linux; Android 5.0) AppleWebKit/537.36 (KHTML, like Gecko) Mobile Safari/537.36 (compatible; Bytespider; spider-feedback@bytedance.com)"
47.128.23.31 - - [06/Jul/2026:17:51:38 +0200] "GET /wp-content/plugins/all-in-one-seo-pack/dist/Lite/assets/css/table-of-contents/global.e90f6d47.css?ver=4.9.9 HTTP/2.0" 200 11807 "https://reggio-emilia.elettroservicegroup.it/" "Mozilla/5.0 (Linux; Android 5.0) AppleWebKit/537.36 (KHTML, like Gecko) Mobile Safari/537.36 (compatible; Bytespider; spider-feedback@bytedance.com)"
47.128.23.31 - - [06/Jul/2026:17:51:38 +0200] "GET /wp-content/plugins/elementor/assets/css/frontend.min.css?ver=4.1.4 HTTP/2.0" 200 11760 "https://reggio-emilia.elettroservicegroup.it/" "Mozilla/5.0 (Linux; Android 5.0) AppleWebKit/537.36 (KHTML, like Gecko) Mobile Safari/537.36 (compatible; Bytespider; spider-feedback@bytedance.com)"
47.128.23.31 - - [06/Jul/2026:17:51:38 +0200] "GET /wp-content/plugins/header-footer-elementor/assets/css/header-footer-elementor.css?ver=2.9.0 HTTP/2.0" 200 11785 "https://reggio-emilia.elettroservicegroup.it/" "Mozilla/5.0 (Linux; Android 5.0) AppleWebKit/537.36 (KHTML, like Gecko) Mobile Safari/537.36 (compatible; Bytespider; spider-feedback@bytedance.com)"
47.128.23.31 - - [06/Jul/2026:17:51:38 +0200] "GET /wp-content/plugins/elementor/assets/lib/font-awesome/css/all.min.css?ver=4.1.4 HTTP/2.0" 200 11776 "https://reggio-emilia.elettroservicegroup.it/" "Mozilla/5.0 (Linux; Android 5.0) AppleWebKit/537.36 (KHTML, like Gecko) Mobile Safari/537.36 (compatible; Bytespider; spider-feedback@bytedance.com)"
47.128.23.31 - - [06/Jul/2026:17:51:38 +0200] "GET /wp-content/uploads/elementor/css/post-14146.css?ver=1783099225 HTTP/2.0" 200 11754 "https://reggio-emilia.elettroservicegroup.it/" "Mozilla/5.0 (Linux; Android 5.0) AppleWebKit/537.36 (KHTML, like Gecko) Mobile Safari/537.36 (compatible; Bytespider; spider-feedback@bytedance.com)"
47.128.23.31 - - [06/Jul/2026:17:51:38 +0200] "GET /wp-content/plugins/elementor/assets/css/widget-spacer.min.css?ver=4.1.4 HTTP/2.0" 200 11765 "https://reggio-emilia.elettroservicegroup.it/" "Mozilla/5.0 (Linux; Android 5.0) AppleWebKit/537.36 (KHTML, like Gecko) Mobile Safari/537.36 (compatible; Bytespider; spider-feedback@bytedance.com)"
47.128.23.31 - - [06/Jul/2026:17:51:38 +0200] "GET /wp-content/plugins/elementor/assets/lib/font-awesome/css/v4-shims.min.css?ver=4.1.4 HTTP/2.0" 200 11781 "https://reggio-emilia.elettroservicegroup.it/" "Mozilla/5.0 (Linux; Android 5.0) AppleWebKit/537.36 (KHTML, like Gecko) Mobile Safari/537.36 (compatible; Bytespider; spider-feedback@bytedance.com)"
47.128.23.31 - - [06/Jul/2026:17:51:38 +0200] "GET /wp-content/plugins/elementor/assets/css/widget-heading.min.css?ver=4.1.4 HTTP/2.0" 200 11766 "https://reggio-emilia.elettroservicegroup.it/" "Mozilla/5.0 (Linux; Android 5.0) AppleWebKit/537.36 (KHTML, like Gecko) Mobile Safari/537.36 (compatible; Bytespider; spider-feedback@bytedance.com)"
47.128.23.31 - - [06/Jul/2026:17:51:39 +0200] "GET /wp-content/plugins/elementor/assets/lib/animations/styles/zoomIn.min.css?ver=4.1.4 HTTP/2.0" 200 11824 "https://reggio-emilia.elettroservicegroup.it/" "Mozilla/5.0 (Linux; Android 5.0) AppleWebKit/537.36 (KHTML, like Gecko) Mobile Safari/537.36 (compatible; Bytespider; spider-feedback@bytedance.com)"
47.128.23.31 - - [06/Jul/2026:17:51:39 +0200] "GET /wp-content/plugins/elementor/assets/lib/animations/styles/bounceIn.min.css?ver=4.1.4 HTTP/2.0" 200 11826 "https://reggio-emilia.elettroservicegroup.it/" "Mozilla/5.0 (Linux; Android 5.0) AppleWebKit/537.36 (KHTML, like Gecko) Mobile Safari/537.36 (compatible; Bytespider; spider-feedback@bytedance.com)"
47.128.23.31 - - [06/Jul/2026:17:51:39 +0200] "GET /wp-content/uploads/elementor/css/post-14227.css?ver=1783099244 HTTP/2.0" 200 11798 "https://reggio-emilia.elettroservicegroup.it/" "Mozilla/5.0 (Linux; Android 5.0) AppleWebKit/537.36 (KHTML, like Gecko) Mobile Safari/537.36 (compatible; Bytespider; spider-feedback@bytedance.com)"
47.128.23.31 - - [06/Jul/2026:17:51:39 +0200] "GET /wp-content/plugins/elementor/assets/css/widget-image.min.css?ver=4.1.4 HTTP/2.0" 200 11808 "https://reggio-emilia.elettroservicegroup.it/" "Mozilla/5.0 (Linux; Android 5.0) AppleWebKit/537.36 (KHTML, like Gecko) Mobile Safari/537.36 (compatible; Bytespider; spider-feedback@bytedance.com)"
47.128.23.31 - - [06/Jul/2026:17:51:39 +0200] "GET /wp-content/plugins/elementor/assets/lib/eicons/css/elementor-icons.min.css?ver=5.34.0 HTTP/2.0" 200 11827 "https://reggio-emilia.elettroservicegroup.it/" "Mozilla/5.0 (Linux; Android 5.0) AppleWebKit/537.36 (KHTML, like Gecko) Mobile Safari/537.36 (compatible; Bytespider; spider-feedback@bytedance.com)"
47.128.23.31 - - [06/Jul/2026:17:51:39 +0200] "GET /wp-content/themes/generatepress/assets/css/main.min.css?ver=3.6.1 HTTP/2.0" 200 11803 "https://reggio-emilia.elettroservicegroup.it/" "Mozilla/5.0 (Linux; Android 5.0) AppleWebKit/537.36 (KHTML, like Gecko) Mobile Safari/537.36 (compatible; Bytespider; spider-feedback@bytedance.com)"
47.128.23.31 - - [06/Jul/2026:17:51:39 +0200] "GET /wp-content/uploads/elementor/css/post-14366.css?ver=1783099226 HTTP/2.0" 200 11798 "https://reggio-emilia.elettroservicegroup.it/" "Mozilla/5.0 (Linux; Android 5.0) AppleWebKit/537.36 (KHTML, like Gecko) Mobile Safari/537.36 (compatible; Bytespider; spider-feedback@bytedance.com)"
47.128.23.31 - - [06/Jul/2026:17:51:39 +0200] "GET /wp-content/plugins/elementor/assets/css/widget-icon-list.min.css?ver=3.24.3 HTTP/2.0" 200 11813 "https://reggio-emilia.elettroservicegroup.it/" "Mozilla/5.0 (Linux; Android 5.0) AppleWebKit/537.36 (KHTML, like Gecko) Mobile Safari/537.36 (compatible; Bytespider; spider-feedback@bytedance.com)"
47.128.23.31 - - [06/Jul/2026:17:51:39 +0200] "GET /wp-content/plugins/elementor/assets/lib/font-awesome/css/brands.css?ver=5.15.3 HTTP/2.0" 200 11820 "https://reggio-emilia.elettroservicegroup.it/" "Mozilla/5.0 (Linux; Android 5.0) AppleWebKit/537.36 (KHTML, like Gecko) Mobile Safari/537.36 (compatible; Bytespider; spider-feedback@bytedance.com)"
47.128.23.31 - - [06/Jul/2026:17:51:39 +0200] "GET /wp-content/plugins/elementor/assets/css/widget-social-icons.min.css?ver=3.24.0 HTTP/2.0" 200 11816 "https://reggio-emilia.elettroservicegroup.it/" "Mozilla/5.0 (Linux; Android 5.0) AppleWebKit/537.36 (KHTML, like Gecko) Mobile Safari/537.36 (compatible; Bytespider; spider-feedback@bytedance.com)"
47.128.23.31 - - [06/Jul/2026:17:51:39 +0200] "GET /wp-content/plugins/elementor/assets/lib/font-awesome/css/solid.css?ver=5.15.3 HTTP/2.0" 200 11819 "https://reggio-emilia.elettroservicegroup.it/" "Mozilla/5.0 (Linux; Android 5.0) AppleWebKit/537.36 (KHTML, like Gecko) Mobile Safari/537.36 (compatible; Bytespider; spider-feedback@bytedance.com)"
47.128.23.31 - - [06/Jul/2026:17:51:39 +0200] "GET /wp-content/plugins/elementor/assets/lib/font-awesome/css/fontawesome.css?ver=5.15.3 HTTP/2.0" 200 11825 "https://reggio-emilia.elettroservicegroup.it/" "Mozilla/5.0 (Linux; Android 5.0) AppleWebKit/537.36 (KHTML, like Gecko) Mobile Safari/537.36 (compatible; Bytespider; spider-feedback@bytedance.com)"
47.128.23.31 - - [06/Jul/2026:17:51:39 +0200] "GET /wp-content/uploads/elementor/google-fonts/css/roboto.css?ver=1742255001 HTTP/2.0" 200 11809 "https://reggio-emilia.elettroservicegroup.it/" "Mozilla/5.0 (Linux; Android 5.0) AppleWebKit/537.36 (KHTML, like Gecko) Mobile Safari/537.36 (compatible; Bytespider; spider-feedback@bytedance.com)"
47.128.23.31 - - [06/Jul/2026:17:51:39 +0200] "GET /wp-content/plugins/gp-premium/menu-plus/functions/css/navigation-branding-flex.min.css?ver=2.5.5 HTTP/2.0" 200 11836 "https://reggio-emilia.elettroservicegroup.it/" "Mozilla/5.0 (Linux; Android 5.0) AppleWebKit/537.36 (KHTML, like Gecko) Mobile Safari/537.36 (compatible; Bytespider; spider-feedback@bytedance.com)"
65.108.235.243 - - [06/Jul/2026:17:51:37 +0200] "GET /assistenza-lavastoviglie-scandiano/ HTTP/1.1" 200 25328 "-" "WP Fastest Cache Preload Bot"
47.128.23.31 - - [06/Jul/2026:17:51:40 +0200] "GET /wp-content/uploads/elementor/google-fonts/css/robotoslab.css?ver=1742255003 HTTP/2.0" 200 11854 "https://reggio-emilia.elettroservicegroup.it/" "Mozilla/5.0 (Linux; Android 5.0) AppleWebKit/537.36 (KHTML, like Gecko) Mobile Safari/537.36 (compatible; Bytespider; spider-feedback@bytedance.com)"
52.167.144.24 - - [06/Jul/2026:17:51:42 +0200] "GET /assistenza-lavatrici-whirlpool-scandiano/ HTTP/2.0" 200 25001 "-" "Mozilla/5.0 AppleWebKit/537.36 (KHTML, like Gecko; compatible; bingbot/2.0; +http://www.bing.com/bingbot.htm) Chrome/116.0.1938.76 Safari/537.36"
47.128.23.31 - - [06/Jul/2026:17:51:40 +0200] "GET /wp-content/uploads/2021/10/cropped-cropped-cropped-logo_white_background.png HTTP/2.0" 404 88197 "https://reggio-emilia.elettroservicegroup.it/" "Mozilla/5.0 (Linux; Android 5.0) AppleWebKit/537.36 (KHTML, like Gecko) Mobile Safari/537.36 (compatible; Bytespider; spider-feedback@bytedance.com)"
65.108.235.243 - - [06/Jul/2026:17:51:39 +0200] "GET /assistenza-lavastoviglie-santilario-denza/ HTTP/1.1" 200 25405 "-" "WP Fastest Cache Preload Bot"
47.128.23.31 - - [06/Jul/2026:17:51:43 +0200] "GET /wp-content/uploads/2021/10/cropped-logo_white_background.png HTTP/2.0" 404 88085 "https://reggio-emilia.elettroservicegroup.it/" "Mozilla/5.0 (Linux; Android 5.0) AppleWebKit/537.36 (KHTML, like Gecko) Mobile Safari/537.36 (compatible; Bytespider; spider-feedback@bytedance.com)"
65.108.235.243 - - [06/Jul/2026:17:51:43 +0200] "GET /assistenza-indesit-santilario-denza/ HTTP/1.1" 200 24885 "-" "WP Fastest Cache Preload Bot"
47.128.23.31 - - [06/Jul/2026:17:51:45 +0200] "GET /wp-content/uploads/2022/01/TECNICO-ELETTRODOMESTICI-1.jpg HTTP/2.0" 404 88064 "https://reggio-emilia.elettroservicegroup.it/" "Mozilla/5.0 (Linux; Android 5.0) AppleWebKit/537.36 (KHTML, like Gecko) Mobile Safari/537.36 (compatible; Bytespider; spider-feedback@bytedance.com)"
65.108.235.243 - - [06/Jul/2026:17:56:14 +0200] "POST /wp-cron.php?doing_wp_cron=1783353374.7775869369506835937500 HTTP/1.1" 200 1 "-" "WordPress/7.0; https://reggio-emilia.elettroservicegroup.it"
162.120.188.14 - - [06/Jul/2026:17:56:06 +0200] "GET /assistenza-frigoriferi-reggio-emilia/?gad_source=1&gad_campaignid=23800353523&gbraid=0AAAABDgs-LTOdW4aETZsbfAka0ieOZmyo&gclid=CjwKCAjwpK3SBhASEiwAtV1SPGoQb1ByKtia81mIz2YpbYgfn5uQ3gd3oASEJRWWuoYPCBibuFFNixoC7I0QAvD_BwE HTTP/2.0" 200 - "https://www.google.com/" "Mozilla/5.0 (Linux; Android 10; K) AppleWebKit/537.36 (KHTML, like Gecko) Chrome/149.0.0.0 Mobile Safari/537.36"
65.108.235.243 - - [06/Jul/2026:17:56:17 +0200] "GET /assistenza-lavastoviglie-guastalla/ HTTP/1.1" 200 25322 "-" "WP Fastest Cache Preload Bot"
65.108.235.243 - - [06/Jul/2026:17:56:19 +0200] "GET /assistenza-lavastoviglie-correggio/ HTTP/1.1" 200 25324 "-" "WP Fastest Cache Preload Bot"
65.108.235.243 - - [06/Jul/2026:17:56:22 +0200] "GET /assistenza-indesit-guastalla/ HTTP/1.1" 200 24824 "-" "WP Fastest Cache Preload Bot"
65.108.235.243 - - [06/Jul/2026:17:56:25 +0200] "GET /assistenza-lavastoviglie-reggio-emilia/ HTTP/1.1" 200 25278 "-" "WP Fastest Cache Preload Bot"
140.174.127.184 - - [06/Jul/2026:18:09:44 +0200] "GET /wp-content/uploads/2021/12/TECNIC-LAVATRICE-300x169.jpg HTTP/2.0" 200 12032 "https://reggio-emilia.elettroservicegroup.it/assistenza-lavatrici-aeg-scandiano/" "Mozilla/5.0 (Macintosh; Intel Mac OS X 10_15_7) AppleWebKit/537.36 (KHTML, like Gecko) Chrome/130.0.0.0 Safari/537.36"
157.55.39.49 - - [06/Jul/2026:18:21:12 +0200] "GET /assistenza-forni-elettrici-reggio-emilia/ HTTP/2.0" 200 23132 "-" "Mozilla/5.0 AppleWebKit/537.36 (KHTML, like Gecko; compatible; bingbot/2.0; +http://www.bing.com/bingbot.htm) Chrome/116.0.1938.76 Safari/537.36"
