151.44.61.213 - - [07/Jul/2026:08:21:08 +0200] "GET /wp-content/plugins/elementor/assets/js/frontend-modules.min.js?ver=4.1.4 HTTP/2.0" 200 15454 "https://reggio-emilia.elettroservicegroup.it/?gad_source=1&gad_campaignid=23800353523&gclid=CjwKCAjwpK3SBhASEiwAtV1SPAXMsm52Ak47AAhA9fZymjoeZaMqXqxJZKXzNyY0D-5JGGBXmrIiIBoCWbsQAvD_BwE" "Mozilla/5.0 (iPhone; CPU iPhone OS 26_3_0 like Mac OS X) AppleWebKit/605.1.15 (KHTML, like Gecko) GSA/419.4.905781065 Mobile/15E148 Safari/604.1"
151.44.61.213 - - [07/Jul/2026:08:21:09 +0200] "GET /wp-content/themes/generatepress/assets/js/back-to-top.min.js?ver=3.6.1 HTTP/2.0" 200 336 "https://reggio-emilia.elettroservicegroup.it/?gad_source=1&gad_campaignid=23800353523&gclid=CjwKCAjwpK3SBhASEiwAtV1SPAXMsm52Ak47AAhA9fZymjoeZaMqXqxJZKXzNyY0D-5JGGBXmrIiIBoCWbsQAvD_BwE" "Mozilla/5.0 (iPhone; CPU iPhone OS 26_3_0 like Mac OS X) AppleWebKit/605.1.15 (KHTML, like Gecko) GSA/419.4.905781065 Mobile/15E148 Safari/604.1"
151.44.61.213 - - [07/Jul/2026:08:21:09 +0200] "GET /wp-content/themes/generatepress/assets/js/menu.min.js?ver=3.6.1 HTTP/2.0" 200 1688 "https://reggio-emilia.elettroservicegroup.it/?gad_source=1&gad_campaignid=23800353523&gclid=CjwKCAjwpK3SBhASEiwAtV1SPAXMsm52Ak47AAhA9fZymjoeZaMqXqxJZKXzNyY0D-5JGGBXmrIiIBoCWbsQAvD_BwE" "Mozilla/5.0 (iPhone; CPU iPhone OS 26_3_0 like Mac OS X) AppleWebKit/605.1.15 (KHTML, like Gecko) GSA/419.4.905781065 Mobile/15E148 Safari/604.1"
151.44.61.213 - - [07/Jul/2026:08:21:09 +0200] "GET /wp-includes/js/jquery/ui/core.min.js?ver=1.13.3 HTTP/2.0" 200 6820 "https://reggio-emilia.elettroservicegroup.it/?gad_source=1&gad_campaignid=23800353523&gclid=CjwKCAjwpK3SBhASEiwAtV1SPAXMsm52Ak47AAhA9fZymjoeZaMqXqxJZKXzNyY0D-5JGGBXmrIiIBoCWbsQAvD_BwE" "Mozilla/5.0 (iPhone; CPU iPhone OS 26_3_0 like Mac OS X) AppleWebKit/605.1.15 (KHTML, like Gecko) GSA/419.4.905781065 Mobile/15E148 Safari/604.1"
151.44.61.213 - - [07/Jul/2026:08:21:09 +0200] "GET /wp-content/plugins/elementor/assets/js/frontend.min.js?ver=4.1.4 HTTP/2.0" 200 10140 "https://reggio-emilia.elettroservicegroup.it/?gad_source=1&gad_campaignid=23800353523&gclid=CjwKCAjwpK3SBhASEiwAtV1SPAXMsm52Ak47AAhA9fZymjoeZaMqXqxJZKXzNyY0D-5JGGBXmrIiIBoCWbsQAvD_BwE" "Mozilla/5.0 (iPhone; CPU iPhone OS 26_3_0 like Mac OS X) AppleWebKit/605.1.15 (KHTML, like Gecko) GSA/419.4.905781065 Mobile/15E148 Safari/604.1"
151.44.61.213 - - [07/Jul/2026:08:21:09 +0200] "GET /wp-content/plugins/complianz-gdpr-premium/cookiebanner/js/complianz.min.js?ver=1783097850 HTTP/2.0" 200 10762 "https://reggio-emilia.elettroservicegroup.it/?gad_source=1&gad_campaignid=23800353523&gclid=CjwKCAjwpK3SBhASEiwAtV1SPAXMsm52Ak47AAhA9fZymjoeZaMqXqxJZKXzNyY0D-5JGGBXmrIiIBoCWbsQAvD_BwE" "Mozilla/5.0 (iPhone; CPU iPhone OS 26_3_0 like Mac OS X) AppleWebKit/605.1.15 (KHTML, like Gecko) GSA/419.4.905781065 Mobile/15E148 Safari/604.1"
151.44.61.213 - - [07/Jul/2026:08:21:09 +0200] "GET /wp-content/uploads/elementor/google-fonts/fonts/roboto-kfo7cnqeu92fr1me7ksn66agldtyluama3yuba.woff2 HTTP/2.0" 200 40132 "https://reggio-emilia.elettroservicegroup.it/?gad_source=1&gad_campaignid=23800353523&gclid=CjwKCAjwpK3SBhASEiwAtV1SPAXMsm52Ak47AAhA9fZymjoeZaMqXqxJZKXzNyY0D-5JGGBXmrIiIBoCWbsQAvD_BwE" "Mozilla/5.0 (iPhone; CPU iPhone OS 26_3_0 like Mac OS X) AppleWebKit/605.1.15 (KHTML, like Gecko) GSA/419.4.905781065 Mobile/15E148 Safari/604.1"
65.108.235.243 - - [07/Jul/2026:08:21:07 +0200] "GET /assistenza-lavastoviglie-smeg-scandiano/ HTTP/1.1" 200 24783 "-" "WP Fastest Cache Preload Bot"
151.44.61.213 - - [07/Jul/2026:08:21:09 +0200] "GET /wp-content/uploads/2021/10/cropped-logo_white_background.png HTTP/2.0" 200 15855 "https://reggio-emilia.elettroservicegroup.it/?gad_source=1&gad_campaignid=23800353523&gclid=CjwKCAjwpK3SBhASEiwAtV1SPAXMsm52Ak47AAhA9fZymjoeZaMqXqxJZKXzNyY0D-5JGGBXmrIiIBoCWbsQAvD_BwE" "Mozilla/5.0 (iPhone; CPU iPhone OS 26_3_0 like Mac OS X) AppleWebKit/605.1.15 (KHTML, like Gecko) GSA/419.4.905781065 Mobile/15E148 Safari/604.1"
151.44.61.213 - - [07/Jul/2026:08:21:09 +0200] "GET /wp-content/uploads/2022/01/TECNICO-ELETTRODOMESTICI-1.jpg HTTP/2.0" 200 23089 "https://reggio-emilia.elettroservicegroup.it/?gad_source=1&gad_campaignid=23800353523&gclid=CjwKCAjwpK3SBhASEiwAtV1SPAXMsm52Ak47AAhA9fZymjoeZaMqXqxJZKXzNyY0D-5JGGBXmrIiIBoCWbsQAvD_BwE" "Mozilla/5.0 (iPhone; CPU iPhone OS 26_3_0 like Mac OS X) AppleWebKit/605.1.15 (KHTML, like Gecko) GSA/419.4.905781065 Mobile/15E148 Safari/604.1"
151.44.61.213 - - [07/Jul/2026:08:21:09 +0200] "GET /wp-content/plugins/elementor/assets/js/section-frontend-handlers.d85ab872da118940910d.bundle.min.js HTTP/2.0" 200 230 "https://reggio-emilia.elettroservicegroup.it/?gad_source=1&gad_campaignid=23800353523&gclid=CjwKCAjwpK3SBhASEiwAtV1SPAXMsm52Ak47AAhA9fZymjoeZaMqXqxJZKXzNyY0D-5JGGBXmrIiIBoCWbsQAvD_BwE" "Mozilla/5.0 (iPhone; CPU iPhone OS 26_3_0 like Mac OS X) AppleWebKit/605.1.15 (KHTML, like Gecko) GSA/419.4.905781065 Mobile/15E148 Safari/604.1"
151.44.61.213 - - [07/Jul/2026:08:21:09 +0200] "GET /wp-content/plugins/elementor/assets/js/text-editor.45609661e409413f1cef.bundle.min.js HTTP/2.0" 200 592 "https://reggio-emilia.elettroservicegroup.it/?gad_source=1&gad_campaignid=23800353523&gclid=CjwKCAjwpK3SBhASEiwAtV1SPAXMsm52Ak47AAhA9fZymjoeZaMqXqxJZKXzNyY0D-5JGGBXmrIiIBoCWbsQAvD_BwE" "Mozilla/5.0 (iPhone; CPU iPhone OS 26_3_0 like Mac OS X) AppleWebKit/605.1.15 (KHTML, like Gecko) GSA/419.4.905781065 Mobile/15E148 Safari/604.1"
151.44.61.213 - - [07/Jul/2026:08:21:09 +0200] "GET /wp-content/plugins/elementor/assets/js/shared-frontend-handlers.03caa53373b56d3bab67.bundle.min.js HTTP/2.0" 200 2515 "https://reggio-emilia.elettroservicegroup.it/?gad_source=1&gad_campaignid=23800353523&gclid=CjwKCAjwpK3SBhASEiwAtV1SPAXMsm52Ak47AAhA9fZymjoeZaMqXqxJZKXzNyY0D-5JGGBXmrIiIBoCWbsQAvD_BwE" "Mozilla/5.0 (iPhone; CPU iPhone OS 26_3_0 like Mac OS X) AppleWebKit/605.1.15 (KHTML, like Gecko) GSA/419.4.905781065 Mobile/15E148 Safari/604.1"
151.44.61.213 - - [07/Jul/2026:08:21:09 +0200] "GET /wp-json/complianz/v1/banner?lang=it&locale=it_IT&token=jhepm HTTP/2.0" 200 82 "https://reggio-emilia.elettroservicegroup.it/?gad_source=1&gad_campaignid=23800353523&gclid=CjwKCAjwpK3SBhASEiwAtV1SPAXMsm52Ak47AAhA9fZymjoeZaMqXqxJZKXzNyY0D-5JGGBXmrIiIBoCWbsQAvD_BwE" "Mozilla/5.0 (iPhone; CPU iPhone OS 26_3_0 like Mac OS X) AppleWebKit/605.1.15 (KHTML, like Gecko) GSA/419.4.905781065 Mobile/15E148 Safari/604.1"
151.44.61.213 - - [07/Jul/2026:08:21:10 +0200] "GET /wp-content/uploads/complianz/css/banner-1-optin.css?v=511 HTTP/2.0" 200 2862 "https://reggio-emilia.elettroservicegroup.it/?gad_source=1&gad_campaignid=23800353523&gclid=CjwKCAjwpK3SBhASEiwAtV1SPAXMsm52Ak47AAhA9fZymjoeZaMqXqxJZKXzNyY0D-5JGGBXmrIiIBoCWbsQAvD_BwE" "Mozilla/5.0 (iPhone; CPU iPhone OS 26_3_0 like Mac OS X) AppleWebKit/605.1.15 (KHTML, like Gecko) GSA/419.4.905781065 Mobile/15E148 Safari/604.1"
151.44.61.213 - - [07/Jul/2026:08:21:10 +0200] "GET /wp-json/complianz/v1/cookie_data HTTP/2.0" 200 82 "https://reggio-emilia.elettroservicegroup.it/?gad_source=1&gad_campaignid=23800353523&gclid=CjwKCAjwpK3SBhASEiwAtV1SPAXMsm52Ak47AAhA9fZymjoeZaMqXqxJZKXzNyY0D-5JGGBXmrIiIBoCWbsQAvD_BwE" "Mozilla/5.0 (iPhone; CPU iPhone OS 26_3_0 like Mac OS X) AppleWebKit/605.1.15 (KHTML, like Gecko) GSA/419.4.905781065 Mobile/15E148 Safari/604.1"
65.108.235.243 - - [07/Jul/2026:08:21:09 +0200] "GET /assistenza-lavatrici-scandiano/ HTTP/1.1" 200 25534 "-" "WP Fastest Cache Preload Bot"
151.44.61.213 - - [07/Jul/2026:08:21:10 +0200] "GET /assistenza-condizionatori-reggio-emilia/?gad_source=1&gad_campaignid=23800353523&gclid=CjwKCAjwpK3SBhASEiwAtV1SPJPukc0qlnwkYcrL3apObpp_rqNzfH3UTgK7jwWio912o0fERl5g7BoCiLcQAvD_BwE HTTP/2.0" 200 22595 "https://www.google.com/" "Mozilla/5.0 (iPhone; CPU iPhone OS 26_3_0 like Mac OS X) AppleWebKit/605.1.15 (KHTML, like Gecko) GSA/419.4.905781065 Mobile/15E148 Safari/604.1"
151.44.61.213 - - [07/Jul/2026:08:21:12 +0200] "GET /wp-content/uploads/elementor/css/post-15289.css?ver=1783106367 HTTP/2.0" 200 1794 "https://reggio-emilia.elettroservicegroup.it/assistenza-condizionatori-reggio-emilia/?gad_source=1&gad_campaignid=23800353523&gclid=CjwKCAjwpK3SBhASEiwAtV1SPJPukc0qlnwkYcrL3apObpp_rqNzfH3UTgK7jwWio912o0fERl5g7BoCiLcQAvD_BwE" "Mozilla/5.0 (iPhone; CPU iPhone OS 26_3_0 like Mac OS X) AppleWebKit/605.1.15 (KHTML, like Gecko) GSA/419.4.905781065 Mobile/15E148 Safari/604.1"
151.44.61.213 - - [07/Jul/2026:08:21:12 +0200] "GET /wp-content/uploads/2021/10/TECNICO-ELETTRODOMESTICI-3.jpg HTTP/2.0" 200 23089 "https://reggio-emilia.elettroservicegroup.it/assistenza-condizionatori-reggio-emilia/?gad_source=1&gad_campaignid=23800353523&gclid=CjwKCAjwpK3SBhASEiwAtV1SPJPukc0qlnwkYcrL3apObpp_rqNzfH3UTgK7jwWio912o0fERl5g7BoCiLcQAvD_BwE" "Mozilla/5.0 (iPhone; CPU iPhone OS 26_3_0 like Mac OS X) AppleWebKit/605.1.15 (KHTML, like Gecko) GSA/419.4.905781065 Mobile/15E148 Safari/604.1"
151.44.61.213 - - [07/Jul/2026:08:21:12 +0200] "GET /wp-json/complianz/v1/banner?lang=it&locale=it_IT&token=xrlqb HTTP/2.0" 200 82 "https://reggio-emilia.elettroservicegroup.it/assistenza-condizionatori-reggio-emilia/?gad_source=1&gad_campaignid=23800353523&gclid=CjwKCAjwpK3SBhASEiwAtV1SPJPukc0qlnwkYcrL3apObpp_rqNzfH3UTgK7jwWio912o0fERl5g7BoCiLcQAvD_BwE" "Mozilla/5.0 (iPhone; CPU iPhone OS 26_3_0 like Mac OS X) AppleWebKit/605.1.15 (KHTML, like Gecko) GSA/419.4.905781065 Mobile/15E148 Safari/604.1"
151.44.61.213 - - [07/Jul/2026:08:21:14 +0200] "GET /wp-content/uploads/2021/10/Condizionatore.jpg HTTP/2.0" 200 21854 "https://reggio-emilia.elettroservicegroup.it/assistenza-condizionatori-reggio-emilia/?gad_source=1&gad_campaignid=23800353523&gclid=CjwKCAjwpK3SBhASEiwAtV1SPJPukc0qlnwkYcrL3apObpp_rqNzfH3UTgK7jwWio912o0fERl5g7BoCiLcQAvD_BwE" "Mozilla/5.0 (iPhone; CPU iPhone OS 26_3_0 like Mac OS X) AppleWebKit/605.1.15 (KHTML, like Gecko) GSA/419.4.905781065 Mobile/15E148 Safari/604.1"
65.108.235.243 - - [07/Jul/2026:08:21:12 +0200] "GET /assistenza-lavatrici-santilario-denza/ HTTP/1.1" 200 25611 "-" "WP Fastest Cache Preload Bot"
151.44.61.213 - - [07/Jul/2026:08:21:14 +0200] "GET /wp-json/complianz/v1/cookie_data HTTP/2.0" 200 82 "https://reggio-emilia.elettroservicegroup.it/assistenza-condizionatori-reggio-emilia/?gad_source=1&gad_campaignid=23800353523&gclid=CjwKCAjwpK3SBhASEiwAtV1SPJPukc0qlnwkYcrL3apObpp_rqNzfH3UTgK7jwWio912o0fERl5g7BoCiLcQAvD_BwE" "Mozilla/5.0 (iPhone; CPU iPhone OS 26_3_0 like Mac OS X) AppleWebKit/605.1.15 (KHTML, like Gecko) GSA/419.4.905781065 Mobile/15E148 Safari/604.1"
65.108.235.243 - - [07/Jul/2026:08:21:15 +0200] "GET /assistenza-lavastoviglie-smeg-santilario-denza/ HTTP/1.1" 200 24887 "-" "WP Fastest Cache Preload Bot"
151.44.61.213 - - [07/Jul/2026:08:21:16 +0200] "POST /wp-json/complianz/v1/track HTTP/2.0" 200 20 "https://reggio-emilia.elettroservicegroup.it/assistenza-condizionatori-reggio-emilia/?gad_source=1&gad_campaignid=23800353523&gclid=CjwKCAjwpK3SBhASEiwAtV1SPJPukc0qlnwkYcrL3apObpp_rqNzfH3UTgK7jwWio912o0fERl5g7BoCiLcQAvD_BwE" "Mozilla/5.0 (iPhone; CPU iPhone OS 26_3_0 like Mac OS X) AppleWebKit/605.1.15 (KHTML, like Gecko) GSA/419.4.905781065 Mobile/15E148 Safari/604.1"
65.108.235.243 - - [07/Jul/2026:08:22:44 +0200] "POST /wp-cron.php?doing_wp_cron=1783405364.2207670211791992187500 HTTP/1.1" 200 1 "-" "WordPress/7.0; https://reggio-emilia.elettroservicegroup.it"
151.44.61.213 - - [07/Jul/2026:08:22:35 +0200] "GET /favicon.ico HTTP/2.0" 302 1 "-" "NetworkingExtension/8623.2.7.10.4 CFNetwork/3860.400.51 Darwin/25.3.0"
151.44.61.213 - - [07/Jul/2026:08:22:44 +0200] "GET /wp-content/uploads/2021/10/cropped-cropped-cropped-cropped-logo_white_background-32x32.png HTTP/2.0" 200 1181 "-" "NetworkingExtension/8623.2.7.10.4 CFNetwork/3860.400.51 Darwin/25.3.0"
151.44.61.213 - - [07/Jul/2026:08:22:35 +0200] "GET /apple-touch-icon-precomposed.png HTTP/2.0" 404 18060 "-" "NetworkingExtension/8623.2.7.10.4 CFNetwork/3860.400.51 Darwin/25.3.0"
151.44.61.213 - - [07/Jul/2026:08:22:36 +0200] "GET /assistenza-condizionatori-reggio-emilia/?gad_source=1&gad_campaignid=23800353523&gclid=CjwKCAjwpK3SBhASEiwAtV1SPJPukc0qlnwkYcrL3apObpp_rqNzfH3UTgK7jwWio912o0fERl5g7BoCiLcQAvD_BwE HTTP/2.0" 200 22595 "-" "Mozilla/5.0 (Macintosh; Intel Mac OS X 10_11_1) AppleWebKit/601.2.4 (KHTML, like Gecko) Version/9.0.1 Safari/601.2.4 facebookexternalhit/1.1 Facebot Twitterbot/1.0"
151.44.61.213 - - [07/Jul/2026:08:22:39 +0200] "GET /assistenza-condizionatori-reggio-emilia/?gad_source=1&gad_campaignid=23800353523&gclid=CjwKCAjwpK3SBhASEiwAtV1SPJPukc0qlnwkYcrL3apObpp_rqNzfH3UTgK7jwWio912o0fERl5g7BoCiLcQAvD_BwE HTTP/2.0" 206 22595 "-" "WhatsApp/2.23.20.0"
151.44.61.213 - - [07/Jul/2026:08:22:36 +0200] "GET /assistenza-condizionatori-reggio-emilia/?gad_source=1&gad_campaignid=23800353523&gclid=CjwKCAjwpK3SBhASEiwAtV1SPJPukc0qlnwkYcrL3apObpp_rqNzfH3UTgK7jwWio912o0fERl5g7BoCiLcQAvD_BwE HTTP/2.0" 200 22595 "-" "Mozilla/5.0 (Macintosh; Intel Mac OS X 10_11_1) AppleWebKit/601.2.4 (KHTML, like Gecko) Version/9.0.1 Safari/601.2.4 facebookexternalhit/1.1 Facebot Twitterbot/1.0"
151.44.61.213 - - [07/Jul/2026:08:22:35 +0200] "GET /apple-touch-icon.png HTTP/2.0" 404 18052 "-" "NetworkingExtension/8623.2.7.10.4 CFNetwork/3860.400.51 Darwin/25.3.0"
151.44.61.213 - - [07/Jul/2026:08:22:35 +0200] "GET /assistenza-condizionatori-reggio-emilia/?gad_source=1&gad_campaignid=23800353523 HTTP/2.0" 200 22501 "-" "Mozilla/5.0 (Macintosh; Intel Mac OS X 10_11_1) AppleWebKit/601.2.4 (KHTML, like Gecko) Version/9.0.1 Safari/601.2.4 facebookexternalhit/1.1 Facebot Twitterbot/1.0"
151.44.61.213 - - [07/Jul/2026:08:22:45 +0200] "GET /wp-content/uploads/2021/10/cropped-cropped-cropped-cropped-logo_white_background-32x32.png HTTP/2.0" 206 1181 "-" "WhatsApp/2.23.20.0"
151.44.61.213 - - [07/Jul/2026:08:22:45 +0200] "GET /wp-content/uploads/2021/10/cropped-cropped-cropped-logo_white_background.png HTTP/2.0" 206 26788 "-" "WhatsApp/2.23.20.0"
151.44.61.213 - - [07/Jul/2026:08:22:45 +0200] "GET /wp-content/uploads/2021/10/cropped-cropped-cropped-cropped-logo_white_background-192x192.png HTTP/2.0" 200 15729 "-" "NetworkingExtension/8623.2.7.10.4 CFNetwork/3860.400.51 Darwin/25.3.0"
151.44.61.213 - - [07/Jul/2026:08:22:45 +0200] "GET /wp-content/uploads/2021/10/cropped-cropped-cropped-cropped-logo_white_background-180x180.png HTTP/2.0" 200 16527 "-" "NetworkingExtension/8623.2.7.10.4 CFNetwork/3860.400.51 Darwin/25.3.0"
151.44.61.213 - - [07/Jul/2026:08:22:45 +0200] "GET /wp-content/uploads/2021/10/cropped-cropped-cropped-cropped-logo_white_background-32x32.png HTTP/2.0" 200 1181 "-" "NetworkingExtension/8623.2.7.10.4 CFNetwork/3860.400.51 Darwin/25.3.0"
151.44.61.213 - - [07/Jul/2026:08:22:45 +0200] "GET /wp-content/uploads/2021/10/cropped-cropped-cropped-logo_white_background.png HTTP/2.0" 200 26788 "-" "NetworkingExtension/8623.2.7.10.4 CFNetwork/3860.400.51 Darwin/25.3.0"
151.44.61.213 - - [07/Jul/2026:08:22:45 +0200] "GET /wp-content/uploads/2021/10/TECNICO-ELETTRODOMESTICI-3.jpg HTTP/2.0" 200 23089 "-" "NetworkingExtension/8623.2.7.10.4 CFNetwork/3860.400.51 Darwin/25.3.0"
151.44.61.213 - - [07/Jul/2026:08:22:46 +0200] "GET /wp-content/uploads/2021/10/cropped-cropped-cropped-cropped-logo_white_background-192x192.png HTTP/2.0" 200 15729 "-" "NetworkingExtension/8623.2.7.10.4 CFNetwork/3860.400.51 Darwin/25.3.0"
151.44.61.213 - - [07/Jul/2026:08:22:46 +0200] "GET /wp-content/uploads/2021/10/cropped-cropped-cropped-cropped-logo_white_background-180x180.png HTTP/2.0" 200 16527 "-" "NetworkingExtension/8623.2.7.10.4 CFNetwork/3860.400.51 Darwin/25.3.0"
151.44.61.213 - - [07/Jul/2026:08:22:46 +0200] "GET /wp-content/uploads/2021/10/cropped-cropped-cropped-cropped-logo_white_background-32x32.png HTTP/2.0" 200 1181 "-" "NetworkingExtension/8623.2.7.10.4 CFNetwork/3860.400.51 Darwin/25.3.0"
151.44.61.213 - - [07/Jul/2026:08:22:46 +0200] "GET /wp-content/uploads/2021/10/cropped-cropped-cropped-cropped-logo_white_background-192x192.png HTTP/2.0" 200 15729 "-" "NetworkingExtension/8623.2.7.10.4 CFNetwork/3860.400.51 Darwin/25.3.0"
151.44.61.213 - - [07/Jul/2026:08:22:46 +0200] "GET /wp-content/uploads/2021/10/TECNICO-ELETTRODOMESTICI-3.jpg HTTP/2.0" 200 23089 "-" "NetworkingExtension/8623.2.7.10.4 CFNetwork/3860.400.51 Darwin/25.3.0"
151.44.61.213 - - [07/Jul/2026:08:22:46 +0200] "GET /wp-content/uploads/2021/10/cropped-cropped-cropped-cropped-logo_white_background-180x180.png HTTP/2.0" 200 16527 "-" "NetworkingExtension/8623.2.7.10.4 CFNetwork/3860.400.51 Darwin/25.3.0"
151.44.61.213 - - [07/Jul/2026:08:22:46 +0200] "GET /wp-content/uploads/2021/10/cropped-cropped-cropped-cropped-logo_white_background-32x32.png HTTP/2.0" 200 1181 "-" "NetworkingExtension/8623.2.7.10.4 CFNetwork/3860.400.51 Darwin/25.3.0"
151.44.61.213 - - [07/Jul/2026:08:22:46 +0200] "GET /wp-content/uploads/2021/10/cropped-cropped-cropped-logo_white_background.png HTTP/2.0" 200 26788 "-" "NetworkingExtension/8623.2.7.10.4 CFNetwork/3860.400.51 Darwin/25.3.0"
151.44.61.213 - - [07/Jul/2026:08:22:46 +0200] "GET /wp-content/uploads/2021/10/TECNICO-ELETTRODOMESTICI-3.jpg HTTP/2.0" 200 23089 "-" "NetworkingExtension/8623.2.7.10.4 CFNetwork/3860.400.51 Darwin/25.3.0"
151.44.61.213 - - [07/Jul/2026:08:22:46 +0200] "GET /wp-content/uploads/2021/10/cropped-cropped-cropped-logo_white_background.png HTTP/2.0" 200 26788 "-" "NetworkingExtension/8623.2.7.10.4 CFNetwork/3860.400.51 Darwin/25.3.0"
65.108.235.243 - - [07/Jul/2026:08:42:29 +0200] "POST /wp-cron.php?doing_wp_cron=1783406549.0301969051361083984375 HTTP/1.1" 200 1 "-" "WordPress/7.0; https://reggio-emilia.elettroservicegroup.it"
216.73.216.138 - - [07/Jul/2026:08:42:21 +0200] "GET /robots.txt HTTP/2.0" 200 110 "-" "Mozilla/5.0 AppleWebKit/537.36 (KHTML, like Gecko; compatible; ClaudeBot/1.0; +claudebot@anthropic.com)"
65.108.235.243 - - [07/Jul/2026:08:42:31 +0200] "POST /wp-json/complianz/v1/wsc-scan HTTP/1.1" 400 88 "-" "WordPress/7.0; https://reggio-emilia.elettroservicegroup.it"
65.108.235.243 - - [07/Jul/2026:08:42:32 +0200] "GET /assistenza-lavatrici-guastalla/ HTTP/1.1" 200 25535 "-" "WP Fastest Cache Preload Bot"
65.108.235.243 - - [07/Jul/2026:08:42:36 +0200] "GET /assistenza-lavatrici-correggio/ HTTP/1.1" 200 25530 "-" "WP Fastest Cache Preload Bot"
65.108.235.243 - - [07/Jul/2026:08:42:39 +0200] "GET /assistenza-lavatrici-reggio-emilia/ HTTP/1.1" 200 25764 "-" "WP Fastest Cache Preload Bot"
65.108.235.243 - - [07/Jul/2026:08:42:42 +0200] "GET /assistenza-lavastoviglie-whirlpool-rubiera/ HTTP/1.1" 200 24823 "-" "WP Fastest Cache Preload Bot"
106.71.237.131 - - [07/Jul/2026:08:57:41 +0200] "GET /assistenza-smeg-guastalla/ HTTP/1.1" 200 24907 "-" "Mozilla/5.0 (Macintosh; PPC Mac OS X 10_9_1; rv:1.9.5.20) Gecko/9346-01-04 06:34:42.305664 Firefox/3.6.2"
186.57.150.216 - - [07/Jul/2026:09:13:07 +0200] "GET /assistenza-whirlpool-correggio/ HTTP/1.1" 200 25002 "-" "Mozilla/5.0 (Windows NT 6.0) AppleWebKit/531.1 (KHTML, like Gecko) Chrome/58.0.806.0 Safari/531.1"
65.108.235.243 - - [07/Jul/2026:09:32:43 +0200] "POST /wp-cron.php?doing_wp_cron=1783409563.3105909824371337890625 HTTP/1.1" 200 1 "-" "WordPress/7.0; https://reggio-emilia.elettroservicegroup.it"
37.163.220.40 - - [07/Jul/2026:09:32:39 +0200] "GET /assistenza-whirlpool-reggio-emilia/ HTTP/2.0" 200 25179 "https://www.google.com/" "Mozilla/5.0 (Linux; Android 10; K) AppleWebKit/537.36 (KHTML, like Gecko) Chrome/149.0.0.0 Mobile Safari/537.36"
37.163.220.40 - - [07/Jul/2026:09:32:43 +0200] "GET /wp-json/complianz/v1/banner?lang=it&locale=it_IT&token=ezkhl HTTP/2.0" 200 82 "https://reggio-emilia.elettroservicegroup.it/assistenza-whirlpool-reggio-emilia/" "Mozilla/5.0 (Linux; Android 10; K) AppleWebKit/537.36 (KHTML, like Gecko) Chrome/149.0.0.0 Mobile Safari/537.36"
37.163.220.40 - - [07/Jul/2026:09:32:45 +0200] "GET /wp-json/complianz/v1/cookie_data HTTP/2.0" 200 82 "https://reggio-emilia.elettroservicegroup.it/assistenza-whirlpool-reggio-emilia/" "Mozilla/5.0 (Linux; Android 10; K) AppleWebKit/537.36 (KHTML, like Gecko) Chrome/149.0.0.0 Mobile Safari/537.36"
65.108.235.243 - - [07/Jul/2026:09:32:45 +0200] "GET /assistenza-lavastoviglie-smeg-guastalla/ HTTP/1.1" 200 24793 "-" "WP Fastest Cache Preload Bot"
65.108.235.243 - - [07/Jul/2026:09:32:47 +0200] "GET /assistenza-lavastoviglie-whirlpool-scandiano/ HTTP/1.1" 200 24822 "-" "WP Fastest Cache Preload Bot"
65.108.235.243 - - [07/Jul/2026:09:32:50 +0200] "GET /assistenza-lavastoviglie-whirlpool-santilario-denza/ HTTP/1.1" 200 24918 "-" "WP Fastest Cache Preload Bot"
65.108.235.243 - - [07/Jul/2026:09:32:52 +0200] "GET /assistenza-lavastoviglie-whirlpool-guastalla/ HTTP/1.1" 200 24822 "-" "WP Fastest Cache Preload Bot"
65.108.235.243 - - [07/Jul/2026:09:34:30 +0200] "POST /wp-cron.php?doing_wp_cron=1783409670.1342329978942871093750 HTTP/1.1" 200 1 "-" "WordPress/7.0; https://reggio-emilia.elettroservicegroup.it"
207.46.13.229 - - [07/Jul/2026:09:34:23 +0200] "GET /robots.txt HTTP/2.0" 200 110 "-" "Mozilla/5.0 AppleWebKit/537.36 (KHTML, like Gecko; compatible; bingbot/2.0; +http://www.bing.com/bingbot.htm) Chrome/116.0.1938.76 Safari/537.36"
207.46.13.157 - - [07/Jul/2026:09:34:40 +0200] "GET /assistenza-bosch-rubiera/ HTTP/2.0" 200 24780 "-" "Mozilla/5.0 AppleWebKit/537.36 (KHTML, like Gecko; compatible; bingbot/2.0; +http://www.bing.com/bingbot.htm) Chrome/116.0.1938.76 Safari/537.36"
151.38.117.199 - - [07/Jul/2026:09:52:15 +0200] "GET /?gad_source=1&gad_campaignid=23800353523&gclid=CjwKCAjwx7LSBhB3EiwAjcodxOFrf6l2R9LpIJQqpN4oDrXtAncA6yNuHGeAmFQqwpkuzdaiI6_G6BoCva4QAvD_BwE HTTP/2.0" 200 - "https://www.google.com/" "Mozilla/5.0 (Linux; Android 10; K) AppleWebKit/537.36 (KHTML, like Gecko) SamsungBrowser/30.0 Chrome/143.0.0.0 Mobile Safari/537.36"
65.108.235.243 - - [07/Jul/2026:09:52:24 +0200] "POST /wp-cron.php?doing_wp_cron=1783410744.2257840633392333984375 HTTP/1.1" 200 1 "-" "WordPress/7.0; https://reggio-emilia.elettroservicegroup.it"
151.38.117.199 - - [07/Jul/2026:09:52:19 +0200] "GET /?gad_source=1&gad_campaignid=23800353523&gclid=CjwKCAjwx7LSBhB3EiwAjcodxOFrf6l2R9LpIJQqpN4oDrXtAncA6yNuHGeAmFQqwpkuzdaiI6_G6BoCva4QAvD_BwE HTTP/2.0" 200 25679 "https://www.google.com/" "Mozilla/5.0 (Linux; Android 10; K) AppleWebKit/537.36 (KHTML, like Gecko) SamsungBrowser/30.0 Chrome/143.0.0.0 Mobile Safari/537.36"
151.38.117.199 - - [07/Jul/2026:09:52:25 +0200] "GET /wp-content/plugins/all-in-one-seo-pack/dist/Lite/assets/css/table-of-contents/global.e90f6d47.css?ver=4.9.9 HTTP/2.0" 200 420 "https://reggio-emilia.elettroservicegroup.it/?gad_source=1&gad_campaignid=23800353523&gclid=CjwKCAjwx7LSBhB3EiwAjcodxOFrf6l2R9LpIJQqpN4oDrXtAncA6yNuHGeAmFQqwpkuzdaiI6_G6BoCva4QAvD_BwE" "Mozilla/5.0 (Linux; Android 10; K) AppleWebKit/537.36 (KHTML, like Gecko) SamsungBrowser/30.0 Chrome/143.0.0.0 Mobile Safari/537.36"
151.38.117.199 - - [07/Jul/2026:09:52:25 +0200] "GET /wp-content/uploads/elementor/css/post-14146.css?ver=1783099225 HTTP/2.0" 200 428 "https://reggio-emilia.elettroservicegroup.it/?gad_source=1&gad_campaignid=23800353523&gclid=CjwKCAjwx7LSBhB3EiwAjcodxOFrf6l2R9LpIJQqpN4oDrXtAncA6yNuHGeAmFQqwpkuzdaiI6_G6BoCva4QAvD_BwE" "Mozilla/5.0 (Linux; Android 10; K) AppleWebKit/537.36 (KHTML, like Gecko) SamsungBrowser/30.0 Chrome/143.0.0.0 Mobile Safari/537.36"
151.38.117.199 - - [07/Jul/2026:09:52:25 +0200] "GET /wp-content/plugins/complianz-gdpr-premium/assets/css/cookieblocker.min.css?ver=1783097850 HTTP/2.0" 200 615 "https://reggio-emilia.elettroservicegroup.it/?gad_source=1&gad_campaignid=23800353523&gclid=CjwKCAjwx7LSBhB3EiwAjcodxOFrf6l2R9LpIJQqpN4oDrXtAncA6yNuHGeAmFQqwpkuzdaiI6_G6BoCva4QAvD_BwE" "Mozilla/5.0 (Linux; Android 10; K) AppleWebKit/537.36 (KHTML, like Gecko) SamsungBrowser/30.0 Chrome/143.0.0.0 Mobile Safari/537.36"
151.38.117.199 - - [07/Jul/2026:09:52:25 +0200] "GET /wp-content/plugins/header-footer-elementor/assets/css/header-footer-elementor.css?ver=2.9.0 HTTP/2.0" 200 260 "https://reggio-emilia.elettroservicegroup.it/?gad_source=1&gad_campaignid=23800353523&gclid=CjwKCAjwx7LSBhB3EiwAjcodxOFrf6l2R9LpIJQqpN4oDrXtAncA6yNuHGeAmFQqwpkuzdaiI6_G6BoCva4QAvD_BwE" "Mozilla/5.0 (Linux; Android 10; K) AppleWebKit/537.36 (KHTML, like Gecko) SamsungBrowser/30.0 Chrome/143.0.0.0 Mobile Safari/537.36"
151.38.117.199 - - [07/Jul/2026:09:52:25 +0200] "GET /wp-content/plugins/header-footer-elementor/inc/widgets-css/frontend.css?ver=2.9.0 HTTP/2.0" 200 8711 "https://reggio-emilia.elettroservicegroup.it/?gad_source=1&gad_campaignid=23800353523&gclid=CjwKCAjwx7LSBhB3EiwAjcodxOFrf6l2R9LpIJQqpN4oDrXtAncA6yNuHGeAmFQqwpkuzdaiI6_G6BoCva4QAvD_BwE" "Mozilla/5.0 (Linux; Android 10; K) AppleWebKit/537.36 (KHTML, like Gecko) SamsungBrowser/30.0 Chrome/143.0.0.0 Mobile Safari/537.36"
151.38.117.199 - - [07/Jul/2026:09:52:25 +0200] "GET /wp-content/plugins/elementor/assets/css/frontend.min.css?ver=4.1.4 HTTP/2.0" 200 6618 "https://reggio-emilia.elettroservicegroup.it/?gad_source=1&gad_campaignid=23800353523&gclid=CjwKCAjwx7LSBhB3EiwAjcodxOFrf6l2R9LpIJQqpN4oDrXtAncA6yNuHGeAmFQqwpkuzdaiI6_G6BoCva4QAvD_BwE" "Mozilla/5.0 (Linux; Android 10; K) AppleWebKit/537.36 (KHTML, like Gecko) SamsungBrowser/30.0 Chrome/143.0.0.0 Mobile Safari/537.36"
151.38.117.199 - - [07/Jul/2026:09:52:25 +0200] "GET /wp-content/plugins/elementor/assets/css/widget-heading.min.css?ver=4.1.4 HTTP/2.0" 200 127 "https://reggio-emilia.elettroservicegroup.it/?gad_source=1&gad_campaignid=23800353523&gclid=CjwKCAjwx7LSBhB3EiwAjcodxOFrf6l2R9LpIJQqpN4oDrXtAncA6yNuHGeAmFQqwpkuzdaiI6_G6BoCva4QAvD_BwE" "Mozilla/5.0 (Linux; Android 10; K) AppleWebKit/537.36 (KHTML, like Gecko) SamsungBrowser/30.0 Chrome/143.0.0.0 Mobile Safari/537.36"
151.38.117.199 - - [07/Jul/2026:09:52:25 +0200] "GET /wp-content/plugins/elementor/assets/lib/font-awesome/css/all.min.css?ver=4.1.4 HTTP/2.0" 200 12402 "https://reggio-emilia.elettroservicegroup.it/?gad_source=1&gad_campaignid=23800353523&gclid=CjwKCAjwx7LSBhB3EiwAjcodxOFrf6l2R9LpIJQqpN4oDrXtAncA6yNuHGeAmFQqwpkuzdaiI6_G6BoCva4QAvD_BwE" "Mozilla/5.0 (Linux; Android 10; K) AppleWebKit/537.36 (KHTML, like Gecko) SamsungBrowser/30.0 Chrome/143.0.0.0 Mobile Safari/537.36"
151.38.117.199 - - [07/Jul/2026:09:52:25 +0200] "GET /wp-content/plugins/elementor/assets/css/widget-spacer.min.css?ver=4.1.4 HTTP/2.0" 200 287 "https://reggio-emilia.elettroservicegroup.it/?gad_source=1&gad_campaignid=23800353523&gclid=CjwKCAjwx7LSBhB3EiwAjcodxOFrf6l2R9LpIJQqpN4oDrXtAncA6yNuHGeAmFQqwpkuzdaiI6_G6BoCva4QAvD_BwE" "Mozilla/5.0 (Linux; Android 10; K) AppleWebKit/537.36 (KHTML, like Gecko) SamsungBrowser/30.0 Chrome/143.0.0.0 Mobile Safari/537.36"
151.38.117.199 - - [07/Jul/2026:09:52:25 +0200] "GET /wp-content/plugins/elementor/assets/lib/font-awesome/css/v4-shims.min.css?ver=4.1.4 HTTP/2.0" 200 3986 "https://reggio-emilia.elettroservicegroup.it/?gad_source=1&gad_campaignid=23800353523&gclid=CjwKCAjwx7LSBhB3EiwAjcodxOFrf6l2R9LpIJQqpN4oDrXtAncA6yNuHGeAmFQqwpkuzdaiI6_G6BoCva4QAvD_BwE" "Mozilla/5.0 (Linux; Android 10; K) AppleWebKit/537.36 (KHTML, like Gecko) SamsungBrowser/30.0 Chrome/143.0.0.0 Mobile Safari/537.36"
151.38.117.199 - - [07/Jul/2026:09:52:25 +0200] "GET /wp-content/plugins/elementor/assets/css/widget-image.min.css?ver=4.1.4 HTTP/2.0" 200 96 "https://reggio-emilia.elettroservicegroup.it/?gad_source=1&gad_campaignid=23800353523&gclid=CjwKCAjwx7LSBhB3EiwAjcodxOFrf6l2R9LpIJQqpN4oDrXtAncA6yNuHGeAmFQqwpkuzdaiI6_G6BoCva4QAvD_BwE" "Mozilla/5.0 (Linux; Android 10; K) AppleWebKit/537.36 (KHTML, like Gecko) SamsungBrowser/30.0 Chrome/143.0.0.0 Mobile Safari/537.36"
151.38.117.199 - - [07/Jul/2026:09:52:25 +0200] "GET /wp-content/plugins/elementor/assets/lib/animations/styles/bounceIn.min.css?ver=4.1.4 HTTP/2.0" 200 186 "https://reggio-emilia.elettroservicegroup.it/?gad_source=1&gad_campaignid=23800353523&gclid=CjwKCAjwx7LSBhB3EiwAjcodxOFrf6l2R9LpIJQqpN4oDrXtAncA6yNuHGeAmFQqwpkuzdaiI6_G6BoCva4QAvD_BwE" "Mozilla/5.0 (Linux; Android 10; K) AppleWebKit/537.36 (KHTML, like Gecko) SamsungBrowser/30.0 Chrome/143.0.0.0 Mobile Safari/537.36"
151.38.117.199 - - [07/Jul/2026:09:52:25 +0200] "GET /wp-content/plugins/elementor/assets/lib/animations/styles/zoomIn.min.css?ver=4.1.4 HTTP/2.0" 200 87 "https://reggio-emilia.elettroservicegroup.it/?gad_source=1&gad_campaignid=23800353523&gclid=CjwKCAjwx7LSBhB3EiwAjcodxOFrf6l2R9LpIJQqpN4oDrXtAncA6yNuHGeAmFQqwpkuzdaiI6_G6BoCva4QAvD_BwE" "Mozilla/5.0 (Linux; Android 10; K) AppleWebKit/537.36 (KHTML, like Gecko) SamsungBrowser/30.0 Chrome/143.0.0.0 Mobile Safari/537.36"
151.38.117.199 - - [07/Jul/2026:09:52:25 +0200] "GET /wp-content/uploads/elementor/css/post-14366.css?ver=1783099226 HTTP/2.0" 200 302 "https://reggio-emilia.elettroservicegroup.it/?gad_source=1&gad_campaignid=23800353523&gclid=CjwKCAjwx7LSBhB3EiwAjcodxOFrf6l2R9LpIJQqpN4oDrXtAncA6yNuHGeAmFQqwpkuzdaiI6_G6BoCva4QAvD_BwE" "Mozilla/5.0 (Linux; Android 10; K) AppleWebKit/537.36 (KHTML, like Gecko) SamsungBrowser/30.0 Chrome/143.0.0.0 Mobile Safari/537.36"
151.38.117.199 - - [07/Jul/2026:09:52:25 +0200] "GET /wp-content/plugins/elementor/assets/css/widget-social-icons.min.css?ver=3.24.0 HTTP/2.0" 200 1039 "https://reggio-emilia.elettroservicegroup.it/?gad_source=1&gad_campaignid=23800353523&gclid=CjwKCAjwx7LSBhB3EiwAjcodxOFrf6l2R9LpIJQqpN4oDrXtAncA6yNuHGeAmFQqwpkuzdaiI6_G6BoCva4QAvD_BwE" "Mozilla/5.0 (Linux; Android 10; K) AppleWebKit/537.36 (KHTML, like Gecko) SamsungBrowser/30.0 Chrome/143.0.0.0 Mobile Safari/537.36"
151.38.117.199 - - [07/Jul/2026:09:52:25 +0200] "GET /wp-content/plugins/elementor/assets/lib/font-awesome/css/brands.css?ver=5.15.3 HTTP/2.0" 200 298 "https://reggio-emilia.elettroservicegroup.it/?gad_source=1&gad_campaignid=23800353523&gclid=CjwKCAjwx7LSBhB3EiwAjcodxOFrf6l2R9LpIJQqpN4oDrXtAncA6yNuHGeAmFQqwpkuzdaiI6_G6BoCva4QAvD_BwE" "Mozilla/5.0 (Linux; Android 10; K) AppleWebKit/537.36 (KHTML, like Gecko) SamsungBrowser/30.0 Chrome/143.0.0.0 Mobile Safari/537.36"
151.38.117.199 - - [07/Jul/2026:09:52:25 +0200] "GET /wp-content/plugins/elementor/assets/lib/font-awesome/css/solid.css?ver=5.15.3 HTTP/2.0" 200 299 "https://reggio-emilia.elettroservicegroup.it/?gad_source=1&gad_campaignid=23800353523&gclid=CjwKCAjwx7LSBhB3EiwAjcodxOFrf6l2R9LpIJQqpN4oDrXtAncA6yNuHGeAmFQqwpkuzdaiI6_G6BoCva4QAvD_BwE" "Mozilla/5.0 (Linux; Android 10; K) AppleWebKit/537.36 (KHTML, like Gecko) SamsungBrowser/30.0 Chrome/143.0.0.0 Mobile Safari/537.36"
151.38.117.199 - - [07/Jul/2026:09:52:25 +0200] "GET /wp-content/uploads/elementor/css/post-14227.css?ver=1783099244 HTTP/2.0" 200 2362 "https://reggio-emilia.elettroservicegroup.it/?gad_source=1&gad_campaignid=23800353523&gclid=CjwKCAjwx7LSBhB3EiwAjcodxOFrf6l2R9LpIJQqpN4oDrXtAncA6yNuHGeAmFQqwpkuzdaiI6_G6BoCva4QAvD_BwE" "Mozilla/5.0 (Linux; Android 10; K) AppleWebKit/537.36 (KHTML, like Gecko) SamsungBrowser/30.0 Chrome/143.0.0.0 Mobile Safari/537.36"
151.38.117.199 - - [07/Jul/2026:09:52:25 +0200] "GET /wp-content/plugins/elementor/assets/lib/eicons/css/elementor-icons.min.css?ver=5.34.0 HTTP/2.0" 200 4125 "https://reggio-emilia.elettroservicegroup.it/?gad_source=1&gad_campaignid=23800353523&gclid=CjwKCAjwx7LSBhB3EiwAjcodxOFrf6l2R9LpIJQqpN4oDrXtAncA6yNuHGeAmFQqwpkuzdaiI6_G6BoCva4QAvD_BwE" "Mozilla/5.0 (Linux; Android 10; K) AppleWebKit/537.36 (KHTML, like Gecko) SamsungBrowser/30.0 Chrome/143.0.0.0 Mobile Safari/537.36"
151.38.117.199 - - [07/Jul/2026:09:52:25 +0200] "GET /wp-content/plugins/elementor/assets/css/widget-icon-list.min.css?ver=3.24.3 HTTP/2.0" 200 928 "https://reggio-emilia.elettroservicegroup.it/?gad_source=1&gad_campaignid=23800353523&gclid=CjwKCAjwx7LSBhB3EiwAjcodxOFrf6l2R9LpIJQqpN4oDrXtAncA6yNuHGeAmFQqwpkuzdaiI6_G6BoCva4QAvD_BwE" "Mozilla/5.0 (Linux; Android 10; K) AppleWebKit/537.36 (KHTML, like Gecko) SamsungBrowser/30.0 Chrome/143.0.0.0 Mobile Safari/537.36"
151.38.117.199 - - [07/Jul/2026:09:52:25 +0200] "GET /wp-content/themes/generatepress/assets/css/main.min.css?ver=3.6.1 HTTP/2.0" 200 4410 "https://reggio-emilia.elettroservicegroup.it/?gad_source=1&gad_campaignid=23800353523&gclid=CjwKCAjwx7LSBhB3EiwAjcodxOFrf6l2R9LpIJQqpN4oDrXtAncA6yNuHGeAmFQqwpkuzdaiI6_G6BoCva4QAvD_BwE" "Mozilla/5.0 (Linux; Android 10; K) AppleWebKit/537.36 (KHTML, like Gecko) SamsungBrowser/30.0 Chrome/143.0.0.0 Mobile Safari/537.36"
151.38.117.199 - - [07/Jul/2026:09:52:25 +0200] "GET /wp-content/plugins/elementor/assets/lib/font-awesome/css/fontawesome.css?ver=5.15.3 HTTP/2.0" 200 12535 "https://reggio-emilia.elettroservicegroup.it/?gad_source=1&gad_campaignid=23800353523&gclid=CjwKCAjwx7LSBhB3EiwAjcodxOFrf6l2R9LpIJQqpN4oDrXtAncA6yNuHGeAmFQqwpkuzdaiI6_G6BoCva4QAvD_BwE" "Mozilla/5.0 (Linux; Android 10; K) AppleWebKit/537.36 (KHTML, like Gecko) SamsungBrowser/30.0 Chrome/143.0.0.0 Mobile Safari/537.36"
151.38.117.199 - - [07/Jul/2026:09:52:25 +0200] "GET /wp-content/uploads/elementor/google-fonts/css/robotoslab.css?ver=1742255003 HTTP/2.0" 200 721 "https://reggio-emilia.elettroservicegroup.it/?gad_source=1&gad_campaignid=23800353523&gclid=CjwKCAjwx7LSBhB3EiwAjcodxOFrf6l2R9LpIJQqpN4oDrXtAncA6yNuHGeAmFQqwpkuzdaiI6_G6BoCva4QAvD_BwE" "Mozilla/5.0 (Linux; Android 10; K) AppleWebKit/537.36 (KHTML, like Gecko) SamsungBrowser/30.0 Chrome/143.0.0.0 Mobile Safari/537.36"
151.38.117.199 - - [07/Jul/2026:09:52:25 +0200] "GET /wp-content/uploads/2021/10/cropped-cropped-cropped-logo_white_background.png HTTP/2.0" 200 26788 "https://reggio-emilia.elettroservicegroup.it/?gad_source=1&gad_campaignid=23800353523&gclid=CjwKCAjwx7LSBhB3EiwAjcodxOFrf6l2R9LpIJQqpN4oDrXtAncA6yNuHGeAmFQqwpkuzdaiI6_G6BoCva4QAvD_BwE" "Mozilla/5.0 (Linux; Android 10; K) AppleWebKit/537.36 (KHTML, like Gecko) SamsungBrowser/30.0 Chrome/143.0.0.0 Mobile Safari/537.36"
151.38.117.199 - - [07/Jul/2026:09:52:25 +0200] "GET /wp-content/uploads/2021/10/cropped-logo_white_background.png HTTP/2.0" 200 15855 "https://reggio-emilia.elettroservicegroup.it/?gad_source=1&gad_campaignid=23800353523&gclid=CjwKCAjwx7LSBhB3EiwAjcodxOFrf6l2R9LpIJQqpN4oDrXtAncA6yNuHGeAmFQqwpkuzdaiI6_G6BoCva4QAvD_BwE" "Mozilla/5.0 (Linux; Android 10; K) AppleWebKit/537.36 (KHTML, like Gecko) SamsungBrowser/30.0 Chrome/143.0.0.0 Mobile Safari/537.36"
151.38.117.199 - - [07/Jul/2026:09:52:25 +0200] "GET /wp-content/plugins/elementor/assets/lib/font-awesome/js/v4-shims.min.js?ver=4.1.4 HTTP/2.0" 200 4043 "https://reggio-emilia.elettroservicegroup.it/?gad_source=1&gad_campaignid=23800353523&gclid=CjwKCAjwx7LSBhB3EiwAjcodxOFrf6l2R9LpIJQqpN4oDrXtAncA6yNuHGeAmFQqwpkuzdaiI6_G6BoCva4QAvD_BwE" "Mozilla/5.0 (Linux; Android 10; K) AppleWebKit/537.36 (KHTML, like Gecko) SamsungBrowser/30.0 Chrome/143.0.0.0 Mobile Safari/537.36"
151.38.117.199 - - [07/Jul/2026:09:52:25 +0200] "GET /wp-content/plugins/gp-premium/menu-plus/functions/css/navigation-branding-flex.min.css?ver=2.5.5 HTTP/2.0" 200 542 "https://reggio-emilia.elettroservicegroup.it/?gad_source=1&gad_campaignid=23800353523&gclid=CjwKCAjwx7LSBhB3EiwAjcodxOFrf6l2R9LpIJQqpN4oDrXtAncA6yNuHGeAmFQqwpkuzdaiI6_G6BoCva4QAvD_BwE" "Mozilla/5.0 (Linux; Android 10; K) AppleWebKit/537.36 (KHTML, like Gecko) SamsungBrowser/30.0 Chrome/143.0.0.0 Mobile Safari/537.36"
151.38.117.199 - - [07/Jul/2026:09:52:25 +0200] "GET /wp-content/uploads/elementor/google-fonts/css/roboto.css?ver=1742255001 HTTP/2.0" 200 1890 "https://reggio-emilia.elettroservicegroup.it/?gad_source=1&gad_campaignid=23800353523&gclid=CjwKCAjwx7LSBhB3EiwAjcodxOFrf6l2R9LpIJQqpN4oDrXtAncA6yNuHGeAmFQqwpkuzdaiI6_G6BoCva4QAvD_BwE" "Mozilla/5.0 (Linux; Android 10; K) AppleWebKit/537.36 (KHTML, like Gecko) SamsungBrowser/30.0 Chrome/143.0.0.0 Mobile Safari/537.36"
151.38.117.199 - - [07/Jul/2026:09:52:25 +0200] "GET /wp-content/plugins/gp-premium/menu-plus/functions/js/sticky.min.js?ver=2.5.5 HTTP/2.0" 200 2670 "https://reggio-emilia.elettroservicegroup.it/?gad_source=1&gad_campaignid=23800353523&gclid=CjwKCAjwx7LSBhB3EiwAjcodxOFrf6l2R9LpIJQqpN4oDrXtAncA6yNuHGeAmFQqwpkuzdaiI6_G6BoCva4QAvD_BwE" "Mozilla/5.0 (Linux; Android 10; K) AppleWebKit/537.36 (KHTML, like Gecko) SamsungBrowser/30.0 Chrome/143.0.0.0 Mobile Safari/537.36"
151.38.117.199 - - [07/Jul/2026:09:52:25 +0200] "GET /wp-includes/js/jquery/jquery-migrate.min.js?ver=3.4.1 HTTP/2.0" 200 4685 "https://reggio-emilia.elettroservicegroup.it/?gad_source=1&gad_campaignid=23800353523&gclid=CjwKCAjwx7LSBhB3EiwAjcodxOFrf6l2R9LpIJQqpN4oDrXtAncA6yNuHGeAmFQqwpkuzdaiI6_G6BoCva4QAvD_BwE" "Mozilla/5.0 (Linux; Android 10; K) AppleWebKit/537.36 (KHTML, like Gecko) SamsungBrowser/30.0 Chrome/143.0.0.0 Mobile Safari/537.36"
151.38.117.199 - - [07/Jul/2026:09:52:25 +0200] "GET /wp-includes/js/jquery/jquery.min.js?ver=3.7.1 HTTP/2.0" 200 29769 "https://reggio-emilia.elettroservicegroup.it/?gad_source=1&gad_campaignid=23800353523&gclid=CjwKCAjwx7LSBhB3EiwAjcodxOFrf6l2R9LpIJQqpN4oDrXtAncA6yNuHGeAmFQqwpkuzdaiI6_G6BoCva4QAvD_BwE" "Mozilla/5.0 (Linux; Android 10; K) AppleWebKit/537.36 (KHTML, like Gecko) SamsungBrowser/30.0 Chrome/143.0.0.0 Mobile Safari/537.36"
151.38.117.199 - - [07/Jul/2026:09:52:26 +0200] "GET /wp-content/plugins/elementor/assets/js/webpack.runtime.min.js?ver=4.1.4 HTTP/2.0" 200 2340 "https://reggio-emilia.elettroservicegroup.it/?gad_source=1&gad_campaignid=23800353523&gclid=CjwKCAjwx7LSBhB3EiwAjcodxOFrf6l2R9LpIJQqpN4oDrXtAncA6yNuHGeAmFQqwpkuzdaiI6_G6BoCva4QAvD_BwE" "Mozilla/5.0 (Linux; Android 10; K) AppleWebKit/537.36 (KHTML, like Gecko) SamsungBrowser/30.0 Chrome/143.0.0.0 Mobile Safari/537.36"
151.38.117.199 - - [07/Jul/2026:09:52:26 +0200] "GET /wp-content/plugins/elementor/assets/js/frontend-modules.min.js?ver=4.1.4 HTTP/2.0" 200 15454 "https://reggio-emilia.elettroservicegroup.it/?gad_source=1&gad_campaignid=23800353523&gclid=CjwKCAjwx7LSBhB3EiwAjcodxOFrf6l2R9LpIJQqpN4oDrXtAncA6yNuHGeAmFQqwpkuzdaiI6_G6BoCva4QAvD_BwE" "Mozilla/5.0 (Linux; Android 10; K) AppleWebKit/537.36 (KHTML, like Gecko) SamsungBrowser/30.0 Chrome/143.0.0.0 Mobile Safari/537.36"
151.38.117.199 - - [07/Jul/2026:09:52:26 +0200] "GET /wp-includes/js/jquery/ui/core.min.js?ver=1.13.3 HTTP/2.0" 200 6820 "https://reggio-emilia.elettroservicegroup.it/?gad_source=1&gad_campaignid=23800353523&gclid=CjwKCAjwx7LSBhB3EiwAjcodxOFrf6l2R9LpIJQqpN4oDrXtAncA6yNuHGeAmFQqwpkuzdaiI6_G6BoCva4QAvD_BwE" "Mozilla/5.0 (Linux; Android 10; K) AppleWebKit/537.36 (KHTML, like Gecko) SamsungBrowser/30.0 Chrome/143.0.0.0 Mobile Safari/537.36"
151.38.117.199 - - [07/Jul/2026:09:52:26 +0200] "GET /wp-content/plugins/elementor/assets/js/frontend.min.js?ver=4.1.4 HTTP/2.0" 200 10140 "https://reggio-emilia.elettroservicegroup.it/?gad_source=1&gad_campaignid=23800353523&gclid=CjwKCAjwx7LSBhB3EiwAjcodxOFrf6l2R9LpIJQqpN4oDrXtAncA6yNuHGeAmFQqwpkuzdaiI6_G6BoCva4QAvD_BwE" "Mozilla/5.0 (Linux; Android 10; K) AppleWebKit/537.36 (KHTML, like Gecko) SamsungBrowser/30.0 Chrome/143.0.0.0 Mobile Safari/537.36"
151.38.117.199 - - [07/Jul/2026:09:52:26 +0200] "GET /wp-content/themes/generatepress/assets/js/back-to-top.min.js?ver=3.6.1 HTTP/2.0" 200 336 "https://reggio-emilia.elettroservicegroup.it/?gad_source=1&gad_campaignid=23800353523&gclid=CjwKCAjwx7LSBhB3EiwAjcodxOFrf6l2R9LpIJQqpN4oDrXtAncA6yNuHGeAmFQqwpkuzdaiI6_G6BoCva4QAvD_BwE" "Mozilla/5.0 (Linux; Android 10; K) AppleWebKit/537.36 (KHTML, like Gecko) SamsungBrowser/30.0 Chrome/143.0.0.0 Mobile Safari/537.36"
151.38.117.199 - - [07/Jul/2026:09:52:26 +0200] "GET /wp-content/themes/generatepress/assets/js/menu.min.js?ver=3.6.1 HTTP/2.0" 200 1688 "https://reggio-emilia.elettroservicegroup.it/?gad_source=1&gad_campaignid=23800353523&gclid=CjwKCAjwx7LSBhB3EiwAjcodxOFrf6l2R9LpIJQqpN4oDrXtAncA6yNuHGeAmFQqwpkuzdaiI6_G6BoCva4QAvD_BwE" "Mozilla/5.0 (Linux; Android 10; K) AppleWebKit/537.36 (KHTML, like Gecko) SamsungBrowser/30.0 Chrome/143.0.0.0 Mobile Safari/537.36"
151.38.117.199 - - [07/Jul/2026:09:52:26 +0200] "GET /wp-content/plugins/google-analytics-for-wordpress/assets/js/frontend-gtag.min.js?ver=10.2.2 HTTP/2.0" 200 3075 "https://reggio-emilia.elettroservicegroup.it/?gad_source=1&gad_campaignid=23800353523&gclid=CjwKCAjwx7LSBhB3EiwAjcodxOFrf6l2R9LpIJQqpN4oDrXtAncA6yNuHGeAmFQqwpkuzdaiI6_G6BoCva4QAvD_BwE" "Mozilla/5.0 (Linux; Android 10; K) AppleWebKit/537.36 (KHTML, like Gecko) SamsungBrowser/30.0 Chrome/143.0.0.0 Mobile Safari/537.36"
151.38.117.199 - - [07/Jul/2026:09:52:26 +0200] "GET /wp-content/plugins/complianz-gdpr-premium/cookiebanner/js/complianz.min.js?ver=1783097850 HTTP/2.0" 200 10762 "https://reggio-emilia.elettroservicegroup.it/?gad_source=1&gad_campaignid=23800353523&gclid=CjwKCAjwx7LSBhB3EiwAjcodxOFrf6l2R9LpIJQqpN4oDrXtAncA6yNuHGeAmFQqwpkuzdaiI6_G6BoCva4QAvD_BwE" "Mozilla/5.0 (Linux; Android 10; K) AppleWebKit/537.36 (KHTML, like Gecko) SamsungBrowser/30.0 Chrome/143.0.0.0 Mobile Safari/537.36"
151.38.117.199 - - [07/Jul/2026:09:52:26 +0200] "GET /wp-content/uploads/elementor/google-fonts/fonts/roboto-kfo7cnqeu92fr1me7ksn66agldtyluama3yuba.woff2 HTTP/2.0" 200 40132 "https://reggio-emilia.elettroservicegroup.it/wp-content/uploads/elementor/google-fonts/css/roboto.css?ver=1742255001" "Mozilla/5.0 (Linux; Android 10; K) AppleWebKit/537.36 (KHTML, like Gecko) SamsungBrowser/30.0 Chrome/143.0.0.0 Mobile Safari/537.36"
151.38.117.199 - - [07/Jul/2026:09:52:26 +0200] "GET /wp-content/uploads/2022/01/TECNICO-ELETTRODOMESTICI-1.jpg HTTP/2.0" 200 23089 "https://reggio-emilia.elettroservicegroup.it/?gad_source=1&gad_campaignid=23800353523&gclid=CjwKCAjwx7LSBhB3EiwAjcodxOFrf6l2R9LpIJQqpN4oDrXtAncA6yNuHGeAmFQqwpkuzdaiI6_G6BoCva4QAvD_BwE" "Mozilla/5.0 (Linux; Android 10; K) AppleWebKit/537.36 (KHTML, like Gecko) SamsungBrowser/30.0 Chrome/143.0.0.0 Mobile Safari/537.36"
151.38.117.199 - - [07/Jul/2026:09:52:26 +0200] "GET /wp-content/uploads/2021/10/asko-e1634463631713.jpg HTTP/2.0" 200 103991 "https://reggio-emilia.elettroservicegroup.it/?gad_source=1&gad_campaignid=23800353523&gclid=CjwKCAjwx7LSBhB3EiwAjcodxOFrf6l2R9LpIJQqpN4oDrXtAncA6yNuHGeAmFQqwpkuzdaiI6_G6BoCva4QAvD_BwE" "Mozilla/5.0 (Linux; Android 10; K) AppleWebKit/537.36 (KHTML, like Gecko) SamsungBrowser/30.0 Chrome/143.0.0.0 Mobile Safari/537.36"
151.38.117.199 - - [07/Jul/2026:09:52:26 +0200] "GET /wp-content/uploads/2022/01/copertina-Riparazione_Lavastoviglie-.jpg HTTP/2.0" 200 35425 "https://reggio-emilia.elettroservicegroup.it/?gad_source=1&gad_campaignid=23800353523&gclid=CjwKCAjwx7LSBhB3EiwAjcodxOFrf6l2R9LpIJQqpN4oDrXtAncA6yNuHGeAmFQqwpkuzdaiI6_G6BoCva4QAvD_BwE" "Mozilla/5.0 (Linux; Android 10; K) AppleWebKit/537.36 (KHTML, like Gecko) SamsungBrowser/30.0 Chrome/143.0.0.0 Mobile Safari/537.36"
151.38.117.199 - - [07/Jul/2026:09:52:26 +0200] "GET /wp-content/uploads/2022/01/LAVATRICE-2.webp HTTP/2.0" 200 48056 "https://reggio-emilia.elettroservicegroup.it/?gad_source=1&gad_campaignid=23800353523&gclid=CjwKCAjwx7LSBhB3EiwAjcodxOFrf6l2R9LpIJQqpN4oDrXtAncA6yNuHGeAmFQqwpkuzdaiI6_G6BoCva4QAvD_BwE" "Mozilla/5.0 (Linux; Android 10; K) AppleWebKit/537.36 (KHTML, like Gecko) SamsungBrowser/30.0 Chrome/143.0.0.0 Mobile Safari/537.36"
151.38.117.199 - - [07/Jul/2026:09:52:26 +0200] "GET /wp-content/uploads/2021/10/Frigorifero-combinato-e1634459015932.jpg HTTP/2.0" 200 79096 "https://reggio-emilia.elettroservicegroup.it/?gad_source=1&gad_campaignid=23800353523&gclid=CjwKCAjwx7LSBhB3EiwAjcodxOFrf6l2R9LpIJQqpN4oDrXtAncA6yNuHGeAmFQqwpkuzdaiI6_G6BoCva4QAvD_BwE" "Mozilla/5.0 (Linux; Android 10; K) AppleWebKit/537.36 (KHTML, like Gecko) SamsungBrowser/30.0 Chrome/143.0.0.0 Mobile Safari/537.36"
151.38.117.199 - - [07/Jul/2026:09:52:26 +0200] "GET /wp-content/uploads/2021/10/forno-c.jpg HTTP/2.0" 200 109229 "https://reggio-emilia.elettroservicegroup.it/?gad_source=1&gad_campaignid=23800353523&gclid=CjwKCAjwx7LSBhB3EiwAjcodxOFrf6l2R9LpIJQqpN4oDrXtAncA6yNuHGeAmFQqwpkuzdaiI6_G6BoCva4QAvD_BwE" "Mozilla/5.0 (Linux; Android 10; K) AppleWebKit/537.36 (KHTML, like Gecko) SamsungBrowser/30.0 Chrome/143.0.0.0 Mobile Safari/537.36"
151.38.117.199 - - [07/Jul/2026:09:52:26 +0200] "GET /wp-content/uploads/2021/10/condizionatore-bonus.jpg HTTP/2.0" 200 415976 "https://reggio-emilia.elettroservicegroup.it/?gad_source=1&gad_campaignid=23800353523&gclid=CjwKCAjwx7LSBhB3EiwAjcodxOFrf6l2R9LpIJQqpN4oDrXtAncA6yNuHGeAmFQqwpkuzdaiI6_G6BoCva4QAvD_BwE" "Mozilla/5.0 (Linux; Android 10; K) AppleWebKit/537.36 (KHTML, like Gecko) SamsungBrowser/30.0 Chrome/143.0.0.0 Mobile Safari/537.36"
151.38.117.199 - - [07/Jul/2026:09:52:27 +0200] "GET /wp-content/plugins/elementor/assets/js/section-frontend-handlers.d85ab872da118940910d.bundle.min.js HTTP/2.0" 200 230 "https://reggio-emilia.elettroservicegroup.it/?gad_source=1&gad_campaignid=23800353523&gclid=CjwKCAjwx7LSBhB3EiwAjcodxOFrf6l2R9LpIJQqpN4oDrXtAncA6yNuHGeAmFQqwpkuzdaiI6_G6BoCva4QAvD_BwE" "Mozilla/5.0 (Linux; Android 10; K) AppleWebKit/537.36 (KHTML, like Gecko) SamsungBrowser/30.0 Chrome/143.0.0.0 Mobile Safari/537.36"
151.38.117.199 - - [07/Jul/2026:09:52:27 +0200] "GET /wp-content/plugins/elementor/assets/js/text-editor.45609661e409413f1cef.bundle.min.js HTTP/2.0" 200 592 "https://reggio-emilia.elettroservicegroup.it/?gad_source=1&gad_campaignid=23800353523&gclid=CjwKCAjwx7LSBhB3EiwAjcodxOFrf6l2R9LpIJQqpN4oDrXtAncA6yNuHGeAmFQqwpkuzdaiI6_G6BoCva4QAvD_BwE" "Mozilla/5.0 (Linux; Android 10; K) AppleWebKit/537.36 (KHTML, like Gecko) SamsungBrowser/30.0 Chrome/143.0.0.0 Mobile Safari/537.36"
151.38.117.199 - - [07/Jul/2026:09:52:27 +0200] "GET /wp-content/plugins/elementor/assets/js/shared-frontend-handlers.03caa53373b56d3bab67.bundle.min.js HTTP/2.0" 200 2515 "https://reggio-emilia.elettroservicegroup.it/?gad_source=1&gad_campaignid=23800353523&gclid=CjwKCAjwx7LSBhB3EiwAjcodxOFrf6l2R9LpIJQqpN4oDrXtAncA6yNuHGeAmFQqwpkuzdaiI6_G6BoCva4QAvD_BwE" "Mozilla/5.0 (Linux; Android 10; K) AppleWebKit/537.36 (KHTML, like Gecko) SamsungBrowser/30.0 Chrome/143.0.0.0 Mobile Safari/537.36"
65.108.235.243 - - [07/Jul/2026:09:52:26 +0200] "POST /wp-json/complianz/v1/wsc-scan HTTP/1.1" 400 88 "-" "WordPress/7.0; https://reggio-emilia.elettroservicegroup.it"
151.38.117.199 - - [07/Jul/2026:09:52:28 +0200] "GET /wp-content/uploads/2021/10/cropped-cropped-cropped-cropped-logo_white_background-192x192.png HTTP/2.0" 200 15729 "https://reggio-emilia.elettroservicegroup.it/?gad_source=1&gad_campaignid=23800353523&gclid=CjwKCAjwx7LSBhB3EiwAjcodxOFrf6l2R9LpIJQqpN4oDrXtAncA6yNuHGeAmFQqwpkuzdaiI6_G6BoCva4QAvD_BwE" "Mozilla/5.0 (Linux; Android 10; K) AppleWebKit/537.36 (KHTML, like Gecko) SamsungBrowser/30.0 Chrome/143.0.0.0 Mobile Safari/537.36"
151.38.117.199 - - [07/Jul/2026:09:52:28 +0200] "GET /wp-content/uploads/2021/10/cropped-cropped-cropped-cropped-logo_white_background-180x180.png HTTP/2.0" 200 16527 "https://reggio-emilia.elettroservicegroup.it/?gad_source=1&gad_campaignid=23800353523&gclid=CjwKCAjwx7LSBhB3EiwAjcodxOFrf6l2R9LpIJQqpN4oDrXtAncA6yNuHGeAmFQqwpkuzdaiI6_G6BoCva4QAvD_BwE" "Mozilla/5.0 (Linux; Android 10; K) AppleWebKit/537.36 (KHTML, like Gecko) SamsungBrowser/30.0 Chrome/143.0.0.0 Mobile Safari/537.36"
151.38.117.199 - - [07/Jul/2026:09:52:27 +0200] "GET /wp-json/complianz/v1/banner?lang=it&locale=it_IT&token=qppwf HTTP/2.0" 200 82 "https://reggio-emilia.elettroservicegroup.it/?gad_source=1&gad_campaignid=23800353523&gclid=CjwKCAjwx7LSBhB3EiwAjcodxOFrf6l2R9LpIJQqpN4oDrXtAncA6yNuHGeAmFQqwpkuzdaiI6_G6BoCva4QAvD_BwE" "Mozilla/5.0 (Linux; Android 10; K) AppleWebKit/537.36 (KHTML, like Gecko) SamsungBrowser/30.0 Chrome/143.0.0.0 Mobile Safari/537.36"
151.38.117.199 - - [07/Jul/2026:09:52:29 +0200] "GET /wp-content/uploads/complianz/css/banner-1-optin.css?v=511 HTTP/2.0" 200 2862 "https://reggio-emilia.elettroservicegroup.it/?gad_source=1&gad_campaignid=23800353523&gclid=CjwKCAjwx7LSBhB3EiwAjcodxOFrf6l2R9LpIJQqpN4oDrXtAncA6yNuHGeAmFQqwpkuzdaiI6_G6BoCva4QAvD_BwE" "Mozilla/5.0 (Linux; Android 10; K) AppleWebKit/537.36 (KHTML, like Gecko) SamsungBrowser/30.0 Chrome/143.0.0.0 Mobile Safari/537.36"
65.108.235.243 - - [07/Jul/2026:09:52:28 +0200] "GET /assistenza-lavastoviglie-whirlpool-correggio/ HTTP/1.1" 200 24823 "-" "WP Fastest Cache Preload Bot"
151.38.117.199 - - [07/Jul/2026:09:52:29 +0200] "GET /wp-json/complianz/v1/cookie_data HTTP/2.0" 200 82 "https://reggio-emilia.elettroservicegroup.it/?gad_source=1&gad_campaignid=23800353523&gclid=CjwKCAjwx7LSBhB3EiwAjcodxOFrf6l2R9LpIJQqpN4oDrXtAncA6yNuHGeAmFQqwpkuzdaiI6_G6BoCva4QAvD_BwE" "Mozilla/5.0 (Linux; Android 10; K) AppleWebKit/537.36 (KHTML, like Gecko) SamsungBrowser/30.0 Chrome/143.0.0.0 Mobile Safari/537.36"
65.108.235.243 - - [07/Jul/2026:09:52:31 +0200] "GET /assistenza-lavastoviglie-smeg-correggio/ HTTP/1.1" 200 24787 "-" "WP Fastest Cache Preload Bot"
65.108.235.243 - - [07/Jul/2026:09:52:34 +0200] "GET /assistenza-lavastoviglie-whirlpool-reggio-emilia/ HTTP/1.1" 200 24828 "-" "WP Fastest Cache Preload Bot"
65.108.235.243 - - [07/Jul/2026:09:52:37 +0200] "GET /assistenza-lavastoviglie-smeg-reggio-emilia/ HTTP/1.1" 200 24784 "-" "WP Fastest Cache Preload Bot"
151.38.117.199 - - [07/Jul/2026:09:52:40 +0200] "POST /wp-json/complianz/v1/track HTTP/2.0" 200 20 "https://reggio-emilia.elettroservicegroup.it/?gad_source=1&gad_campaignid=23800353523&gclid=CjwKCAjwx7LSBhB3EiwAjcodxOFrf6l2R9LpIJQqpN4oDrXtAncA6yNuHGeAmFQqwpkuzdaiI6_G6BoCva4QAvD_BwE" "Mozilla/5.0 (Linux; Android 10; K) AppleWebKit/537.36 (KHTML, like Gecko) SamsungBrowser/30.0 Chrome/143.0.0.0 Mobile Safari/537.36"
151.38.117.199 - - [07/Jul/2026:09:52:43 +0200] "GET /wp-content/uploads/2021/10/TECNICO-FRIGO-2.jpg HTTP/2.0" 200 43428 "https://reggio-emilia.elettroservicegroup.it/?gad_source=1&gad_campaignid=23800353523&gclid=CjwKCAjwx7LSBhB3EiwAjcodxOFrf6l2R9LpIJQqpN4oDrXtAncA6yNuHGeAmFQqwpkuzdaiI6_G6BoCva4QAvD_BwE" "Mozilla/5.0 (Linux; Android 10; K) AppleWebKit/537.36 (KHTML, like Gecko) SamsungBrowser/30.0 Chrome/143.0.0.0 Mobile Safari/537.36"
151.38.117.199 - - [07/Jul/2026:09:53:13 +0200] "GET /wp-content/uploads/2022/01/tecnico-elettro-3.jpg HTTP/2.0" 200 59916 "https://reggio-emilia.elettroservicegroup.it/?gad_source=1&gad_campaignid=23800353523&gclid=CjwKCAjwx7LSBhB3EiwAjcodxOFrf6l2R9LpIJQqpN4oDrXtAncA6yNuHGeAmFQqwpkuzdaiI6_G6BoCva4QAvD_BwE" "Mozilla/5.0 (Linux; Android 10; K) AppleWebKit/537.36 (KHTML, like Gecko) SamsungBrowser/30.0 Chrome/143.0.0.0 Mobile Safari/537.36"
