151.38.33.225 - - [06/Jul/2026:16:38:04 +0200] "GET /wp-content/plugins/elementor/assets/lib/font-awesome/js/v4-shims.min.js?ver=4.1.4 HTTP/2.0" 200 4043 "https://reggio-emilia.elettroservicegroup.it/assistenza-lavatrici-scandiano/?gad_source=1&gad_campaignid=23800353523&gclid=CjwKCAjwpK3SBhASEiwAtV1SPJ3lTgzB_PeWZXRAwbbzvLD3I9KmZwGRfUaJMC9Sym8TjGLbcwudPhoCZacQAvD_BwE" "Mozilla/5.0 (Linux; Android 10; K) AppleWebKit/537.36 (KHTML, like Gecko) Chrome/149.0.0.0 Mobile Safari/537.36"
151.38.33.225 - - [06/Jul/2026:16:38:04 +0200] "GET /wp-includes/js/jquery/jquery.min.js?ver=3.7.1 HTTP/2.0" 200 29769 "https://reggio-emilia.elettroservicegroup.it/assistenza-lavatrici-scandiano/?gad_source=1&gad_campaignid=23800353523&gclid=CjwKCAjwpK3SBhASEiwAtV1SPJ3lTgzB_PeWZXRAwbbzvLD3I9KmZwGRfUaJMC9Sym8TjGLbcwudPhoCZacQAvD_BwE" "Mozilla/5.0 (Linux; Android 10; K) AppleWebKit/537.36 (KHTML, like Gecko) Chrome/149.0.0.0 Mobile Safari/537.36"
151.38.33.225 - - [06/Jul/2026:16:38:04 +0200] "GET /wp-content/uploads/2021/10/cropped-cropped-cropped-logo_white_background.png HTTP/2.0" 200 26788 "https://reggio-emilia.elettroservicegroup.it/assistenza-lavatrici-scandiano/?gad_source=1&gad_campaignid=23800353523&gclid=CjwKCAjwpK3SBhASEiwAtV1SPJ3lTgzB_PeWZXRAwbbzvLD3I9KmZwGRfUaJMC9Sym8TjGLbcwudPhoCZacQAvD_BwE" "Mozilla/5.0 (Linux; Android 10; K) AppleWebKit/537.36 (KHTML, like Gecko) Chrome/149.0.0.0 Mobile Safari/537.36"
151.38.33.225 - - [06/Jul/2026:16:38:04 +0200] "GET /wp-content/uploads/2021/10/cropped-logo_white_background.png HTTP/2.0" 200 15855 "https://reggio-emilia.elettroservicegroup.it/assistenza-lavatrici-scandiano/?gad_source=1&gad_campaignid=23800353523&gclid=CjwKCAjwpK3SBhASEiwAtV1SPJ3lTgzB_PeWZXRAwbbzvLD3I9KmZwGRfUaJMC9Sym8TjGLbcwudPhoCZacQAvD_BwE" "Mozilla/5.0 (Linux; Android 10; K) AppleWebKit/537.36 (KHTML, like Gecko) Chrome/149.0.0.0 Mobile Safari/537.36"
151.38.33.225 - - [06/Jul/2026:16:38:04 +0200] "GET /wp-includes/js/jquery/jquery-migrate.min.js?ver=3.4.1 HTTP/2.0" 200 4685 "https://reggio-emilia.elettroservicegroup.it/assistenza-lavatrici-scandiano/?gad_source=1&gad_campaignid=23800353523&gclid=CjwKCAjwpK3SBhASEiwAtV1SPJ3lTgzB_PeWZXRAwbbzvLD3I9KmZwGRfUaJMC9Sym8TjGLbcwudPhoCZacQAvD_BwE" "Mozilla/5.0 (Linux; Android 10; K) AppleWebKit/537.36 (KHTML, like Gecko) Chrome/149.0.0.0 Mobile Safari/537.36"
151.38.33.225 - - [06/Jul/2026:16:38:04 +0200] "GET /wp-content/plugins/gp-premium/menu-plus/functions/js/sticky.min.js?ver=2.5.5 HTTP/2.0" 200 2670 "https://reggio-emilia.elettroservicegroup.it/assistenza-lavatrici-scandiano/?gad_source=1&gad_campaignid=23800353523&gclid=CjwKCAjwpK3SBhASEiwAtV1SPJ3lTgzB_PeWZXRAwbbzvLD3I9KmZwGRfUaJMC9Sym8TjGLbcwudPhoCZacQAvD_BwE" "Mozilla/5.0 (Linux; Android 10; K) AppleWebKit/537.36 (KHTML, like Gecko) Chrome/149.0.0.0 Mobile Safari/537.36"
151.38.33.225 - - [06/Jul/2026:16:38:04 +0200] "GET /wp-content/plugins/elementor/assets/js/webpack.runtime.min.js?ver=4.1.4 HTTP/2.0" 200 2340 "https://reggio-emilia.elettroservicegroup.it/assistenza-lavatrici-scandiano/?gad_source=1&gad_campaignid=23800353523&gclid=CjwKCAjwpK3SBhASEiwAtV1SPJ3lTgzB_PeWZXRAwbbzvLD3I9KmZwGRfUaJMC9Sym8TjGLbcwudPhoCZacQAvD_BwE" "Mozilla/5.0 (Linux; Android 10; K) AppleWebKit/537.36 (KHTML, like Gecko) Chrome/149.0.0.0 Mobile Safari/537.36"
151.38.33.225 - - [06/Jul/2026:16:38:04 +0200] "GET /wp-content/plugins/elementor/assets/js/frontend-modules.min.js?ver=4.1.4 HTTP/2.0" 200 15454 "https://reggio-emilia.elettroservicegroup.it/assistenza-lavatrici-scandiano/?gad_source=1&gad_campaignid=23800353523&gclid=CjwKCAjwpK3SBhASEiwAtV1SPJ3lTgzB_PeWZXRAwbbzvLD3I9KmZwGRfUaJMC9Sym8TjGLbcwudPhoCZacQAvD_BwE" "Mozilla/5.0 (Linux; Android 10; K) AppleWebKit/537.36 (KHTML, like Gecko) Chrome/149.0.0.0 Mobile Safari/537.36"
65.108.235.243 - - [06/Jul/2026:16:38:04 +0200] "GET /assistenza-lavastoviglie-rex-electrolux-correggio/ HTTP/1.1" 200 24776 "-" "WP Fastest Cache Preload Bot"
151.38.33.225 - - [06/Jul/2026:16:38:04 +0200] "GET /wp-includes/js/jquery/ui/core.min.js?ver=1.13.3 HTTP/2.0" 200 6820 "https://reggio-emilia.elettroservicegroup.it/assistenza-lavatrici-scandiano/?gad_source=1&gad_campaignid=23800353523&gclid=CjwKCAjwpK3SBhASEiwAtV1SPJ3lTgzB_PeWZXRAwbbzvLD3I9KmZwGRfUaJMC9Sym8TjGLbcwudPhoCZacQAvD_BwE" "Mozilla/5.0 (Linux; Android 10; K) AppleWebKit/537.36 (KHTML, like Gecko) Chrome/149.0.0.0 Mobile Safari/537.36"
151.38.33.225 - - [06/Jul/2026:16:38:04 +0200] "GET /wp-content/plugins/elementor/assets/js/frontend.min.js?ver=4.1.4 HTTP/2.0" 200 10140 "https://reggio-emilia.elettroservicegroup.it/assistenza-lavatrici-scandiano/?gad_source=1&gad_campaignid=23800353523&gclid=CjwKCAjwpK3SBhASEiwAtV1SPJ3lTgzB_PeWZXRAwbbzvLD3I9KmZwGRfUaJMC9Sym8TjGLbcwudPhoCZacQAvD_BwE" "Mozilla/5.0 (Linux; Android 10; K) AppleWebKit/537.36 (KHTML, like Gecko) Chrome/149.0.0.0 Mobile Safari/537.36"
151.38.33.225 - - [06/Jul/2026:16:38:04 +0200] "GET /wp-content/themes/generatepress/assets/js/back-to-top.min.js?ver=3.6.1 HTTP/2.0" 200 336 "https://reggio-emilia.elettroservicegroup.it/assistenza-lavatrici-scandiano/?gad_source=1&gad_campaignid=23800353523&gclid=CjwKCAjwpK3SBhASEiwAtV1SPJ3lTgzB_PeWZXRAwbbzvLD3I9KmZwGRfUaJMC9Sym8TjGLbcwudPhoCZacQAvD_BwE" "Mozilla/5.0 (Linux; Android 10; K) AppleWebKit/537.36 (KHTML, like Gecko) Chrome/149.0.0.0 Mobile Safari/537.36"
151.38.33.225 - - [06/Jul/2026:16:38:04 +0200] "GET /wp-content/themes/generatepress/assets/js/menu.min.js?ver=3.6.1 HTTP/2.0" 200 1688 "https://reggio-emilia.elettroservicegroup.it/assistenza-lavatrici-scandiano/?gad_source=1&gad_campaignid=23800353523&gclid=CjwKCAjwpK3SBhASEiwAtV1SPJ3lTgzB_PeWZXRAwbbzvLD3I9KmZwGRfUaJMC9Sym8TjGLbcwudPhoCZacQAvD_BwE" "Mozilla/5.0 (Linux; Android 10; K) AppleWebKit/537.36 (KHTML, like Gecko) Chrome/149.0.0.0 Mobile Safari/537.36"
151.38.33.225 - - [06/Jul/2026:16:38:04 +0200] "GET /wp-content/plugins/google-analytics-for-wordpress/assets/js/frontend-gtag.min.js?ver=10.2.2 HTTP/2.0" 200 3075 "https://reggio-emilia.elettroservicegroup.it/assistenza-lavatrici-scandiano/?gad_source=1&gad_campaignid=23800353523&gclid=CjwKCAjwpK3SBhASEiwAtV1SPJ3lTgzB_PeWZXRAwbbzvLD3I9KmZwGRfUaJMC9Sym8TjGLbcwudPhoCZacQAvD_BwE" "Mozilla/5.0 (Linux; Android 10; K) AppleWebKit/537.36 (KHTML, like Gecko) Chrome/149.0.0.0 Mobile Safari/537.36"
151.38.33.225 - - [06/Jul/2026:16:38:04 +0200] "GET /wp-content/plugins/complianz-gdpr-premium/cookiebanner/js/complianz.min.js?ver=1783097850 HTTP/2.0" 200 10762 "https://reggio-emilia.elettroservicegroup.it/assistenza-lavatrici-scandiano/?gad_source=1&gad_campaignid=23800353523&gclid=CjwKCAjwpK3SBhASEiwAtV1SPJ3lTgzB_PeWZXRAwbbzvLD3I9KmZwGRfUaJMC9Sym8TjGLbcwudPhoCZacQAvD_BwE" "Mozilla/5.0 (Linux; Android 10; K) AppleWebKit/537.36 (KHTML, like Gecko) Chrome/149.0.0.0 Mobile Safari/537.36"
151.38.33.225 - - [06/Jul/2026:16:38:05 +0200] "GET /wp-content/uploads/elementor/google-fonts/fonts/roboto-kfo7cnqeu92fr1me7ksn66agldtyluama3yuba.woff2 HTTP/2.0" 200 40132 "https://reggio-emilia.elettroservicegroup.it/wp-content/uploads/elementor/google-fonts/css/roboto.css?ver=1742255001" "Mozilla/5.0 (Linux; Android 10; K) AppleWebKit/537.36 (KHTML, like Gecko) Chrome/149.0.0.0 Mobile Safari/537.36"
151.38.33.225 - - [06/Jul/2026:16:38:05 +0200] "GET /wp-content/uploads/2022/01/TECNIC-LAVATRICE.jpg HTTP/2.0" 200 66013 "https://reggio-emilia.elettroservicegroup.it/assistenza-lavatrici-scandiano/?gad_source=1&gad_campaignid=23800353523&gclid=CjwKCAjwpK3SBhASEiwAtV1SPJ3lTgzB_PeWZXRAwbbzvLD3I9KmZwGRfUaJMC9Sym8TjGLbcwudPhoCZacQAvD_BwE" "Mozilla/5.0 (Linux; Android 10; K) AppleWebKit/537.36 (KHTML, like Gecko) Chrome/149.0.0.0 Mobile Safari/537.36"
151.38.33.225 - - [06/Jul/2026:16:38:05 +0200] "GET /wp-content/uploads/2022/01/LAVATRICE-1-300x200.webp HTTP/2.0" 200 10522 "https://reggio-emilia.elettroservicegroup.it/assistenza-lavatrici-scandiano/?gad_source=1&gad_campaignid=23800353523&gclid=CjwKCAjwpK3SBhASEiwAtV1SPJ3lTgzB_PeWZXRAwbbzvLD3I9KmZwGRfUaJMC9Sym8TjGLbcwudPhoCZacQAvD_BwE" "Mozilla/5.0 (Linux; Android 10; K) AppleWebKit/537.36 (KHTML, like Gecko) Chrome/149.0.0.0 Mobile Safari/537.36"
151.38.33.225 - - [06/Jul/2026:16:38:05 +0200] "GET /wp-content/plugins/elementor/assets/js/section-frontend-handlers.d85ab872da118940910d.bundle.min.js HTTP/2.0" 200 230 "https://reggio-emilia.elettroservicegroup.it/assistenza-lavatrici-scandiano/?gad_source=1&gad_campaignid=23800353523&gclid=CjwKCAjwpK3SBhASEiwAtV1SPJ3lTgzB_PeWZXRAwbbzvLD3I9KmZwGRfUaJMC9Sym8TjGLbcwudPhoCZacQAvD_BwE" "Mozilla/5.0 (Linux; Android 10; K) AppleWebKit/537.36 (KHTML, like Gecko) Chrome/149.0.0.0 Mobile Safari/537.36"
151.38.33.225 - - [06/Jul/2026:16:38:05 +0200] "GET /wp-content/plugins/elementor/assets/js/text-editor.45609661e409413f1cef.bundle.min.js HTTP/2.0" 200 592 "https://reggio-emilia.elettroservicegroup.it/assistenza-lavatrici-scandiano/?gad_source=1&gad_campaignid=23800353523&gclid=CjwKCAjwpK3SBhASEiwAtV1SPJ3lTgzB_PeWZXRAwbbzvLD3I9KmZwGRfUaJMC9Sym8TjGLbcwudPhoCZacQAvD_BwE" "Mozilla/5.0 (Linux; Android 10; K) AppleWebKit/537.36 (KHTML, like Gecko) Chrome/149.0.0.0 Mobile Safari/537.36"
151.38.33.225 - - [06/Jul/2026:16:38:05 +0200] "GET /wp-content/plugins/elementor/assets/js/shared-frontend-handlers.03caa53373b56d3bab67.bundle.min.js HTTP/2.0" 200 2515 "https://reggio-emilia.elettroservicegroup.it/assistenza-lavatrici-scandiano/?gad_source=1&gad_campaignid=23800353523&gclid=CjwKCAjwpK3SBhASEiwAtV1SPJ3lTgzB_PeWZXRAwbbzvLD3I9KmZwGRfUaJMC9Sym8TjGLbcwudPhoCZacQAvD_BwE" "Mozilla/5.0 (Linux; Android 10; K) AppleWebKit/537.36 (KHTML, like Gecko) Chrome/149.0.0.0 Mobile Safari/537.36"
151.38.33.225 - - [06/Jul/2026:16:38:05 +0200] "GET /wp-content/uploads/2021/10/cropped-cropped-cropped-cropped-logo_white_background-192x192.png HTTP/2.0" 200 15729 "https://reggio-emilia.elettroservicegroup.it/assistenza-lavatrici-scandiano/?gad_source=1&gad_campaignid=23800353523&gclid=CjwKCAjwpK3SBhASEiwAtV1SPJ3lTgzB_PeWZXRAwbbzvLD3I9KmZwGRfUaJMC9Sym8TjGLbcwudPhoCZacQAvD_BwE" "Mozilla/5.0 (Linux; Android 10; K) AppleWebKit/537.36 (KHTML, like Gecko) Chrome/149.0.0.0 Mobile Safari/537.36"
151.38.33.225 - - [06/Jul/2026:16:38:05 +0200] "GET /wp-content/uploads/2021/10/cropped-cropped-cropped-cropped-logo_white_background-180x180.png HTTP/2.0" 200 16527 "https://reggio-emilia.elettroservicegroup.it/assistenza-lavatrici-scandiano/?gad_source=1&gad_campaignid=23800353523&gclid=CjwKCAjwpK3SBhASEiwAtV1SPJ3lTgzB_PeWZXRAwbbzvLD3I9KmZwGRfUaJMC9Sym8TjGLbcwudPhoCZacQAvD_BwE" "Mozilla/5.0 (Linux; Android 10; K) AppleWebKit/537.36 (KHTML, like Gecko) Chrome/149.0.0.0 Mobile Safari/537.36"
65.108.235.243 - - [06/Jul/2026:16:38:05 +0200] "GET /assistenza-lavastoviglie-rex-electrolux-reggio-emilia/ HTTP/1.1" 200 24771 "-" "WP Fastest Cache Preload Bot"
151.38.33.225 - - [06/Jul/2026:16:38:05 +0200] "GET /wp-json/complianz/v1/banner?lang=it&locale=it_IT&token=ajdwi HTTP/2.0" 200 82 "https://reggio-emilia.elettroservicegroup.it/assistenza-lavatrici-scandiano/?gad_source=1&gad_campaignid=23800353523&gclid=CjwKCAjwpK3SBhASEiwAtV1SPJ3lTgzB_PeWZXRAwbbzvLD3I9KmZwGRfUaJMC9Sym8TjGLbcwudPhoCZacQAvD_BwE" "Mozilla/5.0 (Linux; Android 10; K) AppleWebKit/537.36 (KHTML, like Gecko) Chrome/149.0.0.0 Mobile Safari/537.36"
151.38.33.225 - - [06/Jul/2026:16:38:05 +0200] "GET /wp-content/uploads/complianz/css/banner-1-optin.css?v=511 HTTP/2.0" 200 2862 "https://reggio-emilia.elettroservicegroup.it/assistenza-lavatrici-scandiano/?gad_source=1&gad_campaignid=23800353523&gclid=CjwKCAjwpK3SBhASEiwAtV1SPJ3lTgzB_PeWZXRAwbbzvLD3I9KmZwGRfUaJMC9Sym8TjGLbcwudPhoCZacQAvD_BwE" "Mozilla/5.0 (Linux; Android 10; K) AppleWebKit/537.36 (KHTML, like Gecko) Chrome/149.0.0.0 Mobile Safari/537.36"
151.38.33.225 - - [06/Jul/2026:16:38:05 +0200] "GET /wp-json/complianz/v1/cookie_data HTTP/2.0" 200 82 "https://reggio-emilia.elettroservicegroup.it/assistenza-lavatrici-scandiano/?gad_source=1&gad_campaignid=23800353523&gclid=CjwKCAjwpK3SBhASEiwAtV1SPJ3lTgzB_PeWZXRAwbbzvLD3I9KmZwGRfUaJMC9Sym8TjGLbcwudPhoCZacQAvD_BwE" "Mozilla/5.0 (Linux; Android 10; K) AppleWebKit/537.36 (KHTML, like Gecko) Chrome/149.0.0.0 Mobile Safari/537.36"
65.108.235.243 - - [06/Jul/2026:16:38:05 +0200] "GET /assistenza-lavastoviglie-indesit-rubiera/ HTTP/1.1" 200 24840 "-" "WP Fastest Cache Preload Bot"
65.108.235.243 - - [06/Jul/2026:16:38:05 +0200] "GET /assistenza-lavastoviglie-indesit-scandiano/ HTTP/1.1" 200 24844 "-" "WP Fastest Cache Preload Bot"
151.38.33.225 - - [06/Jul/2026:16:38:07 +0200] "POST /wp-json/complianz/v1/track HTTP/2.0" 200 20 "https://reggio-emilia.elettroservicegroup.it/assistenza-lavatrici-scandiano/?gad_source=1&gad_campaignid=23800353523&gclid=CjwKCAjwpK3SBhASEiwAtV1SPJ3lTgzB_PeWZXRAwbbzvLD3I9KmZwGRfUaJMC9Sym8TjGLbcwudPhoCZacQAvD_BwE" "Mozilla/5.0 (Linux; Android 10; K) AppleWebKit/537.36 (KHTML, like Gecko) Chrome/149.0.0.0 Mobile Safari/537.36"
151.38.33.225 - - [06/Jul/2026:16:38:15 +0200] "GET /wp-content/uploads/2022/01/RICAMBIO-LAVATRICE-1.jpg HTTP/2.0" 200 43795 "https://reggio-emilia.elettroservicegroup.it/assistenza-lavatrici-scandiano/?gad_source=1&gad_campaignid=23800353523&gclid=CjwKCAjwpK3SBhASEiwAtV1SPJ3lTgzB_PeWZXRAwbbzvLD3I9KmZwGRfUaJMC9Sym8TjGLbcwudPhoCZacQAvD_BwE" "Mozilla/5.0 (Linux; Android 10; K) AppleWebKit/537.36 (KHTML, like Gecko) Chrome/149.0.0.0 Mobile Safari/537.36"
151.38.33.225 - - [06/Jul/2026:16:38:29 +0200] "GET /wp-content/uploads/2022/01/LAVATRICE.jpg HTTP/2.0" 200 49956 "https://reggio-emilia.elettroservicegroup.it/assistenza-lavatrici-scandiano/?gad_source=1&gad_campaignid=23800353523&gclid=CjwKCAjwpK3SBhASEiwAtV1SPJ3lTgzB_PeWZXRAwbbzvLD3I9KmZwGRfUaJMC9Sym8TjGLbcwudPhoCZacQAvD_BwE" "Mozilla/5.0 (Linux; Android 10; K) AppleWebKit/537.36 (KHTML, like Gecko) Chrome/149.0.0.0 Mobile Safari/537.36"
151.38.33.225 - - [06/Jul/2026:16:38:45 +0200] "GET /wp-content/plugins/complianz-gdpr-premium/assets/images/placeholders/google-maps-minimal-1280x920.jpg HTTP/2.0" 200 55264 "https://reggio-emilia.elettroservicegroup.it/assistenza-lavatrici-scandiano/?gad_source=1&gad_campaignid=23800353523&gclid=CjwKCAjwpK3SBhASEiwAtV1SPJ3lTgzB_PeWZXRAwbbzvLD3I9KmZwGRfUaJMC9Sym8TjGLbcwudPhoCZacQAvD_BwE" "Mozilla/5.0 (Linux; Android 10; K) AppleWebKit/537.36 (KHTML, like Gecko) Chrome/149.0.0.0 Mobile Safari/537.36"
65.108.235.243 - - [06/Jul/2026:16:47:21 +0200] "POST /wp-cron.php?doing_wp_cron=1783349241.7736389636993408203125 HTTP/1.1" 200 1 "-" "WordPress/7.0; https://reggio-emilia.elettroservicegroup.it"
192.178.4.136 - - [06/Jul/2026:16:47:15 +0200] "GET /robots.txt HTTP/1.1" 200 110 "-" "Mozilla/5.0 (compatible; Googlebot/2.1; +http://www.google.com/bot.html)"
192.178.16.136 - - [06/Jul/2026:16:47:22 +0200] "GET /assistenza-lavatrici-scandiano/ HTTP/1.1" 200 25736 "-" "Mozilla/5.0 (Linux; Android 6.0.1; Nexus 5X Build/MMB29P) AppleWebKit/537.36 (KHTML, like Gecko) Chrome/150.0.7871.46 Mobile Safari/537.36 (compatible; AdsBot-Google-Mobile; +http://www.google.com/mobile/adsbot.html)"
65.108.235.243 - - [06/Jul/2026:16:47:23 +0200] "GET /assistenza-lavastoviglie-indesit-santilario-denza/ HTTP/1.1" 200 24928 "-" "WP Fastest Cache Preload Bot"
65.108.235.243 - - [06/Jul/2026:16:47:26 +0200] "GET /assistenza-lavastoviglie-indesit-guastalla/ HTTP/1.1" 200 24838 "-" "WP Fastest Cache Preload Bot"
65.108.235.243 - - [06/Jul/2026:16:47:26 +0200] "GET /assistenza-lavastoviglie-indesit-correggio/ HTTP/1.1" 200 24840 "-" "WP Fastest Cache Preload Bot"
192.178.16.135 - - [06/Jul/2026:16:47:27 +0200] "GET /wp-content/uploads/elementor/css/post-14366.css?ver=1783099226 HTTP/1.1" 200 302 "https://reggio-emilia.elettroservicegroup.it/assistenza-lavatrici-scandiano/" "AdsBot-Google (+http://www.google.com/adsbot.html)"
192.178.16.135 - - [06/Jul/2026:16:47:27 +0200] "GET /wp-content/plugins/elementor/assets/css/frontend.min.css?ver=4.1.4 HTTP/1.1" 200 6618 "https://reggio-emilia.elettroservicegroup.it/assistenza-lavatrici-scandiano/" "AdsBot-Google (+http://www.google.com/adsbot.html)"
192.178.16.135 - - [06/Jul/2026:16:47:27 +0200] "GET /wp-content/themes/generatepress/assets/css/main.min.css?ver=3.6.1 HTTP/1.1" 200 4410 "https://reggio-emilia.elettroservicegroup.it/assistenza-lavatrici-scandiano/" "AdsBot-Google (+http://www.google.com/adsbot.html)"
192.178.16.135 - - [06/Jul/2026:16:47:27 +0200] "GET /wp-content/plugins/elementor/assets/lib/animations/styles/zoomIn.min.css?ver=4.1.4 HTTP/1.1" 200 87 "https://reggio-emilia.elettroservicegroup.it/assistenza-lavatrici-scandiano/" "AdsBot-Google (+http://www.google.com/adsbot.html)"
192.178.16.135 - - [06/Jul/2026:16:47:27 +0200] "GET /wp-content/plugins/gp-premium/menu-plus/functions/js/sticky.min.js?ver=2.5.5 HTTP/1.1" 200 2670 "https://reggio-emilia.elettroservicegroup.it/assistenza-lavatrici-scandiano/" "AdsBot-Google (+http://www.google.com/adsbot.html)"
65.108.235.243 - - [06/Jul/2026:16:47:27 +0200] "GET /assistenza-lavastoviglie-indesit-reggio-emilia/ HTTP/1.1" 200 24839 "-" "WP Fastest Cache Preload Bot"
192.178.16.135 - - [06/Jul/2026:16:47:27 +0200] "GET /wp-content/plugins/elementor/assets/lib/eicons/css/elementor-icons.min.css?ver=5.34.0 HTTP/1.1" 200 4125 "https://reggio-emilia.elettroservicegroup.it/assistenza-lavatrici-scandiano/" "AdsBot-Google (+http://www.google.com/adsbot.html)"
192.178.16.135 - - [06/Jul/2026:16:47:27 +0200] "GET /wp-content/plugins/elementor/assets/lib/font-awesome/css/fontawesome.css?ver=5.15.3 HTTP/1.1" 200 12535 "https://reggio-emilia.elettroservicegroup.it/assistenza-lavatrici-scandiano/" "AdsBot-Google (+http://www.google.com/adsbot.html)"
192.178.16.135 - - [06/Jul/2026:16:47:27 +0200] "GET /wp-content/plugins/elementor/assets/css/widget-heading.min.css?ver=4.1.4 HTTP/1.1" 200 127 "https://reggio-emilia.elettroservicegroup.it/assistenza-lavatrici-scandiano/" "AdsBot-Google (+http://www.google.com/adsbot.html)"
192.178.16.135 - - [06/Jul/2026:16:47:27 +0200] "GET /wp-content/uploads/elementor/google-fonts/css/robotoslab.css?ver=1742255003 HTTP/1.1" 200 721 "https://reggio-emilia.elettroservicegroup.it/assistenza-lavatrici-scandiano/" "AdsBot-Google (+http://www.google.com/adsbot.html)"
192.178.16.135 - - [06/Jul/2026:16:47:28 +0200] "GET /wp-content/plugins/elementor/assets/js/webpack.runtime.min.js?ver=4.1.4 HTTP/1.1" 200 2340 "https://reggio-emilia.elettroservicegroup.it/assistenza-lavatrici-scandiano/" "AdsBot-Google (+http://www.google.com/adsbot.html)"
192.178.16.135 - - [06/Jul/2026:16:47:28 +0200] "GET /wp-content/plugins/all-in-one-seo-pack/dist/Lite/assets/css/table-of-contents/global.e90f6d47.css?ver=4.9.9 HTTP/1.1" 200 420 "https://reggio-emilia.elettroservicegroup.it/assistenza-lavatrici-scandiano/" "AdsBot-Google (+http://www.google.com/adsbot.html)"
192.178.16.135 - - [06/Jul/2026:16:47:28 +0200] "GET /wp-content/plugins/elementor/assets/lib/font-awesome/css/v4-shims.min.css?ver=4.1.4 HTTP/1.1" 200 3986 "https://reggio-emilia.elettroservicegroup.it/assistenza-lavatrici-scandiano/" "AdsBot-Google (+http://www.google.com/adsbot.html)"
192.178.16.135 - - [06/Jul/2026:16:47:28 +0200] "GET /wp-content/plugins/elementor/assets/lib/font-awesome/js/v4-shims.min.js?ver=4.1.4 HTTP/1.1" 200 4043 "https://reggio-emilia.elettroservicegroup.it/assistenza-lavatrici-scandiano/" "AdsBot-Google (+http://www.google.com/adsbot.html)"
192.178.16.135 - - [06/Jul/2026:16:47:28 +0200] "GET /wp-content/plugins/gp-premium/menu-plus/functions/css/navigation-branding-flex.min.css?ver=2.5.5 HTTP/1.1" 200 542 "https://reggio-emilia.elettroservicegroup.it/assistenza-lavatrici-scandiano/" "AdsBot-Google (+http://www.google.com/adsbot.html)"
192.178.16.135 - - [06/Jul/2026:16:47:28 +0200] "GET /wp-content/uploads/elementor/css/post-14146.css?ver=1783099225 HTTP/1.1" 200 428 "https://reggio-emilia.elettroservicegroup.it/assistenza-lavatrici-scandiano/" "AdsBot-Google (+http://www.google.com/adsbot.html)"
192.178.16.135 - - [06/Jul/2026:16:47:29 +0200] "GET /wp-content/plugins/elementor/assets/lib/font-awesome/css/brands.css?ver=5.15.3 HTTP/1.1" 200 298 "https://reggio-emilia.elettroservicegroup.it/assistenza-lavatrici-scandiano/" "AdsBot-Google (+http://www.google.com/adsbot.html)"
192.178.16.135 - - [06/Jul/2026:16:47:29 +0200] "GET /wp-content/plugins/header-footer-elementor/assets/css/header-footer-elementor.css?ver=2.9.0 HTTP/1.1" 200 260 "https://reggio-emilia.elettroservicegroup.it/assistenza-lavatrici-scandiano/" "AdsBot-Google (+http://www.google.com/adsbot.html)"
192.178.16.135 - - [06/Jul/2026:16:47:29 +0200] "GET /wp-content/plugins/elementor/assets/lib/font-awesome/css/all.min.css?ver=4.1.4 HTTP/1.1" 200 12402 "https://reggio-emilia.elettroservicegroup.it/assistenza-lavatrici-scandiano/" "AdsBot-Google (+http://www.google.com/adsbot.html)"
192.178.16.135 - - [06/Jul/2026:16:47:29 +0200] "GET /wp-content/plugins/elementor/assets/lib/animations/styles/bounceIn.min.css?ver=4.1.4 HTTP/1.1" 200 186 "https://reggio-emilia.elettroservicegroup.it/assistenza-lavatrici-scandiano/" "AdsBot-Google (+http://www.google.com/adsbot.html)"
192.178.16.135 - - [06/Jul/2026:16:47:29 +0200] "GET /wp-content/plugins/elementor/assets/css/widget-social-icons.min.css?ver=3.24.0 HTTP/1.1" 200 1039 "https://reggio-emilia.elettroservicegroup.it/assistenza-lavatrici-scandiano/" "AdsBot-Google (+http://www.google.com/adsbot.html)"
192.178.16.135 - - [06/Jul/2026:16:47:29 +0200] "GET /wp-content/plugins/elementor/assets/lib/font-awesome/css/solid.css?ver=5.15.3 HTTP/1.1" 200 299 "https://reggio-emilia.elettroservicegroup.it/assistenza-lavatrici-scandiano/" "AdsBot-Google (+http://www.google.com/adsbot.html)"
192.178.16.135 - - [06/Jul/2026:16:47:30 +0200] "GET /wp-content/plugins/header-footer-elementor/inc/widgets-css/frontend.css?ver=2.9.0 HTTP/1.1" 200 8711 "https://reggio-emilia.elettroservicegroup.it/assistenza-lavatrici-scandiano/" "AdsBot-Google (+http://www.google.com/adsbot.html)"
192.178.16.135 - - [06/Jul/2026:16:47:30 +0200] "GET /wp-content/uploads/elementor/css/post-17770.css?ver=1783116073 HTTP/1.1" 200 2243 "https://reggio-emilia.elettroservicegroup.it/assistenza-lavatrici-scandiano/" "AdsBot-Google (+http://www.google.com/adsbot.html)"
192.178.16.135 - - [06/Jul/2026:16:47:30 +0200] "GET /wp-content/plugins/elementor/assets/css/widget-spacer.min.css?ver=4.1.4 HTTP/1.1" 200 287 "https://reggio-emilia.elettroservicegroup.it/assistenza-lavatrici-scandiano/" "AdsBot-Google (+http://www.google.com/adsbot.html)"
192.178.16.135 - - [06/Jul/2026:16:47:30 +0200] "GET /wp-content/plugins/elementor/assets/css/widget-icon-list.min.css?ver=3.24.3 HTTP/1.1" 200 928 "https://reggio-emilia.elettroservicegroup.it/assistenza-lavatrici-scandiano/" "AdsBot-Google (+http://www.google.com/adsbot.html)"
192.178.16.135 - - [06/Jul/2026:16:47:30 +0200] "GET /wp-content/plugins/elementor/assets/css/widget-image.min.css?ver=4.1.4 HTTP/1.1" 200 96 "https://reggio-emilia.elettroservicegroup.it/assistenza-lavatrici-scandiano/" "AdsBot-Google (+http://www.google.com/adsbot.html)"
192.178.16.135 - - [06/Jul/2026:16:47:31 +0200] "GET /wp-includes/js/jquery/jquery.min.js?ver=3.7.1 HTTP/1.1" 200 29769 "https://reggio-emilia.elettroservicegroup.it/assistenza-lavatrici-scandiano/" "AdsBot-Google (+http://www.google.com/adsbot.html)"
192.178.16.135 - - [06/Jul/2026:16:47:31 +0200] "GET /wp-includes/js/jquery/jquery-migrate.min.js?ver=3.4.1 HTTP/1.1" 200 4685 "https://reggio-emilia.elettroservicegroup.it/assistenza-lavatrici-scandiano/" "AdsBot-Google (+http://www.google.com/adsbot.html)"
192.178.16.135 - - [06/Jul/2026:16:47:31 +0200] "GET /wp-content/plugins/complianz-gdpr-premium/assets/css/cookieblocker.min.css?ver=1783097850 HTTP/1.1" 200 615 "https://reggio-emilia.elettroservicegroup.it/assistenza-lavatrici-scandiano/" "AdsBot-Google (+http://www.google.com/adsbot.html)"
192.178.16.135 - - [06/Jul/2026:16:47:31 +0200] "GET /wp-content/uploads/elementor/google-fonts/css/roboto.css?ver=1742255001 HTTP/1.1" 200 1890 "https://reggio-emilia.elettroservicegroup.it/assistenza-lavatrici-scandiano/" "AdsBot-Google (+http://www.google.com/adsbot.html)"
192.178.16.135 - - [06/Jul/2026:16:47:31 +0200] "GET /wp-content/plugins/elementor/assets/js/frontend-modules.min.js?ver=4.1.4 HTTP/1.1" 200 15454 "https://reggio-emilia.elettroservicegroup.it/assistenza-lavatrici-scandiano/" "AdsBot-Google (+http://www.google.com/adsbot.html)"
192.178.16.135 - - [06/Jul/2026:16:47:37 +0200] "GET /wp-includes/js/jquery/ui/core.min.js?ver=1.13.3 HTTP/1.1" 200 6820 "https://reggio-emilia.elettroservicegroup.it/assistenza-lavatrici-scandiano/" "AdsBot-Google (+http://www.google.com/adsbot.html)"
192.178.16.135 - - [06/Jul/2026:16:47:37 +0200] "GET /wp-content/plugins/complianz-gdpr-premium/cookiebanner/js/complianz.min.js?ver=1783097850 HTTP/1.1" 200 10762 "https://reggio-emilia.elettroservicegroup.it/assistenza-lavatrici-scandiano/" "AdsBot-Google (+http://www.google.com/adsbot.html)"
192.178.16.135 - - [06/Jul/2026:16:47:37 +0200] "GET /wp-content/plugins/google-analytics-for-wordpress/assets/js/frontend-gtag.min.js?ver=10.2.2 HTTP/1.1" 200 3075 "https://reggio-emilia.elettroservicegroup.it/assistenza-lavatrici-scandiano/" "AdsBot-Google (+http://www.google.com/adsbot.html)"
192.178.16.135 - - [06/Jul/2026:16:47:37 +0200] "GET /wp-content/themes/generatepress/assets/js/menu.min.js?ver=3.6.1 HTTP/1.1" 200 1688 "https://reggio-emilia.elettroservicegroup.it/assistenza-lavatrici-scandiano/" "AdsBot-Google (+http://www.google.com/adsbot.html)"
192.178.16.135 - - [06/Jul/2026:16:47:37 +0200] "GET /wp-content/plugins/elementor/assets/js/frontend.min.js?ver=4.1.4 HTTP/1.1" 200 10140 "https://reggio-emilia.elettroservicegroup.it/assistenza-lavatrici-scandiano/" "AdsBot-Google (+http://www.google.com/adsbot.html)"
192.178.16.135 - - [06/Jul/2026:16:47:37 +0200] "GET /wp-content/themes/generatepress/assets/js/back-to-top.min.js?ver=3.6.1 HTTP/1.1" 200 336 "https://reggio-emilia.elettroservicegroup.it/assistenza-lavatrici-scandiano/" "AdsBot-Google (+http://www.google.com/adsbot.html)"
192.178.16.135 - - [06/Jul/2026:16:47:38 +0200] "GET /wp-content/uploads/elementor/google-fonts/fonts/roboto-kfo7cnqeu92fr1me7ksn66agldtyluama3yuba.woff2 HTTP/1.1" 304 - "https://reggio-emilia.elettroservicegroup.it/wp-content/uploads/elementor/google-fonts/css/roboto.css?ver=1742255001" "AdsBot-Google (+http://www.google.com/adsbot.html)"
192.178.16.135 - - [06/Jul/2026:16:47:38 +0200] "GET /wp-json/complianz/v1/banner?lang=it&locale=it_IT&token=lcps HTTP/1.1" 200 82 "https://reggio-emilia.elettroservicegroup.it/assistenza-lavatrici-scandiano/" "AdsBot-Google (+http://www.google.com/adsbot.html)"
192.178.16.135 - - [06/Jul/2026:16:47:39 +0200] "GET /wp-content/uploads/complianz/css/banner-1-optin.css?v=511 HTTP/1.1" 200 2862 "https://reggio-emilia.elettroservicegroup.it/assistenza-lavatrici-scandiano/" "AdsBot-Google (+http://www.google.com/adsbot.html)"
192.178.16.135 - - [06/Jul/2026:16:47:39 +0200] "GET /wp-json/complianz/v1/cookie_data HTTP/1.1" 200 82 "https://reggio-emilia.elettroservicegroup.it/assistenza-lavatrici-scandiano/" "AdsBot-Google (+http://www.google.com/adsbot.html)"
192.178.16.135 - - [06/Jul/2026:16:47:40 +0200] "GET /wp-content/plugins/elementor/assets/js/text-editor.45609661e409413f1cef.bundle.min.js HTTP/1.1" 200 592 "https://reggio-emilia.elettroservicegroup.it/assistenza-lavatrici-scandiano/" "AdsBot-Google (+http://www.google.com/adsbot.html)"
192.178.16.135 - - [06/Jul/2026:16:47:40 +0200] "GET /wp-content/plugins/elementor/assets/js/shared-frontend-handlers.03caa53373b56d3bab67.bundle.min.js HTTP/1.1" 200 2515 "https://reggio-emilia.elettroservicegroup.it/assistenza-lavatrici-scandiano/" "AdsBot-Google (+http://www.google.com/adsbot.html)"
192.178.16.135 - - [06/Jul/2026:16:47:40 +0200] "GET /wp-content/plugins/elementor/assets/js/section-frontend-handlers.d85ab872da118940910d.bundle.min.js HTTP/1.1" 200 230 "https://reggio-emilia.elettroservicegroup.it/assistenza-lavatrici-scandiano/" "AdsBot-Google (+http://www.google.com/adsbot.html)"
65.108.235.243 - - [06/Jul/2026:16:48:59 +0200] "POST /wp-cron.php?doing_wp_cron=1783349339.2863900661468505859375 HTTP/1.1" 200 1 "-" "WordPress/7.0; https://reggio-emilia.elettroservicegroup.it"
192.178.16.135 - - [06/Jul/2026:16:48:48 +0200] "GET /assistenza-frigoriferi-reggio-emilia/ HTTP/1.1" 200 23187 "-" "Mozilla/5.0 (Linux; Android 6.0.1; Nexus 5X Build/MMB29P) AppleWebKit/537.36 (KHTML, like Gecko) Chrome/150.0.7871.46 Mobile Safari/537.36 (compatible; AdsBot-Google-Mobile; +http://www.google.com/mobile/adsbot.html)"
192.178.16.137 - - [06/Jul/2026:16:49:01 +0200] "GET /wp-content/uploads/elementor/css/post-15287.css?ver=1783161502 HTTP/1.1" 200 1968 "https://reggio-emilia.elettroservicegroup.it/assistenza-frigoriferi-reggio-emilia/" "AdsBot-Google (+http://www.google.com/adsbot.html)"
192.178.16.136 - - [06/Jul/2026:16:49:14 +0200] "GET /assistenza-miele-reggio-emilia/ HTTP/1.1" 200 25059 "-" "Mozilla/5.0 (Linux; Android 6.0.1; Nexus 5X Build/MMB29P) AppleWebKit/537.36 (KHTML, like Gecko) Chrome/150.0.7871.46 Mobile Safari/537.36 (compatible; AdsBot-Google-Mobile; +http://www.google.com/mobile/adsbot.html)"
192.178.16.136 - - [06/Jul/2026:16:51:29 +0200] "GET /wp-content/uploads/elementor/css/post-17816.css?ver=1783107204 HTTP/1.1" 200 2185 "https://reggio-emilia.elettroservicegroup.it/assistenza-miele-reggio-emilia/" "AdsBot-Google (+http://www.google.com/adsbot.html)"
65.108.235.243 - - [06/Jul/2026:16:51:39 +0200] "POST /wp-cron.php?doing_wp_cron=1783349499.8923249244689941406250 HTTP/1.1" 200 1 "-" "WordPress/7.0; https://reggio-emilia.elettroservicegroup.it"
192.178.16.135 - - [06/Jul/2026:16:51:30 +0200] "GET /assistenza-condizionatori-reggio-emilia/ HTTP/1.1" 200 22476 "-" "Mozilla/5.0 (Linux; Android 6.0.1; Nexus 5X Build/MMB29P) AppleWebKit/537.36 (KHTML, like Gecko) Chrome/150.0.7871.46 Mobile Safari/537.36 (compatible; AdsBot-Google-Mobile; +http://www.google.com/mobile/adsbot.html)"
192.178.16.135 - - [06/Jul/2026:16:51:42 +0200] "GET /wp-content/uploads/elementor/css/post-15289.css?ver=1783106367 HTTP/1.1" 200 1794 "https://reggio-emilia.elettroservicegroup.it/assistenza-condizionatori-reggio-emilia/" "AdsBot-Google (+http://www.google.com/adsbot.html)"
192.178.16.136 - - [06/Jul/2026:16:51:42 +0200] "GET /wp-content/plugins/gp-premium/menu-plus/functions/js/sticky.min.js?ver=2.5.5 HTTP/1.1" 200 2670 "https://reggio-emilia.elettroservicegroup.it/assistenza-condizionatori-reggio-emilia/" "AdsBot-Google (+http://www.google.com/adsbot.html)"
192.178.16.135 - - [06/Jul/2026:16:51:42 +0200] "GET /wp-content/plugins/complianz-gdpr-premium/assets/css/cookieblocker.min.css?ver=1783097850 HTTP/1.1" 200 615 "https://reggio-emilia.elettroservicegroup.it/assistenza-condizionatori-reggio-emilia/" "AdsBot-Google (+http://www.google.com/adsbot.html)"
192.178.16.136 - - [06/Jul/2026:16:51:42 +0200] "GET /wp-content/uploads/elementor/css/post-14366.css?ver=1783099226 HTTP/1.1" 200 302 "https://reggio-emilia.elettroservicegroup.it/assistenza-condizionatori-reggio-emilia/" "AdsBot-Google (+http://www.google.com/adsbot.html)"
192.178.16.136 - - [06/Jul/2026:16:51:42 +0200] "GET /wp-content/plugins/elementor/assets/lib/animations/styles/zoomIn.min.css?ver=4.1.4 HTTP/1.1" 200 87 "https://reggio-emilia.elettroservicegroup.it/assistenza-condizionatori-reggio-emilia/" "AdsBot-Google (+http://www.google.com/adsbot.html)"
192.178.16.135 - - [06/Jul/2026:16:51:42 +0200] "GET /wp-content/themes/generatepress/assets/css/main.min.css?ver=3.6.1 HTTP/1.1" 200 4410 "https://reggio-emilia.elettroservicegroup.it/assistenza-condizionatori-reggio-emilia/" "AdsBot-Google (+http://www.google.com/adsbot.html)"
192.178.16.135 - - [06/Jul/2026:16:51:42 +0200] "GET /wp-content/plugins/elementor/assets/lib/animations/styles/bounceIn.min.css?ver=4.1.4 HTTP/1.1" 200 186 "https://reggio-emilia.elettroservicegroup.it/assistenza-condizionatori-reggio-emilia/" "AdsBot-Google (+http://www.google.com/adsbot.html)"
192.178.16.135 - - [06/Jul/2026:16:51:42 +0200] "GET /wp-content/plugins/elementor/assets/lib/font-awesome/css/fontawesome.css?ver=5.15.3 HTTP/1.1" 200 12535 "https://reggio-emilia.elettroservicegroup.it/assistenza-condizionatori-reggio-emilia/" "AdsBot-Google (+http://www.google.com/adsbot.html)"
192.178.16.136 - - [06/Jul/2026:16:51:42 +0200] "GET /wp-content/plugins/header-footer-elementor/assets/css/header-footer-elementor.css?ver=2.9.0 HTTP/1.1" 200 260 "https://reggio-emilia.elettroservicegroup.it/assistenza-condizionatori-reggio-emilia/" "AdsBot-Google (+http://www.google.com/adsbot.html)"
192.178.16.135 - - [06/Jul/2026:16:51:42 +0200] "GET /wp-content/plugins/elementor/assets/lib/font-awesome/css/solid.css?ver=5.15.3 HTTP/1.1" 200 299 "https://reggio-emilia.elettroservicegroup.it/assistenza-condizionatori-reggio-emilia/" "AdsBot-Google (+http://www.google.com/adsbot.html)"
192.178.16.135 - - [06/Jul/2026:16:51:43 +0200] "GET /wp-content/plugins/elementor/assets/lib/font-awesome/css/all.min.css?ver=4.1.4 HTTP/1.1" 200 12402 "https://reggio-emilia.elettroservicegroup.it/assistenza-condizionatori-reggio-emilia/" "AdsBot-Google (+http://www.google.com/adsbot.html)"
192.178.16.136 - - [06/Jul/2026:16:51:43 +0200] "GET /wp-content/plugins/elementor/assets/lib/font-awesome/css/brands.css?ver=5.15.3 HTTP/1.1" 200 298 "https://reggio-emilia.elettroservicegroup.it/assistenza-condizionatori-reggio-emilia/" "AdsBot-Google (+http://www.google.com/adsbot.html)"
192.178.16.136 - - [06/Jul/2026:16:51:43 +0200] "GET /wp-content/plugins/elementor/assets/css/widget-icon-list.min.css?ver=3.24.3 HTTP/1.1" 200 928 "https://reggio-emilia.elettroservicegroup.it/assistenza-condizionatori-reggio-emilia/" "AdsBot-Google (+http://www.google.com/adsbot.html)"
192.178.16.135 - - [06/Jul/2026:16:51:43 +0200] "GET /wp-content/plugins/elementor/assets/css/widget-heading.min.css?ver=4.1.4 HTTP/1.1" 200 127 "https://reggio-emilia.elettroservicegroup.it/assistenza-condizionatori-reggio-emilia/" "AdsBot-Google (+http://www.google.com/adsbot.html)"
192.178.16.135 - - [06/Jul/2026:16:51:43 +0200] "GET /wp-content/plugins/elementor/assets/lib/font-awesome/js/v4-shims.min.js?ver=4.1.4 HTTP/1.1" 200 4043 "https://reggio-emilia.elettroservicegroup.it/assistenza-condizionatori-reggio-emilia/" "AdsBot-Google (+http://www.google.com/adsbot.html)"
192.178.16.136 - - [06/Jul/2026:16:51:44 +0200] "GET /wp-content/uploads/elementor/css/post-14146.css?ver=1783099225 HTTP/1.1" 200 428 "https://reggio-emilia.elettroservicegroup.it/assistenza-condizionatori-reggio-emilia/" "AdsBot-Google (+http://www.google.com/adsbot.html)"
192.178.16.135 - - [06/Jul/2026:16:51:44 +0200] "GET /wp-content/plugins/elementor/assets/lib/eicons/css/elementor-icons.min.css?ver=5.34.0 HTTP/1.1" 200 4125 "https://reggio-emilia.elettroservicegroup.it/assistenza-condizionatori-reggio-emilia/" "AdsBot-Google (+http://www.google.com/adsbot.html)"
65.108.235.243 - - [06/Jul/2026:16:51:42 +0200] "GET /assistenza-lavastoviglie-bosch-rubiera/ HTTP/1.1" 200 24838 "-" "WP Fastest Cache Preload Bot"
192.178.16.136 - - [06/Jul/2026:16:51:44 +0200] "GET /wp-content/plugins/header-footer-elementor/inc/widgets-css/frontend.css?ver=2.9.0 HTTP/1.1" 200 8711 "https://reggio-emilia.elettroservicegroup.it/assistenza-condizionatori-reggio-emilia/" "AdsBot-Google (+http://www.google.com/adsbot.html)"
192.178.16.136 - - [06/Jul/2026:16:51:44 +0200] "GET /wp-content/plugins/elementor/assets/lib/font-awesome/css/v4-shims.min.css?ver=4.1.4 HTTP/1.1" 200 3986 "https://reggio-emilia.elettroservicegroup.it/assistenza-condizionatori-reggio-emilia/" "AdsBot-Google (+http://www.google.com/adsbot.html)"
192.178.16.136 - - [06/Jul/2026:16:51:44 +0200] "GET /wp-content/plugins/elementor/assets/css/frontend.min.css?ver=4.1.4 HTTP/1.1" 200 6618 "https://reggio-emilia.elettroservicegroup.it/assistenza-condizionatori-reggio-emilia/" "AdsBot-Google (+http://www.google.com/adsbot.html)"
192.178.16.136 - - [06/Jul/2026:16:51:45 +0200] "GET /wp-content/plugins/elementor/assets/js/webpack.runtime.min.js?ver=4.1.4 HTTP/1.1" 200 2340 "https://reggio-emilia.elettroservicegroup.it/assistenza-condizionatori-reggio-emilia/" "AdsBot-Google (+http://www.google.com/adsbot.html)"
192.178.16.135 - - [06/Jul/2026:16:51:45 +0200] "GET /wp-content/plugins/elementor/assets/css/widget-spacer.min.css?ver=4.1.4 HTTP/1.1" 200 287 "https://reggio-emilia.elettroservicegroup.it/assistenza-condizionatori-reggio-emilia/" "AdsBot-Google (+http://www.google.com/adsbot.html)"
192.178.16.135 - - [06/Jul/2026:16:51:45 +0200] "GET /wp-content/plugins/elementor/assets/css/widget-image.min.css?ver=4.1.4 HTTP/1.1" 200 96 "https://reggio-emilia.elettroservicegroup.it/assistenza-condizionatori-reggio-emilia/" "AdsBot-Google (+http://www.google.com/adsbot.html)"
192.178.16.135 - - [06/Jul/2026:16:51:45 +0200] "GET /wp-content/uploads/elementor/google-fonts/css/roboto.css?ver=1742255001 HTTP/1.1" 200 1890 "https://reggio-emilia.elettroservicegroup.it/assistenza-condizionatori-reggio-emilia/" "AdsBot-Google (+http://www.google.com/adsbot.html)"
192.178.16.136 - - [06/Jul/2026:16:51:45 +0200] "GET /wp-includes/js/jquery/jquery.min.js?ver=3.7.1 HTTP/1.1" 200 29769 "https://reggio-emilia.elettroservicegroup.it/assistenza-condizionatori-reggio-emilia/" "AdsBot-Google (+http://www.google.com/adsbot.html)"
192.178.16.136 - - [06/Jul/2026:16:51:45 +0200] "GET /wp-content/uploads/elementor/google-fonts/css/robotoslab.css?ver=1742255003 HTTP/1.1" 200 721 "https://reggio-emilia.elettroservicegroup.it/assistenza-condizionatori-reggio-emilia/" "AdsBot-Google (+http://www.google.com/adsbot.html)"
192.178.16.135 - - [06/Jul/2026:16:51:45 +0200] "GET /wp-includes/js/jquery/jquery-migrate.min.js?ver=3.4.1 HTTP/1.1" 200 4685 "https://reggio-emilia.elettroservicegroup.it/assistenza-condizionatori-reggio-emilia/" "AdsBot-Google (+http://www.google.com/adsbot.html)"
192.178.16.135 - - [06/Jul/2026:16:51:46 +0200] "GET /wp-content/plugins/gp-premium/menu-plus/functions/css/navigation-branding-flex.min.css?ver=2.5.5 HTTP/1.1" 200 542 "https://reggio-emilia.elettroservicegroup.it/assistenza-condizionatori-reggio-emilia/" "AdsBot-Google (+http://www.google.com/adsbot.html)"
192.178.16.135 - - [06/Jul/2026:16:51:46 +0200] "GET /wp-content/plugins/elementor/assets/js/frontend-modules.min.js?ver=4.1.4 HTTP/1.1" 200 15454 "https://reggio-emilia.elettroservicegroup.it/assistenza-condizionatori-reggio-emilia/" "AdsBot-Google (+http://www.google.com/adsbot.html)"
192.178.16.135 - - [06/Jul/2026:16:51:46 +0200] "GET /wp-content/plugins/all-in-one-seo-pack/dist/Lite/assets/css/table-of-contents/global.e90f6d47.css?ver=4.9.9 HTTP/1.1" 200 420 "https://reggio-emilia.elettroservicegroup.it/assistenza-condizionatori-reggio-emilia/" "AdsBot-Google (+http://www.google.com/adsbot.html)"
192.178.16.135 - - [06/Jul/2026:16:51:46 +0200] "GET /wp-content/plugins/elementor/assets/css/widget-social-icons.min.css?ver=3.24.0 HTTP/1.1" 200 1039 "https://reggio-emilia.elettroservicegroup.it/assistenza-condizionatori-reggio-emilia/" "AdsBot-Google (+http://www.google.com/adsbot.html)"
192.178.16.135 - - [06/Jul/2026:16:51:46 +0200] "GET /wp-includes/js/jquery/ui/core.min.js?ver=1.13.3 HTTP/1.1" 200 6820 "https://reggio-emilia.elettroservicegroup.it/assistenza-condizionatori-reggio-emilia/" "AdsBot-Google (+http://www.google.com/adsbot.html)"
192.178.16.135 - - [06/Jul/2026:16:51:46 +0200] "GET /wp-content/plugins/elementor/assets/js/frontend.min.js?ver=4.1.4 HTTP/1.1" 200 10140 "https://reggio-emilia.elettroservicegroup.it/assistenza-condizionatori-reggio-emilia/" "AdsBot-Google (+http://www.google.com/adsbot.html)"
192.178.16.135 - - [06/Jul/2026:16:51:47 +0200] "GET /wp-content/themes/generatepress/assets/js/back-to-top.min.js?ver=3.6.1 HTTP/1.1" 200 336 "https://reggio-emilia.elettroservicegroup.it/assistenza-condizionatori-reggio-emilia/" "AdsBot-Google (+http://www.google.com/adsbot.html)"
65.108.235.243 - - [06/Jul/2026:16:51:44 +0200] "GET /assistenza-lavastoviglie-bosch-scandiano/ HTTP/1.1" 200 24831 "-" "WP Fastest Cache Preload Bot"
192.178.16.135 - - [06/Jul/2026:16:51:47 +0200] "GET /wp-content/plugins/complianz-gdpr-premium/cookiebanner/js/complianz.min.js?ver=1783097850 HTTP/1.1" 200 10762 "https://reggio-emilia.elettroservicegroup.it/assistenza-condizionatori-reggio-emilia/" "AdsBot-Google (+http://www.google.com/adsbot.html)"
192.178.16.135 - - [06/Jul/2026:16:51:47 +0200] "GET /wp-content/plugins/google-analytics-for-wordpress/assets/js/frontend-gtag.min.js?ver=10.2.2 HTTP/1.1" 200 3075 "https://reggio-emilia.elettroservicegroup.it/assistenza-condizionatori-reggio-emilia/" "AdsBot-Google (+http://www.google.com/adsbot.html)"
192.178.16.135 - - [06/Jul/2026:16:51:47 +0200] "GET /wp-content/themes/generatepress/assets/js/menu.min.js?ver=3.6.1 HTTP/1.1" 200 1688 "https://reggio-emilia.elettroservicegroup.it/assistenza-condizionatori-reggio-emilia/" "AdsBot-Google (+http://www.google.com/adsbot.html)"
192.178.16.135 - - [06/Jul/2026:16:51:48 +0200] "GET /wp-content/uploads/elementor/google-fonts/fonts/roboto-kfo7cnqeu92fr1me7ksn66agldtyluama3yuba.woff2 HTTP/1.1" 304 - "https://reggio-emilia.elettroservicegroup.it/wp-content/uploads/elementor/google-fonts/css/roboto.css?ver=1742255001" "AdsBot-Google (+http://www.google.com/adsbot.html)"
192.178.16.135 - - [06/Jul/2026:16:51:47 +0200] "GET /wp-json/complianz/v1/banner?lang=it&locale=it_IT&token=lcps HTTP/1.1" 200 82 "https://reggio-emilia.elettroservicegroup.it/assistenza-condizionatori-reggio-emilia/" "AdsBot-Google (+http://www.google.com/adsbot.html)"
192.178.16.135 - - [06/Jul/2026:16:51:49 +0200] "GET /wp-content/uploads/complianz/css/banner-1-optin.css?v=511 HTTP/1.1" 200 2862 "https://reggio-emilia.elettroservicegroup.it/assistenza-condizionatori-reggio-emilia/" "AdsBot-Google (+http://www.google.com/adsbot.html)"
65.108.235.243 - - [06/Jul/2026:16:51:47 +0200] "GET /assistenza-lavastoviglie-bosch-santilario-denza/ HTTP/1.1" 200 24929 "-" "WP Fastest Cache Preload Bot"
192.178.16.135 - - [06/Jul/2026:16:51:49 +0200] "GET /wp-json/complianz/v1/cookie_data HTTP/1.1" 200 82 "https://reggio-emilia.elettroservicegroup.it/assistenza-condizionatori-reggio-emilia/" "AdsBot-Google (+http://www.google.com/adsbot.html)"
192.178.16.135 - - [06/Jul/2026:16:51:50 +0200] "GET /wp-content/plugins/elementor/assets/js/shared-frontend-handlers.03caa53373b56d3bab67.bundle.min.js HTTP/1.1" 200 2515 "https://reggio-emilia.elettroservicegroup.it/assistenza-condizionatori-reggio-emilia/" "AdsBot-Google (+http://www.google.com/adsbot.html)"
192.178.16.135 - - [06/Jul/2026:16:51:51 +0200] "GET /wp-content/plugins/elementor/assets/js/text-editor.45609661e409413f1cef.bundle.min.js HTTP/1.1" 200 592 "https://reggio-emilia.elettroservicegroup.it/assistenza-condizionatori-reggio-emilia/" "AdsBot-Google (+http://www.google.com/adsbot.html)"
65.108.235.243 - - [06/Jul/2026:16:51:50 +0200] "GET /assistenza-lavastoviglie-bosch-guastalla/ HTTP/1.1" 200 24831 "-" "WP Fastest Cache Preload Bot"
192.178.16.135 - - [06/Jul/2026:16:51:51 +0200] "GET /wp-content/plugins/elementor/assets/js/section-frontend-handlers.d85ab872da118940910d.bundle.min.js HTTP/1.1" 200 230 "https://reggio-emilia.elettroservicegroup.it/assistenza-condizionatori-reggio-emilia/" "AdsBot-Google (+http://www.google.com/adsbot.html)"
192.178.16.135 - - [06/Jul/2026:16:52:05 +0200] "GET /assistenza-lavatrici/riparazione-1/ HTTP/1.1" 200 19115 "-" "Mozilla/5.0 (Linux; Android 6.0.1; Nexus 5X Build/MMB29P) AppleWebKit/537.36 (KHTML, like Gecko) Chrome/150.0.7871.46 Mobile Safari/537.36 (compatible; AdsBot-Google-Mobile; +http://www.google.com/mobile/adsbot.html)"
192.178.16.136 - - [06/Jul/2026:16:52:08 +0200] "GET /wp-includes/css/dist/block-library/style.min.css?ver=7.0 HTTP/1.1" 200 15998 "https://reggio-emilia.elettroservicegroup.it/assistenza-lavatrici/riparazione-1/" "AdsBot-Google (+http://www.google.com/adsbot.html)"
192.178.16.136 - - [06/Jul/2026:16:52:08 +0200] "GET /wp-content/themes/generatepress/assets/css/components/comments.min.css?ver=3.6.1 HTTP/1.1" 200 488 "https://reggio-emilia.elettroservicegroup.it/assistenza-lavatrici/riparazione-1/" "AdsBot-Google (+http://www.google.com/adsbot.html)"
192.178.16.135 - - [06/Jul/2026:16:52:08 +0200] "GET /wp-includes/js/comment-reply.min.js?ver=7.0 HTTP/1.1" 200 1248 "https://reggio-emilia.elettroservicegroup.it/assistenza-lavatrici/riparazione-1/" "AdsBot-Google (+http://www.google.com/adsbot.html)"
192.178.16.135 - - [06/Jul/2026:16:52:09 +0200] "GET /wp-content/uploads/elementor/google-fonts/fonts/robotoslab-bngmuxzytxpivibgjjsb6ufn5qu.woff2 HTTP/1.1" 200 34328 "https://reggio-emilia.elettroservicegroup.it/wp-content/uploads/elementor/google-fonts/css/robotoslab.css?ver=1742255003" "AdsBot-Google (+http://www.google.com/adsbot.html)"
192.178.16.136 - - [06/Jul/2026:16:52:09 +0200] "GET /wp-content/plugins/elementor/assets/lib/dialog/dialog.min.js?ver=4.9.3 HTTP/1.1" 200 3595 "https://reggio-emilia.elettroservicegroup.it/assistenza-lavatrici/riparazione-1/" "AdsBot-Google (+http://www.google.com/adsbot.html)"
192.178.16.136 - - [06/Jul/2026:16:52:09 +0200] "GET /wp-content/plugins/elementor/assets/css/conditionals/dialog.min.css?ver=4.1.4 HTTP/1.1" 200 1428 "https://reggio-emilia.elettroservicegroup.it/assistenza-lavatrici/riparazione-1/" "AdsBot-Google (+http://www.google.com/adsbot.html)"
192.178.16.135 - - [06/Jul/2026:16:52:09 +0200] "GET /wp-content/plugins/elementor/assets/lib/swiper/v8/css/swiper.min.css?ver=8.4.5 HTTP/1.1" 200 4251 "https://reggio-emilia.elettroservicegroup.it/assistenza-lavatrici/riparazione-1/" "AdsBot-Google (+http://www.google.com/adsbot.html)"
192.178.16.135 - - [06/Jul/2026:16:52:09 +0200] "GET /wp-content/plugins/elementor/assets/css/conditionals/lightbox.min.css?ver=4.1.4 HTTP/1.1" 200 1760 "https://reggio-emilia.elettroservicegroup.it/assistenza-lavatrici/riparazione-1/" "AdsBot-Google (+http://www.google.com/adsbot.html)"
192.178.16.136 - - [06/Jul/2026:16:52:09 +0200] "GET /wp-content/plugins/elementor/assets/js/397f2d183c19202777d6.bundle.min.js HTTP/1.1" 200 8477 "https://reggio-emilia.elettroservicegroup.it/assistenza-lavatrici/riparazione-1/" "AdsBot-Google (+http://www.google.com/adsbot.html)"
192.178.16.135 - - [06/Jul/2026:16:52:09 +0200] "GET /wp-content/plugins/elementor/assets/js/lightbox.570c05c5a283cfb6b223.bundle.min.js HTTP/1.1" 200 9102 "https://reggio-emilia.elettroservicegroup.it/assistenza-lavatrici/riparazione-1/" "AdsBot-Google (+http://www.google.com/adsbot.html)"
192.178.16.135 - - [06/Jul/2026:16:52:09 +0200] "GET /wp-content/plugins/elementor/assets/lib/share-link/share-link.min.js?ver=4.1.4 HTTP/1.1" 200 1077 "https://reggio-emilia.elettroservicegroup.it/assistenza-lavatrici/riparazione-1/" "AdsBot-Google (+http://www.google.com/adsbot.html)"
65.108.235.243 - - [06/Jul/2026:16:53:23 +0200] "POST /wp-cron.php?doing_wp_cron=1783349603.4673149585723876953125 HTTP/1.1" 200 1 "-" "WordPress/7.0; https://reggio-emilia.elettroservicegroup.it"
192.178.16.135 - - [06/Jul/2026:16:53:21 +0200] "GET /1/ HTTP/1.1" 200 19066 "-" "Mozilla/5.0 (Linux; Android 6.0.1; Nexus 5X Build/MMB29P) AppleWebKit/537.36 (KHTML, like Gecko) Chrome/150.0.7871.46 Mobile Safari/537.36 (compatible; AdsBot-Google-Mobile; +http://www.google.com/mobile/adsbot.html)"
192.178.16.135 - - [06/Jul/2026:16:53:25 +0200] "GET /wp-content/themes/generatepress/assets/css/components/comments.min.css?ver=3.6.1 HTTP/1.1" 200 488 "https://reggio-emilia.elettroservicegroup.it/1/" "AdsBot-Google (+http://www.google.com/adsbot.html)"
192.178.16.135 - - [06/Jul/2026:16:53:25 +0200] "GET /wp-includes/js/comment-reply.min.js?ver=7.0 HTTP/1.1" 200 1248 "https://reggio-emilia.elettroservicegroup.it/1/" "AdsBot-Google (+http://www.google.com/adsbot.html)"
192.178.16.136 - - [06/Jul/2026:16:53:25 +0200] "GET /wp-includes/css/dist/block-library/style.min.css?ver=7.0 HTTP/1.1" 200 15998 "https://reggio-emilia.elettroservicegroup.it/1/" "AdsBot-Google (+http://www.google.com/adsbot.html)"
192.178.16.135 - - [06/Jul/2026:16:53:26 +0200] "GET /wp-content/uploads/elementor/google-fonts/fonts/robotoslab-bngmuxzytxpivibgjjsb6ufn5qu.woff2 HTTP/1.1" 304 - "https://reggio-emilia.elettroservicegroup.it/wp-content/uploads/elementor/google-fonts/css/robotoslab.css?ver=1742255003" "AdsBot-Google (+http://www.google.com/adsbot.html)"
192.178.16.135 - - [06/Jul/2026:16:53:26 +0200] "GET /wp-content/plugins/elementor/assets/js/397f2d183c19202777d6.bundle.min.js HTTP/1.1" 200 8477 "https://reggio-emilia.elettroservicegroup.it/1/" "AdsBot-Google (+http://www.google.com/adsbot.html)"
192.178.16.135 - - [06/Jul/2026:16:53:26 +0200] "GET /wp-content/plugins/elementor/assets/css/conditionals/dialog.min.css?ver=4.1.4 HTTP/1.1" 200 1428 "https://reggio-emilia.elettroservicegroup.it/1/" "AdsBot-Google (+http://www.google.com/adsbot.html)"
192.178.16.135 - - [06/Jul/2026:16:53:26 +0200] "GET /wp-content/plugins/elementor/assets/lib/dialog/dialog.min.js?ver=4.9.3 HTTP/1.1" 200 3595 "https://reggio-emilia.elettroservicegroup.it/1/" "AdsBot-Google (+http://www.google.com/adsbot.html)"
192.178.16.136 - - [06/Jul/2026:16:53:26 +0200] "GET /wp-content/plugins/elementor/assets/lib/swiper/v8/css/swiper.min.css?ver=8.4.5 HTTP/1.1" 200 4251 "https://reggio-emilia.elettroservicegroup.it/1/" "AdsBot-Google (+http://www.google.com/adsbot.html)"
192.178.16.135 - - [06/Jul/2026:16:53:26 +0200] "GET /wp-content/plugins/elementor/assets/css/conditionals/lightbox.min.css?ver=4.1.4 HTTP/1.1" 200 1760 "https://reggio-emilia.elettroservicegroup.it/1/" "AdsBot-Google (+http://www.google.com/adsbot.html)"
192.178.16.135 - - [06/Jul/2026:16:53:27 +0200] "GET /wp-content/plugins/elementor/assets/lib/share-link/share-link.min.js?ver=4.1.4 HTTP/1.1" 200 1077 "https://reggio-emilia.elettroservicegroup.it/1/" "AdsBot-Google (+http://www.google.com/adsbot.html)"
