212.119.46.152 - - [17/Jun/2026:00:51:07 +0200] "GET /wp-includes/js/wp-util.min.js?ver=7.0 HTTP/2.0" 200 693 "https://mantova.elettroservicegroup.it/wp-login.php" "Mozilla/5.0 (Windows NT 10.0; Win64; x64) AppleWebKit/537.36 (KHTML, like Gecko) Chrome/120.0.0.0 Safari/537.36"
212.119.46.152 - - [17/Jun/2026:00:51:07 +0200] "GET /wp-includes/js/dist/dom-ready.min.js?ver=a06281ae5cf5500e9317 HTTP/2.0" 200 398 "https://mantova.elettroservicegroup.it/wp-login.php" "Mozilla/5.0 (Windows NT 10.0; Win64; x64) AppleWebKit/537.36 (KHTML, like Gecko) Chrome/120.0.0.0 Safari/537.36"
212.119.46.152 - - [17/Jun/2026:00:51:07 +0200] "GET /wp-includes/js/dist/a11y.min.js?ver=af934e5259bc51b8718e HTTP/2.0" 200 915 "https://mantova.elettroservicegroup.it/wp-login.php" "Mozilla/5.0 (Windows NT 10.0; Win64; x64) AppleWebKit/537.36 (KHTML, like Gecko) Chrome/120.0.0.0 Safari/537.36"
212.119.46.152 - - [17/Jun/2026:00:51:07 +0200] "GET /wp-includes/js/dist/i18n.min.js?ver=781d11515ad3d91786ec HTTP/2.0" 200 2333 "https://mantova.elettroservicegroup.it/wp-login.php" "Mozilla/5.0 (Windows NT 10.0; Win64; x64) AppleWebKit/537.36 (KHTML, like Gecko) Chrome/120.0.0.0 Safari/537.36"
212.119.46.152 - - [17/Jun/2026:00:51:07 +0200] "GET /wp-admin/js/user-profile.min.js?ver=7.0 HTTP/2.0" 200 2891 "https://mantova.elettroservicegroup.it/wp-login.php" "Mozilla/5.0 (Windows NT 10.0; Win64; x64) AppleWebKit/537.36 (KHTML, like Gecko) Chrome/120.0.0.0 Safari/537.36"
212.119.46.152 - - [17/Jun/2026:00:51:07 +0200] "GET /wp-includes/js/underscore.min.js?ver=1.13.8 HTTP/2.0" 200 7243 "https://mantova.elettroservicegroup.it/wp-login.php" "Mozilla/5.0 (Windows NT 10.0; Win64; x64) AppleWebKit/537.36 (KHTML, like Gecko) Chrome/120.0.0.0 Safari/537.36"
212.119.46.152 - - [17/Jun/2026:00:51:07 +0200] "GET /wp-admin/load-styles.php?c=1&dir=ltr&load%5Bchunk_0%5D=dashicons,buttons,forms,l10n,wp-base-styles,login&ver=7.0 HTTP/2.0" 200 45751 "https://mantova.elettroservicegroup.it/wp-login.php" "Mozilla/5.0 (Windows NT 10.0; Win64; x64) AppleWebKit/537.36 (KHTML, like Gecko) Chrome/120.0.0.0 Safari/537.36"
212.119.46.152 - - [17/Jun/2026:00:51:07 +0200] "GET /wp-admin/load-scripts.php?c=1&load%5Bchunk_0%5D=clipboard,jquery-core,jquery-migrate,zxcvbn-async,wp-hooks&ver=7.0 HTTP/2.0" 200 37674 "https://mantova.elettroservicegroup.it/wp-login.php" "Mozilla/5.0 (Windows NT 10.0; Win64; x64) AppleWebKit/537.36 (KHTML, like Gecko) Chrome/120.0.0.0 Safari/537.36"
212.119.46.152 - - [17/Jun/2026:00:51:07 +0200] "GET /wp-admin/images/wordpress-logo-gray.svg?ver=20260303 HTTP/2.0" 200 765 "https://mantova.elettroservicegroup.it/wp-admin/load-styles.php?c=1&dir=ltr&load%5Bchunk_0%5D=dashicons,buttons,forms,l10n,wp-base-styles,login&ver=7.0" "Mozilla/5.0 (Windows NT 10.0; Win64; x64) AppleWebKit/537.36 (KHTML, like Gecko) Chrome/120.0.0.0 Safari/537.36"
212.119.46.152 - - [17/Jun/2026:00:51:07 +0200] "GET /wp-includes/js/zxcvbn.min.js HTTP/2.0" 200 387992 "https://mantova.elettroservicegroup.it/wp-login.php" "Mozilla/5.0 (Windows NT 10.0; Win64; x64) AppleWebKit/537.36 (KHTML, like Gecko) Chrome/120.0.0.0 Safari/537.36"
212.119.46.152 - - [17/Jun/2026:00:51:10 +0200] "POST /wp-login.php HTTP/2.0" 200 2812 "https://mantova.elettroservicegroup.it/wp-login.php" "Mozilla/5.0 (Windows NT 10.0; Win64; x64) AppleWebKit/537.36 (KHTML, like Gecko) Chrome/120.0.0.0 Safari/537.36"
212.119.46.152 - - [17/Jun/2026:00:51:14 +0200] "GET /wp-login.php HTTP/1.1" 200 9036 "-" "Mozilla/5.0 (Windows NT 10.0; Win64; x64) AppleWebKit/537.36 (KHTML, like Gecko) Chrome/120.0.0.0 Safari/537.36"
65.108.235.243 - - [17/Jun/2026:00:51:15 +0200] "POST /wp-cron.php?doing_wp_cron=1781650275.5271160602569580078125 HTTP/1.1" 200 1 "-" "WordPress/7.0; https://mantova.elettroservicegroup.it"
212.119.46.152 - - [17/Jun/2026:00:51:15 +0200] "POST /wp-login.php HTTP/1.1" 200 9467 "https://mantova.elettroservicegroup.it/wp-login.php" "Mozilla/5.0 (Windows NT 10.0; Win64; x64) AppleWebKit/537.36 (KHTML, like Gecko) Chrome/120.0.0.0 Safari/537.36"
212.119.46.152 - - [17/Jun/2026:00:51:16 +0200] "GET /wp-admin/ HTTP/1.1" 302 - "-" "Mozilla/5.0 (Windows NT 10.0; Win64; x64) AppleWebKit/537.36 (KHTML, like Gecko) Chrome/120.0.0.0 Safari/537.36"
212.119.46.152 - - [17/Jun/2026:00:51:17 +0200] "GET /wp-login.php?redirect_to=https%3A%2F%2Fmantova.elettroservicegroup.it%2Fwp-admin%2F&reauth=1 HTTP/1.1" 200 9147 "https://mantova.elettroservicegroup.it/wp-admin/" "Mozilla/5.0 (Windows NT 10.0; Win64; x64) AppleWebKit/537.36 (KHTML, like Gecko) Chrome/120.0.0.0 Safari/537.36"
212.119.46.152 - - [17/Jun/2026:00:51:17 +0200] "POST /wp-admin/ HTTP/1.1" 302 - "https://mantova.elettroservicegroup.it/wp-admin/" "Mozilla/5.0 (Windows NT 10.0; Win64; x64) AppleWebKit/537.36 (KHTML, like Gecko) Chrome/120.0.0.0 Safari/537.36"
212.119.46.152 - - [17/Jun/2026:00:51:18 +0200] "GET /wp-login.php?redirect_to=https%3A%2F%2Fmantova.elettroservicegroup.it%2Fwp-admin%2F&reauth=1 HTTP/1.1" 200 9147 "https://mantova.elettroservicegroup.it/wp-admin/" "Mozilla/5.0 (Windows NT 10.0; Win64; x64) AppleWebKit/537.36 (KHTML, like Gecko) Chrome/120.0.0.0 Safari/537.36"
185.61.221.215 - - [17/Jun/2026:00:51:19 +0200] "GET /wp-login.php HTTP/2.0" 200 2698 "-" "Mozilla/5.0 (Windows NT 10.0; Win64; x64) AppleWebKit/537.36 (KHTML, like Gecko) Chrome/120.0.0.0 Safari/537.36"
185.61.221.215 - - [17/Jun/2026:00:51:20 +0200] "GET /wp-includes/js/dist/dom-ready.min.js?ver=a06281ae5cf5500e9317 HTTP/2.0" 200 398 "https://mantova.elettroservicegroup.it/wp-login.php" "Mozilla/5.0 (Windows NT 10.0; Win64; x64) AppleWebKit/537.36 (KHTML, like Gecko) Chrome/120.0.0.0 Safari/537.36"
185.61.221.215 - - [17/Jun/2026:00:51:20 +0200] "GET /wp-admin/js/password-strength-meter.min.js?ver=7.0 HTTP/2.0" 200 560 "https://mantova.elettroservicegroup.it/wp-login.php" "Mozilla/5.0 (Windows NT 10.0; Win64; x64) AppleWebKit/537.36 (KHTML, like Gecko) Chrome/120.0.0.0 Safari/537.36"
185.61.221.215 - - [17/Jun/2026:00:51:20 +0200] "GET /wp-includes/js/wp-util.min.js?ver=7.0 HTTP/2.0" 200 693 "https://mantova.elettroservicegroup.it/wp-login.php" "Mozilla/5.0 (Windows NT 10.0; Win64; x64) AppleWebKit/537.36 (KHTML, like Gecko) Chrome/120.0.0.0 Safari/537.36"
185.61.221.215 - - [17/Jun/2026:00:51:20 +0200] "GET /wp-includes/js/dist/a11y.min.js?ver=af934e5259bc51b8718e HTTP/2.0" 200 915 "https://mantova.elettroservicegroup.it/wp-login.php" "Mozilla/5.0 (Windows NT 10.0; Win64; x64) AppleWebKit/537.36 (KHTML, like Gecko) Chrome/120.0.0.0 Safari/537.36"
185.61.221.215 - - [17/Jun/2026:00:51:20 +0200] "GET /wp-includes/js/dist/i18n.min.js?ver=781d11515ad3d91786ec HTTP/2.0" 200 2333 "https://mantova.elettroservicegroup.it/wp-login.php" "Mozilla/5.0 (Windows NT 10.0; Win64; x64) AppleWebKit/537.36 (KHTML, like Gecko) Chrome/120.0.0.0 Safari/537.36"
185.61.221.215 - - [17/Jun/2026:00:51:20 +0200] "GET /wp-admin/js/user-profile.min.js?ver=7.0 HTTP/2.0" 200 2891 "https://mantova.elettroservicegroup.it/wp-login.php" "Mozilla/5.0 (Windows NT 10.0; Win64; x64) AppleWebKit/537.36 (KHTML, like Gecko) Chrome/120.0.0.0 Safari/537.36"
185.61.221.215 - - [17/Jun/2026:00:51:20 +0200] "GET /wp-includes/js/underscore.min.js?ver=1.13.8 HTTP/2.0" 200 7243 "https://mantova.elettroservicegroup.it/wp-login.php" "Mozilla/5.0 (Windows NT 10.0; Win64; x64) AppleWebKit/537.36 (KHTML, like Gecko) Chrome/120.0.0.0 Safari/537.36"
185.61.221.215 - - [17/Jun/2026:00:51:20 +0200] "GET /wp-admin/load-styles.php?c=1&dir=ltr&load%5Bchunk_0%5D=dashicons,buttons,forms,l10n,wp-base-styles,login&ver=7.0 HTTP/2.0" 200 45751 "https://mantova.elettroservicegroup.it/wp-login.php" "Mozilla/5.0 (Windows NT 10.0; Win64; x64) AppleWebKit/537.36 (KHTML, like Gecko) Chrome/120.0.0.0 Safari/537.36"
185.61.221.215 - - [17/Jun/2026:00:51:20 +0200] "GET /wp-admin/load-scripts.php?c=1&load%5Bchunk_0%5D=clipboard,jquery-core,jquery-migrate,zxcvbn-async,wp-hooks&ver=7.0 HTTP/2.0" 200 37674 "https://mantova.elettroservicegroup.it/wp-login.php" "Mozilla/5.0 (Windows NT 10.0; Win64; x64) AppleWebKit/537.36 (KHTML, like Gecko) Chrome/120.0.0.0 Safari/537.36"
185.61.221.215 - - [17/Jun/2026:00:51:20 +0200] "GET /wp-admin/images/wordpress-logo-gray.svg?ver=20260303 HTTP/2.0" 200 765 "https://mantova.elettroservicegroup.it/wp-admin/load-styles.php?c=1&dir=ltr&load%5Bchunk_0%5D=dashicons,buttons,forms,l10n,wp-base-styles,login&ver=7.0" "Mozilla/5.0 (Windows NT 10.0; Win64; x64) AppleWebKit/537.36 (KHTML, like Gecko) Chrome/120.0.0.0 Safari/537.36"
185.61.221.215 - - [17/Jun/2026:00:51:20 +0200] "GET /wp-includes/js/zxcvbn.min.js HTTP/2.0" 200 387992 "https://mantova.elettroservicegroup.it/wp-login.php" "Mozilla/5.0 (Windows NT 10.0; Win64; x64) AppleWebKit/537.36 (KHTML, like Gecko) Chrome/120.0.0.0 Safari/537.36"
185.61.221.215 - - [17/Jun/2026:00:51:23 +0200] "POST /wp-login.php HTTP/2.0" 200 2812 "https://mantova.elettroservicegroup.it/wp-login.php" "Mozilla/5.0 (Windows NT 10.0; Win64; x64) AppleWebKit/537.36 (KHTML, like Gecko) Chrome/120.0.0.0 Safari/537.36"
185.61.221.215 - - [17/Jun/2026:00:51:27 +0200] "GET /wp-login.php HTTP/1.1" 200 9036 "-" "Mozilla/5.0 (Windows NT 10.0; Win64; x64) AppleWebKit/537.36 (KHTML, like Gecko) Chrome/120.0.0.0 Safari/537.36"
185.61.221.215 - - [17/Jun/2026:00:51:28 +0200] "POST /wp-login.php HTTP/1.1" 200 9467 "https://mantova.elettroservicegroup.it/wp-login.php" "Mozilla/5.0 (Windows NT 10.0; Win64; x64) AppleWebKit/537.36 (KHTML, like Gecko) Chrome/120.0.0.0 Safari/537.36"
185.61.221.215 - - [17/Jun/2026:00:51:29 +0200] "GET /wp-admin/ HTTP/1.1" 302 - "-" "Mozilla/5.0 (Windows NT 10.0; Win64; x64) AppleWebKit/537.36 (KHTML, like Gecko) Chrome/120.0.0.0 Safari/537.36"
185.61.221.215 - - [17/Jun/2026:00:51:30 +0200] "GET /wp-login.php?redirect_to=https%3A%2F%2Fmantova.elettroservicegroup.it%2Fwp-admin%2F&reauth=1 HTTP/1.1" 200 9147 "https://mantova.elettroservicegroup.it/wp-admin/" "Mozilla/5.0 (Windows NT 10.0; Win64; x64) AppleWebKit/537.36 (KHTML, like Gecko) Chrome/120.0.0.0 Safari/537.36"
185.61.221.215 - - [17/Jun/2026:00:51:30 +0200] "POST /wp-admin/ HTTP/1.1" 302 - "https://mantova.elettroservicegroup.it/wp-admin/" "Mozilla/5.0 (Windows NT 10.0; Win64; x64) AppleWebKit/537.36 (KHTML, like Gecko) Chrome/120.0.0.0 Safari/537.36"
185.61.221.215 - - [17/Jun/2026:00:51:31 +0200] "GET /wp-login.php?redirect_to=https%3A%2F%2Fmantova.elettroservicegroup.it%2Fwp-admin%2F&reauth=1 HTTP/1.1" 200 9147 "https://mantova.elettroservicegroup.it/wp-admin/" "Mozilla/5.0 (Windows NT 10.0; Win64; x64) AppleWebKit/537.36 (KHTML, like Gecko) Chrome/120.0.0.0 Safari/537.36"
170.168.240.153 - - [17/Jun/2026:00:51:32 +0200] "GET /wp-login.php HTTP/2.0" 200 2698 "-" "Mozilla/5.0 (Windows NT 10.0; Win64; x64) AppleWebKit/537.36 (KHTML, like Gecko) Chrome/120.0.0.0 Safari/537.36"
170.168.240.153 - - [17/Jun/2026:00:51:32 +0200] "GET /wp-includes/js/dist/dom-ready.min.js?ver=a06281ae5cf5500e9317 HTTP/2.0" 200 398 "https://mantova.elettroservicegroup.it/wp-login.php" "Mozilla/5.0 (Windows NT 10.0; Win64; x64) AppleWebKit/537.36 (KHTML, like Gecko) Chrome/120.0.0.0 Safari/537.36"
170.168.240.153 - - [17/Jun/2026:00:51:32 +0200] "GET /wp-admin/js/password-strength-meter.min.js?ver=7.0 HTTP/2.0" 200 560 "https://mantova.elettroservicegroup.it/wp-login.php" "Mozilla/5.0 (Windows NT 10.0; Win64; x64) AppleWebKit/537.36 (KHTML, like Gecko) Chrome/120.0.0.0 Safari/537.36"
170.168.240.153 - - [17/Jun/2026:00:51:32 +0200] "GET /wp-includes/js/wp-util.min.js?ver=7.0 HTTP/2.0" 200 693 "https://mantova.elettroservicegroup.it/wp-login.php" "Mozilla/5.0 (Windows NT 10.0; Win64; x64) AppleWebKit/537.36 (KHTML, like Gecko) Chrome/120.0.0.0 Safari/537.36"
170.168.240.153 - - [17/Jun/2026:00:51:32 +0200] "GET /wp-includes/js/dist/a11y.min.js?ver=af934e5259bc51b8718e HTTP/2.0" 200 915 "https://mantova.elettroservicegroup.it/wp-login.php" "Mozilla/5.0 (Windows NT 10.0; Win64; x64) AppleWebKit/537.36 (KHTML, like Gecko) Chrome/120.0.0.0 Safari/537.36"
170.168.240.153 - - [17/Jun/2026:00:51:32 +0200] "GET /wp-includes/js/dist/i18n.min.js?ver=781d11515ad3d91786ec HTTP/2.0" 200 2333 "https://mantova.elettroservicegroup.it/wp-login.php" "Mozilla/5.0 (Windows NT 10.0; Win64; x64) AppleWebKit/537.36 (KHTML, like Gecko) Chrome/120.0.0.0 Safari/537.36"
170.168.240.153 - - [17/Jun/2026:00:51:32 +0200] "GET /wp-admin/js/user-profile.min.js?ver=7.0 HTTP/2.0" 200 2891 "https://mantova.elettroservicegroup.it/wp-login.php" "Mozilla/5.0 (Windows NT 10.0; Win64; x64) AppleWebKit/537.36 (KHTML, like Gecko) Chrome/120.0.0.0 Safari/537.36"
170.168.240.153 - - [17/Jun/2026:00:51:32 +0200] "GET /wp-includes/js/underscore.min.js?ver=1.13.8 HTTP/2.0" 200 7243 "https://mantova.elettroservicegroup.it/wp-login.php" "Mozilla/5.0 (Windows NT 10.0; Win64; x64) AppleWebKit/537.36 (KHTML, like Gecko) Chrome/120.0.0.0 Safari/537.36"
170.168.240.153 - - [17/Jun/2026:00:51:32 +0200] "GET /wp-admin/load-styles.php?c=1&dir=ltr&load%5Bchunk_0%5D=dashicons,buttons,forms,l10n,wp-base-styles,login&ver=7.0 HTTP/2.0" 200 45751 "https://mantova.elettroservicegroup.it/wp-login.php" "Mozilla/5.0 (Windows NT 10.0; Win64; x64) AppleWebKit/537.36 (KHTML, like Gecko) Chrome/120.0.0.0 Safari/537.36"
170.168.240.153 - - [17/Jun/2026:00:51:32 +0200] "GET /wp-admin/load-scripts.php?c=1&load%5Bchunk_0%5D=clipboard,jquery-core,jquery-migrate,zxcvbn-async,wp-hooks&ver=7.0 HTTP/2.0" 200 37674 "https://mantova.elettroservicegroup.it/wp-login.php" "Mozilla/5.0 (Windows NT 10.0; Win64; x64) AppleWebKit/537.36 (KHTML, like Gecko) Chrome/120.0.0.0 Safari/537.36"
170.168.240.153 - - [17/Jun/2026:00:51:32 +0200] "GET /wp-admin/images/wordpress-logo-gray.svg?ver=20260303 HTTP/2.0" 200 765 "https://mantova.elettroservicegroup.it/wp-admin/load-styles.php?c=1&dir=ltr&load%5Bchunk_0%5D=dashicons,buttons,forms,l10n,wp-base-styles,login&ver=7.0" "Mozilla/5.0 (Windows NT 10.0; Win64; x64) AppleWebKit/537.36 (KHTML, like Gecko) Chrome/120.0.0.0 Safari/537.36"
170.168.240.153 - - [17/Jun/2026:00:51:32 +0200] "GET /wp-includes/js/zxcvbn.min.js HTTP/2.0" 200 387992 "https://mantova.elettroservicegroup.it/wp-login.php" "Mozilla/5.0 (Windows NT 10.0; Win64; x64) AppleWebKit/537.36 (KHTML, like Gecko) Chrome/120.0.0.0 Safari/537.36"
170.168.240.153 - - [17/Jun/2026:00:51:35 +0200] "POST /wp-login.php HTTP/2.0" 200 2812 "https://mantova.elettroservicegroup.it/wp-login.php" "Mozilla/5.0 (Windows NT 10.0; Win64; x64) AppleWebKit/537.36 (KHTML, like Gecko) Chrome/120.0.0.0 Safari/537.36"
170.168.240.153 - - [17/Jun/2026:00:51:38 +0200] "GET /wp-login.php HTTP/1.1" 200 9036 "-" "Mozilla/5.0 (Windows NT 10.0; Win64; x64) AppleWebKit/537.36 (KHTML, like Gecko) Chrome/120.0.0.0 Safari/537.36"
170.168.240.153 - - [17/Jun/2026:00:51:38 +0200] "POST /wp-login.php HTTP/1.1" 200 9467 "https://mantova.elettroservicegroup.it/wp-login.php" "Mozilla/5.0 (Windows NT 10.0; Win64; x64) AppleWebKit/537.36 (KHTML, like Gecko) Chrome/120.0.0.0 Safari/537.36"
170.168.240.153 - - [17/Jun/2026:00:51:38 +0200] "GET /wp-admin/ HTTP/1.1" 302 - "-" "Mozilla/5.0 (Windows NT 10.0; Win64; x64) AppleWebKit/537.36 (KHTML, like Gecko) Chrome/120.0.0.0 Safari/537.36"
170.168.240.153 - - [17/Jun/2026:00:51:38 +0200] "GET /wp-login.php?redirect_to=https%3A%2F%2Fmantova.elettroservicegroup.it%2Fwp-admin%2F&reauth=1 HTTP/1.1" 200 9147 "https://mantova.elettroservicegroup.it/wp-admin/" "Mozilla/5.0 (Windows NT 10.0; Win64; x64) AppleWebKit/537.36 (KHTML, like Gecko) Chrome/120.0.0.0 Safari/537.36"
170.168.240.153 - - [17/Jun/2026:00:51:39 +0200] "POST /wp-admin/ HTTP/1.1" 302 - "https://mantova.elettroservicegroup.it/wp-admin/" "Mozilla/5.0 (Windows NT 10.0; Win64; x64) AppleWebKit/537.36 (KHTML, like Gecko) Chrome/120.0.0.0 Safari/537.36"
170.168.240.153 - - [17/Jun/2026:00:51:39 +0200] "GET /wp-login.php?redirect_to=https%3A%2F%2Fmantova.elettroservicegroup.it%2Fwp-admin%2F&reauth=1 HTTP/1.1" 200 9147 "https://mantova.elettroservicegroup.it/wp-admin/" "Mozilla/5.0 (Windows NT 10.0; Win64; x64) AppleWebKit/537.36 (KHTML, like Gecko) Chrome/120.0.0.0 Safari/537.36"
178.20.28.225 - - [17/Jun/2026:00:51:39 +0200] "GET /wp-login.php HTTP/2.0" 200 2698 "-" "Mozilla/5.0 (Windows NT 10.0; Win64; x64) AppleWebKit/537.36 (KHTML, like Gecko) Chrome/120.0.0.0 Safari/537.36"
178.20.28.225 - - [17/Jun/2026:00:51:39 +0200] "GET /wp-includes/js/dist/dom-ready.min.js?ver=a06281ae5cf5500e9317 HTTP/2.0" 200 398 "https://mantova.elettroservicegroup.it/wp-login.php" "Mozilla/5.0 (Windows NT 10.0; Win64; x64) AppleWebKit/537.36 (KHTML, like Gecko) Chrome/120.0.0.0 Safari/537.36"
178.20.28.225 - - [17/Jun/2026:00:51:39 +0200] "GET /wp-admin/js/password-strength-meter.min.js?ver=7.0 HTTP/2.0" 200 560 "https://mantova.elettroservicegroup.it/wp-login.php" "Mozilla/5.0 (Windows NT 10.0; Win64; x64) AppleWebKit/537.36 (KHTML, like Gecko) Chrome/120.0.0.0 Safari/537.36"
178.20.28.225 - - [17/Jun/2026:00:51:39 +0200] "GET /wp-includes/js/wp-util.min.js?ver=7.0 HTTP/2.0" 200 693 "https://mantova.elettroservicegroup.it/wp-login.php" "Mozilla/5.0 (Windows NT 10.0; Win64; x64) AppleWebKit/537.36 (KHTML, like Gecko) Chrome/120.0.0.0 Safari/537.36"
178.20.28.225 - - [17/Jun/2026:00:51:39 +0200] "GET /wp-includes/js/dist/a11y.min.js?ver=af934e5259bc51b8718e HTTP/2.0" 200 915 "https://mantova.elettroservicegroup.it/wp-login.php" "Mozilla/5.0 (Windows NT 10.0; Win64; x64) AppleWebKit/537.36 (KHTML, like Gecko) Chrome/120.0.0.0 Safari/537.36"
178.20.28.225 - - [17/Jun/2026:00:51:39 +0200] "GET /wp-includes/js/dist/i18n.min.js?ver=781d11515ad3d91786ec HTTP/2.0" 200 2333 "https://mantova.elettroservicegroup.it/wp-login.php" "Mozilla/5.0 (Windows NT 10.0; Win64; x64) AppleWebKit/537.36 (KHTML, like Gecko) Chrome/120.0.0.0 Safari/537.36"
178.20.28.225 - - [17/Jun/2026:00:51:39 +0200] "GET /wp-admin/js/user-profile.min.js?ver=7.0 HTTP/2.0" 200 2891 "https://mantova.elettroservicegroup.it/wp-login.php" "Mozilla/5.0 (Windows NT 10.0; Win64; x64) AppleWebKit/537.36 (KHTML, like Gecko) Chrome/120.0.0.0 Safari/537.36"
178.20.28.225 - - [17/Jun/2026:00:51:39 +0200] "GET /wp-includes/js/underscore.min.js?ver=1.13.8 HTTP/2.0" 200 7243 "https://mantova.elettroservicegroup.it/wp-login.php" "Mozilla/5.0 (Windows NT 10.0; Win64; x64) AppleWebKit/537.36 (KHTML, like Gecko) Chrome/120.0.0.0 Safari/537.36"
178.20.28.225 - - [17/Jun/2026:00:51:39 +0200] "GET /wp-admin/load-styles.php?c=1&dir=ltr&load%5Bchunk_0%5D=dashicons,buttons,forms,l10n,wp-base-styles,login&ver=7.0 HTTP/2.0" 200 45751 "https://mantova.elettroservicegroup.it/wp-login.php" "Mozilla/5.0 (Windows NT 10.0; Win64; x64) AppleWebKit/537.36 (KHTML, like Gecko) Chrome/120.0.0.0 Safari/537.36"
178.20.28.225 - - [17/Jun/2026:00:51:39 +0200] "GET /wp-admin/load-scripts.php?c=1&load%5Bchunk_0%5D=clipboard,jquery-core,jquery-migrate,zxcvbn-async,wp-hooks&ver=7.0 HTTP/2.0" 200 37674 "https://mantova.elettroservicegroup.it/wp-login.php" "Mozilla/5.0 (Windows NT 10.0; Win64; x64) AppleWebKit/537.36 (KHTML, like Gecko) Chrome/120.0.0.0 Safari/537.36"
178.20.28.225 - - [17/Jun/2026:00:51:39 +0200] "GET /wp-admin/images/wordpress-logo-gray.svg?ver=20260303 HTTP/2.0" 200 765 "https://mantova.elettroservicegroup.it/wp-admin/load-styles.php?c=1&dir=ltr&load%5Bchunk_0%5D=dashicons,buttons,forms,l10n,wp-base-styles,login&ver=7.0" "Mozilla/5.0 (Windows NT 10.0; Win64; x64) AppleWebKit/537.36 (KHTML, like Gecko) Chrome/120.0.0.0 Safari/537.36"
178.20.28.225 - - [17/Jun/2026:00:51:39 +0200] "GET /wp-includes/js/zxcvbn.min.js HTTP/2.0" 200 387992 "https://mantova.elettroservicegroup.it/wp-login.php" "Mozilla/5.0 (Windows NT 10.0; Win64; x64) AppleWebKit/537.36 (KHTML, like Gecko) Chrome/120.0.0.0 Safari/537.36"
178.20.28.225 - - [17/Jun/2026:00:51:42 +0200] "POST /wp-login.php HTTP/2.0" 200 2812 "https://mantova.elettroservicegroup.it/wp-login.php" "Mozilla/5.0 (Windows NT 10.0; Win64; x64) AppleWebKit/537.36 (KHTML, like Gecko) Chrome/120.0.0.0 Safari/537.36"
178.20.28.225 - - [17/Jun/2026:00:51:46 +0200] "GET /wp-login.php HTTP/1.1" 200 9036 "-" "Mozilla/5.0 (Windows NT 10.0; Win64; x64) AppleWebKit/537.36 (KHTML, like Gecko) Chrome/120.0.0.0 Safari/537.36"
178.20.28.225 - - [17/Jun/2026:00:51:47 +0200] "POST /wp-login.php HTTP/1.1" 200 9467 "https://mantova.elettroservicegroup.it/wp-login.php" "Mozilla/5.0 (Windows NT 10.0; Win64; x64) AppleWebKit/537.36 (KHTML, like Gecko) Chrome/120.0.0.0 Safari/537.36"
178.20.28.225 - - [17/Jun/2026:00:51:48 +0200] "GET /wp-admin/ HTTP/1.1" 302 - "-" "Mozilla/5.0 (Windows NT 10.0; Win64; x64) AppleWebKit/537.36 (KHTML, like Gecko) Chrome/120.0.0.0 Safari/537.36"
178.20.28.225 - - [17/Jun/2026:00:51:49 +0200] "GET /wp-login.php?redirect_to=https%3A%2F%2Fmantova.elettroservicegroup.it%2Fwp-admin%2F&reauth=1 HTTP/1.1" 200 9147 "https://mantova.elettroservicegroup.it/wp-admin/" "Mozilla/5.0 (Windows NT 10.0; Win64; x64) AppleWebKit/537.36 (KHTML, like Gecko) Chrome/120.0.0.0 Safari/537.36"
178.20.28.225 - - [17/Jun/2026:00:51:50 +0200] "POST /wp-admin/ HTTP/1.1" 302 - "https://mantova.elettroservicegroup.it/wp-admin/" "Mozilla/5.0 (Windows NT 10.0; Win64; x64) AppleWebKit/537.36 (KHTML, like Gecko) Chrome/120.0.0.0 Safari/537.36"
178.20.28.225 - - [17/Jun/2026:00:51:51 +0200] "GET /wp-login.php?redirect_to=https%3A%2F%2Fmantova.elettroservicegroup.it%2Fwp-admin%2F&reauth=1 HTTP/1.1" 200 9147 "https://mantova.elettroservicegroup.it/wp-admin/" "Mozilla/5.0 (Windows NT 10.0; Win64; x64) AppleWebKit/537.36 (KHTML, like Gecko) Chrome/120.0.0.0 Safari/537.36"
65.108.235.243 - - [17/Jun/2026:01:14:32 +0200] "POST /wp-cron.php?doing_wp_cron=1781651672.6272349357604980468750 HTTP/1.1" 200 1 "-" "WordPress/7.0; https://mantova.elettroservicegroup.it"
3.139.242.79 - - [17/Jun/2026:01:14:30 +0200] "GET / HTTP/1.1" 500 26637 "-" "visionheight.com/scan Mozilla/5.0 (Macintosh; Intel Mac OS X 10_15_7) Chrome/126.0.0.0 Safari/537.36"
65.108.235.243 - - [17/Jun/2026:01:31:36 +0200] "POST /wp-cron.php?doing_wp_cron=1781652696.0930490493774414062500 HTTP/1.1" 200 1 "-" "WordPress/7.0; https://mantova.elettroservicegroup.it"
74.7.175.176 - - [17/Jun/2026:01:31:31 +0200] "GET /robots.txt HTTP/2.0" 200 107 "-" "Mozilla/5.0 (Macintosh; Intel Mac OS X 10_15_7) AppleWebKit/537.36 (KHTML, like Gecko) Chrome/131.0.0.0 Safari/537.36; compatible; OAI-SearchBot/1.4; robots.txt; +https://openai.com/searchbot"
74.7.229.195 - - [17/Jun/2026:01:31:31 +0200] "GET /assistenza-asciugatrici/ HTTP/2.0" 500 5194 "-" "Mozilla/5.0 (Macintosh; Intel Mac OS X 10_15_7) AppleWebKit/537.36 (KHTML, like Gecko) Chrome/131.0.0.0 Safari/537.36; compatible; OAI-SearchBot/1.4; +https://openai.com/searchbot"
65.108.235.243 - - [17/Jun/2026:02:02:03 +0200] "POST /wp-cron.php?doing_wp_cron=1781654523.9605131149291992187500 HTTP/1.1" 200 1 "-" "WordPress/7.0; https://mantova.elettroservicegroup.it"
32.192.191.89 - - [17/Jun/2026:02:02:02 +0200] "GET / HTTP/1.1" 500 5459 "-" "Mozilla/5.0 (Windows NT 10.0; Win64; x64) AppleWebKit/537.36 (KHTML, like Gecko) Chrome/124.0.0.0 Safari/537.36"
65.108.235.243 - - [17/Jun/2026:02:02:04 +0200] "POST /wp-json/complianz/v1/wsc-scan HTTP/1.1" 400 88 "-" "WordPress/7.0; https://mantova.elettroservicegroup.it"
32.192.191.89 - - [17/Jun/2026:02:02:05 +0200] "GET / HTTP/1.1" 500 5459 "-" "Mozilla/5.0 (Windows NT 10.0; Win64; x64) AppleWebKit/537.36 (KHTML, like Gecko) Chrome/124.0.0.0 Safari/537.36"
65.108.235.243 - - [17/Jun/2026:02:04:33 +0200] "POST /wp-cron.php?doing_wp_cron=1781654673.3138930797576904296875 HTTP/1.1" 200 1 "-" "WordPress/7.0; https://mantova.elettroservicegroup.it"
98.93.248.33 - - [17/Jun/2026:02:04:31 +0200] "GET / HTTP/1.1" 301 1 "https://duckduckgo.com/" "Mozilla/5.0 (Macintosh; Intel Mac OS X 10_15_7) AppleWebKit/537.36 (KHTML, like Gecko) Chrome/124.0.0.0 Safari/537.36"
98.93.248.33 - - [17/Jun/2026:02:04:33 +0200] "GET / HTTP/1.1" 500 5459 "https://duckduckgo.com/" "Mozilla/5.0 (Macintosh; Intel Mac OS X 10_15_7) AppleWebKit/537.36 (KHTML, like Gecko) Chrome/124.0.0.0 Safari/537.36"
98.93.248.33 - - [17/Jun/2026:02:04:34 +0200] "GET / HTTP/1.1" 301 1 "https://duckduckgo.com/" "Mozilla/5.0 (Macintosh; Intel Mac OS X 10_15_7) AppleWebKit/537.36 (KHTML, like Gecko) Chrome/124.0.0.0 Safari/537.36"
98.93.248.33 - - [17/Jun/2026:02:04:35 +0200] "GET / HTTP/1.1" 500 5459 "https://duckduckgo.com/" "Mozilla/5.0 (Macintosh; Intel Mac OS X 10_15_7) AppleWebKit/537.36 (KHTML, like Gecko) Chrome/124.0.0.0 Safari/537.36"
65.108.235.243 - - [17/Jun/2026:02:10:17 +0200] "POST /wp-cron.php?doing_wp_cron=1781655017.0395579338073730468750 HTTP/1.1" 200 1 "-" "WordPress/7.0; https://mantova.elettroservicegroup.it"
217.113.194.220 - - [17/Jun/2026:02:10:15 +0200] "GET /robots.txt HTTP/1.1" 200 193 "-" "Mozilla/5.0 (compatible; Barkrowler/0.9; +https://babbar.tech/crawler)"
217.113.194.220 - - [17/Jun/2026:02:10:44 +0200] "GET /informativa-privacy/ HTTP/1.1" 500 24380 "-" "Mozilla/5.0 (compatible; Barkrowler/0.9; +https://babbar.tech/crawler)"
65.108.235.243 - - [17/Jun/2026:02:13:18 +0200] "POST /wp-cron.php?doing_wp_cron=1781655198.4180819988250732421875 HTTP/1.1" 200 1 "-" "WordPress/7.0; https://mantova.elettroservicegroup.it"
217.113.194.219 - - [17/Jun/2026:02:13:15 +0200] "GET /assistenza-frigoriferi/ HTTP/1.1" 500 24398 "-" "Mozilla/5.0 (compatible; Barkrowler/0.9; +https://babbar.tech/crawler)"
65.108.235.243 - - [17/Jun/2026:02:15:53 +0200] "POST /wp-cron.php?doing_wp_cron=1781655353.6958539485931396484375 HTTP/1.1" 200 1 "-" "WordPress/7.0; https://mantova.elettroservicegroup.it"
217.113.194.84 - - [17/Jun/2026:02:15:48 +0200] "GET /assistenza-lavastoviglie/ HTTP/1.1" 500 24410 "-" "Mozilla/5.0 (compatible; Barkrowler/0.9; +https://babbar.tech/crawler)"
62.204.49.169 - - [17/Jun/2026:02:44:04 +0200] "POST /xmlrpc.php HTTP/1.1" 403 52 "-" "Mozilla/5.0 (Windows NT 10.0; WOW64; rv:45.0) Gecko/20100101 Firefox/45.0"
62.204.49.169 - - [17/Jun/2026:02:44:08 +0200] "POST /xmlrpc.php HTTP/1.1" 403 52 "-" "Mozilla/5.0 (Windows NT 10.0; WOW64; rv:45.0) Gecko/20100101 Firefox/45.0"
65.108.235.243 - - [17/Jun/2026:03:44:16 +0200] "POST /wp-cron.php?doing_wp_cron=1781660656.4399220943450927734375 HTTP/1.1" 200 1 "-" "WordPress/7.0; https://mantova.elettroservicegroup.it"
74.7.242.42 - - [17/Jun/2026:03:44:14 +0200] "GET /sitemap.xml HTTP/2.0" 415 339 "-" "Mozilla/5.0 AppleWebKit/537.36 (KHTML, like Gecko; compatible; GPTBot/1.4; +https://openai.com/gptbot)"
65.108.235.243 - - [17/Jun/2026:03:44:21 +0200] "POST /wp-json/complianz/v1/wsc-scan HTTP/1.1" 400 88 "-" "WordPress/7.0; https://mantova.elettroservicegroup.it"
65.108.235.243 - - [17/Jun/2026:03:45:47 +0200] "POST /wp-cron.php?doing_wp_cron=1781660747.2226231098175048828125 HTTP/1.1" 200 1 "-" "WordPress/7.0; https://mantova.elettroservicegroup.it"
74.7.242.42 - - [17/Jun/2026:03:45:45 +0200] "GET /sitemap.rss HTTP/2.0" 404 386 "-" "Mozilla/5.0 AppleWebKit/537.36 (KHTML, like Gecko; compatible; GPTBot/1.4; +https://openai.com/gptbot)"
65.108.235.243 - - [17/Jun/2026:04:31:41 +0200] "POST /wp-cron.php?doing_wp_cron=1781663501.6065709590911865234375 HTTP/1.1" 200 1 "-" "WordPress/7.0; https://mantova.elettroservicegroup.it"
52.167.144.137 - - [17/Jun/2026:04:31:33 +0200] "GET / HTTP/2.0" 500 5459 "-" "Mozilla/5.0 AppleWebKit/537.36 (KHTML, like Gecko; compatible; bingbot/2.0; +http://www.bing.com/bingbot.htm) Chrome/116.0.1938.76 Safari/537.36"
90.133.54.24 - - [17/Jun/2026:06:05:18 +0200] "POST /xmlrpc.php HTTP/1.1" 403 52 "-" "Mozilla/5.0 (Windows NT 10.0; Win64; x64) AppleWebKit/537.36"
85.102.83.140 - - [17/Jun/2026:06:05:19 +0200] "GET / HTTP/1.1" 200 11681 "-" "Mozilla/5.0 (Windows NT 10.0; Win64; x64) AppleWebKit/537.36 (KHTML, like Gecko) Chrome/120.0.0.0 Safari/537.36"
85.102.83.140 - - [17/Jun/2026:06:05:20 +0200] "GET /wp-login.php HTTP/1.1" 200 11739 "-" "Mozilla/5.0 (Windows NT 10.0; Win64; x64) AppleWebKit/537.36 (KHTML, like Gecko) Chrome/120.0.0.0 Safari/537.36"
85.102.83.140 - - [17/Jun/2026:06:05:21 +0200] "GET /wp-login.php?wp_lang=en_US HTTP/1.1" 200 11736 "-" "Mozilla/5.0 (Windows NT 10.0; Win64; x64) AppleWebKit/537.36 (KHTML, like Gecko) Chrome/120.0.0.0 Safari/537.36"
85.102.83.140 - - [17/Jun/2026:06:05:22 +0200] "POST /wp-login.php HTTP/1.1" 200 11713 "https://mantova.elettroservicegroup.it" "Mozilla/5.0 (Windows NT 10.0; Win64; x64) AppleWebKit/537.36 (KHTML, like Gecko) Chrome/120.0.0.0 Safari/537.36"
65.108.235.243 - - [17/Jun/2026:06:05:31 +0200] "POST /wp-cron.php?doing_wp_cron=1781669131.8035449981689453125000 HTTP/1.1" 200 1 "-" "WordPress/7.0; https://mantova.elettroservicegroup.it"
90.133.54.24 - - [17/Jun/2026:06:05:23 +0200] "GET / HTTP/1.1" 500 26637 "-" "Mozilla/5.0 (Windows NT 10.0; Win64; x64) AppleWebKit/537.36 (KHTML, like Gecko) Chrome/120.0.0.0 Safari/537.36"
90.133.54.24 - - [17/Jun/2026:06:05:32 +0200] "GET /wp-login.php HTTP/1.1" 200 9036 "-" "Mozilla/5.0 (Windows NT 10.0; Win64; x64) AppleWebKit/537.36 (KHTML, like Gecko) Chrome/120.0.0.0 Safari/537.36"
65.108.235.243 - - [17/Jun/2026:06:05:33 +0200] "POST /wp-json/complianz/v1/wsc-scan HTTP/1.1" 400 88 "-" "WordPress/7.0; https://mantova.elettroservicegroup.it"
90.133.54.24 - - [17/Jun/2026:06:05:34 +0200] "GET /wp-login.php?wp_lang=en_US HTTP/1.1" 200 6299 "-" "Mozilla/5.0 (Windows NT 10.0; Win64; x64) AppleWebKit/537.36 (KHTML, like Gecko) Chrome/120.0.0.0 Safari/537.36"
90.133.54.24 - - [17/Jun/2026:06:05:36 +0200] "POST /wp-login.php HTTP/1.1" 200 6699 "https://mantova.elettroservicegroup.it" "Mozilla/5.0 (Windows NT 10.0; Win64; x64) AppleWebKit/537.36 (KHTML, like Gecko) Chrome/120.0.0.0 Safari/537.36"
65.108.235.243 - - [17/Jun/2026:06:05:44 +0200] "GET /?wp_scrape_key=9728f3e348547db3a138fe582927a052&wp_scrape_nonce=1781669142 HTTP/1.1" 500 4878 "-" "WordPress/7.0; https://mantova.elettroservicegroup.it"
65.108.235.243 - - [17/Jun/2026:06:12:33 +0200] "POST /wp-cron.php?doing_wp_cron=1781669553.8918650150299072265625 HTTP/1.1" 200 1 "-" "WordPress/7.0; https://mantova.elettroservicegroup.it"
114.119.130.67 - - [17/Jun/2026:06:12:31 +0200] "GET /robots.txt HTTP/1.1" 200 107 "https://mantova.elettroservicegroup.it/robots.txt" "Mozilla/5.0 (compatible;PetalBot;+https://webmaster.petalsearch.com/site/petalbot)"
65.108.235.243 - - [17/Jun/2026:08:03:24 +0200] "POST /wp-json/complianz/v1/wsc-scan HTTP/1.1" 400 88 "-" "WordPress/7.0; https://mantova.elettroservicegroup.it"
205.169.39.47 - - [17/Jun/2026:08:03:27 +0200] "GET /wp-content/uploads/elementor/google-fonts/css/robotoslab.css?ver=1742253597 HTTP/2.0" 200 717 "http://mantova.elettroservicegroup.it/" "Mozilla/5.0 (Windows NT 10.0; Win64; x64) AppleWebKit/537.36 (KHTML, like Gecko) Chrome/117.0.5938.132 Safari/537.36"
205.169.39.47 - - [17/Jun/2026:08:03:27 +0200] "GET /wp-content/uploads/elementor/google-fonts/css/roboto.css?ver=1742253595 HTTP/2.0" 200 1885 "http://mantova.elettroservicegroup.it/" "Mozilla/5.0 (Windows NT 10.0; Win64; x64) AppleWebKit/537.36 (KHTML, like Gecko) Chrome/117.0.5938.132 Safari/537.36"
205.169.39.47 - - [17/Jun/2026:08:03:28 +0200] "GET /wp-content/uploads/elementor/google-fonts/fonts/roboto-kfo7cnqeu92fr1me7ksn66agldtyluama3yuba.woff2 HTTP/2.0" 200 40132 "https://mantova.elettroservicegroup.it/wp-content/uploads/elementor/google-fonts/css/roboto.css?ver=1742253595" "Mozilla/5.0 (Windows NT 10.0; Win64; x64) AppleWebKit/537.36 (KHTML, like Gecko) Chrome/117.0.5938.132 Safari/537.36"
65.108.235.243 - - [17/Jun/2026:08:39:38 +0200] "POST /wp-cron.php?doing_wp_cron=1781678378.3573780059814453125000 HTTP/1.1" 200 1 "-" "WordPress/7.0; https://mantova.elettroservicegroup.it"
66.249.64.71 - - [17/Jun/2026:08:39:36 +0200] "GET /robots.txt HTTP/1.1" 200 107 "-" "Mozilla/5.0 (compatible; Googlebot/2.1; +http://www.google.com/bot.html)"
66.249.64.70 - - [17/Jun/2026:08:39:39 +0200] "GET /wp-content/uploads/2021/10/cropped-cropped-cropped-cropped-logo_white_background-180x180.png HTTP/1.1" 200 21353 "-" "Googlebot-Image/1.0"
66.249.64.70 - - [17/Jun/2026:08:39:39 +0200] "GET /wp-content/uploads/2021/10/cropped-cropped-cropped-cropped-logo_white_background-32x32.png HTTP/1.1" 200 1525 "-" "Googlebot-Image/1.0"
66.249.64.71 - - [17/Jun/2026:08:39:40 +0200] "GET /favicon.ico HTTP/1.1" 302 1 "-" "Googlebot-Image/1.0"
66.249.64.71 - - [17/Jun/2026:08:39:40 +0200] "GET /wp-content/uploads/2021/10/cropped-cropped-cropped-cropped-logo_white_background-192x192.png HTTP/1.1" 200 19089 "-" "Googlebot-Image/1.0"
66.249.64.71 - - [17/Jun/2026:08:39:40 +0200] "GET /wp-content/uploads/2021/10/cropped-cropped-cropped-cropped-logo_white_background-32x32.png HTTP/1.1" 200 1525 "-" "Googlebot-Image/1.0"
65.108.235.243 - - [17/Jun/2026:08:46:28 +0200] "POST /wp-cron.php?doing_wp_cron=1781678788.6034140586853027343750 HTTP/1.1" 200 1 "-" "WordPress/7.0; https://mantova.elettroservicegroup.it"
20.215.220.109 - - [17/Jun/2026:08:46:22 +0200] "GET / HTTP/2.0" 500 5460 "-" "Mozilla/5.0 AppleWebKit/537.36 (KHTML, like Gecko); compatible; ChatGPT-User/1.0; +https://openai.com/bot"
20.215.220.110 - - [17/Jun/2026:08:46:28 +0200] "GET / HTTP/2.0" 500 5460 "-" "Mozilla/5.0 AppleWebKit/537.36 (KHTML, like Gecko); compatible; ChatGPT-User/1.0; +https://openai.com/bot"
20.215.220.98 - - [17/Jun/2026:08:46:30 +0200] "GET / HTTP/2.0" 500 5460 "-" "Mozilla/5.0 AppleWebKit/537.36 (KHTML, like Gecko); compatible; ChatGPT-User/1.0; +https://openai.com/bot"
20.215.220.110 - - [17/Jun/2026:08:46:31 +0200] "GET / HTTP/2.0" 500 - "-" "Mozilla/5.0 AppleWebKit/537.36 (KHTML, like Gecko); compatible; ChatGPT-User/1.0; +https://openai.com/bot"
20.215.220.107 - - [17/Jun/2026:08:46:52 +0200] "GET / HTTP/2.0" 500 5460 "-" "Mozilla/5.0 AppleWebKit/537.36 (KHTML, like Gecko); compatible; ChatGPT-User/1.0; +https://openai.com/bot"
20.215.220.96 - - [17/Jun/2026:08:46:53 +0200] "GET / HTTP/2.0" 500 5460 "-" "Mozilla/5.0 AppleWebKit/537.36 (KHTML, like Gecko); compatible; ChatGPT-User/1.0; +https://openai.com/bot"
20.215.220.110 - - [17/Jun/2026:08:46:53 +0200] "GET / HTTP/2.0" 500 5460 "-" "Mozilla/5.0 AppleWebKit/537.36 (KHTML, like Gecko); compatible; ChatGPT-User/1.0; +https://openai.com/bot"
20.215.220.98 - - [17/Jun/2026:08:46:54 +0200] "GET / HTTP/2.0" 500 5460 "-" "Mozilla/5.0 AppleWebKit/537.36 (KHTML, like Gecko); compatible; ChatGPT-User/1.0; +https://openai.com/bot"
74.7.175.176 - - [17/Jun/2026:08:47:01 +0200] "GET /robots.txt HTTP/2.0" 200 107 "-" "Mozilla/5.0 (Macintosh; Intel Mac OS X 10_15_7) AppleWebKit/537.36 (KHTML, like Gecko) Chrome/131.0.0.0 Safari/537.36; compatible; OAI-SearchBot/1.4; robots.txt; +https://openai.com/searchbot"
65.108.235.243 - - [17/Jun/2026:09:01:55 +0200] "POST /wp-cron.php?doing_wp_cron=1781679715.6367390155792236328125 HTTP/1.1" 200 1 "-" "WordPress/7.0; https://mantova.elettroservicegroup.it"
52.167.144.237 - - [17/Jun/2026:09:01:53 +0200] "GET /cremona/ HTTP/2.0" 500 5597 "-" "Mozilla/5.0 AppleWebKit/537.36 (KHTML, like Gecko; compatible; bingbot/2.0; +http://www.bing.com/bingbot.htm) Chrome/116.0.1938.76 Safari/537.36"
65.108.235.243 - - [17/Jun/2026:09:10:02 +0200] "POST /wp-cron.php?doing_wp_cron=1781680202.4897379875183105468750 HTTP/1.1" 200 1 "-" "WordPress/7.0; https://mantova.elettroservicegroup.it"
66.249.64.71 - - [17/Jun/2026:09:09:57 +0200] "GET /wp-json/complianz/v1/ HTTP/1.1" 200 378 "-" "Mozilla/5.0 (Linux; Android 6.0.1; Nexus 5X Build/MMB29P) AppleWebKit/537.36 (KHTML, like Gecko) Chrome/148.0.7778.96 Mobile Safari/537.36 (compatible; GoogleOther)"
65.108.235.243 - - [17/Jun/2026:09:10:03 +0200] "POST /wp-json/complianz/v1/wsc-scan HTTP/1.1" 400 88 "-" "WordPress/7.0; https://mantova.elettroservicegroup.it"
65.108.235.243 - - [17/Jun/2026:09:39:31 +0200] "POST /wp-cron.php?doing_wp_cron=1781681971.4086310863494873046875 HTTP/1.1" 200 1 "-" "WordPress/7.0; https://mantova.elettroservicegroup.it"
66.249.64.71 - - [17/Jun/2026:09:39:25 +0200] "GET /wp-admin/admin-ajax.php HTTP/1.1" 400 5 "-" "Mozilla/5.0 (Linux; Android 6.0.1; Nexus 5X Build/MMB29P) AppleWebKit/537.36 (KHTML, like Gecko) Chrome/148.0.7778.96 Mobile Safari/537.36 (compatible; GoogleOther)"
65.108.235.243 - - [17/Jun/2026:09:55:48 +0200] "POST /wp-cron.php?doing_wp_cron=1781682948.9049890041351318359375 HTTP/1.1" 200 1 "-" "WordPress/7.0; https://mantova.elettroservicegroup.it"
40.77.167.48 - - [17/Jun/2026:09:55:42 +0200] "GET /lavatrice21/ HTTP/2.0" 500 5602 "-" "Mozilla/5.0 AppleWebKit/537.36 (KHTML, like Gecko; compatible; bingbot/2.0; +http://www.bing.com/bingbot.htm) Chrome/116.0.1938.76 Safari/537.36"
65.108.235.243 - - [17/Jun/2026:10:18:00 +0200] "POST /wp-cron.php?doing_wp_cron=1781684280.0251390933990478515625 HTTP/1.1" 200 1 "-" "WordPress/7.0; https://mantova.elettroservicegroup.it"
205.210.31.162 - - [17/Jun/2026:10:17:58 +0200] "GET / HTTP/1.1" 500 26637 "-" "Hello from Palo Alto Networks, find out more about our scans in https://docs-cortex.paloaltonetworks.com/r/1/Cortex-Xpanse/Scanning-activity"
65.108.235.243 - - [17/Jun/2026:10:18:00 +0200] "POST /wp-json/complianz/v1/wsc-scan HTTP/1.1" 400 88 "-" "WordPress/7.0; https://mantova.elettroservicegroup.it"
65.108.235.243 - - [17/Jun/2026:10:19:36 +0200] "POST /wp-cron.php?doing_wp_cron=1781684376.7449779510498046875000 HTTP/1.1" 200 1 "-" "WordPress/7.0; https://mantova.elettroservicegroup.it"
88.148.126.230 - - [17/Jun/2026:10:19:35 +0200] "GET /wp-admin/ HTTP/2.0" 302 1 "https://mantova.elettroservicegroup.it/wp-admin/" "Mozilla/5.0 (Windows NT 10.0; Win64; x64) AppleWebKit/537.36 (KHTML, like Gecko) Chrome/132.0.0.0 Safari/537.36"
88.148.126.230 - - [17/Jun/2026:10:19:37 +0200] "POST /wp-login.php HTTP/1.1" 200 9412 "https://mantova.elettroservicegroup.it/wp-admin/" "Mozilla/5.0 (Windows NT 10.0; Win64; x64) AppleWebKit/537.36 (KHTML, like Gecko) Chrome/133.0.0.0 Safari/537.36"
88.148.126.230 - - [17/Jun/2026:10:19:38 +0200] "GET / HTTP/2.0" 500 5460 "https://mantova.elettroservicegroup.it/wp-admin/" "Mozilla/5.0 (Macintosh; Intel Mac OS X 10_15_7) AppleWebKit/537.36 (KHTML, like Gecko) Chrome/132.0.0.0 Safari/537.36"
65.108.235.243 - - [17/Jun/2026:10:34:11 +0200] "POST /wp-cron.php?doing_wp_cron=1781685251.1280939579010009765625 HTTP/1.1" 200 1 "-" "WordPress/7.0; https://mantova.elettroservicegroup.it"
66.249.64.72 - - [17/Jun/2026:10:34:06 +0200] "GET / HTTP/1.1" 500 5460 "-" "Mozilla/5.0 (Linux; Android 6.0.1; Nexus 5X Build/MMB29P) AppleWebKit/537.36 (KHTML, like Gecko) Chrome/148.0.7778.96 Mobile Safari/537.36 (compatible; Googlebot/2.1; +http://www.google.com/bot.html)"
65.108.235.243 - - [17/Jun/2026:10:50:04 +0200] "POST /wp-cron.php?doing_wp_cron=1781686204.7205920219421386718750 HTTP/1.1" 200 1 "-" "WordPress/7.0; https://mantova.elettroservicegroup.it"
66.249.64.70 - - [17/Jun/2026:10:50:03 +0200] "GET / HTTP/1.1" 500 5460 "-" "Mozilla/5.0 (compatible; Googlebot/2.1; +http://www.google.com/bot.html)"
65.108.235.243 - - [17/Jun/2026:10:51:06 +0200] "POST /wp-cron.php?doing_wp_cron=1781686266.6659750938415527343750 HTTP/1.1" 200 1 "-" "WordPress/7.0; https://mantova.elettroservicegroup.it"
66.249.64.72 - - [17/Jun/2026:10:51:05 +0200] "GET / HTTP/1.1" 500 5460 "-" "Mozilla/5.0 (compatible; Googlebot/2.1; +http://www.google.com/bot.html)"
65.108.235.243 - - [17/Jun/2026:10:52:11 +0200] "POST /wp-cron.php?doing_wp_cron=1781686331.6964941024780273437500 HTTP/1.1" 200 1 "-" "WordPress/7.0; https://mantova.elettroservicegroup.it"
66.249.64.72 - - [17/Jun/2026:10:52:07 +0200] "GET / HTTP/1.1" 500 5460 "-" "Mozilla/5.0 (compatible; Googlebot/2.1; +http://www.google.com/bot.html)"
65.108.235.243 - - [17/Jun/2026:10:53:14 +0200] "POST /wp-cron.php?doing_wp_cron=1781686394.8314349651336669921875 HTTP/1.1" 200 1 "-" "WordPress/7.0; https://mantova.elettroservicegroup.it"
66.249.64.70 - - [17/Jun/2026:10:53:12 +0200] "GET / HTTP/1.1" 500 5460 "-" "Mozilla/5.0 (compatible; Googlebot/2.1; +http://www.google.com/bot.html)"
65.108.235.243 - - [17/Jun/2026:10:56:40 +0200] "POST /wp-cron.php?doing_wp_cron=1781686600.4981379508972167968750 HTTP/1.1" 200 1 "-" "WordPress/7.0; https://mantova.elettroservicegroup.it"
216.73.217.38 - - [17/Jun/2026:10:56:36 +0200] "GET /robots.txt HTTP/2.0" 200 107 "-" "Mozilla/5.0 AppleWebKit/537.36 (KHTML, like Gecko; compatible; ClaudeBot/1.0; +claudebot@anthropic.com)"
216.73.217.38 - - [17/Jun/2026:10:56:41 +0200] "GET / HTTP/2.0" 500 5460 "-" "Mozilla/5.0 AppleWebKit/537.36 (KHTML, like Gecko; compatible; ClaudeBot/1.0; +claudebot@anthropic.com)"
65.108.235.243 - - [17/Jun/2026:11:08:11 +0200] "POST /wp-cron.php?doing_wp_cron=1781687291.0033938884735107421875 HTTP/1.1" 200 1 "-" "WordPress/7.0; https://mantova.elettroservicegroup.it"
66.249.64.72 - - [17/Jun/2026:11:08:06 +0200] "GET /sitemap1.xml HTTP/1.1" 302 1 "-" "Mozilla/5.0 (compatible; Googlebot/2.1; +http://www.google.com/bot.html)"
66.249.64.70 - - [17/Jun/2026:11:08:11 +0200] "GET /sitemap.xml HTTP/1.1" 200 339 "-" "Mozilla/5.0 (compatible; Googlebot/2.1; +http://www.google.com/bot.html)"
65.108.235.243 - - [17/Jun/2026:11:13:56 +0200] "POST /wp-cron.php?doing_wp_cron=1781687636.5035429000854492187500 HTTP/1.1" 200 1 "-" "WordPress/7.0; https://mantova.elettroservicegroup.it"
5.21.143.99 - - [17/Jun/2026:11:13:49 +0200] "GET / HTTP/1.1" 500 26637 "-" "Mozilla/5.0 (Windows NT 10.0; Win64; x64) AppleWebKit/537.36 (KHTML, like Gecko) Chrome/120.0.0.0 Safari/537.36"
103.30.63.255 - - [17/Jun/2026:11:14:03 +0200] "GET / HTTP/1.1" 500 26637 "-" "Mozilla/5.0 (Windows NT 10.0; Win64; x64) AppleWebKit/537.36 (KHTML, like Gecko) Chrome/120.0.0.0 Safari/537.36"
109.107.231.13 - - [17/Jun/2026:11:14:09 +0200] "GET / HTTP/1.1" 500 26637 "-" "Mozilla/5.0 (Windows NT 10.0; Win64; x64) AppleWebKit/537.36 (KHTML, like Gecko) Chrome/120.0.0.0 Safari/537.36"
65.108.235.243 - - [17/Jun/2026:11:14:19 +0200] "POST /wp-cron.php?doing_wp_cron=1781687659.8454289436340332031250 HTTP/1.1" 200 1 "-" "WordPress/7.0; https://mantova.elettroservicegroup.it"
116.111.184.195 - - [17/Jun/2026:11:14:19 +0200] "GET / HTTP/1.1" 500 26637 "-" "Mozilla/5.0 (Windows NT 10.0; Win64; x64) AppleWebKit/537.36 (KHTML, like Gecko) Chrome/120.0.0.0 Safari/537.36"
190.43.78.200 - - [17/Jun/2026:11:14:27 +0200] "GET / HTTP/1.1" 500 26637 "-" "Mozilla/5.0 (Windows NT 10.0; Win64; x64) AppleWebKit/537.36 (KHTML, like Gecko) Chrome/120.0.0.0 Safari/537.36"
65.108.235.243 - - [17/Jun/2026:11:22:54 +0200] "POST /wp-cron.php?doing_wp_cron=1781688174.2288949489593505859375 HTTP/1.1" 200 1 "-" "WordPress/7.0; https://mantova.elettroservicegroup.it"
37.120.155.18 - - [17/Jun/2026:11:22:52 +0200] "GET /wp-login.php HTTP/2.0" 200 2698 "https://mantova.elettroservicegroup.it/" "Mozilla/5.0 (Windows NT 10.0; Win64; x64) AppleWebKit/537.36 (KHTML, like Gecko) Chrome/146.0.0.0 Safari/537.36"
37.120.155.18 - - [17/Jun/2026:11:22:54 +0200] "GET /wp-admin/js/password-strength-meter.min.js?ver=7.0 HTTP/2.0" 200 560 "https://mantova.elettroservicegroup.it/wp-login.php" "Mozilla/5.0 (Windows NT 10.0; Win64; x64) AppleWebKit/537.36 (KHTML, like Gecko) Chrome/146.0.0.0 Safari/537.36"
37.120.155.18 - - [17/Jun/2026:11:22:54 +0200] "GET /wp-includes/js/dist/dom-ready.min.js?ver=a06281ae5cf5500e9317 HTTP/2.0" 200 398 "https://mantova.elettroservicegroup.it/wp-login.php" "Mozilla/5.0 (Windows NT 10.0; Win64; x64) AppleWebKit/537.36 (KHTML, like Gecko) Chrome/146.0.0.0 Safari/537.36"
37.120.155.18 - - [17/Jun/2026:11:22:54 +0200] "GET /wp-includes/js/wp-util.min.js?ver=7.0 HTTP/2.0" 200 693 "https://mantova.elettroservicegroup.it/wp-login.php" "Mozilla/5.0 (Windows NT 10.0; Win64; x64) AppleWebKit/537.36 (KHTML, like Gecko) Chrome/146.0.0.0 Safari/537.36"
37.120.155.18 - - [17/Jun/2026:11:22:54 +0200] "GET /wp-includes/js/dist/i18n.min.js?ver=781d11515ad3d91786ec HTTP/2.0" 200 2333 "https://mantova.elettroservicegroup.it/wp-login.php" "Mozilla/5.0 (Windows NT 10.0; Win64; x64) AppleWebKit/537.36 (KHTML, like Gecko) Chrome/146.0.0.0 Safari/537.36"
37.120.155.18 - - [17/Jun/2026:11:22:54 +0200] "GET /wp-includes/js/dist/a11y.min.js?ver=af934e5259bc51b8718e HTTP/2.0" 200 915 "https://mantova.elettroservicegroup.it/wp-login.php" "Mozilla/5.0 (Windows NT 10.0; Win64; x64) AppleWebKit/537.36 (KHTML, like Gecko) Chrome/146.0.0.0 Safari/537.36"
37.120.155.18 - - [17/Jun/2026:11:22:54 +0200] "GET /wp-admin/js/user-profile.min.js?ver=7.0 HTTP/2.0" 200 2891 "https://mantova.elettroservicegroup.it/wp-login.php" "Mozilla/5.0 (Windows NT 10.0; Win64; x64) AppleWebKit/537.36 (KHTML, like Gecko) Chrome/146.0.0.0 Safari/537.36"
37.120.155.18 - - [17/Jun/2026:11:22:54 +0200] "GET /wp-includes/js/underscore.min.js?ver=1.13.8 HTTP/2.0" 200 7243 "https://mantova.elettroservicegroup.it/wp-login.php" "Mozilla/5.0 (Windows NT 10.0; Win64; x64) AppleWebKit/537.36 (KHTML, like Gecko) Chrome/146.0.0.0 Safari/537.36"
37.120.155.18 - - [17/Jun/2026:11:22:54 +0200] "GET /wp-admin/load-styles.php?c=1&dir=ltr&load%5Bchunk_0%5D=dashicons,buttons,forms,l10n,wp-base-styles,login&ver=7.0 HTTP/2.0" 200 45751 "https://mantova.elettroservicegroup.it/wp-login.php" "Mozilla/5.0 (Windows NT 10.0; Win64; x64) AppleWebKit/537.36 (KHTML, like Gecko) Chrome/146.0.0.0 Safari/537.36"
37.120.155.18 - - [17/Jun/2026:11:22:54 +0200] "GET /wp-admin/load-scripts.php?c=1&load%5Bchunk_0%5D=clipboard,jquery-core,jquery-migrate,zxcvbn-async,wp-hooks&ver=7.0 HTTP/2.0" 200 37674 "https://mantova.elettroservicegroup.it/wp-login.php" "Mozilla/5.0 (Windows NT 10.0; Win64; x64) AppleWebKit/537.36 (KHTML, like Gecko) Chrome/146.0.0.0 Safari/537.36"
65.108.235.243 - - [17/Jun/2026:11:22:55 +0200] "POST /wp-json/complianz/v1/wsc-scan HTTP/1.1" 400 88 "-" "WordPress/7.0; https://mantova.elettroservicegroup.it"
37.120.155.18 - - [17/Jun/2026:11:22:55 +0200] "GET /wp-admin/images/wordpress-logo-gray.svg?ver=20260303 HTTP/2.0" 200 765 "https://mantova.elettroservicegroup.it/wp-admin/load-styles.php?c=1&dir=ltr&load%5Bchunk_0%5D=dashicons,buttons,forms,l10n,wp-base-styles,login&ver=7.0" "Mozilla/5.0 (Windows NT 10.0; Win64; x64) AppleWebKit/537.36 (KHTML, like Gecko) Chrome/146.0.0.0 Safari/537.36"
37.120.155.18 - - [17/Jun/2026:11:22:58 +0200] "GET /wp-content/uploads/2021/10/cropped-cropped-cropped-cropped-logo_white_background-192x192.png HTTP/2.0" 200 19089 "https://mantova.elettroservicegroup.it/wp-login.php" "Mozilla/5.0 (Windows NT 10.0; Win64; x64) AppleWebKit/537.36 (KHTML, like Gecko) Chrome/146.0.0.0 Safari/537.36"
37.120.155.18 - - [17/Jun/2026:11:22:58 +0200] "GET /wp-includes/js/zxcvbn.min.js HTTP/2.0" 200 387992 "https://mantova.elettroservicegroup.it/wp-login.php" "Mozilla/5.0 (Windows NT 10.0; Win64; x64) AppleWebKit/537.36 (KHTML, like Gecko) Chrome/146.0.0.0 Safari/537.36"
37.120.155.18 - - [17/Jun/2026:11:23:02 +0200] "GET /wp-login.php HTTP/2.0" 200 2698 "https://mantova.elettroservicegroup.it/" "Mozilla/5.0 (Windows NT 10.0; Win64; x64) AppleWebKit/537.36 (KHTML, like Gecko) Chrome/147.0.0.0 Safari/537.36"
37.120.155.18 - - [17/Jun/2026:11:23:03 +0200] "GET /wp-admin/js/password-strength-meter.min.js?ver=7.0 HTTP/2.0" 200 560 "https://mantova.elettroservicegroup.it/wp-login.php" "Mozilla/5.0 (Windows NT 10.0; Win64; x64) AppleWebKit/537.36 (KHTML, like Gecko) Chrome/147.0.0.0 Safari/537.36"
37.120.155.18 - - [17/Jun/2026:11:23:03 +0200] "GET /wp-includes/js/dist/i18n.min.js?ver=781d11515ad3d91786ec HTTP/2.0" 200 2333 "https://mantova.elettroservicegroup.it/wp-login.php" "Mozilla/5.0 (Windows NT 10.0; Win64; x64) AppleWebKit/537.36 (KHTML, like Gecko) Chrome/147.0.0.0 Safari/537.36"
37.120.155.18 - - [17/Jun/2026:11:23:03 +0200] "GET /wp-includes/js/wp-util.min.js?ver=7.0 HTTP/2.0" 200 693 "https://mantova.elettroservicegroup.it/wp-login.php" "Mozilla/5.0 (Windows NT 10.0; Win64; x64) AppleWebKit/537.36 (KHTML, like Gecko) Chrome/147.0.0.0 Safari/537.36"
37.120.155.18 - - [17/Jun/2026:11:23:03 +0200] "GET /wp-admin/js/user-profile.min.js?ver=7.0 HTTP/2.0" 200 2891 "https://mantova.elettroservicegroup.it/wp-login.php" "Mozilla/5.0 (Windows NT 10.0; Win64; x64) AppleWebKit/537.36 (KHTML, like Gecko) Chrome/147.0.0.0 Safari/537.36"
37.120.155.18 - - [17/Jun/2026:11:23:03 +0200] "GET /wp-includes/js/underscore.min.js?ver=1.13.8 HTTP/2.0" 200 7243 "https://mantova.elettroservicegroup.it/wp-login.php" "Mozilla/5.0 (Windows NT 10.0; Win64; x64) AppleWebKit/537.36 (KHTML, like Gecko) Chrome/147.0.0.0 Safari/537.36"
37.120.155.18 - - [17/Jun/2026:11:23:03 +0200] "GET /wp-includes/js/dist/dom-ready.min.js?ver=a06281ae5cf5500e9317 HTTP/2.0" 200 398 "https://mantova.elettroservicegroup.it/wp-login.php" "Mozilla/5.0 (Windows NT 10.0; Win64; x64) AppleWebKit/537.36 (KHTML, like Gecko) Chrome/147.0.0.0 Safari/537.36"
37.120.155.18 - - [17/Jun/2026:11:23:03 +0200] "GET /wp-includes/js/dist/a11y.min.js?ver=af934e5259bc51b8718e HTTP/2.0" 200 915 "https://mantova.elettroservicegroup.it/wp-login.php" "Mozilla/5.0 (Windows NT 10.0; Win64; x64) AppleWebKit/537.36 (KHTML, like Gecko) Chrome/147.0.0.0 Safari/537.36"
37.120.155.18 - - [17/Jun/2026:11:23:03 +0200] "GET /wp-admin/load-styles.php?c=1&dir=ltr&load%5Bchunk_0%5D=dashicons,buttons,forms,l10n,wp-base-styles,login&ver=7.0 HTTP/2.0" 200 45751 "https://mantova.elettroservicegroup.it/wp-login.php" "Mozilla/5.0 (Windows NT 10.0; Win64; x64) AppleWebKit/537.36 (KHTML, like Gecko) Chrome/147.0.0.0 Safari/537.36"
37.120.155.18 - - [17/Jun/2026:11:23:03 +0200] "GET /wp-admin/load-scripts.php?c=1&load%5Bchunk_0%5D=clipboard,jquery-core,jquery-migrate,zxcvbn-async,wp-hooks&ver=7.0 HTTP/2.0" 200 37674 "https://mantova.elettroservicegroup.it/wp-login.php" "Mozilla/5.0 (Windows NT 10.0; Win64; x64) AppleWebKit/537.36 (KHTML, like Gecko) Chrome/147.0.0.0 Safari/537.36"
37.120.155.18 - - [17/Jun/2026:11:23:03 +0200] "GET /wp-admin/images/wordpress-logo-gray.svg?ver=20260303 HTTP/2.0" 200 765 "https://mantova.elettroservicegroup.it/wp-admin/load-styles.php?c=1&dir=ltr&load%5Bchunk_0%5D=dashicons,buttons,forms,l10n,wp-base-styles,login&ver=7.0" "Mozilla/5.0 (Windows NT 10.0; Win64; x64) AppleWebKit/537.36 (KHTML, like Gecko) Chrome/147.0.0.0 Safari/537.36"
