176.65.148.139 - - [11/Jun/2026:14:52:56 +0200] "GET /wp-json/gravitysmtp/v1/tests/mock-data?page=gravitysmtp-settings HTTP/1.1" 403 17008 "-" "Mozilla/5.0 (compatible; SecurityResearch/1.0; )"
45.157.112.213 - - [11/Jun/2026:15:08:25 +0200] "GET /wp-includes/js/jquery/jquery.js HTTP/1.1" 200 285334 "-" "-"
43.156.47.42 - - [11/Jun/2026:15:10:08 +0200] "GET / HTTP/1.1" 301 - "-" "Mozilla/5.0 (iPhone; CPU iPhone OS 13_2_3 like Mac OS X) AppleWebKit/605.1.15 (KHTML, like Gecko) Version/13.0.3 Mobile/15E148 Safari/604.1"
34.64.201.210 - - [11/Jun/2026:16:48:35 +0200] "GET /.env.prod.bak HTTP/1.1" 507 559 "-" "Mozilla/5.0 (Linux; Android 7.0; LGL84VL Build/NRD90U) AppleWebKit/537.36 (KHTML, like Gecko) Chrome/59.0.3071.125 Mobile Safari/537.36"
34.64.201.210 - - [11/Jun/2026:16:48:35 +0200] "GET /.env.backup.txt HTTP/1.1" 507 559 "-" "Mozilla/5.0 (Linux; Android 7.0; Lenovo K33a42) AppleWebKit/537.36 (KHTML, like Gecko) Chrome/76.0.3809.89 Mobile Safari/537.36"
34.64.201.210 - - [11/Jun/2026:16:48:35 +0200] "GET /.env.copy HTTP/1.1" 507 559 "-" "Mozilla/5.0 (Linux; Android 6.0.1; MI 5 Build/MXB48T; wv) AppleWebKit/537.36 (KHTML, like Gecko) Version/4.0 Chrome/66.0.3359.126 MQQBrowser/6.2 TBS/044807 Mobile Safari/537.36 MMWEBID/3072 MicroMessenger/7.0.3.1400(0x2700033C) Process/tools NetType/WIFI Language/zh_CN"
34.64.201.210 - - [11/Jun/2026:16:48:35 +0200] "GET /.env.backup HTTP/1.1" 507 559 "-" "Mozilla/5.0 (Macintosh; U; Intel Mac OS X 10.6; en-US; rv:1.9.2.14) Gecko/20110218 AlexaToolbar/alxf-2.0 Firefox/3.6.14"
34.64.201.210 - - [11/Jun/2026:16:48:35 +0200] "GET /.env.staging HTTP/1.1" 507 - "-" "Mozilla/5.0 (X11; U; Linux; i686; en-US; rv:1.6) Gecko Debian/1.6-7"
34.64.201.210 - - [11/Jun/2026:16:48:35 +0200] "GET /.env.qa HTTP/1.1" 507 559 "-" "Mozilla/5.0 (compatible; Exabot/3.0; http://www.exabot.com/go/robot)"
34.64.201.210 - - [11/Jun/2026:16:48:35 +0200] "GET /.env.prod HTTP/1.1" 507 559 "-" "Mozilla/4.0 (compatible; Linux 2.6.22) NetFront/3.4 Kindle/2.0 (screen 600x800)"
34.64.201.210 - - [11/Jun/2026:16:48:35 +0200] "GET /.env.production.bak HTTP/1.1" 507 559 "-" "Mozilla/5.0 (iPad; CPU OS 12_0 like Mac OS X) AppleWebKit/605.1.15 (KHTML, like Gecko) Version/12.0 Mobile/15E148 Safari/604.1"
34.64.201.210 - - [11/Jun/2026:16:48:35 +0200] "GET /.env.stage HTTP/1.1" 507 559 "-" "Mozilla/5.0 (Macintosh; Intel Mac OS X 10_14_6) AppleWebKit/605.1.15 (KHTML, like Gecko)"
34.64.201.210 - - [11/Jun/2026:16:48:35 +0200] "GET /.env.old HTTP/1.1" 507 - "-" "Mozilla/5.0 (Windows NT 10.0) AppleWebKit/537.36 (KHTML, like Gecko) Chrome/74.0.3729.157 Safari/537.36"
34.64.201.210 - - [11/Jun/2026:16:48:35 +0200] "GET /.env.bak HTTP/1.1" 507 - "-" "Mozilla/5.0 (Linux; Android 6.0.1; MI 5 Build/MXB48T; wv) AppleWebKit/537.36 (KHTML, like Gecko) Version/4.0 Chrome/66.0.3359.126 MQQBrowser/6.2 TBS/044807 Mobile Safari/537.36 MMWEBID/3072 MicroMessenger/7.0.3.1400(0x2700033C) Process/tools NetType/WIFI Language/zh_CN"
34.64.201.210 - - [11/Jun/2026:16:48:35 +0200] "GET /.env.local HTTP/1.1" 507 - "-" "Mozilla/5.0 (Linux; Android 8.1.0; SM-J530F) AppleWebKit/537.36 (KHTML, like Gecko) Chrome/76.0.3809.111 Mobile Safari/537.36"
34.64.201.210 - - [11/Jun/2026:16:48:35 +0200] "GET /.env HTTP/1.1" 507 - "-" "Offline Explorer/2.5"
34.64.201.210 - - [11/Jun/2026:16:48:35 +0200] "GET /.env.dev HTTP/1.1" 507 559 "-" "Mozilla/5.0 (iPhone; CPU iPhone OS 6_0 like Mac OS X) AppleWebKit/536.26 (KHTML, like Gecko) Version/6.0 Mobile/10A403 Safari/8536.25"
34.64.201.210 - - [11/Jun/2026:16:48:37 +0200] "GET /.env.uat HTTP/1.1" 200 11777 "-" "Mozilla/5.0 (Windows NT 6.1; Win64; x64) AppleWebKit/537.36 (KHTML, like Gecko) Chrome/71.0.3578.98 Safari/537.36"
34.64.201.210 - - [11/Jun/2026:16:48:35 +0200] "GET /.env.production HTTP/1.1" 301 - "-" "Mozilla/5.0 (iPhone; CPU iPhone OS 12_1_4 like Mac OS X) AppleWebKit/605.1.15 (KHTML, like Gecko) Mobile/16D57 MicroMessenger/7.0.5(0x17000523) NetType/WIFI Language/zh_CN"
34.64.201.210 - - [11/Jun/2026:16:48:35 +0200] "GET /.env.save HTTP/1.1" 301 - "-" "Mozilla/5.0 (Windows NT 6.2; Win64; x64) AppleWebKit/537.36 (KHTML, like Gecko) Chrome/76.0.3809.100 Safari/537.36"
34.64.201.210 - - [11/Jun/2026:16:48:35 +0200] "GET /.env.development HTTP/1.1" 301 - "-" "Mozilla/5.0 (Linux; Android 7.0; i1) AppleWebKit/537.36 (KHTML, like Gecko) Chrome/74.0.3729.157 Mobile Safari/537.36"
65.108.235.243 - - [11/Jun/2026:18:01:03 +0200] "POST /wp-cron.php?doing_wp_cron=1781193663.6226298809051513671875 HTTP/1.1" 200 1 "-" "WordPress/7.0; https://piacenza.elettroservicegroup.it"
114.119.132.207 - - [11/Jun/2026:18:01:01 +0200] "GET /robots.txt HTTP/1.1" 200 132 "http://piacenza.elettroservicegroup.it/robots.txt" "Mozilla/5.0 (compatible;PetalBot;+https://webmaster.petalsearch.com/site/petalbot)"
65.108.235.243 - - [11/Jun/2026:19:34:58 +0200] "POST /wp-cron.php?doing_wp_cron=1781199298.6598429679870605468750 HTTP/1.1" 200 1 "-" "WordPress/7.0; https://piacenza.elettroservicegroup.it"
117.132.188.204 - - [11/Jun/2026:19:34:55 +0200] "GET / HTTP/1.1" 301 - "-" "Mozilla/5.0 (Windows NT 10.0; Win64; x64) AppleWebKit/537.36 (KHTML, like Gecko) Chrome/107.0.0.0 Safari/537.36"
65.108.235.243 - - [11/Jun/2026:20:14:49 +0200] "POST /wp-cron.php?doing_wp_cron=1781201689.3482239246368408203125 HTTP/1.1" 200 1 "-" "WordPress/7.0; https://piacenza.elettroservicegroup.it"
43.159.58.77 - - [11/Jun/2026:20:14:42 +0200] "GET / HTTP/1.1" 301 - "-" "Mozilla/5.0 (iPhone; CPU iPhone OS 13_2_3 like Mac OS X) AppleWebKit/605.1.15 (KHTML, like Gecko) Version/13.0.3 Mobile/15E148 Safari/604.1"
65.108.235.243 - - [11/Jun/2026:20:50:08 +0200] "POST /wp-cron.php?doing_wp_cron=1781203808.0440099239349365234375 HTTP/1.1" 200 1 "-" "WordPress/7.0; https://piacenza.elettroservicegroup.it"
20.191.45.212 - - [11/Jun/2026:20:50:02 +0200] "GET / HTTP/1.1" 301 - "-" "DuckDuckBot/1.1; (+http://duckduckgo.com/duckduckbot.html)"
20.191.45.212 - - [11/Jun/2026:20:50:07 +0200] "GET /favicon.ico HTTP/1.1" 302 - "-" "DuckDuckBot/1.1; (+http://duckduckgo.com/duckduckbot.html)"
83.81.71.75 - - [11/Jun/2026:21:28:31 +0200] "POST /xmlrpc.php HTTP/1.1" 403 52 "-" "curl/7.81.0"
92.209.184.184 - - [11/Jun/2026:21:28:42 +0200] "POST /xmlrpc.php HTTP/1.1" 403 52 "-" "Mozilla/5.0 (Windows NT 10.0; Win64; x64) AppleWebKit/537.36 (KHTML, like Gecko) Chrome/120.0.0.0 Safari/537.36"
92.209.184.184 - - [11/Jun/2026:21:28:42 +0200] "POST /xmlrpc.php HTTP/1.1" 403 52 "-" "Mozilla/5.0 (X11; Linux x86_64) AppleWebKit/537.36 (KHTML, like Gecko) Chrome/120.0.0.0 Safari/537.36"
92.209.184.184 - - [11/Jun/2026:21:28:42 +0200] "POST /xmlrpc.php HTTP/1.1" 403 52 "-" "Mozilla/5.0 (Macintosh; Intel Mac OS X 10_15_7) AppleWebKit/537.36 (KHTML, like Gecko) Chrome/120.0.0.0 Safari/537.36"
92.209.184.184 - - [11/Jun/2026:21:28:42 +0200] "POST /xmlrpc.php HTTP/1.1" 403 52 "-" "Mozilla/5.0 (Macintosh; Intel Mac OS X 10_15_7) AppleWebKit/537.36 (KHTML, like Gecko) Chrome/120.0.0.0 Safari/537.36"
92.209.184.184 - - [11/Jun/2026:21:28:43 +0200] "POST /wp-load.php HTTP/1.1" 200 - "-" "Mozilla/5.0 (Windows NT 10.0; Win64; x64; rv:121.0) Gecko/20100101 Firefox/121.0"
92.209.184.184 - - [11/Jun/2026:21:28:44 +0200] "POST /xmlrpc.php HTTP/1.1" 200 11763 "-" "Mozilla/5.0 (Macintosh; Intel Mac OS X 10_15_7) AppleWebKit/537.36 (KHTML, like Gecko) Chrome/120.0.0.0 Safari/537.36"
44.220.223.244 - - [11/Jun/2026:22:19:07 +0200] "POST / HTTP/1.1" 200 11815 "-" "Mozilla/5.0"
45.157.112.95 - - [12/Jun/2026:00:56:53 +0200] "GET /wp-includes/js/jquery/jquery.js HTTP/1.1" 200 11902 "-" "-"
65.108.235.243 - - [12/Jun/2026:01:34:16 +0200] "POST /wp-cron.php?doing_wp_cron=1781220856.4254550933837890625000 HTTP/1.1" 200 1 "-" "WordPress/7.0; https://piacenza.elettroservicegroup.it"
46.8.222.173 - - [12/Jun/2026:01:34:14 +0200] "GET /wp-login.php HTTP/1.1" 302 - "-" "Mozilla/5.0 (Macintosh; Intel Mac OS X 10_12_6) AppleWebKit/603.3.8 (KHTML, like Gecko) Version/10.1.2 Safari/603.3.8"
46.8.222.173 - - [12/Jun/2026:01:34:18 +0200] "POST /wp-login.php HTTP/1.1" 302 - "-" "Mozilla/5.0 (Macintosh; Intel Mac OS X 10_12_6) AppleWebKit/603.3.8 (KHTML, like Gecko) Version/10.1.2 Safari/603.3.8"
46.8.222.173 - - [12/Jun/2026:01:34:19 +0200] "GET /wp-admin/post-new.php HTTP/1.1" 302 - "-" "Mozilla/5.0 (Macintosh; Intel Mac OS X 10_12_6) AppleWebKit/603.3.8 (KHTML, like Gecko) Version/10.1.2 Safari/603.3.8"
158.173.67.144 - - [12/Jun/2026:01:37:23 +0200] "GET / HTTP/1.1" 200 11752 "-" "Mozilla/5.0 (Linux; Android 12; Pixel 6) AppleWebKit/537.36 (KHTML, like Gecko) Chrome/99.0.4844.58 Mobile Safari/537.36"
158.173.67.9 - - [12/Jun/2026:01:37:24 +0200] "GET / HTTP/1.1" 200 11802 "-" "Mozilla/5.0 (iPhone; CPU iPhone OS 17_2 like Mac OS X) AppleWebKit/605.1.15 (KHTML, like Gecko) Version/17.2 Mobile/15E148 Safari/604.1"
158.173.67.251 - - [12/Jun/2026:01:37:25 +0200] "GET / HTTP/1.1" 200 11787 "-" "Mozilla/5.0 (iPhone; CPU iPhone OS 17_2 like Mac OS X) AppleWebKit/605.1.15 (KHTML, like Gecko) Version/17.2 Mobile/15E148 Safari/604.1"
158.173.67.122 - - [12/Jun/2026:01:37:25 +0200] "GET /wp-content/plugins/ninja-forms-uploads/readme.txt HTTP/1.1" 200 11840 "-" "Mozilla/5.0 (iPhone; CPU iPhone OS 18_0 like Mac OS X) AppleWebKit/605.1.15 (KHTML, like Gecko) Version/18.0 Mobile/15E148 Safari/604.1"
158.173.67.185 - - [12/Jun/2026:01:37:26 +0200] "GET /wp-content/plugins/advanced-custom-post-type/changelog.md HTTP/1.1" 200 11796 "-" "Mozilla/5.0 (Windows NT 10.0; Win64; x64) AppleWebKit/537.36 (KHTML, like Gecko) Chrome/107.0.0.0 Safari/537.36"
158.173.67.144 - - [12/Jun/2026:01:37:26 +0200] "GET /wp-content/plugins/payment-gateway-pix-for-woocommerce/README.txt HTTP/1.1" 200 11855 "-" "Mozilla/5.0 (Linux; Android 10; K) AppleWebKit/537.36 (KHTML, like Gecko) Chrome/131.0.0.0 Mobile Safari/537.36"
158.173.67.73 - - [12/Jun/2026:01:37:27 +0200] "GET / HTTP/1.1" 200 11681 "-" "Mozilla/5.0 (Windows NT 10.0; Win64; x64) AppleWebKit/537.36 (KHTML, like Gecko) Chrome/104.0.0.0 Safari/537.36"
158.173.67.166 - - [12/Jun/2026:01:37:28 +0200] "GET /wp-content/plugins/datalogics/README.txt HTTP/1.1" 200 11895 "-" "Mozilla/5.0 (iPhone; CPU iPhone OS 17_2 like Mac OS X) AppleWebKit/605.1.15 (KHTML, like Gecko) Version/17.2 Mobile/15E148 Safari/604.1"
158.173.67.237 - - [12/Jun/2026:01:37:28 +0200] "GET / HTTP/1.1" 200 11787 "-" "Mozilla/5.0 (Macintosh; Intel Mac OS X 10_15_7) AppleWebKit/537.36 (KHTML, like Gecko) Chrome/133.0.0.0 Safari/537.36"
158.173.67.10 - - [12/Jun/2026:01:37:29 +0200] "GET /wp-content/wp-content/themes/truelysell/style.css HTTP/1.1" 200 11845 "-" "Mozilla/5.0 (iPhone; CPU iPhone OS 18_0 like Mac OS X) AppleWebKit/605.1.15 (KHTML, like Gecko) Version/18.0 Mobile/15E148 Safari/604.1"
158.173.67.185 - - [12/Jun/2026:01:37:29 +0200] "GET /wp-content/plugins/woocommerce-wholesale-lead-capture/css/WWLCCustomFieldsControl.css HTTP/1.1" 200 11937 "-" "Mozilla/5.0 (Macintosh; Intel Mac OS X 10_15_7) AppleWebKit/537.36 (KHTML, like Gecko) Chrome/131.0.0.0 Safari/537.36"
158.173.67.112 - - [12/Jun/2026:01:37:30 +0200] "GET /wp-content/plugins/wedesigntech-ultimate-booking-addon/changelog.txt HTTP/1.1" 200 11862 "-" "Mozilla/5.0 (Linux; Android 10; K) AppleWebKit/537.36 (KHTML, like Gecko) Chrome/131.0.0.0 Mobile Safari/537.36"
158.173.67.139 - - [12/Jun/2026:01:37:31 +0200] "GET /wp-content/plugins/s2member/readme.txt HTTP/1.1" 200 11787 "-" "Mozilla/5.0 (Windows NT 10.0; Win64; x64) AppleWebKit/537.36 (KHTML, like Gecko) Chrome/104.0.0.0 Safari/537.36"
158.173.67.156 - - [12/Jun/2026:01:37:31 +0200] "GET /wp-content/plugins/kalrav-ai-agent/readme.txt HTTP/1.1" 200 11901 "-" "Mozilla/5.0 (iPhone; CPU iPhone OS 18_0 like Mac OS X) AppleWebKit/605.1.15 (KHTML, like Gecko) Version/18.0 Mobile/15E148 Safari/604.1"
158.173.67.237 - - [12/Jun/2026:01:37:32 +0200] "GET /wp-content/plugins/wpvivid-backuprestore/readme.txt HTTP/1.1" 200 11856 "-" "Mozilla/5.0 (iPhone; CPU iPhone OS 18_0 like Mac OS X) AppleWebKit/605.1.15 (KHTML, like Gecko) Version/18.0 Mobile/15E148 Safari/604.1"
158.173.67.141 - - [12/Jun/2026:01:37:32 +0200] "GET /wp-content/plugins/cimy-user-extra-fields/readme.txt HTTP/1.1" 200 11863 "-" "Mozilla/5.0 (Macintosh; Intel Mac OS X 10_15_7) AppleWebKit/537.36 (KHTML, like Gecko) Chrome/131.0.0.0 Safari/537.36"
158.173.67.144 - - [12/Jun/2026:01:37:33 +0200] "GET /wp-content/plugins/profile-builder/readme.txt HTTP/1.1" 200 11855 "-" "Mozilla/5.0 (Macintosh; Intel Mac OS X 10_15_7) AppleWebKit/537.36 (KHTML, like Gecko) Chrome/133.0.0.0 Safari/537.36"
158.173.67.200 - - [12/Jun/2026:01:37:33 +0200] "GET /wp-content/plugins/lastudio-element-kit/readme.txt HTTP/1.1" 200 11811 "-" "Mozilla/5.0 (Macintosh; Intel Mac OS X 10_15_7) AppleWebKit/537.36 (KHTML, like Gecko) Chrome/133.0.0.0 Safari/537.36"
158.173.67.156 - - [12/Jun/2026:01:37:34 +0200] "GET /wp-content/plugins/login-customizer/readme.txt HTTP/1.1" 200 11957 "-" "Mozilla/5.0 (Macintosh; Intel Mac OS X 10_15_7) AppleWebKit/537.36 (KHTML, like Gecko) Chrome/131.0.0.0 Safari/537.36"
158.173.67.251 - - [12/Jun/2026:01:37:35 +0200] "GET /wp-content/plugins/academy/readme.txt HTTP/1.1" 200 11828 "-" "Mozilla/5.0 (Windows NT 10.0; Win64; x64) AppleWebKit/537.36 (KHTML, like Gecko) Chrome/107.0.0.0 Safari/537.36"
158.173.67.237 - - [12/Jun/2026:01:37:35 +0200] "GET /wp-content/plugins/directorist-social-login/assets/public/css/main.css HTTP/1.1" 200 11922 "-" "Mozilla/5.0 (Macintosh; Intel Mac OS X 10_15_7) AppleWebKit/537.36 (KHTML, like Gecko) Chrome/131.0.0.0 Safari/537.36"
158.173.67.156 - - [12/Jun/2026:01:37:36 +0200] "GET /wp-content/plugins/acf-frontend-form-element/readme.txt HTTP/1.1" 200 11835 "-" "Mozilla/5.0 (Linux; Android 10; K) AppleWebKit/537.36 (KHTML, like Gecko) Chrome/131.0.0.0 Mobile Safari/537.36"
158.173.67.10 - - [12/Jun/2026:01:37:36 +0200] "GET /wp-content/themes/workreap/style.css HTTP/1.1" 200 11832 "-" "Mozilla/5.0 (iPhone; CPU iPhone OS 17_2 like Mac OS X) AppleWebKit/605.1.15 (KHTML, like Gecko) Version/17.2 Mobile/15E148 Safari/604.1"
158.173.67.213 - - [12/Jun/2026:01:37:37 +0200] "GET /wp-content/themes/energia/style.css HTTP/1.1" 200 11870 "-" "Mozilla/5.0 (Macintosh; Intel Mac OS X 10_15_7) AppleWebKit/537.36 (KHTML, like Gecko) Chrome/131.0.0.0 Safari/537.36"
158.173.67.9 - - [12/Jun/2026:01:37:38 +0200] "GET /wp-content/plugins/modular-connector/readme.txt HTTP/1.1" 200 11882 "-" "Mozilla/5.0 (Windows NT 10.0; Win64; x64) AppleWebKit/537.36 (KHTML, like Gecko) Chrome/104.0.0.0 Safari/537.36"
158.173.67.101 - - [12/Jun/2026:01:37:38 +0200] "GET /wp-content/plugins/branda-white-labeling/readme.txt HTTP/1.1" 200 11802 "-" "Mozilla/5.0 (Macintosh; Intel Mac OS X 10_15_7) AppleWebKit/537.36 (KHTML, like Gecko) Chrome/133.0.0.0 Safari/537.36"
158.173.67.101 - - [12/Jun/2026:01:37:39 +0200] "GET / HTTP/1.1" 200 11812 "-" "Mozilla/5.0 (Macintosh; Intel Mac OS X 10_15_7) AppleWebKit/537.36 (KHTML, like Gecko) Chrome/131.0.0.0 Safari/537.36"
158.173.67.139 - - [12/Jun/2026:01:37:39 +0200] "GET /wp-content/themes/doccure/style.css HTTP/1.1" 200 11804 "-" "Mozilla/5.0 (Macintosh; Intel Mac OS X 10_15_7) AppleWebKit/537.36 (KHTML, like Gecko) Chrome/133.0.0.0 Safari/537.36"
158.173.67.48 - - [12/Jun/2026:01:37:40 +0200] "GET /wp-content/plugins/fox-lms/README.txt HTTP/1.1" 200 11823 "-" "Mozilla/5.0 (Windows NT 10.0; Win64; x64) AppleWebKit/537.36 (KHTML, like Gecko) Chrome/101.0.4951.64 Safari/537.36 Edg/101.0.1210.47"
158.173.67.166 - - [12/Jun/2026:01:37:41 +0200] "GET /wp-content/plugins/flex-qr-code-generator/readme.txt HTTP/1.1" 200 11908 "-" "Mozilla/5.0 (Macintosh; Intel Mac OS X 10_15_7) AppleWebKit/537.36 (KHTML, like Gecko) Chrome/131.0.0.0 Safari/537.36"
158.173.67.101 - - [12/Jun/2026:01:37:41 +0200] "GET /wp-content/plugins/wpdirectorykit/README.txt HTTP/1.1" 200 11768 "-" "Mozilla/5.0 (Windows NT 10.0; Win64; x64) AppleWebKit/537.36 (KHTML, like Gecko) Chrome/104.0.0.0 Safari/537.36"
158.173.67.243 - - [12/Jun/2026:01:37:42 +0200] "GET /wp-content/plugins/user-verification/readme.md HTTP/1.1" 200 11770 "-" "Mozilla/5.0 (Linux; Android 10; K) AppleWebKit/537.36 (KHTML, like Gecko) Chrome/131.0.0.0 Mobile Safari/537.36"
158.173.67.25 - - [12/Jun/2026:01:37:42 +0200] "GET /wp-content/plugins/acf-extended/readme.txt HTTP/1.1" 200 11867 "-" "Mozilla/5.0 (Linux; Android 12; Pixel 6) AppleWebKit/537.36 (KHTML, like Gecko) Chrome/99.0.4844.58 Mobile Safari/537.36"
158.173.67.156 - - [12/Jun/2026:01:37:43 +0200] "GET /wp-content/plugins/sneeit-framework/readme.txt HTTP/1.1" 200 11876 "-" "Mozilla/5.0 (Windows NT 10.0; Win64; x64) AppleWebKit/537.36 (KHTML, like Gecko) Chrome/104.0.0.0 Safari/537.36"
158.173.67.6 - - [12/Jun/2026:01:37:44 +0200] "GET /wp-content/plugins/waveplayer/readme.txt HTTP/1.1" 200 11810 "-" "Mozilla/5.0 (Windows NT 10.0; Win64; x64) AppleWebKit/537.36 (KHTML, like Gecko) Chrome/101.0.4951.64 Safari/537.36 Edg/101.0.1210.47"
158.173.67.156 - - [12/Jun/2026:01:37:44 +0200] "GET /wp-content/plugins/ecab-taxi-booking-manager/readme.txt HTTP/1.1" 200 11876 "-" "Mozilla/5.0 (Linux; Android 10; K) AppleWebKit/537.36 (KHTML, like Gecko) Chrome/131.0.0.0 Mobile Safari/537.36"
158.173.67.61 - - [12/Jun/2026:01:37:45 +0200] "GET /wp-content/plugins/cpi-wp-migration/readme.txt HTTP/1.1" 200 11822 "-" "Mozilla/5.0 (Macintosh; Intel Mac OS X 10_15_7) AppleWebKit/537.36 (KHTML, like Gecko) Chrome/124.0.0.0 Safari/537.36"
158.173.67.193 - - [12/Jun/2026:01:37:46 +0200] "GET /wp-content/plugins/king-addons/readme.txt HTTP/1.1" 200 11751 "-" "Mozilla/5.0 (Windows NT 10.0; Win64; x64) AppleWebKit/537.36 (KHTML, like Gecko) Chrome/101.0.4951.64 Safari/537.36 Edg/101.0.1210.47"
158.173.67.247 - - [12/Jun/2026:01:37:46 +0200] "GET /wp-content/plugins/ai-engine/readme.txt HTTP/1.1" 200 11823 "-" "Mozilla/5.0 (Linux; Android 10; K) AppleWebKit/537.36 (KHTML, like Gecko) Chrome/131.0.0.0 Mobile Safari/537.36"
158.173.67.233 - - [12/Jun/2026:01:37:47 +0200] "GET /wp-content/plugins/post-smtp/readme.txt HTTP/1.1" 200 11859 "-" "Mozilla/5.0 (iPhone; CPU iPhone OS 18_0 like Mac OS X) AppleWebKit/605.1.15 (KHTML, like Gecko) Version/18.0 Mobile/15E148 Safari/604.1"
158.173.67.6 - - [12/Jun/2026:01:37:47 +0200] "GET /wp-content/plugins/wc-designer-pro/changelog.txt HTTP/1.1" 200 11794 "-" "Mozilla/5.0 (Windows NT 10.0; Win64; x64) AppleWebKit/537.36 (KHTML, like Gecko) Chrome/104.0.0.0 Safari/537.36"
158.173.67.156 - - [12/Jun/2026:01:37:48 +0200] "GET /wp-content/themes/miraculous/style.css HTTP/1.1" 200 11874 "-" "Mozilla/5.0 (Macintosh; Intel Mac OS X 10_15_7) AppleWebKit/605.1.15 (KHTML, like Gecko) Version/18.0 Safari/605.1.15"
158.173.67.226 - - [12/Jun/2026:01:37:49 +0200] "GET /wp-content/plugins/uni-woo-custom-product-options-premium/readme.txt HTTP/1.1" 200 11874 "-" "Mozilla/5.0 (iPhone; CPU iPhone OS 18_0 like Mac OS X) AppleWebKit/605.1.15 (KHTML, like Gecko) Version/18.0 Mobile/15E148 Safari/604.1"
158.173.67.48 - - [12/Jun/2026:01:37:49 +0200] "GET /wp-content/plugins/podlove-podcasting-plugin-for-wordpress/readme.txt HTTP/1.1" 200 11813 "-" "Mozilla/5.0 (Windows NT 10.0; Win64; x64) AppleWebKit/537.36 (KHTML, like Gecko) Chrome/101.0.4951.64 Safari/537.36 Edg/101.0.1210.47"
158.173.67.73 - - [12/Jun/2026:01:37:51 +0200] "GET /wp-content/plugins/WooCommerce-Multi-Locations-Inventory-Management/readme.txt HTTP/1.1" 200 11819 "-" "Mozilla/5.0 (Macintosh; Intel Mac OS X 10_15_7) AppleWebKit/537.36 (KHTML, like Gecko) Chrome/133.0.0.0 Safari/537.36"
158.173.67.193 - - [12/Jun/2026:01:37:51 +0200] "GET /wp-content/plugins/wp-event-solution/readme.txt HTTP/1.1" 200 11878 "-" "Mozilla/5.0 (Linux; Android 10; K) AppleWebKit/537.36 (KHTML, like Gecko) Chrome/131.0.0.0 Mobile Safari/537.36"
158.173.67.139 - - [12/Jun/2026:01:37:52 +0200] "GET /wp-content/themes/freeio/style.css HTTP/1.1" 200 11839 "-" "Mozilla/5.0 (Windows NT 10.0; Win64; x64) AppleWebKit/537.36 (KHTML, like Gecko) Chrome/101.0.4951.64 Safari/537.36 Edg/101.0.1210.47"
158.173.67.30 - - [12/Jun/2026:01:37:53 +0200] "GET /wp-content/themes/em4u/style.css HTTP/1.1" 200 11818 "-" "Mozilla/5.0 (iPhone; CPU iPhone OS 18_0 like Mac OS X) AppleWebKit/605.1.15 (KHTML, like Gecko) Version/18.0 Mobile/15E148 Safari/604.1"
158.173.67.247 - - [12/Jun/2026:01:37:53 +0200] "GET /wp-content/plugins/wp-marketing-automations/readme.txt HTTP/1.1" 200 11849 "-" "Mozilla/5.0 (Macintosh; Intel Mac OS X 10_15_7) AppleWebKit/537.36 (KHTML, like Gecko) Chrome/133.0.0.0 Safari/537.36"
158.173.67.243 - - [12/Jun/2026:01:37:54 +0200] "GET /wp-content/plugins/order-delivery-date/readme.txt HTTP/1.1" 200 11819 "-" "Mozilla/5.0 (Macintosh; Intel Mac OS X 10_15_7) AppleWebKit/537.36 (KHTML, like Gecko) Chrome/131.0.0.0 Safari/537.36"
158.173.67.25 - - [12/Jun/2026:01:37:54 +0200] "GET /wp-content/themes/noo-jobmonster/style.css HTTP/1.1" 200 11817 "-" "Mozilla/5.0 (iPhone; CPU iPhone OS 17_2 like Mac OS X) AppleWebKit/605.1.15 (KHTML, like Gecko) Version/17.2 Mobile/15E148 Safari/604.1"
158.173.67.10 - - [12/Jun/2026:01:37:55 +0200] "GET /wp-content/themes/service-finder/style.css HTTP/1.1" 200 11928 "-" "Mozilla/5.0 (Windows NT 10.0; Win64; x64) AppleWebKit/537.36 (KHTML, like Gecko) Chrome/107.0.0.0 Safari/537.36"
158.173.67.243 - - [12/Jun/2026:01:37:55 +0200] "GET /wp-content/themes/litho/style.css HTTP/1.1" 200 11823 "-" "Mozilla/5.0 (iPhone; CPU iPhone OS 18_0 like Mac OS X) AppleWebKit/605.1.15 (KHTML, like Gecko) Version/18.0 Mobile/15E148 Safari/604.1"
158.173.67.101 - - [12/Jun/2026:01:37:56 +0200] "GET /wp-content/plugins/wp-registration/readme.txt HTTP/1.1" 200 11774 "-" "Mozilla/5.0 (Macintosh; Intel Mac OS X 10_15_7) AppleWebKit/537.36 (KHTML, like Gecko) Chrome/131.0.0.0 Safari/537.36"
158.173.67.233 - - [12/Jun/2026:01:37:57 +0200] "GET /wp-content/plugins/ht-contactform/readme.txt HTTP/1.1" 200 11890 "-" "Mozilla/5.0 (iPhone; CPU iPhone OS 18_0 like Mac OS X) AppleWebKit/605.1.15 (KHTML, like Gecko) Version/18.0 Mobile/15E148 Safari/604.1"
158.173.67.141 - - [12/Jun/2026:01:37:57 +0200] "GET /wp-content/themes/alone/style.css HTTP/1.1" 200 11814 "-" "Mozilla/5.0 (Windows NT 10.0; Win64; x64) AppleWebKit/537.36 (KHTML, like Gecko) Chrome/101.0.4951.64 Safari/537.36 Edg/101.0.1210.47"
65.108.235.243 - - [12/Jun/2026:01:55:12 +0200] "POST /wp-cron.php?doing_wp_cron=1781222112.1864290237426757812500 HTTP/1.1" 200 1 "-" "WordPress/7.0; https://piacenza.elettroservicegroup.it"
170.106.163.48 - - [12/Jun/2026:01:55:10 +0200] "GET / HTTP/1.1" 301 - "-" "Mozilla/5.0 (iPhone; CPU iPhone OS 13_2_3 like Mac OS X) AppleWebKit/605.1.15 (KHTML, like Gecko) Version/13.0.3 Mobile/15E148 Safari/604.1"
65.108.235.243 - - [12/Jun/2026:03:36:28 +0200] "POST /wp-cron.php?doing_wp_cron=1781228188.5197310447692871093750 HTTP/1.1" 200 1 "-" "WordPress/7.0; https://piacenza.elettroservicegroup.it"
45.86.16.91 - - [12/Jun/2026:03:36:26 +0200] "GET /wp-login.php HTTP/1.1" 302 - "-" "Mozilla/5.0 (Macintosh; Intel Mac OS X 10_12_6) AppleWebKit/603.3.8 (KHTML, like Gecko) Version/10.1.2 Safari/603.3.8"
45.86.16.91 - - [12/Jun/2026:03:36:29 +0200] "POST http://piacenza.elettroservicegroup.it/wp-login.php HTTP/1.1" 302 - "-" "Mozilla/5.0 (Macintosh; Intel Mac OS X 10_12_6) AppleWebKit/603.3.8 (KHTML, like Gecko) Version/10.1.2 Safari/603.3.8"
45.86.16.91 - - [12/Jun/2026:03:36:32 +0200] "GET http://piacenza.elettroservicegroup.it/wp-admin/post-new.php HTTP/1.1" 302 - "-" "Mozilla/5.0 (Macintosh; Intel Mac OS X 10_12_6) AppleWebKit/603.3.8 (KHTML, like Gecko) Version/10.1.2 Safari/603.3.8"
65.108.235.243 - - [12/Jun/2026:04:06:33 +0200] "POST /wp-cron.php?doing_wp_cron=1781229993.0473139286041259765625 HTTP/1.1" 200 1 "-" "WordPress/7.0; https://piacenza.elettroservicegroup.it"
140.206.235.110 - - [12/Jun/2026:04:06:31 +0200] "GET /robots.txt HTTP/2.0" 200 108 "http://piacenza.elettroservicegroup.it/robots.txt" "Mozilla/5.0 (Macintosh; Intel Mac OS X 10_15_7) AppleWebKit/537.36 (KHTML, like Gecko) Chrome/119.0.0.0 Safari/537.36"
140.206.235.110 - - [12/Jun/2026:04:06:31 +0200] "GET /robots.txt HTTP/1.1" 101 - "http://piacenza.elettroservicegroup.it/robots.txt" "Mozilla/5.0 (Macintosh; Intel Mac OS X 10_15_7) AppleWebKit/537.36 (KHTML, like Gecko) Chrome/119.0.0.0 Safari/537.36"
43.166.240.231 - - [12/Jun/2026:06:45:54 +0200] "GET / HTTP/1.1" 200 11816 "-" "Mozilla/5.0 (iPhone; CPU iPhone OS 13_2_3 like Mac OS X) AppleWebKit/605.1.15 (KHTML, like Gecko) Version/13.0.3 Mobile/15E148 Safari/604.1"
65.108.235.243 - - [12/Jun/2026:06:55:57 +0200] "POST /wp-cron.php?doing_wp_cron=1781240157.7454779148101806640625 HTTP/1.1" 200 1 "-" "WordPress/7.0; https://piacenza.elettroservicegroup.it"
161.0.29.72 - - [12/Jun/2026:06:55:56 +0200] "GET /wp-login.php HTTP/1.1" 302 - "-" "Mozilla/5.0 (Macintosh; Intel Mac OS X 10_12_6) AppleWebKit/603.3.8 (KHTML, like Gecko) Version/10.1.2 Safari/603.3.8"
161.0.29.72 - - [12/Jun/2026:06:55:59 +0200] "POST http://piacenza.elettroservicegroup.it/wp-login.php HTTP/1.1" 302 - "-" "Mozilla/5.0 (Macintosh; Intel Mac OS X 10_12_6) AppleWebKit/603.3.8 (KHTML, like Gecko) Version/10.1.2 Safari/603.3.8"
161.0.29.72 - - [12/Jun/2026:06:56:01 +0200] "GET http://piacenza.elettroservicegroup.it/wp-admin/post-new.php HTTP/1.1" 302 - "-" "Mozilla/5.0 (Macintosh; Intel Mac OS X 10_12_6) AppleWebKit/603.3.8 (KHTML, like Gecko) Version/10.1.2 Safari/603.3.8"
65.108.235.243 - - [12/Jun/2026:08:30:47 +0200] "POST /wp-cron.php?doing_wp_cron=1781245847.5409159660339355468750 HTTP/1.1" 200 1 "-" "WordPress/7.0; https://piacenza.elettroservicegroup.it"
91.242.72.58 - - [12/Jun/2026:08:30:45 +0200] "GET /wp-login.php HTTP/1.1" 302 - "-" "Mozilla/5.0 (Macintosh; Intel Mac OS X 10_12_6) AppleWebKit/603.3.8 (KHTML, like Gecko) Version/10.1.2 Safari/603.3.8"
91.242.72.58 - - [12/Jun/2026:08:30:49 +0200] "POST http://piacenza.elettroservicegroup.it/wp-login.php HTTP/1.1" 302 - "-" "Mozilla/5.0 (Macintosh; Intel Mac OS X 10_12_6) AppleWebKit/603.3.8 (KHTML, like Gecko) Version/10.1.2 Safari/603.3.8"
91.242.72.58 - - [12/Jun/2026:08:30:50 +0200] "GET http://piacenza.elettroservicegroup.it/wp-admin/post-new.php HTTP/1.1" 302 - "-" "Mozilla/5.0 (Macintosh; Intel Mac OS X 10_12_6) AppleWebKit/603.3.8 (KHTML, like Gecko) Version/10.1.2 Safari/603.3.8"
65.108.235.243 - - [12/Jun/2026:08:47:08 +0200] "POST /wp-cron.php?doing_wp_cron=1781246828.4451069831848144531250 HTTP/1.1" 200 1 "-" "WordPress/7.0; https://piacenza.elettroservicegroup.it"
216.244.66.196 - - [12/Jun/2026:08:47:02 +0200] "GET /robots.txt HTTP/1.1" 200 195 "-" "Mozilla/5.0 (compatible; DotBot/1.2; +https://opensiteexplorer.org/dotbot; help@moz.com)"
65.108.235.243 - - [12/Jun/2026:08:49:31 +0200] "POST /wp-cron.php?doing_wp_cron=1781246971.1241650581359863281250 HTTP/1.1" 200 1 "-" "WordPress/7.0; https://piacenza.elettroservicegroup.it"
216.244.66.196 - - [12/Jun/2026:08:49:25 +0200] "GET / HTTP/1.1" 301 - "-" "Mozilla/5.0 (compatible; DotBot/1.2; +https://opensiteexplorer.org/dotbot; help@moz.com)"
158.173.67.9 - - [12/Jun/2026:09:47:27 +0200] "GET /wp-content/plugins/excel-like-price-change-for-woocommerce-and-wp-e-commerce-light/readme.txt HTTP/1.1" 200 11801 "-" "Mozilla/5.0 (Windows NT 10.0; Win64; x64) AppleWebKit/537.36 (KHTML, like Gecko) Chrome/104.0.0.0 Safari/537.36"
158.173.67.237 - - [12/Jun/2026:09:47:50 +0200] "GET /wp-content/plugins/wp-event-solution/readme.txt HTTP/1.1" 200 11754 "-" "Mozilla/5.0 (Macintosh; Intel Mac OS X 10_15_7) AppleWebKit/605.1.15 (KHTML, like Gecko) Version/18.0 Safari/605.1.15"
158.173.67.25 - - [12/Jun/2026:09:47:52 +0200] "GET /wp-content/plugins/wc-fields-factory/readme.txt HTTP/1.1" 200 11709 "-" "Mozilla/5.0 (Linux; Android 10; K) AppleWebKit/537.36 (KHTML, like Gecko) Chrome/131.0.0.0 Mobile Safari/537.36"
158.173.67.233 - - [12/Jun/2026:09:47:53 +0200] "GET /wp-content/plugins/user-registration-pro/readme.txt HTTP/1.1" 200 11902 "-" "Mozilla/5.0 (Linux; Android 10; K) AppleWebKit/537.36 (KHTML, like Gecko) Chrome/131.0.0.0 Mobile Safari/537.36"
158.173.67.112 - - [12/Jun/2026:09:47:58 +0200] "GET /wp-content/plugins/user-registration/readme.txt HTTP/1.1" 200 11937 "-" "Mozilla/5.0 (Macintosh; Intel Mac OS X 10_15_7) AppleWebKit/537.36 (KHTML, like Gecko) Chrome/131.0.0.0 Safari/537.36"
158.173.67.25 - - [12/Jun/2026:09:48:00 +0200] "GET /wp-content/themes/motors/CHANGELOG.md HTTP/1.1" 200 11812 "-" "Mozilla/5.0 (Macintosh; Intel Mac OS X 10_15_7) AppleWebKit/537.36 (KHTML, like Gecko) Chrome/133.0.0.0 Safari/537.36"
158.173.67.156 - - [12/Jun/2026:09:48:02 +0200] "GET /wp-content/plugins/file-away/readme.txt HTTP/1.1" 200 11849 "-" "Mozilla/5.0 (iPhone; CPU iPhone OS 18_0 like Mac OS X) AppleWebKit/605.1.15 (KHTML, like Gecko) Version/18.0 Mobile/15E148 Safari/604.1"
158.173.67.144 - - [12/Jun/2026:09:48:03 +0200] "GET /wp-content/plugins/baiduseo/readme.txt HTTP/1.1" 200 11778 "-" "Mozilla/5.0 (Linux; Android 12; Pixel 6) AppleWebKit/537.36 (KHTML, like Gecko) Chrome/99.0.4844.58 Mobile Safari/537.36"
158.173.67.141 - - [12/Jun/2026:09:48:12 +0200] "GET /wp-content/themes/adforest/style.css HTTP/1.1" 200 11911 "-" "Mozilla/5.0 (Macintosh; Intel Mac OS X 10_15_7) AppleWebKit/605.1.15 (KHTML, like Gecko) Version/18.0 Safari/605.1.15"
158.173.67.141 - - [12/Jun/2026:09:48:33 +0200] "GET /wp-content/themes/superio/style.css HTTP/1.1" 200 11900 "-" "Mozilla/5.0 (Linux; Android 10; K) AppleWebKit/537.36 (KHTML, like Gecko) Chrome/131.0.0.0 Mobile Safari/537.36"
158.173.67.237 - - [12/Jun/2026:09:48:57 +0200] "GET /wp-content/plugins/order-delivery-date/readme.txt HTTP/1.1" 200 11775 "-" "Mozilla/5.0 (Macintosh; Intel Mac OS X 10_15_7) AppleWebKit/537.36 (KHTML, like Gecko) Chrome/133.0.0.0 Safari/537.36"
158.173.67.141 - - [12/Jun/2026:09:49:29 +0200] "GET /wp-content/plugins/suretriggers/readme.txt HTTP/1.1" 200 11808 "-" "Mozilla/5.0 (Linux; Android 10; K) AppleWebKit/537.36 (KHTML, like Gecko) Chrome/131.0.0.0 Mobile Safari/537.36"
158.173.67.61 - - [12/Jun/2026:09:49:31 +0200] "GET /wp-content/themes/foodbakery/style.css HTTP/1.1" 200 11864 "-" "Mozilla/5.0 (Macintosh; Intel Mac OS X 10_15_7) AppleWebKit/537.36 (KHTML, like Gecko) Chrome/133.0.0.0 Safari/537.36"
158.173.67.247 - - [12/Jun/2026:09:49:35 +0200] "GET /wp-content/plugins/whmpress/history.txt HTTP/1.1" 200 11788 "-" "Mozilla/5.0 (Windows NT 10.0; Win64; x64) AppleWebKit/537.36 (KHTML, like Gecko) Chrome/101.0.4951.64 Safari/537.36 Edg/101.0.1210.47"
158.173.67.61 - - [12/Jun/2026:09:49:38 +0200] "GET /wp-content/themes/javo-directory/style.css HTTP/1.1" 200 11962 "-" "Mozilla/5.0 (Windows NT 10.0; Win64; x64) AppleWebKit/537.36 (KHTML, like Gecko) Chrome/101.0.4951.64 Safari/537.36 Edg/101.0.1210.47"
158.173.67.193 - - [12/Jun/2026:09:49:40 +0200] "GET /wp-content/plugins/iwjob/assets/css/style.css HTTP/1.1" 200 11870 "-" "Mozilla/5.0 (Macintosh; Intel Mac OS X 10_15_7) AppleWebKit/537.36 (KHTML, like Gecko) Chrome/124.0.0.0 Safari/537.36"
158.173.67.73 - - [12/Jun/2026:09:49:50 +0200] "GET /wp-content/themes/golo/style.css HTTP/1.1" 200 11808 "-" "Mozilla/5.0 (iPhone; CPU iPhone OS 17_2 like Mac OS X) AppleWebKit/605.1.15 (KHTML, like Gecko) Version/17.2 Mobile/15E148 Safari/604.1"
158.173.67.122 - - [12/Jun/2026:09:49:53 +0200] "GET /wp-content/plugins/suretriggers/readme.txt HTTP/1.1" 200 11838 "-" "Mozilla/5.0 (Macintosh; Intel Mac OS X 10_15_7) AppleWebKit/537.36 (KHTML, like Gecko) Chrome/131.0.0.0 Safari/537.36"
158.173.67.193 - - [12/Jun/2026:09:49:55 +0200] "GET /wp-content/themes/civi/style.css HTTP/1.1" 200 11868 "-" "Mozilla/5.0 (Macintosh; Intel Mac OS X 10_15_7) AppleWebKit/537.36 (KHTML, like Gecko) Chrome/131.0.0.0 Safari/537.36"
158.173.67.237 - - [12/Jun/2026:09:50:30 +0200] "GET /wp-content/themes/jobcareer/style.css HTTP/1.1" 200 11862 "-" "Mozilla/5.0 (Windows NT 10.0; Win64; x64) AppleWebKit/537.36 (KHTML, like Gecko) Chrome/104.0.0.0 Safari/537.36"
158.173.67.144 - - [12/Jun/2026:09:50:31 +0200] "GET /wp-content/plugins/chaty-pro/css/chaty-front.min.css HTTP/1.1" 200 11829 "-" "Mozilla/5.0 (Linux; Android 12; Pixel 6) AppleWebKit/537.36 (KHTML, like Gecko) Chrome/99.0.4844.58 Mobile Safari/537.36"
158.173.67.6 - - [12/Jun/2026:09:50:35 +0200] "GET /wp-content/themes/homevillas-real-estate/style.css HTTP/1.1" 200 11802 "-" "Mozilla/5.0 (Windows NT 10.0; Win64; x64) AppleWebKit/537.36 (KHTML, like Gecko) Chrome/101.0.4951.64 Safari/537.36 Edg/101.0.1210.47"
158.173.67.200 - - [12/Jun/2026:09:50:38 +0200] "GET /wp-content/themes/realhomes/style.css HTTP/1.1" 200 11792 "-" "Mozilla/5.0 (iPhone; CPU iPhone OS 18_0 like Mac OS X) AppleWebKit/605.1.15 (KHTML, like Gecko) Version/18.0 Mobile/15E148 Safari/604.1"
158.173.67.218 - - [12/Jun/2026:09:50:39 +0200] "GET /wp-content/plugins/k-elements/readme.txt HTTP/1.1" 200 11904 "-" "Mozilla/5.0 (Windows NT 10.0; Win64; x64) AppleWebKit/537.36 (KHTML, like Gecko) Chrome/104.0.0.0 Safari/537.36"
158.173.67.247 - - [12/Jun/2026:09:50:42 +0200] "GET /wp-content/plugins/security-malware-firewall/readme.txt HTTP/1.1" 200 11865 "-" "Mozilla/5.0 (Windows NT 10.0; Win64; x64) AppleWebKit/537.36 (KHTML, like Gecko) Chrome/101.0.4951.64 Safari/537.36 Edg/101.0.1210.47"
158.173.67.243 - - [12/Jun/2026:09:50:44 +0200] "GET /wp-content/themes/directorybox/style.css HTTP/1.1" 200 11789 "-" "Mozilla/5.0 (Windows NT 10.0; Win64; x64) AppleWebKit/537.36 (KHTML, like Gecko) Chrome/101.0.4951.64 Safari/537.36 Edg/101.0.1210.47"
158.173.67.25 - - [12/Jun/2026:09:50:46 +0200] "GET /wp-content/plugins/indeed-wp-superbackup/admin/assets/css/style.css HTTP/1.1" 200 11963 "-" "Mozilla/5.0 (iPhone; CPU iPhone OS 17_2 like Mac OS X) AppleWebKit/605.1.15 (KHTML, like Gecko) Version/17.2 Mobile/15E148 Safari/604.1"
158.173.67.139 - - [12/Jun/2026:09:50:48 +0200] "GET /wp-content/plugins/post-grid/readme.txt HTTP/1.1" 200 11894 "-" "Mozilla/5.0 (Linux; Android 10; K) AppleWebKit/537.36 (KHTML, like Gecko) Chrome/131.0.0.0 Mobile Safari/537.36"
158.173.67.73 - - [12/Jun/2026:09:50:49 +0200] "GET /wp-content/themes/homey/style.css HTTP/1.1" 200 11819 "-" "Mozilla/5.0 (Windows NT 10.0; Win64; x64) AppleWebKit/537.36 (KHTML, like Gecko) Chrome/104.0.0.0 Safari/537.36"
158.173.67.141 - - [12/Jun/2026:09:50:51 +0200] "GET /wp-content/themes/adifier/style.css HTTP/1.1" 200 11795 "-" "Mozilla/5.0 (Macintosh; Intel Mac OS X 10_15_7) AppleWebKit/537.36 (KHTML, like Gecko) Chrome/124.0.0.0 Safari/537.36"
158.173.67.46 - - [12/Jun/2026:09:50:52 +0200] "GET /wp-content/plugins/fancy-product-designer/readme.txt HTTP/1.1" 200 11827 "-" "Mozilla/5.0 (Macintosh; Intel Mac OS X 10_15_7) AppleWebKit/537.36 (KHTML, like Gecko) Chrome/133.0.0.0 Safari/537.36"
158.173.67.156 - - [12/Jun/2026:09:51:31 +0200] "GET /wp-content/plugins/jobboardwp/readme.txt HTTP/1.1" 200 11865 "-" "Mozilla/5.0 (Macintosh; Intel Mac OS X 10_15_7) AppleWebKit/605.1.15 (KHTML, like Gecko) Version/18.0 Safari/605.1.15"
158.173.67.251 - - [12/Jun/2026:09:51:35 +0200] "GET /wp-content/plugins/woocommerce-photo-reviews/changelog.txt HTTP/1.1" 200 11788 "-" "Mozilla/5.0 (Macintosh; Intel Mac OS X 10_15_7) AppleWebKit/537.36 (KHTML, like Gecko) Chrome/131.0.0.0 Safari/537.36"
158.173.67.237 - - [12/Jun/2026:09:51:38 +0200] "GET /wp-content/plugins/pie-register-premium/readme.txt HTTP/1.1" 200 11845 "-" "Mozilla/5.0 (Macintosh; Intel Mac OS X 10_15_7) AppleWebKit/537.36 (KHTML, like Gecko) Chrome/131.0.0.0 Safari/537.36"
158.173.67.243 - - [12/Jun/2026:09:51:40 +0200] "GET /wp-content/plugins/indeed-wp-superbackup/languages/indeed-wp-superbackup.pot HTTP/1.1" 200 11884 "-" "Mozilla/5.0 (iPhone; CPU iPhone OS 18_0 like Mac OS X) AppleWebKit/605.1.15 (KHTML, like Gecko) Version/18.0 Mobile/15E148 Safari/604.1"
158.173.67.144 - - [12/Jun/2026:09:51:42 +0200] "GET /wp-content/plugins/custom-registration-form-builder-with-submission-manager/readme.txt HTTP/1.1" 200 11890 "-" "Mozilla/5.0 (Linux; Android 10; K) AppleWebKit/537.36 (KHTML, like Gecko) Chrome/131.0.0.0 Mobile Safari/537.36"
158.173.67.237 - - [12/Jun/2026:09:51:47 +0200] "GET /wp-content/plugins/wp-time-capsule/readme.txt HTTP/1.1" 200 11856 "-" "Mozilla/5.0 (iPhone; CPU iPhone OS 18_0 like Mac OS X) AppleWebKit/605.1.15 (KHTML, like Gecko) Version/18.0 Mobile/15E148 Safari/604.1"
158.173.67.61 - - [12/Jun/2026:09:51:49 +0200] "GET /wp-content/plugins/really-simple-ssl-pro-multisite/readme.txt HTTP/1.1" 200 11841 "-" "Mozilla/5.0 (Linux; Android 10; K) AppleWebKit/537.36 (KHTML, like Gecko) Chrome/131.0.0.0 Mobile Safari/537.36"
158.173.67.247 - - [12/Jun/2026:09:51:55 +0200] "GET /wp-content/plugins/really-simple-ssl-pro/readme.txt HTTP/1.1" 200 11866 "-" "Mozilla/5.0 (Linux; Android 12; Pixel 6) AppleWebKit/537.36 (KHTML, like Gecko) Chrome/99.0.4844.58 Mobile Safari/537.36"
158.173.67.9 - - [12/Jun/2026:09:52:01 +0200] "GET /wp-content/plugins/really-simple-ssl/readme.txt HTTP/1.1" 200 11791 "-" "Mozilla/5.0 (Linux; Android 12; Pixel 6) AppleWebKit/537.36 (KHTML, like Gecko) Chrome/99.0.4844.58 Mobile Safari/537.36"
158.173.67.185 - - [12/Jun/2026:09:52:04 +0200] "GET /wp-content/plugins/wp-membership/languages/wpmembership.pot HTTP/1.1" 200 11907 "-" "Mozilla/5.0 (Macintosh; Intel Mac OS X 10_15_7) AppleWebKit/537.36 (KHTML, like Gecko) Chrome/131.0.0.0 Safari/537.36"
158.173.67.226 - - [12/Jun/2026:09:52:17 +0200] "GET /wp-content/themes/wplms/style.css HTTP/1.1" 200 11833 "-" "Mozilla/5.0 (Windows NT 10.0; Win64; x64) AppleWebKit/537.36 (KHTML, like Gecko) Chrome/107.0.0.0 Safari/537.36"
158.173.67.112 - - [12/Jun/2026:09:52:56 +0200] "GET /wp-content/plugins/wp-jobsearch/admin/css/admin.css HTTP/1.1" 200 11866 "-" "Mozilla/5.0 (Linux; Android 10; K) AppleWebKit/537.36 (KHTML, like Gecko) Chrome/131.0.0.0 Mobile Safari/537.36"
158.173.67.48 - - [12/Jun/2026:09:52:57 +0200] "GET /wp-content/plugins/wp-wc-affiliate-program/languages/rtwwwap-wp-wc-affiliate-program.pot HTTP/1.1" 200 11908 "-" "Mozilla/5.0 (Macintosh; Intel Mac OS X 10_15_7) AppleWebKit/537.36 (KHTML, like Gecko) Chrome/124.0.0.0 Safari/537.36"
158.173.67.73 - - [12/Jun/2026:09:53:06 +0200] "GET /wp-content/plugins/Ultimate_AI/assets/css/style.css HTTP/1.1" 200 11804 "-" "Mozilla/5.0 (Windows NT 10.0; Win64; x64) AppleWebKit/537.36 (KHTML, like Gecko) Chrome/107.0.0.0 Safari/537.36"
158.173.67.46 - - [12/Jun/2026:09:53:30 +0200] "GET /wp-content/plugins/latepoint/readme.txt HTTP/1.1" 200 11858 "-" "Mozilla/5.0 (iPhone; CPU iPhone OS 18_0 like Mac OS X) AppleWebKit/605.1.15 (KHTML, like Gecko) Version/18.0 Mobile/15E148 Safari/604.1"
158.173.67.233 - - [12/Jun/2026:09:53:31 +0200] "GET /wp-content/plugins/gutenkit-blocks-addon/readme.txt HTTP/1.1" 200 11791 "-" "Mozilla/5.0 (iPhone; CPU iPhone OS 17_2 like Mac OS X) AppleWebKit/605.1.15 (KHTML, like Gecko) Version/17.2 Mobile/15E148 Safari/604.1"
158.173.67.251 - - [12/Jun/2026:09:53:32 +0200] "GET /wp-content/plugins/rss-feed-post-generator-echo/readme.txt HTTP/1.1" 200 11939 "-" "Mozilla/5.0 (Linux; Android 10; K) AppleWebKit/537.36 (KHTML, like Gecko) Chrome/131.0.0.0 Mobile Safari/537.36"
158.173.67.21 - - [12/Jun/2026:09:53:55 +0200] "GET /wp-content/plugins/json-api-user/readme.txt HTTP/1.1" 200 11849 "-" "Mozilla/5.0 (iPhone; CPU iPhone OS 17_2 like Mac OS X) AppleWebKit/605.1.15 (KHTML, like Gecko) Version/17.2 Mobile/15E148 Safari/604.1"
158.173.67.61 - - [12/Jun/2026:09:53:55 +0200] "GET /wp-content/plugins/charitable/CHANGELOG.md HTTP/1.1" 200 11887 "-" "Mozilla/5.0 (Linux; Android 10; K) AppleWebKit/537.36 (KHTML, like Gecko) Chrome/131.0.0.0 Mobile Safari/537.36"
158.173.67.226 - - [12/Jun/2026:09:54:06 +0200] "GET /wp-content/plugins/wp-job-portal/readme.txt HTTP/1.1" 200 11762 "-" "Mozilla/5.0 (Windows NT 10.0; Win64; x64) AppleWebKit/537.36 (KHTML, like Gecko) Chrome/101.0.4951.64 Safari/537.36 Edg/101.0.1210.47"
158.173.67.112 - - [12/Jun/2026:09:54:22 +0200] "GET /wp-content/plugins/js-support-ticket/readme.txt HTTP/1.1" 200 11831 "-" "Mozilla/5.0 (Linux; Android 10; K) AppleWebKit/537.36 (KHTML, like Gecko) Chrome/131.0.0.0 Mobile Safari/537.36"
158.173.67.25 - - [12/Jun/2026:09:54:23 +0200] "GET /wp-content/plugins/give/readme.txt HTTP/1.1" 200 11759 "-" "Mozilla/5.0 (Macintosh; Intel Mac OS X 10_15_7) AppleWebKit/537.36 (KHTML, like Gecko) Chrome/124.0.0.0 Safari/537.36"
158.173.67.122 - - [12/Jun/2026:09:54:32 +0200] "GET /wp-content/debug.log HTTP/1.1" 200 11796 "-" "Mozilla/5.0 (Macintosh; Intel Mac OS X 10_15_7) AppleWebKit/605.1.15 (KHTML, like Gecko) Version/18.0 Safari/605.1.15"
158.173.67.112 - - [12/Jun/2026:09:54:36 +0200] "GET /wp-content/plugins/zm-ajax-login-register/readme.txt HTTP/1.1" 200 11928 "-" "Mozilla/5.0 (iPhone; CPU iPhone OS 18_0 like Mac OS X) AppleWebKit/605.1.15 (KHTML, like Gecko) Version/18.0 Mobile/15E148 Safari/604.1"
158.173.67.156 - - [12/Jun/2026:09:54:36 +0200] "GET /wp-content/plugins/instawp-connect/readme.txt HTTP/1.1" 200 11810 "-" "Mozilla/5.0 (Macintosh; Intel Mac OS X 10_15_7) AppleWebKit/605.1.15 (KHTML, like Gecko) Version/18.0 Safari/605.1.15"
158.173.67.46 - - [12/Jun/2026:09:54:40 +0200] "GET /wp-content/plugins/instawp-connect/readme.txt HTTP/1.1" 200 11784 "-" "Mozilla/5.0 (iPhone; CPU iPhone OS 17_2 like Mac OS X) AppleWebKit/605.1.15 (KHTML, like Gecko) Version/17.2 Mobile/15E148 Safari/604.1"
158.173.67.185 - - [12/Jun/2026:09:54:40 +0200] "GET / HTTP/1.1" 200 11811 "-" "Mozilla/5.0 (Macintosh; Intel Mac OS X 10_15_7) AppleWebKit/537.36 (KHTML, like Gecko) Chrome/124.0.0.0 Safari/537.36"
158.173.67.247 - - [12/Jun/2026:09:54:42 +0200] "GET /wp-content/plugins/wp-seopress/readme.txt HTTP/1.1" 200 11810 "-" "Mozilla/5.0 (Macintosh; Intel Mac OS X 10_15_7) AppleWebKit/537.36 (KHTML, like Gecko) Chrome/131.0.0.0 Safari/537.36"
158.173.67.166 - - [12/Jun/2026:09:54:44 +0200] "GET /wp-content/plugins/keydatas/readme.txt HTTP/1.1" 200 11904 "-" "Mozilla/5.0 (Linux; Android 12; Pixel 6) AppleWebKit/537.36 (KHTML, like Gecko) Chrome/99.0.4844.58 Mobile Safari/537.36"
158.173.67.144 - - [12/Jun/2026:09:54:46 +0200] "GET /wp-content/plugins/wp-time-capsule/readme.txt HTTP/1.1" 200 11866 "-" "Mozilla/5.0 (Macintosh; Intel Mac OS X 10_15_7) AppleWebKit/537.36 (KHTML, like Gecko) Chrome/124.0.0.0 Safari/537.36"
158.173.67.233 - - [12/Jun/2026:09:54:46 +0200] "GET /wp-content/plugins/wp-mlm/readme.txt HTTP/1.1" 200 11881 "-" "Mozilla/5.0 (iPhone; CPU iPhone OS 18_0 like Mac OS X) AppleWebKit/605.1.15 (KHTML, like Gecko) Version/18.0 Mobile/15E148 Safari/604.1"
158.173.67.141 - - [12/Jun/2026:09:54:48 +0200] "GET /wp-content/plugins/userpro/changelog.txt HTTP/1.1" 200 11880 "-" "Mozilla/5.0 (Linux; Android 12; Pixel 6) AppleWebKit/537.36 (KHTML, like Gecko) Chrome/99.0.4844.58 Mobile Safari/537.36"
158.173.67.16 - - [12/Jun/2026:09:54:52 +0200] "GET /wp-content/plugins/chatbot-chatgpt/readme.txt HTTP/1.1" 200 11865 "-" "Mozilla/5.0 (Macintosh; Intel Mac OS X 10_15_7) AppleWebKit/605.1.15 (KHTML, like Gecko) Version/18.0 Safari/605.1.15"
158.173.67.6 - - [12/Jun/2026:09:54:53 +0200] "GET /wp-content/plugins/wp-automatic/css/wp-automatic.css HTTP/1.1" 200 11869 "-" "Mozilla/5.0 (iPhone; CPU iPhone OS 17_2 like Mac OS X) AppleWebKit/605.1.15 (KHTML, like Gecko) Version/17.2 Mobile/15E148 Safari/604.1"
158.173.67.243 - - [12/Jun/2026:09:54:54 +0200] "GET /wp-content/plugins/wp-automatic/changelog HTTP/1.1" 200 11876 "-" "Mozilla/5.0 (Macintosh; Intel Mac OS X 10_15_7) AppleWebKit/537.36 (KHTML, like Gecko) Chrome/131.0.0.0 Safari/537.36"
158.173.67.193 - - [12/Jun/2026:09:55:00 +0200] "GET /wp-content/plugins/wp-photo-album-plus/changelog.txt HTTP/1.1" 200 11831 "-" "Mozilla/5.0 (Linux; Android 10; K) AppleWebKit/537.36 (KHTML, like Gecko) Chrome/131.0.0.0 Mobile Safari/537.36"
158.173.67.48 - - [12/Jun/2026:09:55:01 +0200] "GET /wp-content/plugins/startklar-elmentor-forms-extwidgets/readme.txt HTTP/1.1" 200 11856 "-" "Mozilla/5.0 (iPhone; CPU iPhone OS 18_0 like Mac OS X) AppleWebKit/605.1.15 (KHTML, like Gecko) Version/18.0 Mobile/15E148 Safari/604.1"
158.173.67.193 - - [12/Jun/2026:09:55:02 +0200] "GET /wp-content/plugins/edwiser-bridge/readme.txt HTTP/1.1" 200 11797 "-" "Mozilla/5.0 (iPhone; CPU iPhone OS 17_2 like Mac OS X) AppleWebKit/605.1.15 (KHTML, like Gecko) Version/17.2 Mobile/15E148 Safari/604.1"
158.173.67.247 - - [12/Jun/2026:09:55:04 +0200] "GET /wp-content/plugins/learning-management-system/readme.txt HTTP/1.1" 200 11825 "-" "Mozilla/5.0 (Macintosh; Intel Mac OS X 10_15_7) AppleWebKit/537.36 (KHTML, like Gecko) Chrome/124.0.0.0 Safari/537.36"
158.173.67.213 - - [12/Jun/2026:09:55:06 +0200] "GET /wp-content/plugins/woocommerce-simple-registration/readme.txt HTTP/1.1" 200 11839 "-" "Mozilla/5.0 (Macintosh; Intel Mac OS X 10_15_7) AppleWebKit/537.36 (KHTML, like Gecko) Chrome/131.0.0.0 Safari/537.36"
158.173.67.141 - - [12/Jun/2026:09:55:07 +0200] "GET /wp-content/plugins/miniorange-2-factor-authentication/readme.txt HTTP/1.1" 200 11823 "-" "Mozilla/5.0 (iPhone; CPU iPhone OS 17_2 like Mac OS X) AppleWebKit/605.1.15 (KHTML, like Gecko) Version/17.2 Mobile/15E148 Safari/604.1"
158.173.67.9 - - [12/Jun/2026:09:55:08 +0200] "GET /wp-content/plugins/miniorange-malware-protection/readme.txt HTTP/1.1" 200 11783 "-" "Mozilla/5.0 (Linux; Android 10; K) AppleWebKit/537.36 (KHTML, like Gecko) Chrome/131.0.0.0 Mobile Safari/537.36"
158.173.67.166 - - [12/Jun/2026:09:55:19 +0200] "GET /wp-content/plugins/instawp-connect/readme.txt HTTP/1.1" 200 11819 "-" "Mozilla/5.0 (Linux; Android 12; Pixel 6) AppleWebKit/537.36 (KHTML, like Gecko) Chrome/99.0.4844.58 Mobile Safari/537.36"
158.173.67.139 - - [12/Jun/2026:09:55:22 +0200] "GET /wp-content/plugins/masterstudy-lms-learning-management-system/readme.txt HTTP/1.1" 200 11841 "-" "Mozilla/5.0 (Macintosh; Intel Mac OS X 10_15_7) AppleWebKit/537.36 (KHTML, like Gecko) Chrome/124.0.0.0 Safari/537.36"
158.173.67.73 - - [12/Jun/2026:09:55:22 +0200] "GET /wp-content/plugins/activedemand/readme.txt HTTP/1.1" 200 11928 "-" "Mozilla/5.0 (Macintosh; Intel Mac OS X 10_15_7) AppleWebKit/537.36 (KHTML, like Gecko) Chrome/124.0.0.0 Safari/537.36"
158.173.67.251 - - [12/Jun/2026:09:55:24 +0200] "GET /wp-content/plugins/phppoet-checkout-fields/readme.txt HTTP/1.1" 200 11818 "-" "Mozilla/5.0 (Windows NT 10.0; Win64; x64) AppleWebKit/537.36 (KHTML, like Gecko) Chrome/101.0.4951.64 Safari/537.36 Edg/101.0.1210.47"
158.173.67.16 - - [12/Jun/2026:09:55:25 +0200] "GET / HTTP/1.1" 200 11806 "-" "Mozilla/5.0 (Linux; Android 12; Pixel 6) AppleWebKit/537.36 (KHTML, like Gecko) Chrome/99.0.4844.58 Mobile Safari/537.36"
158.173.67.218 - - [12/Jun/2026:09:55:28 +0200] "GET /wp-content/plugins/bertha-ai-free/readme.txt HTTP/1.1" 200 11859 "-" "Mozilla/5.0 (Windows NT 10.0; Win64; x64) AppleWebKit/537.36 (KHTML, like Gecko) Chrome/101.0.4951.64 Safari/537.36 Edg/101.0.1210.47"
158.173.67.101 - - [12/Jun/2026:09:55:29 +0200] "GET /wp-content/plugins/rencontre/readme.txt HTTP/1.1" 200 11838 "-" "Mozilla/5.0 (Macintosh; Intel Mac OS X 10_15_7) AppleWebKit/537.36 (KHTML, like Gecko) Chrome/124.0.0.0 Safari/537.36"
158.173.67.193 - - [12/Jun/2026:09:55:30 +0200] "GET /wp-content/plugins/login-as-customer-or-user/readme.txt HTTP/1.1" 200 11848 "-" "Mozilla/5.0 (Windows NT 10.0; Win64; x64) AppleWebKit/537.36 (KHTML, like Gecko) Chrome/104.0.0.0 Safari/537.36"