65.108.235.243 - - [12/Jul/2026:01:19:29 +0200] "GET /assistenza-lavatrici-bosch-piacenza/ HTTP/1.1" 200 21747 "-" "WP Fastest Cache Preload Bot"
65.108.235.243 - - [12/Jul/2026:01:19:32 +0200] "POST /wp-json/complianz/v1/wsc-scan HTTP/1.1" 400 88 "-" "WordPress/7.0.1; https://piacenza.elettroservicegroup.it"
74.7.241.14 - - [12/Jul/2026:02:10:09 +0200] "GET / HTTP/2.0" 200 21792 "-" "Mozilla/5.0 AppleWebKit/537.36 (KHTML, like Gecko; compatible; GPTBot/1.4; +https://openai.com/gptbot)"
74.7.241.14 - - [12/Jul/2026:02:10:11 +0200] "GET /wp-content/uploads/elementor/css/post-14227.css?ver=1783702306 HTTP/2.0" 200 2273 "https://piacenza.elettroservicegroup.it/" "Mozilla/5.0 AppleWebKit/537.36 (KHTML, like Gecko; compatible; GPTBot/1.4; +https://openai.com/gptbot)"
74.7.241.14 - - [12/Jul/2026:02:10:14 +0200] "GET /wp-content/uploads/elementor/css/post-14366.css?ver=1783702306 HTTP/2.0" 200 302 "https://piacenza.elettroservicegroup.it/" "Mozilla/5.0 AppleWebKit/537.36 (KHTML, like Gecko; compatible; GPTBot/1.4; +https://openai.com/gptbot)"
65.108.235.243 - - [12/Jul/2026:02:10:15 +0200] "POST /wp-cron.php?doing_wp_cron=1783815015.1516959667205810546875 HTTP/1.1" 200 1 "-" "WordPress/7.0.1; https://piacenza.elettroservicegroup.it"
74.7.175.168 - - [12/Jul/2026:02:10:09 +0200] "GET /robots.txt HTTP/2.0" 200 108 "-" "Mozilla/5.0 (Macintosh; Intel Mac OS X 10_15_7) AppleWebKit/537.36 (KHTML, like Gecko) Chrome/131.0.0.0 Safari/537.36; compatible; OAI-SearchBot/1.4; robots.txt; +https://openai.com/searchbot"
74.7.241.14 - - [12/Jul/2026:02:10:17 +0200] "GET /wp-content/uploads/elementor/css/post-14146.css?ver=1783702306 HTTP/2.0" 200 428 "https://piacenza.elettroservicegroup.it/" "Mozilla/5.0 AppleWebKit/537.36 (KHTML, like Gecko; compatible; GPTBot/1.4; +https://openai.com/gptbot)"
65.108.235.243 - - [12/Jul/2026:02:10:16 +0200] "GET /assistenza-lavatrici-ariston-piacenza/ HTTP/1.1" 200 21763 "-" "WP Fastest Cache Preload Bot"
65.108.235.243 - - [12/Jul/2026:02:10:18 +0200] "GET /assistenza-lavatrici-aeg-piacenza/ HTTP/1.1" 200 21773 "-" "WP Fastest Cache Preload Bot"
65.108.235.243 - - [12/Jul/2026:02:10:20 +0200] "GET /assistenza-lavatrici-piacenza/ HTTP/1.1" 200 22017 "-" "WP Fastest Cache Preload Bot"
65.108.235.243 - - [12/Jul/2026:02:10:23 +0200] "GET /assistenza-lavastoviglie-whirlpool-piacenza/ HTTP/1.1" 200 21716 "-" "WP Fastest Cache Preload Bot"
65.108.235.243 - - [12/Jul/2026:02:17:18 +0200] "POST /wp-cron.php?doing_wp_cron=1783815438.2438058853149414062500 HTTP/1.1" 200 1 "-" "WordPress/7.0.1; https://piacenza.elettroservicegroup.it"
74.7.241.14 - - [12/Jul/2026:02:17:10 +0200] "GET /sitemap.xml HTTP/2.0" 200 333 "-" "Mozilla/5.0 AppleWebKit/537.36 (KHTML, like Gecko; compatible; GPTBot/1.4; +https://openai.com/gptbot)"
65.108.235.243 - - [12/Jul/2026:02:17:20 +0200] "GET /assistenza-lavastoviglie-smeg-piacenza/ HTTP/1.1" 200 21662 "-" "WP Fastest Cache Preload Bot"
65.108.235.243 - - [12/Jul/2026:02:17:22 +0200] "GET /assistenza-lavastoviglie-rex-electrolux-piacenza/ HTTP/1.1" 200 21625 "-" "WP Fastest Cache Preload Bot"
65.108.235.243 - - [12/Jul/2026:02:17:24 +0200] "GET /assistenza-lavastoviglie-indesit-piacenza/ HTTP/1.1" 200 22126 "-" "WP Fastest Cache Preload Bot"
65.108.235.243 - - [12/Jul/2026:02:17:26 +0200] "GET /assistenza-lavastoviglie-bosch-piacenza/ HTTP/1.1" 200 22153 "-" "WP Fastest Cache Preload Bot"
65.108.235.243 - - [12/Jul/2026:02:19:29 +0200] "POST /wp-cron.php?doing_wp_cron=1783815569.3519220352172851562500 HTTP/1.1" 200 1 "-" "WordPress/7.0.1; https://piacenza.elettroservicegroup.it"
74.7.241.14 - - [12/Jul/2026:02:19:22 +0200] "GET /sitemap.rss HTTP/2.0" 200 1298 "-" "Mozilla/5.0 AppleWebKit/537.36 (KHTML, like Gecko; compatible; GPTBot/1.4; +https://openai.com/gptbot)"
65.108.235.243 - - [12/Jul/2026:03:01:24 +0200] "POST /wp-cron.php?doing_wp_cron=1783818084.5508151054382324218750 HTTP/1.1" 200 1 "-" "WordPress/7.0.1; https://piacenza.elettroservicegroup.it"
198.235.24.175 - - [12/Jul/2026:03:01:18 +0200] "GET / HTTP/1.1" 301 - "-" "Hello from Palo Alto Networks, find out more about our scans in https://docs-cortex.paloaltonetworks.com/r/1/Cortex-Xpanse/Scanning-activity"
65.108.235.243 - - [12/Jul/2026:03:01:26 +0200] "GET /assistenza-lavastoviglie-ariston-piacenza/ HTTP/1.1" 200 22090 "-" "WP Fastest Cache Preload Bot"
65.108.235.243 - - [12/Jul/2026:03:01:28 +0200] "GET /assistenza-lavastoviglie-aeg-piacenza/ HTTP/1.1" 200 22142 "-" "WP Fastest Cache Preload Bot"
65.108.235.243 - - [12/Jul/2026:03:01:30 +0200] "GET /assistenza-lavastoviglie-piacenza/ HTTP/1.1" 200 21758 "-" "WP Fastest Cache Preload Bot"
65.108.235.243 - - [12/Jul/2026:03:01:32 +0200] "GET /assistenza-indesit-piacenza/ HTTP/1.1" 200 21796 "-" "WP Fastest Cache Preload Bot"
65.108.235.243 - - [12/Jul/2026:03:01:35 +0200] "POST /wp-json/complianz/v1/wsc-scan HTTP/1.1" 400 88 "-" "WordPress/7.0.1; https://piacenza.elettroservicegroup.it"
65.108.235.243 - - [12/Jul/2026:03:02:56 +0200] "POST /wp-cron.php?doing_wp_cron=1783818176.3454170227050781250000 HTTP/1.1" 200 1 "-" "WordPress/7.0.1; https://piacenza.elettroservicegroup.it"
40.77.167.136 - - [12/Jul/2026:03:02:48 +0200] "GET /jakie-sa-zasady-rejestracji-w-mostbet-w-porownaniu-do-innych-platform/ HTTP/2.0" 404 16331 "-" "Mozilla/5.0 AppleWebKit/537.36 (KHTML, like Gecko; compatible; bingbot/2.0; +http://www.bing.com/bingbot.htm) Chrome/116.0.1938.76 Safari/537.36"
138.124.22.26 - - [12/Jul/2026:03:13:02 +0200] "HEAD / HTTP/1.1" 200 - "-" "curl/7.88.1"
43.157.174.69 - - [12/Jul/2026:04:04:14 +0200] "GET / HTTP/1.1" 200 11933 "-" "Mozilla/5.0 (iPhone; CPU iPhone OS 13_2_3 like Mac OS X) AppleWebKit/605.1.15 (KHTML, like Gecko) Version/13.0.3 Mobile/15E148 Safari/604.1"
65.108.235.243 - - [12/Jul/2026:04:07:24 +0200] "POST /wp-cron.php?doing_wp_cron=1783822044.2519218921661376953125 HTTP/1.1" 200 1 "-" "WordPress/7.0.1; https://piacenza.elettroservicegroup.it"
43.130.139.136 - - [12/Jul/2026:04:07:16 +0200] "GET /assistenza-bosch-piacenza/embed/ HTTP/1.1" 200 6416 "-" "Mozilla/5.0 (iPhone; CPU iPhone OS 13_2_3 like Mac OS X) AppleWebKit/605.1.15 (KHTML, like Gecko) Version/13.0.3 Mobile/15E148 Safari/604.1"
65.108.235.243 - - [12/Jul/2026:04:07:26 +0200] "POST /wp-json/complianz/v1/wsc-scan HTTP/1.1" 400 88 "-" "WordPress/7.0.1; https://piacenza.elettroservicegroup.it"
65.108.235.243 - - [12/Jul/2026:04:07:28 +0200] "GET /assistenza-candy-piacenza/ HTTP/1.1" 200 21892 "-" "WP Fastest Cache Preload Bot"
65.108.235.243 - - [12/Jul/2026:04:07:31 +0200] "GET /assistenza-bosch-piacenza/ HTTP/1.1" 200 21894 "-" "WP Fastest Cache Preload Bot"
65.108.235.243 - - [12/Jul/2026:04:07:33 +0200] "GET /assistenza-ariston-piacenza/ HTTP/1.1" 200 21884 "-" "WP Fastest Cache Preload Bot"
65.108.235.243 - - [12/Jul/2026:04:07:36 +0200] "GET /assistenza-aeg-piacenza/ HTTP/1.1" 200 21889 "-" "WP Fastest Cache Preload Bot"
43.157.168.43 - - [12/Jul/2026:04:10:32 +0200] "GET /assistenza-whirlpool-piacenza/ HTTP/1.1" 200 11832 "-" "Mozilla/5.0 (iPhone; CPU iPhone OS 13_2_3 like Mac OS X) AppleWebKit/605.1.15 (KHTML, like Gecko) Version/13.0.3 Mobile/15E148 Safari/604.1"
43.156.37.91 - - [12/Jul/2026:04:12:53 +0200] "GET /assistenza-aeg-piacenza/ HTTP/1.1" 200 11850 "-" "Mozilla/5.0 (iPhone; CPU iPhone OS 13_2_3 like Mac OS X) AppleWebKit/605.1.15 (KHTML, like Gecko) Version/13.0.3 Mobile/15E148 Safari/604.1"
65.108.235.243 - - [12/Jul/2026:04:14:04 +0200] "POST /wp-cron.php?doing_wp_cron=1783822444.1436629295349121093750 HTTP/1.1" 200 1 "-" "WordPress/7.0.1; https://piacenza.elettroservicegroup.it"
49.51.233.46 - - [12/Jul/2026:04:13:56 +0200] "GET /wp-json/wp/v2/pages/16991 HTTP/1.1" 200 74937 "-" "Mozilla/5.0 (iPhone; CPU iPhone OS 13_2_3 like Mac OS X) AppleWebKit/605.1.15 (KHTML, like Gecko) Version/13.0.3 Mobile/15E148 Safari/604.1"
65.108.235.243 - - [12/Jul/2026:04:14:05 +0200] "GET /cookie-policy/ HTTP/1.1" 200 18018 "-" "WP Fastest Cache Preload Bot"
65.108.235.243 - - [12/Jul/2026:04:14:08 +0200] "GET /termini-e-condizioni/ HTTP/1.1" 200 17583 "-" "WP Fastest Cache Preload Bot"
65.108.235.243 - - [12/Jul/2026:04:14:10 +0200] "GET /cookie-policy-ue/ HTTP/1.1" 200 19433 "-" "WP Fastest Cache Preload Bot"
65.108.235.243 - - [12/Jul/2026:04:14:12 +0200] "GET /informativa-privacy/ HTTP/1.1" 200 19822 "-" "WP Fastest Cache Preload Bot"
213.32.71.245 - - [12/Jul/2026:04:16:07 +0200] "GET /images/images/cache.php HTTP/1.1" 200 11888 "www.google.com" "Mozlila/5.0 (Linux; Android 7.0; SM-G892A Bulid/NRD90M; wv) AppleWebKit/537.36 (KHTML, like Gecko) Version/4.0 Chrome/60.0.3112.107 Moblie Safari/537.36"
213.32.71.245 - - [12/Jul/2026:04:16:08 +0200] "GET /cache/cache/cache/cache/cache.php HTTP/1.1" 200 11923 "www.google.com" "Mozlila/5.0 (Linux; Android 7.0; SM-G892A Bulid/NRD90M; wv) AppleWebKit/537.36 (KHTML, like Gecko) Version/4.0 Chrome/60.0.3112.107 Moblie Safari/537.36"
213.32.71.245 - - [12/Jul/2026:04:16:08 +0200] "GET /cache/cache/cache/cache.php HTTP/1.1" 200 11915 "www.google.com" "Mozlila/5.0 (Linux; Android 7.0; SM-G892A Bulid/NRD90M; wv) AppleWebKit/537.36 (KHTML, like Gecko) Version/4.0 Chrome/60.0.3112.107 Moblie Safari/537.36"
213.32.71.245 - - [12/Jul/2026:04:16:08 +0200] "GET /cache/sitemaps/sitemaps/cache.php HTTP/1.1" 200 11921 "www.google.com" "Mozlila/5.0 (Linux; Android 7.0; SM-G892A Bulid/NRD90M; wv) AppleWebKit/537.36 (KHTML, like Gecko) Version/4.0 Chrome/60.0.3112.107 Moblie Safari/537.36"
213.32.71.245 - - [12/Jul/2026:04:16:08 +0200] "GET /cache/cache/cache.php HTTP/1.1" 200 11907 "www.google.com" "Mozlila/5.0 (Linux; Android 7.0; SM-G892A Bulid/NRD90M; wv) AppleWebKit/537.36 (KHTML, like Gecko) Version/4.0 Chrome/60.0.3112.107 Moblie Safari/537.36"
213.32.71.245 - - [12/Jul/2026:04:16:08 +0200] "GET /images/images/images/cache.php HTTP/1.1" 200 11918 "www.google.com" "Mozlila/5.0 (Linux; Android 7.0; SM-G892A Bulid/NRD90M; wv) AppleWebKit/537.36 (KHTML, like Gecko) Version/4.0 Chrome/60.0.3112.107 Moblie Safari/537.36"
213.32.71.245 - - [12/Jul/2026:04:16:09 +0200] "GET /cache/logs/logs/cache.php HTTP/1.1" 200 11845 "www.google.com" "Mozlila/5.0 (Linux; Android 7.0; SM-G892A Bulid/NRD90M; wv) AppleWebKit/537.36 (KHTML, like Gecko) Version/4.0 Chrome/60.0.3112.107 Moblie Safari/537.36"
213.32.71.245 - - [12/Jul/2026:04:16:09 +0200] "GET /blogs/media/media/cache.php HTTP/1.1" 200 11847 "www.google.com" "Mozlila/5.0 (Linux; Android 7.0; SM-G892A Bulid/NRD90M; wv) AppleWebKit/537.36 (KHTML, like Gecko) Version/4.0 Chrome/60.0.3112.107 Moblie Safari/537.36"
213.32.71.245 - - [12/Jul/2026:04:16:09 +0200] "GET /assets/images/images/cache.php HTTP/1.1" 200 11850 "www.google.com" "Mozlila/5.0 (Linux; Android 7.0; SM-G892A Bulid/NRD90M; wv) AppleWebKit/537.36 (KHTML, like Gecko) Version/4.0 Chrome/60.0.3112.107 Moblie Safari/537.36"
213.32.71.245 - - [12/Jul/2026:04:16:09 +0200] "GET /wp-content/plugins/plugins/cache.php HTTP/1.1" 200 11856 "www.google.com" "Mozlila/5.0 (Linux; Android 7.0; SM-G892A Bulid/NRD90M; wv) AppleWebKit/537.36 (KHTML, like Gecko) Version/4.0 Chrome/60.0.3112.107 Moblie Safari/537.36"
124.156.204.51 - - [12/Jul/2026:04:17:07 +0200] "GET /wp-json/ HTTP/1.1" 200 11835 "-" "Mozilla/5.0 (iPhone; CPU iPhone OS 13_2_3 like Mac OS X) AppleWebKit/605.1.15 (KHTML, like Gecko) Version/13.0.3 Mobile/15E148 Safari/604.1"
65.108.235.243 - - [12/Jul/2026:04:23:12 +0200] "POST /wp-cron.php?doing_wp_cron=1783822992.6505420207977294921875 HTTP/1.1" 200 1 "-" "WordPress/7.0.1; https://piacenza.elettroservicegroup.it"
43.131.32.36 - - [12/Jul/2026:04:23:06 +0200] "GET /wp-json/oembed/1.0/embed?url=https%3A%2F%2Fpiacenza.elettroservicegroup.it%2Fassistenza-whirlpool-piacenza%2F&format=xml HTTP/1.1" 200 1111 "-" "Mozilla/5.0 (iPhone; CPU iPhone OS 13_2_3 like Mac OS X) AppleWebKit/605.1.15 (KHTML, like Gecko) Version/13.0.3 Mobile/15E148 Safari/604.1"
65.108.235.243 - - [12/Jul/2026:04:23:14 +0200] "GET /assistenza-frigoriferi/ HTTP/1.1" 200 19889 "-" "WP Fastest Cache Preload Bot"
65.108.235.243 - - [12/Jul/2026:04:23:17 +0200] "GET /assistenza-lavastoviglie/ HTTP/1.1" 200 19948 "-" "WP Fastest Cache Preload Bot"
65.108.235.243 - - [12/Jul/2026:04:23:19 +0200] "GET /assistenza-asciugatrici/ HTTP/1.1" 200 19703 "-" "WP Fastest Cache Preload Bot"
65.108.235.243 - - [12/Jul/2026:04:23:22 +0200] "GET /assistenza-lavatrici/ HTTP/1.1" 200 19448 "-" "WP Fastest Cache Preload Bot"
43.166.224.244 - - [12/Jul/2026:04:24:20 +0200] "GET /assistenza-rex-electrolux-piacenza/ HTTP/1.1" 200 11977 "-" "Mozilla/5.0 (iPhone; CPU iPhone OS 13_2_3 like Mac OS X) AppleWebKit/605.1.15 (KHTML, like Gecko) Version/13.0.3 Mobile/15E148 Safari/604.1"
43.134.56.214 - - [12/Jul/2026:04:25:10 +0200] "GET /assistenza-candy-piacenza/ HTTP/1.1" 200 11939 "-" "Mozilla/5.0 (iPhone; CPU iPhone OS 13_2_3 like Mac OS X) AppleWebKit/605.1.15 (KHTML, like Gecko) Version/13.0.3 Mobile/15E148 Safari/604.1"
43.156.232.154 - - [12/Jul/2026:04:32:37 +0200] "GET /assistenza-siemens-piacenza/ HTTP/1.1" 200 11879 "-" "Mozilla/5.0 (iPhone; CPU iPhone OS 13_2_3 like Mac OS X) AppleWebKit/605.1.15 (KHTML, like Gecko) Version/13.0.3 Mobile/15E148 Safari/604.1"
65.108.235.243 - - [12/Jul/2026:04:33:00 +0200] "POST /wp-cron.php?doing_wp_cron=1783823580.4589700698852539062500 HTTP/1.1" 200 1 "-" "WordPress/7.0.1; https://piacenza.elettroservicegroup.it"
49.51.252.146 - - [12/Jul/2026:04:32:54 +0200] "GET /?p=16991 HTTP/1.1" 301 - "-" "Mozilla/5.0 (iPhone; CPU iPhone OS 13_2_3 like Mac OS X) AppleWebKit/605.1.15 (KHTML, like Gecko) Version/13.0.3 Mobile/15E148 Safari/604.1"
49.51.252.146 - - [12/Jul/2026:04:33:03 +0200] "GET /assistenza-whirlpool-piacenza/ HTTP/1.1" 200 23655 "https://piacenza.elettroservicegroup.it/?p=16991" "Mozilla/5.0 (iPhone; CPU iPhone OS 13_2_3 like Mac OS X) AppleWebKit/605.1.15 (KHTML, like Gecko) Version/13.0.3 Mobile/15E148 Safari/604.1"
65.108.235.243 - - [12/Jul/2026:04:33:02 +0200] "GET / HTTP/1.1" 200 21812 "-" "WP Fastest Cache Preload Bot"
65.108.235.243 - - [12/Jul/2026:04:58:45 +0200] "POST /wp-cron.php?doing_wp_cron=1783825125.5410950183868408203125 HTTP/1.1" 200 1 "-" "WordPress/7.0.1; https://piacenza.elettroservicegroup.it"
40.77.167.16 - - [12/Jul/2026:04:58:36 +0200] "GET /sitemap.rss HTTP/2.0" 200 1298 "-" "Mozilla/5.0 AppleWebKit/537.36 (KHTML, like Gecko; compatible; bingbot/2.0; +http://www.bing.com/bingbot.htm) Chrome/116.0.1938.76 Safari/537.36"
65.108.235.243 - - [12/Jul/2026:05:48:14 +0200] "POST /wp-cron.php?doing_wp_cron=1783828094.0595819950103759765625 HTTP/1.1" 200 1 "-" "WordPress/7.0.1; https://piacenza.elettroservicegroup.it"
94.154.43.178 - - [12/Jul/2026:05:48:05 +0200] "GET /.env HTTP/1.1" 404 84988 "-" "Mozilla/5.0 (Windows NT 10.0; Win64; x64) AppleWebKit/537.36 (KHTML, like Gecko) Chrome/147.0.0.0 Safari/537.36"
65.108.235.243 - - [12/Jul/2026:05:48:15 +0200] "GET /imprint/ HTTP/1.1" 200 17194 "-" "WP Fastest Cache Preload Bot"
65.108.235.243 - - [12/Jul/2026:05:48:17 +0200] "GET /dichiarazione-sulla-privacy-ue/ HTTP/1.1" 200 19692 "-" "WP Fastest Cache Preload Bot"
65.108.235.243 - - [12/Jul/2026:05:48:20 +0200] "GET /assistenza-whirlpool-piacenza/ HTTP/1.1" 200 21853 "-" "WP Fastest Cache Preload Bot"
65.108.235.243 - - [12/Jul/2026:05:48:23 +0200] "GET /assistenza-smeg-piacenza/ HTTP/1.1" 200 21801 "-" "WP Fastest Cache Preload Bot"
65.108.235.243 - - [12/Jul/2026:05:48:26 +0200] "GET / HTTP/1.1" 200 21812 "-" "WP Fastest Cache Preload Bot"
65.108.235.243 - - [12/Jul/2026:05:48:34 +0200] "POST /wp-json/complianz/v1/wsc-scan HTTP/1.1" 400 88 "-" "WordPress/7.0.1; https://piacenza.elettroservicegroup.it"
90.218.208.232 - - [12/Jul/2026:05:57:53 +0200] "POST /xmlrpc.php HTTP/1.1" 200 11882 "-" "Mozilla/5.0 (Windows NT 10.0; Win64; x64) AppleWebKit/537.36"
65.108.235.243 - - [12/Jul/2026:06:10:47 +0200] "POST /wp-cron.php?doing_wp_cron=1783829447.7539689540863037109375 HTTP/1.1" 200 1 "-" "WordPress/7.0.1; https://piacenza.elettroservicegroup.it"
40.77.167.33 - - [12/Jul/2026:06:10:38 +0200] "GET /assistenza-lavatrici-castel-san-giovanni/ HTTP/2.0" 404 16303 "-" "Mozilla/5.0 AppleWebKit/537.36 (KHTML, like Gecko; compatible; bingbot/2.0; +http://www.bing.com/bingbot.htm) Chrome/116.0.1938.76 Safari/537.36"
65.108.235.243 - - [12/Jul/2026:06:10:50 +0200] "GET /imprint/ HTTP/1.1" 200 17189 "-" "WP Fastest Cache Preload Bot"
65.108.235.243 - - [12/Jul/2026:06:10:53 +0200] "GET /dichiarazione-sulla-privacy-ue/ HTTP/1.1" 200 19687 "-" "WP Fastest Cache Preload Bot"
65.108.235.243 - - [12/Jul/2026:06:10:56 +0200] "GET /assistenza-whirlpool-piacenza/ HTTP/1.1" 200 21853 "-" "WP Fastest Cache Preload Bot"
65.108.235.243 - - [12/Jul/2026:06:10:59 +0200] "GET /assistenza-smeg-piacenza/ HTTP/1.1" 200 21801 "-" "WP Fastest Cache Preload Bot"
49.51.253.83 - - [12/Jul/2026:06:17:01 +0200] "GET /assistenza-whirlpool-piacenza/embed/ HTTP/1.1" 200 11910 "-" "Mozilla/5.0 (iPhone; CPU iPhone OS 13_2_3 like Mac OS X) AppleWebKit/605.1.15 (KHTML, like Gecko) Version/13.0.3 Mobile/15E148 Safari/604.1"
43.130.14.245 - - [12/Jul/2026:06:28:00 +0200] "GET /wp-json/oembed/1.0/embed?url=https%3A%2F%2Fpiacenza.elettroservicegroup.it%2Fassistenza-whirlpool-piacenza%2F HTTP/1.1" 200 12024 "-" "Mozilla/5.0 (iPhone; CPU iPhone OS 13_2_3 like Mac OS X) AppleWebKit/605.1.15 (KHTML, like Gecko) Version/13.0.3 Mobile/15E148 Safari/604.1"
94.154.43.178 - - [12/Jul/2026:06:31:46 +0200] "GET / HTTP/1.1" 415 159279 "-" "Mozilla/5.0 (Windows NT 10.0; Win64; x64) AppleWebKit/537.36 (KHTML, like Gecko) Chrome/147.0.0.0 Safari/537.36"
65.108.235.243 - - [12/Jul/2026:06:47:44 +0200] "POST /wp-cron.php?doing_wp_cron=1783831664.4585850238800048828125 HTTP/1.1" 200 1 "-" "WordPress/7.0.1; https://piacenza.elettroservicegroup.it"
95.108.213.149 - - [12/Jul/2026:06:47:38 +0200] "GET /robots.txt HTTP/1.1" 200 195 "-" "Mozilla/5.0 (compatible; YandexBot/3.0; +http://yandex.com/bots)"
87.250.224.251 - - [12/Jul/2026:06:47:45 +0200] "GET /termini-e-condizioni/ HTTP/2.0" 200 11879 "-" "Mozilla/5.0 (compatible; YandexBot/3.0; +http://yandex.com/bots)"
65.108.235.243 - - [12/Jul/2026:06:47:46 +0200] "GET /assistenza-siemens-piacenza/ HTTP/1.1" 200 21991 "-" "WP Fastest Cache Preload Bot"
65.108.235.243 - - [12/Jul/2026:06:47:50 +0200] "GET /assistenza-rex-electrolux-piacenza/ HTTP/1.1" 200 21846 "-" "WP Fastest Cache Preload Bot"
65.108.235.243 - - [12/Jul/2026:06:47:53 +0200] "GET /assistenza-miele-piacenza/ HTTP/1.1" 200 22099 "-" "WP Fastest Cache Preload Bot"
65.108.235.243 - - [12/Jul/2026:06:47:56 +0200] "GET /assistenza-lavatrici-whirlpool-piacenza/ HTTP/1.1" 200 21966 "-" "WP Fastest Cache Preload Bot"
65.108.235.243 - - [12/Jul/2026:06:48:16 +0200] "POST /wp-cron.php?doing_wp_cron=1783831696.4412350654602050781250 HTTP/1.1" 200 1 "-" "WordPress/7.0.1; https://piacenza.elettroservicegroup.it"
95.108.213.113 - - [12/Jul/2026:06:48:15 +0200] "GET /sitemap.rss HTTP/2.0" 200 1297 "-" "Mozilla/5.0 (compatible; YandexBot/3.0; +http://yandex.com/bots)"
65.108.235.243 - - [12/Jul/2026:07:23:32 +0200] "POST /wp-cron.php?doing_wp_cron=1783833812.0563130378723144531250 HTTP/1.1" 200 1 "-" "WordPress/7.0.1; https://piacenza.elettroservicegroup.it"
66.249.64.167 - - [12/Jul/2026:07:23:23 +0200] "GET /robots.txt HTTP/1.1" 200 108 "-" "Mozilla/5.0 (compatible; Googlebot/2.1; +http://www.google.com/bot.html)"
65.108.235.243 - - [12/Jul/2026:07:23:34 +0200] "POST /wp-json/complianz/v1/wsc-scan HTTP/1.1" 400 88 "-" "WordPress/7.0.1; https://piacenza.elettroservicegroup.it"
66.249.64.165 - - [12/Jul/2026:07:23:40 +0200] "GET /assistenza-candy-piacenza/ HTTP/1.1" 200 21869 "-" "Mozilla/5.0 (Linux; Android 6.0.1; Nexus 5X Build/MMB29P) AppleWebKit/537.36 (KHTML, like Gecko) Chrome/150.0.7871.46 Mobile Safari/537.36 (compatible; Googlebot/2.1; +http://www.google.com/bot.html)"
65.108.235.243 - - [12/Jul/2026:07:23:36 +0200] "GET /assistenza-lavatrici-smeg-piacenza/ HTTP/1.1" 200 21707 "-" "WP Fastest Cache Preload Bot"
65.108.235.243 - - [12/Jul/2026:07:23:41 +0200] "GET /assistenza-lavatrici-rex-electrolux-piacenza/ HTTP/1.1" 200 21676 "-" "WP Fastest Cache Preload Bot"
65.108.235.243 - - [12/Jul/2026:07:23:44 +0200] "GET /assistenza-lavatrici-indesit-piacenza/ HTTP/1.1" 200 21703 "-" "WP Fastest Cache Preload Bot"
65.108.235.243 - - [12/Jul/2026:07:23:46 +0200] "GET /assistenza-lavatrici-bosch-piacenza/ HTTP/1.1" 200 21746 "-" "WP Fastest Cache Preload Bot"
66.249.64.165 - - [12/Jul/2026:07:24:32 +0200] "GET /wp-content/uploads/elementor/css/post-14366.css?ver=1783296000 HTTP/1.1" 200 302 "https://piacenza.elettroservicegroup.it/assistenza-candy-piacenza/" "Mozilla/5.0 (Linux; Android 6.0.1; Nexus 5X Build/MMB29P) AppleWebKit/537.36 (KHTML, like Gecko) Chrome/150.0.7871.46 Mobile Safari/537.36 (compatible; Googlebot/2.1; +http://www.google.com/bot.html)"
66.249.64.167 - - [12/Jul/2026:07:24:32 +0200] "GET /wp-content/cache/wpfc-minified/kajgjpa1/w4sl.js HTTP/1.1" 200 37594 "https://piacenza.elettroservicegroup.it/assistenza-candy-piacenza/" "Mozilla/5.0 (Linux; Android 6.0.1; Nexus 5X Build/MMB29P) AppleWebKit/537.36 (KHTML, like Gecko) Chrome/150.0.7871.46 Mobile Safari/537.36 (compatible; Googlebot/2.1; +http://www.google.com/bot.html)"
66.249.64.166 - - [12/Jul/2026:07:24:33 +0200] "GET /wp-content/uploads/elementor/css/post-14146.css?ver=1783296000 HTTP/1.1" 200 428 "https://piacenza.elettroservicegroup.it/assistenza-candy-piacenza/" "Mozilla/5.0 (Linux; Android 6.0.1; Nexus 5X Build/MMB29P) AppleWebKit/537.36 (KHTML, like Gecko) Chrome/150.0.7871.46 Mobile Safari/537.36 (compatible; Googlebot/2.1; +http://www.google.com/bot.html)"
66.249.64.166 - - [12/Jul/2026:07:24:33 +0200] "GET /wp-content/cache/wpfc-minified/lkeozi6d/w4sl.css HTTP/1.1" 200 7521 "https://piacenza.elettroservicegroup.it/assistenza-candy-piacenza/" "Mozilla/5.0 (Linux; Android 6.0.1; Nexus 5X Build/MMB29P) AppleWebKit/537.36 (KHTML, like Gecko) Chrome/150.0.7871.46 Mobile Safari/537.36 (compatible; Googlebot/2.1; +http://www.google.com/bot.html)"
43.164.197.117 - - [12/Jul/2026:07:30:38 +0200] "GET / HTTP/1.1" 200 23702 "http://piacenza.elettroservicegroup.it" "Mozilla/5.0 (iPhone; CPU iPhone OS 13_2_3 like Mac OS X) AppleWebKit/605.1.15 (KHTML, like Gecko) Version/13.0.3 Mobile/15E148 Safari/604.1"
65.108.235.243 - - [12/Jul/2026:07:30:37 +0200] "GET /assistenza-lavatrici-ariston-piacenza/ HTTP/1.1" 200 21764 "-" "WP Fastest Cache Preload Bot"
65.108.235.243 - - [12/Jul/2026:07:30:41 +0200] "GET /assistenza-lavatrici-aeg-piacenza/ HTTP/1.1" 200 21773 "-" "WP Fastest Cache Preload Bot"
65.108.235.243 - - [12/Jul/2026:07:30:43 +0200] "GET /assistenza-lavatrici-piacenza/ HTTP/1.1" 200 22017 "-" "WP Fastest Cache Preload Bot"
65.108.235.243 - - [12/Jul/2026:07:30:46 +0200] "GET /assistenza-lavastoviglie-whirlpool-piacenza/ HTTP/1.1" 200 21716 "-" "WP Fastest Cache Preload Bot"
65.108.235.243 - - [12/Jul/2026:08:14:12 +0200] "POST /wp-cron.php?doing_wp_cron=1783836852.7503390312194824218750 HTTP/1.1" 200 1 "-" "WordPress/7.0.1; https://piacenza.elettroservicegroup.it"
172.203.190.140 - - [12/Jul/2026:08:14:05 +0200] "GET /robots.txt HTTP/2.0" 200 108 "-" "Mozilla/5.0 (Macintosh; Intel Mac OS X 10_15_7) AppleWebKit/537.36 (KHTML, like Gecko) Chrome/131.0.0.0 Safari/537.36; compatible; OAI-SearchBot/1.0; +https://openai.com/searchbot"
65.108.235.243 - - [12/Jul/2026:08:14:15 +0200] "GET /assistenza-lavastoviglie-smeg-piacenza/ HTTP/1.1" 200 21661 "-" "WP Fastest Cache Preload Bot"
65.108.235.243 - - [12/Jul/2026:08:14:18 +0200] "GET /assistenza-lavastoviglie-rex-electrolux-piacenza/ HTTP/1.1" 200 21625 "-" "WP Fastest Cache Preload Bot"
65.108.235.243 - - [12/Jul/2026:08:14:21 +0200] "GET /assistenza-lavastoviglie-indesit-piacenza/ HTTP/1.1" 200 22126 "-" "WP Fastest Cache Preload Bot"
65.108.235.243 - - [12/Jul/2026:08:14:24 +0200] "GET /assistenza-lavastoviglie-bosch-piacenza/ HTTP/1.1" 200 22153 "-" "WP Fastest Cache Preload Bot"
65.108.235.243 - - [12/Jul/2026:08:17:01 +0200] "POST /wp-cron.php?doing_wp_cron=1783837021.3410310745239257812500 HTTP/1.1" 200 1 "-" "WordPress/7.0.1; https://piacenza.elettroservicegroup.it"
74.7.241.139 - - [12/Jul/2026:08:16:52 +0200] "GET /robots.txt HTTP/2.0" 301 1 "-" "Mozilla/5.0 (Macintosh; Intel Mac OS X 10_15_7) AppleWebKit/537.36 (KHTML, like Gecko) Chrome/131.0.0.0 Safari/537.36; compatible; OAI-SearchBot/1.4; robots.txt; +https://openai.com/searchbot"
65.108.235.243 - - [12/Jul/2026:08:17:03 +0200] "GET /assistenza-lavastoviglie-ariston-piacenza/ HTTP/1.1" 200 22090 "-" "WP Fastest Cache Preload Bot"
65.108.235.243 - - [12/Jul/2026:08:17:07 +0200] "GET /assistenza-lavastoviglie-aeg-piacenza/ HTTP/1.1" 200 22142 "-" "WP Fastest Cache Preload Bot"
65.108.235.243 - - [12/Jul/2026:08:17:10 +0200] "GET /assistenza-lavastoviglie-piacenza/ HTTP/1.1" 200 21759 "-" "WP Fastest Cache Preload Bot"
65.108.235.243 - - [12/Jul/2026:08:17:14 +0200] "GET /assistenza-indesit-piacenza/ HTTP/1.1" 200 21796 "-" "WP Fastest Cache Preload Bot"
65.108.235.243 - - [12/Jul/2026:08:22:03 +0200] "POST /wp-cron.php?doing_wp_cron=1783837323.9470579624176025390625 HTTP/1.1" 200 1 "-" "WordPress/7.0.1; https://piacenza.elettroservicegroup.it"
66.249.64.167 - - [12/Jul/2026:08:21:54 +0200] "GET /assistenza-ariston-castel-san-giovanni/ HTTP/1.1" 404 16274 "-" "Mozilla/5.0 (Linux; Android 6.0.1; Nexus 5X Build/MMB29P) AppleWebKit/537.36 (KHTML, like Gecko) Chrome/150.0.7871.46 Mobile Safari/537.36 (compatible; Googlebot/2.1; +http://www.google.com/bot.html)"
65.108.235.243 - - [12/Jul/2026:08:22:05 +0200] "GET /assistenza-candy-piacenza/ HTTP/1.1" 200 21892 "-" "WP Fastest Cache Preload Bot"
65.108.235.243 - - [12/Jul/2026:08:22:08 +0200] "GET /assistenza-bosch-piacenza/ HTTP/1.1" 200 21894 "-" "WP Fastest Cache Preload Bot"
65.108.235.243 - - [12/Jul/2026:08:22:11 +0200] "GET /assistenza-ariston-piacenza/ HTTP/1.1" 200 21885 "-" "WP Fastest Cache Preload Bot"
65.108.235.243 - - [12/Jul/2026:08:22:14 +0200] "GET /assistenza-aeg-piacenza/ HTTP/1.1" 200 21888 "-" "WP Fastest Cache Preload Bot"
65.108.235.243 - - [12/Jul/2026:08:48:28 +0200] "POST /wp-cron.php?doing_wp_cron=1783838908.2498199939727783203125 HTTP/1.1" 200 1 "-" "WordPress/7.0.1; https://piacenza.elettroservicegroup.it"
114.119.132.207 - - [12/Jul/2026:08:48:20 +0200] "GET /robots.txt HTTP/1.1" 200 108 "https://piacenza.elettroservicegroup.it/robots.txt" "Mozilla/5.0 (compatible;PetalBot;+https://webmaster.petalsearch.com/site/petalbot)"
65.108.235.243 - - [12/Jul/2026:08:48:31 +0200] "POST /wp-json/complianz/v1/wsc-scan HTTP/1.1" 400 88 "-" "WordPress/7.0.1; https://piacenza.elettroservicegroup.it"
65.108.235.243 - - [12/Jul/2026:08:48:33 +0200] "GET /cookie-policy/ HTTP/1.1" 200 18018 "-" "WP Fastest Cache Preload Bot"
65.108.235.243 - - [12/Jul/2026:08:48:36 +0200] "GET /termini-e-condizioni/ HTTP/1.1" 200 17583 "-" "WP Fastest Cache Preload Bot"
65.108.235.243 - - [12/Jul/2026:08:48:39 +0200] "GET /cookie-policy-ue/ HTTP/1.1" 200 19426 "-" "WP Fastest Cache Preload Bot"
65.108.235.243 - - [12/Jul/2026:08:48:42 +0200] "GET /informativa-privacy/ HTTP/1.1" 200 19823 "-" "WP Fastest Cache Preload Bot"