65.108.235.243 - - [24/Jun/2026:14:31:30 +0200] "POST /wp-cron.php?doing_wp_cron=1782304290.5335450172424316406250 HTTP/1.1" 200 1 "-" "WordPress/7.0; https://piacenza.elettroservicegroup.it"
216.73.217.167 - - [24/Jun/2026:14:31:29 +0200] "GET /?p=76 HTTP/2.0" 301 1 "-" "Mozilla/5.0 AppleWebKit/537.36 (KHTML, like Gecko; compatible; ClaudeBot/1.0; +claudebot@anthropic.com)"
216.73.217.167 - - [24/Jun/2026:14:31:30 +0200] "GET /lavatrice3/ HTTP/2.0" 200 17131 "https://piacenza.elettroservicegroup.it/?p=76" "Mozilla/5.0 AppleWebKit/537.36 (KHTML, like Gecko; compatible; ClaudeBot/1.0; +claudebot@anthropic.com)"
65.108.235.243 - - [24/Jun/2026:14:31:32 +0200] "GET /assistenza-lavatrici-smeg-piacenza/ HTTP/1.1" 200 28828 "-" "WP Fastest Cache Preload Bot"
65.108.235.243 - - [24/Jun/2026:14:31:37 +0200] "GET /assistenza-lavatrici-rex-electrolux-piacenza/ HTTP/1.1" 200 28789 "-" "WP Fastest Cache Preload Bot"
65.108.235.243 - - [24/Jun/2026:14:31:40 +0200] "GET /assistenza-lavatrici-indesit-piacenza/ HTTP/1.1" 200 28823 "-" "WP Fastest Cache Preload Bot"
65.108.235.243 - - [24/Jun/2026:14:31:44 +0200] "GET /assistenza-lavatrici-bosch-piacenza/ HTTP/1.1" 200 28866 "-" "WP Fastest Cache Preload Bot"
216.73.217.167 - - [24/Jun/2026:14:50:11 +0200] "GET /wp-content/cache/wpfc-minified/d4x63ew1/2hl54.css HTTP/2.0" 200 16437 "-" "Mozilla/5.0 AppleWebKit/537.36 (KHTML, like Gecko; compatible; ClaudeBot/1.0; +claudebot@anthropic.com)"
216.73.217.167 - - [24/Jun/2026:15:12:39 +0200] "GET /robots.txt HTTP/2.0" 200 108 "-" "Mozilla/5.0 AppleWebKit/537.36 (KHTML, like Gecko; compatible; ClaudeBot/1.0; +claudebot@anthropic.com)"
65.108.235.243 - - [24/Jun/2026:15:48:56 +0200] "POST /wp-cron.php?doing_wp_cron=1782308935.9950509071350097656250 HTTP/1.1" 200 1 "-" "WordPress/7.0; https://piacenza.elettroservicegroup.it"
167.160.59.167 - - [24/Jun/2026:15:48:49 +0200] "GET /piacenzaelettroservicegroupit/titolo/ HTTP/2.0" 404 23349 "-" "Mozilla/5.0 (Macintosh; Intel Mac OS X 10_15_7) AppleWebKit/537.36 (KHTML, like Gecko) Chrome/142.0.0.0 Safari/537.36"
84.37.178.154 - - [24/Jun/2026:15:48:55 +0200] "GET /assistenza-lavastoviglie-piacenza HTTP/2.0" 301 1 "-" "Mozilla/5.0 (Macintosh; Intel Mac OS X 10_15_7) AppleWebKit/537.36 (KHTML, like Gecko) Chrome/142.0.0.0 Safari/537.36"
94.177.22.0 - - [24/Jun/2026:15:48:57 +0200] "GET /assistenza-lavastoviglie-piacenza/ HTTP/2.0" 200 28853 "-" "Mozilla/5.0 (Macintosh; Intel Mac OS X 10_15_7) AppleWebKit/537.36 (KHTML, like Gecko) Chrome/142.0.0.0 Safari/537.36"
65.108.235.243 - - [24/Jun/2026:15:48:58 +0200] "POST /wp-json/complianz/v1/wsc-scan HTTP/1.1" 400 88 "-" "WordPress/7.0; https://piacenza.elettroservicegroup.it"
195.172.108.207 - - [24/Jun/2026:15:49:00 +0200] "GET /assistenza-whirlpool-piacenza/ HTTP/2.0" 200 28958 "-" "Mozilla/5.0 (Macintosh; Intel Mac OS X 10_15_7) AppleWebKit/537.36 (KHTML, like Gecko) Chrome/142.0.0.0 Safari/537.36"
185.47.92.230 - - [24/Jun/2026:15:48:59 +0200] "GET /assistenza-lavatrici-piacenza HTTP/2.0" 301 1 "-" "Mozilla/5.0 (Macintosh; Intel Mac OS X 10_15_7) AppleWebKit/537.36 (KHTML, like Gecko) Chrome/142.0.0.0 Safari/537.36"
37.156.64.94 - - [24/Jun/2026:15:49:02 +0200] "GET /assistenza-lavatrici-piacenza/ HTTP/2.0" 200 29119 "-" "Mozilla/5.0 (Macintosh; Intel Mac OS X 10_15_7) AppleWebKit/537.36 (KHTML, like Gecko) Chrome/142.0.0.0 Safari/537.36"
65.108.235.243 - - [24/Jun/2026:15:48:59 +0200] "GET /assistenza-lavatrici-ariston-piacenza/ HTTP/1.1" 200 28894 "-" "WP Fastest Cache Preload Bot"
92.71.35.127 - - [24/Jun/2026:15:49:04 +0200] "GET /termini-e-condizioni HTTP/2.0" 301 1 "-" "Mozilla/5.0 (Macintosh; Intel Mac OS X 10_15_7) AppleWebKit/537.36 (KHTML, like Gecko) Chrome/142.0.0.0 Safari/537.36"
85.254.138.217 - - [24/Jun/2026:15:49:07 +0200] "GET /termini-e-condizioni/ HTTP/2.0" 200 24648 "-" "Mozilla/5.0 (Macintosh; Intel Mac OS X 10_15_7) AppleWebKit/537.36 (KHTML, like Gecko) Chrome/142.0.0.0 Safari/537.36"
142.147.161.144 - - [24/Jun/2026:15:49:08 +0200] "GET /assistenza-smeg-piacenza/ HTTP/2.0" 200 28893 "-" "Mozilla/5.0 (Macintosh; Intel Mac OS X 10_15_7) AppleWebKit/537.36 (KHTML, like Gecko) Chrome/142.0.0.0 Safari/537.36"
65.108.235.243 - - [24/Jun/2026:15:49:04 +0200] "GET /assistenza-lavatrici-aeg-piacenza/ HTTP/1.1" 200 28888 "-" "WP Fastest Cache Preload Bot"
199.120.15.170 - - [24/Jun/2026:15:49:11 +0200] "GET /assistenza-miele-piacenza/ HTTP/2.0" 200 11834 "-" "Mozilla/5.0 (Macintosh; Intel Mac OS X 10_15_7) AppleWebKit/537.36 (KHTML, like Gecko) Chrome/142.0.0.0 Safari/537.36"
65.108.235.243 - - [24/Jun/2026:15:49:09 +0200] "GET /assistenza-lavatrici-piacenza/ HTTP/1.1" 200 29133 "-" "WP Fastest Cache Preload Bot"
65.108.235.243 - - [24/Jun/2026:15:49:12 +0200] "GET /assistenza-lavastoviglie-whirlpool-piacenza/ HTTP/1.1" 200 28834 "-" "WP Fastest Cache Preload Bot"
89.117.114.159 - - [24/Jun/2026:15:49:17 +0200] "GET /assistenza-candy-piacenza/ HTTP/2.0" 200 28995 "-" "Mozilla/5.0 (Macintosh; Intel Mac OS X 10_15_7) AppleWebKit/537.36 (KHTML, like Gecko) Chrome/142.0.0.0 Safari/537.36"
142.147.166.239 - - [24/Jun/2026:15:49:19 +0200] "GET /cookie-policy-ue/ HTTP/2.0" 200 26505 "-" "Mozilla/5.0 (Macintosh; Intel Mac OS X 10_15_7) AppleWebKit/537.36 (KHTML, like Gecko) Chrome/142.0.0.0 Safari/537.36"
166.0.179.194 - - [24/Jun/2026:15:49:21 +0200] "GET /assistenza-bosch-piacenza/ HTTP/2.0" 200 28991 "-" "Mozilla/5.0 (Macintosh; Intel Mac OS X 10_15_7) AppleWebKit/537.36 (KHTML, like Gecko) Chrome/142.0.0.0 Safari/537.36"
142.147.170.201 - - [24/Jun/2026:15:49:22 +0200] "GET /assistenza-siemens-piacenza/ HTTP/2.0" 200 29084 "-" "Mozilla/5.0 (Macintosh; Intel Mac OS X 10_15_7) AppleWebKit/537.36 (KHTML, like Gecko) Chrome/142.0.0.0 Safari/537.36"
45.41.146.35 - - [24/Jun/2026:15:49:25 +0200] "GET /assistenza-aeg-piacenza/ HTTP/2.0" 200 28981 "-" "Mozilla/5.0 (Macintosh; Intel Mac OS X 10_15_7) AppleWebKit/537.36 (KHTML, like Gecko) Chrome/142.0.0.0 Safari/537.36"
65.108.235.243 - - [24/Jun/2026:15:49:33 +0200] "POST /wp-cron.php?doing_wp_cron=1782308973.6058189868927001953125 HTTP/1.1" 200 1 "-" "WordPress/7.0; https://piacenza.elettroservicegroup.it"
204.93.235.150 - - [24/Jun/2026:15:49:33 +0200] "GET /assistenza-asciugatrici HTTP/2.0" 301 1 "-" "Mozilla/5.0 (Macintosh; Intel Mac OS X 10_15_7) AppleWebKit/537.36 (KHTML, like Gecko) Chrome/142.0.0.0 Safari/537.36"
45.91.91.94 - - [24/Jun/2026:15:49:37 +0200] "GET /assistenza-rex-electrolux-piacenza/ HTTP/2.0" 200 28940 "-" "Mozilla/5.0 (Macintosh; Intel Mac OS X 10_15_7) AppleWebKit/537.36 (KHTML, like Gecko) Chrome/142.0.0.0 Safari/537.36"
66.229.145.185 - - [24/Jun/2026:15:49:45 +0200] "GET /assistenza-indesit-piacenza/ HTTP/2.0" 200 28890 "https://www.google.com/" "Mozilla/5.0 (X11; Linux x86_64) AppleWebKit/537.36 (KHTML, like Gecko) Chrome/149.0.0.0 Safari/537.36"
66.229.145.185 - - [24/Jun/2026:15:49:45 +0200] "GET /wp-content/cache/wpfc-minified/98f2uwim/2b8mf.css HTTP/2.0" 200 418 "https://piacenza.elettroservicegroup.it/assistenza-indesit-piacenza/" "Mozilla/5.0 (X11; Linux x86_64) AppleWebKit/537.36 (KHTML, like Gecko) Chrome/149.0.0.0 Safari/537.36"
66.229.145.185 - - [24/Jun/2026:15:49:45 +0200] "GET /wp-content/uploads/elementor/css/post-14146.css?ver=1782227923 HTTP/2.0" 200 428 "https://piacenza.elettroservicegroup.it/assistenza-indesit-piacenza/" "Mozilla/5.0 (X11; Linux x86_64) AppleWebKit/537.36 (KHTML, like Gecko) Chrome/149.0.0.0 Safari/537.36"
66.229.145.185 - - [24/Jun/2026:15:49:45 +0200] "GET /wp-content/cache/wpfc-minified/9h35mpo4/2b8mf.css HTTP/2.0" 200 4410 "https://piacenza.elettroservicegroup.it/assistenza-indesit-piacenza/" "Mozilla/5.0 (X11; Linux x86_64) AppleWebKit/537.36 (KHTML, like Gecko) Chrome/149.0.0.0 Safari/537.36"
66.229.145.185 - - [24/Jun/2026:15:49:45 +0200] "GET /wp-content/uploads/elementor/css/post-14366.css?ver=1782227924 HTTP/2.0" 200 302 "https://piacenza.elettroservicegroup.it/assistenza-indesit-piacenza/" "Mozilla/5.0 (X11; Linux x86_64) AppleWebKit/537.36 (KHTML, like Gecko) Chrome/149.0.0.0 Safari/537.36"
66.229.145.185 - - [24/Jun/2026:15:49:45 +0200] "GET /wp-content/cache/wpfc-minified/lkeozi6d/2b8mf.css HTTP/2.0" 200 7521 "https://piacenza.elettroservicegroup.it/assistenza-indesit-piacenza/" "Mozilla/5.0 (X11; Linux x86_64) AppleWebKit/537.36 (KHTML, like Gecko) Chrome/149.0.0.0 Safari/537.36"
66.229.145.185 - - [24/Jun/2026:15:49:45 +0200] "GET /wp-content/uploads/2021/10/cropped-cropped-cropped-logo_white_background.png HTTP/2.0" 200 10924 "https://piacenza.elettroservicegroup.it/assistenza-indesit-piacenza/" "Mozilla/5.0 (X11; Linux x86_64) AppleWebKit/537.36 (KHTML, like Gecko) Chrome/149.0.0.0 Safari/537.36"
66.229.145.185 - - [24/Jun/2026:15:49:45 +0200] "GET /wp-content/uploads/2022/01/HOME-300x200.jpg HTTP/2.0" 200 3766 "https://piacenza.elettroservicegroup.it/assistenza-indesit-piacenza/" "Mozilla/5.0 (X11; Linux x86_64) AppleWebKit/537.36 (KHTML, like Gecko) Chrome/149.0.0.0 Safari/537.36"
66.229.145.185 - - [24/Jun/2026:15:49:45 +0200] "GET /wp-content/cache/wpfc-minified/5g6kml4/2bdz9.css HTTP/2.0" 200 16441 "https://piacenza.elettroservicegroup.it/assistenza-indesit-piacenza/" "Mozilla/5.0 (X11; Linux x86_64) AppleWebKit/537.36 (KHTML, like Gecko) Chrome/149.0.0.0 Safari/537.36"
66.229.145.185 - - [24/Jun/2026:15:49:45 +0200] "GET /wp-content/cache/wpfc-minified/qha2vzve/2b8mf.css HTTP/2.0" 200 11343 "https://piacenza.elettroservicegroup.it/assistenza-indesit-piacenza/" "Mozilla/5.0 (X11; Linux x86_64) AppleWebKit/537.36 (KHTML, like Gecko) Chrome/149.0.0.0 Safari/537.36"
66.229.145.185 - - [24/Jun/2026:15:49:45 +0200] "GET /wp-content/plugins/gp-premium/menu-plus/functions/js/sticky.min.js?ver=2.5.5 HTTP/2.0" 200 2670 "https://piacenza.elettroservicegroup.it/assistenza-indesit-piacenza/" "Mozilla/5.0 (X11; Linux x86_64) AppleWebKit/537.36 (KHTML, like Gecko) Chrome/149.0.0.0 Safari/537.36"
66.229.145.185 - - [24/Jun/2026:15:49:45 +0200] "GET /wp-content/cache/wpfc-minified/6ykfum2g/2bdz9.css HTTP/2.0" 200 14492 "https://piacenza.elettroservicegroup.it/assistenza-indesit-piacenza/" "Mozilla/5.0 (X11; Linux x86_64) AppleWebKit/537.36 (KHTML, like Gecko) Chrome/149.0.0.0 Safari/537.36"
66.229.145.185 - - [24/Jun/2026:15:49:45 +0200] "GET /wp-content/cache/wpfc-minified/30gnld0u/2b8mf.css HTTP/2.0" 200 19038 "https://piacenza.elettroservicegroup.it/assistenza-indesit-piacenza/" "Mozilla/5.0 (X11; Linux x86_64) AppleWebKit/537.36 (KHTML, like Gecko) Chrome/149.0.0.0 Safari/537.36"
66.229.145.185 - - [24/Jun/2026:15:49:45 +0200] "GET /wp-content/cache/wpfc-minified/kajgjpa1/2b8mf.js HTTP/2.0" 200 37594 "https://piacenza.elettroservicegroup.it/assistenza-indesit-piacenza/" "Mozilla/5.0 (X11; Linux x86_64) AppleWebKit/537.36 (KHTML, like Gecko) Chrome/149.0.0.0 Safari/537.36"
66.229.145.185 - - [24/Jun/2026:15:49:45 +0200] "GET /wp-content/plugins/elementor/assets/js/webpack.runtime.min.js?ver=4.1.4 HTTP/2.0" 200 2340 "https://piacenza.elettroservicegroup.it/assistenza-indesit-piacenza/" "Mozilla/5.0 (X11; Linux x86_64) AppleWebKit/537.36 (KHTML, like Gecko) Chrome/149.0.0.0 Safari/537.36"
65.108.235.243 - - [24/Jun/2026:15:49:45 +0200] "POST /wp-cron.php?doing_wp_cron=1782308985.8775091171264648437500 HTTP/1.1" 200 1 "-" "WordPress/7.0; https://piacenza.elettroservicegroup.it"
66.229.145.185 - - [24/Jun/2026:15:49:45 +0200] "GET /wp-content/uploads/elementor/css/post-16901.css?ver=1782245712 HTTP/2.0" 404 24619 "https://piacenza.elettroservicegroup.it/assistenza-indesit-piacenza/" "Mozilla/5.0 (X11; Linux x86_64) AppleWebKit/537.36 (KHTML, like Gecko) Chrome/149.0.0.0 Safari/537.36"
66.229.145.185 - - [24/Jun/2026:15:49:45 +0200] "GET /wp-content/plugins/elementor/assets/js/frontend-modules.min.js?ver=4.1.4 HTTP/2.0" 200 15454 "https://piacenza.elettroservicegroup.it/assistenza-indesit-piacenza/" "Mozilla/5.0 (X11; Linux x86_64) AppleWebKit/537.36 (KHTML, like Gecko) Chrome/149.0.0.0 Safari/537.36"
66.229.145.185 - - [24/Jun/2026:15:49:46 +0200] "GET /wp-includes/js/jquery/ui/core.min.js?ver=1.13.3 HTTP/2.0" 200 6820 "https://piacenza.elettroservicegroup.it/assistenza-indesit-piacenza/" "Mozilla/5.0 (X11; Linux x86_64) AppleWebKit/537.36 (KHTML, like Gecko) Chrome/149.0.0.0 Safari/537.36"
66.229.145.185 - - [24/Jun/2026:15:49:46 +0200] "GET /wp-content/plugins/elementor/assets/js/frontend.min.js?ver=4.1.4 HTTP/2.0" 200 10140 "https://piacenza.elettroservicegroup.it/assistenza-indesit-piacenza/" "Mozilla/5.0 (X11; Linux x86_64) AppleWebKit/537.36 (KHTML, like Gecko) Chrome/149.0.0.0 Safari/537.36"
66.229.145.185 - - [24/Jun/2026:15:49:46 +0200] "GET /wp-content/themes/generatepress/assets/js/menu.min.js?ver=3.6.1 HTTP/2.0" 200 1688 "https://piacenza.elettroservicegroup.it/assistenza-indesit-piacenza/" "Mozilla/5.0 (X11; Linux x86_64) AppleWebKit/537.36 (KHTML, like Gecko) Chrome/149.0.0.0 Safari/537.36"
66.229.145.185 - - [24/Jun/2026:15:49:46 +0200] "GET /wp-content/themes/generatepress/assets/js/back-to-top.min.js?ver=3.6.1 HTTP/2.0" 200 336 "https://piacenza.elettroservicegroup.it/assistenza-indesit-piacenza/" "Mozilla/5.0 (X11; Linux x86_64) AppleWebKit/537.36 (KHTML, like Gecko) Chrome/149.0.0.0 Safari/537.36"
66.229.145.185 - - [24/Jun/2026:15:49:46 +0200] "GET /wp-content/plugins/complianz-gdpr-premium/cookiebanner/js/complianz.min.js?ver=1781539588 HTTP/2.0" 200 10762 "https://piacenza.elettroservicegroup.it/assistenza-indesit-piacenza/" "Mozilla/5.0 (X11; Linux x86_64) AppleWebKit/537.36 (KHTML, like Gecko) Chrome/149.0.0.0 Safari/537.36"
65.108.235.243 - - [24/Jun/2026:15:49:46 +0200] "GET /assistenza-lavastoviglie-smeg-piacenza/ HTTP/1.1" 200 28742 "-" "WP Fastest Cache Preload Bot"
65.108.235.243 - - [24/Jun/2026:15:49:47 +0200] "GET /assistenza-lavastoviglie-rex-electrolux-piacenza/ HTTP/1.1" 200 28745 "-" "WP Fastest Cache Preload Bot"
65.108.235.243 - - [24/Jun/2026:15:49:48 +0200] "GET /assistenza-lavastoviglie-indesit-piacenza/ HTTP/1.1" 200 29245 "-" "WP Fastest Cache Preload Bot"
65.108.235.243 - - [24/Jun/2026:15:49:48 +0200] "GET /assistenza-lavastoviglie-bosch-piacenza/ HTTP/1.1" 200 29268 "-" "WP Fastest Cache Preload Bot"
66.229.145.185 - - [24/Jun/2026:15:50:14 +0200] "GET /wp-content/uploads/2022/01/TECNIC-LAVATRICE-768x432-1-300x169.jpg HTTP/2.0" 200 12349 "https://piacenza.elettroservicegroup.it/assistenza-indesit-piacenza/" "Mozilla/5.0 (X11; Linux x86_64) AppleWebKit/537.36 (KHTML, like Gecko) Chrome/149.0.0.0 Safari/537.36"
66.229.145.185 - - [24/Jun/2026:15:50:14 +0200] "GET /wp-content/uploads/elementor/google-fonts/fonts/roboto-kfo7cnqeu92fr1me7ksn66agldtyluama3yuba.woff2 HTTP/2.0" 200 40132 "https://piacenza.elettroservicegroup.it/wp-content/cache/wpfc-minified/6ykfum2g/2bdz9.css" "Mozilla/5.0 (X11; Linux x86_64) AppleWebKit/537.36 (KHTML, like Gecko) Chrome/149.0.0.0 Safari/537.36"
66.229.145.185 - - [24/Jun/2026:15:50:14 +0200] "GET /wp-content/plugins/elementor/assets/lib/font-awesome/webfonts/fa-regular-400.woff2 HTTP/2.0" 200 13277 "https://piacenza.elettroservicegroup.it/wp-content/cache/wpfc-minified/5g6kml4/2bdz9.css" "Mozilla/5.0 (X11; Linux x86_64) AppleWebKit/537.36 (KHTML, like Gecko) Chrome/149.0.0.0 Safari/537.36"
66.229.145.185 - - [24/Jun/2026:15:50:14 +0200] "GET /wp-content/plugins/elementor/assets/lib/font-awesome/webfonts/fa-solid-900.woff2 HTTP/2.0" 200 78201 "https://piacenza.elettroservicegroup.it/wp-content/cache/wpfc-minified/5g6kml4/2bdz9.css" "Mozilla/5.0 (X11; Linux x86_64) AppleWebKit/537.36 (KHTML, like Gecko) Chrome/149.0.0.0 Safari/537.36"
66.229.145.185 - - [24/Jun/2026:15:50:14 +0200] "GET /wp-content/uploads/elementor/google-fonts/fonts/robotoslab-bngmuxzytxpivibgjjsb6ufn5qu.woff2 HTTP/2.0" 200 34328 "https://piacenza.elettroservicegroup.it/wp-content/cache/wpfc-minified/6ykfum2g/2bdz9.css" "Mozilla/5.0 (X11; Linux x86_64) AppleWebKit/537.36 (KHTML, like Gecko) Chrome/149.0.0.0 Safari/537.36"
66.229.145.185 - - [24/Jun/2026:15:50:14 +0200] "GET /wp-content/plugins/elementor/assets/js/section-frontend-handlers.d85ab872da118940910d.bundle.min.js HTTP/2.0" 200 230 "https://piacenza.elettroservicegroup.it/assistenza-indesit-piacenza/" "Mozilla/5.0 (X11; Linux x86_64) AppleWebKit/537.36 (KHTML, like Gecko) Chrome/149.0.0.0 Safari/537.36"
66.229.145.185 - - [24/Jun/2026:15:50:14 +0200] "GET /wp-content/uploads/2022/01/TECNIC-LAVATRICE-1-1-300x169.jpg HTTP/2.0" 200 12560 "https://piacenza.elettroservicegroup.it/assistenza-indesit-piacenza/" "Mozilla/5.0 (X11; Linux x86_64) AppleWebKit/537.36 (KHTML, like Gecko) Chrome/149.0.0.0 Safari/537.36"
66.229.145.185 - - [24/Jun/2026:15:50:14 +0200] "GET /wp-content/plugins/elementor/assets/js/shared-frontend-handlers.03caa53373b56d3bab67.bundle.min.js HTTP/2.0" 200 2515 "https://piacenza.elettroservicegroup.it/assistenza-indesit-piacenza/" "Mozilla/5.0 (X11; Linux x86_64) AppleWebKit/537.36 (KHTML, like Gecko) Chrome/149.0.0.0 Safari/537.36"
66.229.145.185 - - [24/Jun/2026:15:50:14 +0200] "GET /wp-content/plugins/elementor/assets/js/text-editor.45609661e409413f1cef.bundle.min.js HTTP/2.0" 200 592 "https://piacenza.elettroservicegroup.it/assistenza-indesit-piacenza/" "Mozilla/5.0 (X11; Linux x86_64) AppleWebKit/537.36 (KHTML, like Gecko) Chrome/149.0.0.0 Safari/537.36"
66.229.145.185 - - [24/Jun/2026:15:50:14 +0200] "GET /wp-content/uploads/2026/05/logo.png HTTP/2.0" 200 48185 "https://piacenza.elettroservicegroup.it/assistenza-indesit-piacenza/" "Mozilla/5.0 (X11; Linux x86_64) AppleWebKit/537.36 (KHTML, like Gecko) Chrome/149.0.0.0 Safari/537.36"
66.229.145.185 - - [24/Jun/2026:15:50:14 +0200] "GET /wp-json/complianz/v1/banner?lang=it&locale=it_IT&token=obszq HTTP/2.0" 200 81 "https://piacenza.elettroservicegroup.it/assistenza-indesit-piacenza/" "Mozilla/5.0 (X11; Linux x86_64) AppleWebKit/537.36 (KHTML, like Gecko) Chrome/149.0.0.0 Safari/537.36"
66.229.145.185 - - [24/Jun/2026:15:50:15 +0200] "GET /wp-content/uploads/complianz/css/banner-1-optin.css?v=40 HTTP/2.0" 200 2857 "https://piacenza.elettroservicegroup.it/assistenza-indesit-piacenza/" "Mozilla/5.0 (X11; Linux x86_64) AppleWebKit/537.36 (KHTML, like Gecko) Chrome/149.0.0.0 Safari/537.36"
66.229.145.185 - - [24/Jun/2026:15:50:15 +0200] "GET /wp-json/complianz/v1/cookie_data HTTP/2.0" 200 69 "https://piacenza.elettroservicegroup.it/assistenza-indesit-piacenza/" "Mozilla/5.0 (X11; Linux x86_64) AppleWebKit/537.36 (KHTML, like Gecko) Chrome/149.0.0.0 Safari/537.36"
170.23.13.114 - - [24/Jun/2026:15:51:04 +0200] "GET /assistenza-asciugatrici/ HTTP/2.0" 200 26793 "-" "Mozilla/5.0 (Macintosh; Intel Mac OS X 10_15_7) AppleWebKit/537.36 (KHTML, like Gecko) Chrome/142.0.0.0 Safari/537.36"
65.108.235.243 - - [24/Jun/2026:15:54:13 +0200] "POST /wp-cron.php?doing_wp_cron=1782309253.1008460521697998046875 HTTP/1.1" 200 1 "-" "WordPress/7.0; https://piacenza.elettroservicegroup.it"
74.7.244.50 - - [24/Jun/2026:15:54:08 +0200] "GET /robots.txt HTTP/2.0" 301 1 "-" "Mozilla/5.0 (Macintosh; Intel Mac OS X 10_15_7) AppleWebKit/537.36 (KHTML, like Gecko) Chrome/131.0.0.0 Safari/537.36; compatible; OAI-SearchBot/1.4; robots.txt; +https://openai.com/searchbot"
74.7.244.50 - - [24/Jun/2026:15:54:14 +0200] "GET /robots.txt HTTP/2.0" 200 108 "https://www.piacenza.elettroservicegroup.it/robots.txt" "Mozilla/5.0 (Macintosh; Intel Mac OS X 10_15_7) AppleWebKit/537.36 (KHTML, like Gecko) Chrome/131.0.0.0 Safari/537.36; compatible; OAI-SearchBot/1.4; robots.txt; +https://openai.com/searchbot"
65.108.235.243 - - [24/Jun/2026:15:55:06 +0200] "GET /assistenza-lavastoviglie-ariston-piacenza/ HTTP/1.1" 200 29197 "-" "WP Fastest Cache Preload Bot"
43.153.35.128 - - [24/Jun/2026:15:55:07 +0200] "GET / HTTP/1.1" 200 31484 "http://piacenza.elettroservicegroup.it" "Mozilla/5.0 (iPhone; CPU iPhone OS 13_2_3 like Mac OS X) AppleWebKit/605.1.15 (KHTML, like Gecko) Version/13.0.3 Mobile/15E148 Safari/604.1"
65.108.235.243 - - [24/Jun/2026:15:55:07 +0200] "GET /assistenza-lavastoviglie-aeg-piacenza/ HTTP/1.1" 200 29274 "-" "WP Fastest Cache Preload Bot"
65.108.235.243 - - [24/Jun/2026:15:55:09 +0200] "GET /assistenza-lavastoviglie-piacenza/ HTTP/1.1" 200 28879 "-" "WP Fastest Cache Preload Bot"
65.108.235.243 - - [24/Jun/2026:15:55:15 +0200] "GET /assistenza-indesit-piacenza/ HTTP/1.1" 200 28917 "-" "WP Fastest Cache Preload Bot"
191.102.157.130 - - [24/Jun/2026:16:00:55 +0200] "POST /xmlrpc.php HTTP/1.1" 403 52 "-" "Python-xmlrpc/3.10"
191.102.157.130 - - [24/Jun/2026:16:01:04 +0200] "GET /wp-login.php HTTP/1.1" 200 3563 "-" "Mozilla/5.0 (Macintosh; Intel Mac OS X 10_12_6) AppleWebKit/603.3.8 (KHTML, like Gecko) Version/10.1.2 Safari/603.3.8"
191.102.157.130 - - [24/Jun/2026:16:01:06 +0200] "GET /wp-login.php HTTP/1.1" 200 3563 "-" "Mozilla/5.0 (Macintosh; Intel Mac OS X 10_12_6) AppleWebKit/603.3.8 (KHTML, like Gecko) Version/10.1.2 Safari/603.3.8"
65.108.235.243 - - [24/Jun/2026:16:01:04 +0200] "GET /assistenza-candy-piacenza/ HTTP/1.1" 200 29017 "-" "WP Fastest Cache Preload Bot"
191.102.157.130 - - [24/Jun/2026:16:01:10 +0200] "GET /wp-admin/post-new.php HTTP/1.1" 302 - "-" "Mozilla/5.0 (Macintosh; Intel Mac OS X 10_12_6) AppleWebKit/603.3.8 (KHTML, like Gecko) Version/10.1.2 Safari/603.3.8"
191.102.157.130 - - [24/Jun/2026:16:01:12 +0200] "GET /wp-login.php?redirect_to=https%3A%2F%2Fpiacenza.elettroservicegroup.it%2Fwp-admin%2Fpost-new.php&reauth=1 HTTP/1.1" 200 3567 "-" "Mozilla/5.0 (Macintosh; Intel Mac OS X 10_12_6) AppleWebKit/603.3.8 (KHTML, like Gecko) Version/10.1.2 Safari/603.3.8"
65.108.235.243 - - [24/Jun/2026:16:01:09 +0200] "GET /assistenza-bosch-piacenza/ HTTP/1.1" 200 29018 "-" "WP Fastest Cache Preload Bot"
65.108.235.243 - - [24/Jun/2026:16:01:14 +0200] "GET /assistenza-ariston-piacenza/ HTTP/1.1" 200 29010 "-" "WP Fastest Cache Preload Bot"
65.108.235.243 - - [24/Jun/2026:16:01:18 +0200] "GET /assistenza-aeg-piacenza/ HTTP/1.1" 200 29009 "-" "WP Fastest Cache Preload Bot"
65.108.235.243 - - [24/Jun/2026:16:04:10 +0200] "POST /wp-cron.php?doing_wp_cron=1782309850.2850239276885986328125 HTTP/1.1" 200 1 "-" "WordPress/7.0; https://piacenza.elettroservicegroup.it"
87.236.176.94 - - [24/Jun/2026:16:04:04 +0200] "GET / HTTP/1.1" 301 - "-" "Mozilla/5.0 (compatible; InternetMeasurement/1.0; +https://internet-measurement.com/)"
87.236.176.94 - - [24/Jun/2026:16:04:10 +0200] "GET / HTTP/1.1" 415 182789 "https://www.piacenza.elettroservicegroup.it" "Mozilla/5.0 (compatible; InternetMeasurement/1.0; +https://internet-measurement.com/)"
195.96.139.154 - - [24/Jun/2026:16:04:13 +0200] "GET /wp-content/uploads/2021/10/cropped-cropped-cropped-cropped-logo_white_background-180x180.png HTTP/2.0" 404 109040 "-" "Mozilla/5.0 (compatible; InternetMeasurement/1.0; +https://internet-measurement.com/)"
195.96.139.214 - - [24/Jun/2026:16:04:13 +0200] "GET /wp-content/uploads/2021/10/cropped-cropped-cropped-cropped-logo_white_background-192x192.png HTTP/2.0" 404 109040 "-" "Mozilla/5.0 (compatible; InternetMeasurement/1.0; +https://internet-measurement.com/)"
195.96.139.218 - - [24/Jun/2026:16:04:13 +0200] "GET /wp-content/uploads/2021/10/cropped-cropped-cropped-cropped-logo_white_background-270x270.png HTTP/2.0" 404 109040 "-" "Mozilla/5.0 (compatible; InternetMeasurement/1.0; +https://internet-measurement.com/)"
87.236.176.20 - - [24/Jun/2026:16:04:13 +0200] "GET /wp-content/uploads/2021/10/cropped-cropped-cropped-cropped-logo_white_background-32x32.png HTTP/2.0" 404 109028 "-" "Mozilla/5.0 (compatible; InternetMeasurement/1.0; +https://internet-measurement.com/)"
167.99.234.119 - - [24/Jun/2026:16:04:16 +0200] "GET /wp-content/uploads/2021/10/cropped-cropped-cropped-cropped-logo_white_background-180x180.png HTTP/2.0" 404 109040 "-" "Mozilla/5.0 (compatible; InternetMeasurement/1.0; +https://internet-measurement.com/)"
64.227.110.161 - - [24/Jun/2026:16:04:17 +0200] "GET /wp-content/uploads/2021/10/cropped-cropped-cropped-cropped-logo_white_background-192x192.png HTTP/2.0" 404 109040 "-" "Mozilla/5.0 (compatible; InternetMeasurement/1.0; +https://internet-measurement.com/)"
64.227.99.138 - - [24/Jun/2026:16:04:17 +0200] "GET /wp-content/uploads/2021/10/cropped-cropped-cropped-cropped-logo_white_background-270x270.png HTTP/2.0" 404 109040 "-" "Mozilla/5.0 (compatible; InternetMeasurement/1.0; +https://internet-measurement.com/)"
177.161.169.52 - - [24/Jun/2026:16:04:20 +0200] "GET /wp-login.php HTTP/2.0" 200 3239 "-" "Mozilla/5.0 (Windows NT 10.0; Win64; x64; rv:133.0) Gecko/20100101 Firefox/133.0"
162.243.114.171 - - [24/Jun/2026:16:04:22 +0200] "GET /wp-content/uploads/2021/10/cropped-cropped-cropped-cropped-logo_white_background-32x32.png HTTP/2.0" 404 109028 "-" "Mozilla/5.0 (compatible; InternetMeasurement/1.0; +https://internet-measurement.com/)"
82.137.32.150 - - [24/Jun/2026:16:04:25 +0200] "POST /xmlrpc.php HTTP/2.0" 403 52 "-" "Mozilla/5.0 (Windows NT 10.0; Win64; x64; rv:133.0) Gecko/20100101 Firefox/133.0"
37.32.73.13 - - [24/Jun/2026:16:04:28 +0200] "POST /xmlrpc.php HTTP/2.0" 403 52 "-" "Mozilla/5.0 (Windows NT 10.0; Win64; x64) AppleWebKit/537.36 (KHTML, like Gecko) Chrome/124.0.0.0 Safari/537.36"
102.0.28.254 - - [24/Jun/2026:16:04:33 +0200] "POST /xmlrpc.php HTTP/2.0" 403 52 "-" "Mozilla/5.0 (Windows NT 10.0; Win64; x64; rv:133.0) Gecko/20100101 Firefox/133.0"
41.40.67.138 - - [24/Jun/2026:16:04:41 +0200] "POST /xmlrpc.php HTTP/2.0" 403 52 "-" "Mozilla/5.0 (Macintosh; Intel Mac OS X 10_15_7) AppleWebKit/605.1.15 (KHTML, like Gecko) Version/18.0 Safari/605.1.15"
223.185.48.98 - - [24/Jun/2026:16:04:44 +0200] "POST /xmlrpc.php HTTP/2.0" 403 52 "-" "Mozilla/5.0 (Macintosh; Intel Mac OS X 10_15_7) AppleWebKit/605.1.15 (KHTML, like Gecko) Version/18.0 Safari/605.1.15"
79.167.192.58 - - [24/Jun/2026:16:04:48 +0200] "POST /xmlrpc.php HTTP/2.0" 403 52 "-" "Mozilla/5.0 (Windows NT 10.0; Win64; x64; rv:133.0) Gecko/20100101 Firefox/133.0"
117.243.114.110 - - [24/Jun/2026:16:04:51 +0200] "POST /xmlrpc.php HTTP/2.0" 403 52 "-" "Mozilla/5.0 (Macintosh; Intel Mac OS X 10_15_7) AppleWebKit/605.1.15 (KHTML, like Gecko) Version/18.0 Safari/605.1.15"
177.37.136.116 - - [24/Jun/2026:16:04:54 +0200] "POST /xmlrpc.php HTTP/2.0" 403 52 "-" "Mozilla/5.0 (Windows NT 10.0; Win64; x64) AppleWebKit/537.36 (KHTML, like Gecko) Chrome/124.0.0.0 Safari/537.36"
31.145.67.214 - - [24/Jun/2026:16:05:03 +0200] "POST /xmlrpc.php HTTP/2.0" 403 52 "-" "Mozilla/5.0 (Windows NT 10.0; Win64; x64; rv:133.0) Gecko/20100101 Firefox/133.0"
157.51.209.37 - - [24/Jun/2026:16:05:06 +0200] "POST /xmlrpc.php HTTP/2.0" 403 52 "-" "Mozilla/5.0 (Windows NT 10.0; Win64; x64) AppleWebKit/537.36 (KHTML, like Gecko) Chrome/124.0.0.0 Safari/537.36"
65.108.235.243 - - [24/Jun/2026:16:05:15 +0200] "POST /wp-cron.php?doing_wp_cron=1782309915.3829879760742187500000 HTTP/1.1" 200 1 "-" "WordPress/7.0; https://piacenza.elettroservicegroup.it"
168.232.213.68 - - [24/Jun/2026:16:05:09 +0200] "GET /wp-login.php HTTP/2.0" 200 3239 "-" "Mozilla/5.0 (Windows NT 10.0; Win64; x64; rv:133.0) Gecko/20100101 Firefox/133.0"
168.232.213.68 - - [24/Jun/2026:16:05:16 +0200] "POST /wp-login.php HTTP/2.0" 200 3363 "https://piacenza.elettroservicegroup.it/wp-login.php" "Mozilla/5.0 (Windows NT 10.0; Win64; x64; rv:133.0) Gecko/20100101 Firefox/133.0"
65.108.235.243 - - [24/Jun/2026:16:05:17 +0200] "GET /cookie-policy/ HTTP/1.1" 200 25096 "-" "WP Fastest Cache Preload Bot"
65.108.235.243 - - [24/Jun/2026:16:05:20 +0200] "GET /termini-e-condizioni/ HTTP/1.1" 200 24672 "-" "WP Fastest Cache Preload Bot"
180.190.23.245 - - [24/Jun/2026:16:05:21 +0200] "GET /wp-login.php HTTP/2.0" 200 3239 "-" "Mozilla/5.0 (Windows NT 10.0; Win64; x64) AppleWebKit/537.36 (KHTML, like Gecko) Chrome/124.0.0.0 Safari/537.36"
65.108.235.243 - - [24/Jun/2026:16:05:22 +0200] "GET /cookie-policy-ue/ HTTP/1.1" 200 26539 "-" "WP Fastest Cache Preload Bot"
180.190.23.245 - - [24/Jun/2026:16:05:23 +0200] "POST /wp-login.php HTTP/2.0" 200 3363 "https://piacenza.elettroservicegroup.it/wp-login.php" "Mozilla/5.0 (Windows NT 10.0; Win64; x64) AppleWebKit/537.36 (KHTML, like Gecko) Chrome/124.0.0.0 Safari/537.36"
65.108.235.243 - - [24/Jun/2026:16:05:25 +0200] "GET /informativa-privacy/ HTTP/1.1" 200 26874 "-" "WP Fastest Cache Preload Bot"
65.108.235.243 - - [24/Jun/2026:16:05:31 +0200] "POST /wp-cron.php?doing_wp_cron=1782309931.4825599193572998046875 HTTP/1.1" 200 1 "-" "WordPress/7.0; https://piacenza.elettroservicegroup.it"
125.165.114.169 - - [24/Jun/2026:16:05:30 +0200] "GET /wp-login.php HTTP/2.0" 200 3239 "-" "Mozilla/5.0 (Macintosh; Intel Mac OS X 10_15_7) AppleWebKit/605.1.15 (KHTML, like Gecko) Version/18.0 Safari/605.1.15"
125.165.114.169 - - [24/Jun/2026:16:05:32 +0200] "POST /wp-login.php HTTP/2.0" 200 3363 "https://piacenza.elettroservicegroup.it/wp-login.php" "Mozilla/5.0 (Macintosh; Intel Mac OS X 10_15_7) AppleWebKit/605.1.15 (KHTML, like Gecko) Version/18.0 Safari/605.1.15"
65.108.235.243 - - [24/Jun/2026:16:05:32 +0200] "GET /assistenza-frigoriferi/ HTTP/1.1" 200 26996 "-" "WP Fastest Cache Preload Bot"
138.94.84.185 - - [24/Jun/2026:16:05:37 +0200] "GET /wp-login.php HTTP/2.0" 200 3239 "-" "Mozilla/5.0 (Windows NT 10.0; Win64; x64) AppleWebKit/537.36 (KHTML, like Gecko) Chrome/124.0.0.0 Safari/537.36"
65.108.235.243 - - [24/Jun/2026:16:05:35 +0200] "GET /assistenza-lavastoviglie/ HTTP/1.1" 200 27051 "-" "WP Fastest Cache Preload Bot"
138.94.84.185 - - [24/Jun/2026:16:05:40 +0200] "POST /wp-login.php HTTP/2.0" 200 3363 "https://piacenza.elettroservicegroup.it/wp-login.php" "Mozilla/5.0 (Windows NT 10.0; Win64; x64) AppleWebKit/537.36 (KHTML, like Gecko) Chrome/124.0.0.0 Safari/537.36"
65.108.235.243 - - [24/Jun/2026:16:05:40 +0200] "GET /assistenza-asciugatrici/ HTTP/1.1" 200 26819 "-" "WP Fastest Cache Preload Bot"
65.108.235.243 - - [24/Jun/2026:16:05:44 +0200] "GET /assistenza-lavatrici/ HTTP/1.1" 200 26572 "-" "WP Fastest Cache Preload Bot"
65.108.235.243 - - [24/Jun/2026:16:05:50 +0200] "POST /wp-cron.php?doing_wp_cron=1782309950.5909149646759033203125 HTTP/1.1" 200 1 "-" "WordPress/7.0; https://piacenza.elettroservicegroup.it"
157.48.107.45 - - [24/Jun/2026:16:05:49 +0200] "GET /wp-login.php HTTP/2.0" 200 3239 "-" "Mozilla/5.0 (Windows NT 10.0; Win64; x64; rv:133.0) Gecko/20100101 Firefox/133.0"
157.48.107.45 - - [24/Jun/2026:16:05:53 +0200] "POST /wp-login.php HTTP/2.0" 200 3363 "https://piacenza.elettroservicegroup.it/wp-login.php" "Mozilla/5.0 (Windows NT 10.0; Win64; x64; rv:133.0) Gecko/20100101 Firefox/133.0"
113.23.28.227 - - [24/Jun/2026:16:05:58 +0200] "GET /wp-login.php HTTP/2.0" 200 3239 "-" "Mozilla/5.0 (Windows NT 10.0; Win64; x64) AppleWebKit/537.36 (KHTML, like Gecko) Chrome/124.0.0.0 Safari/537.36"
113.23.28.227 - - [24/Jun/2026:16:05:59 +0200] "POST /wp-login.php HTTP/2.0" 200 3363 "https://piacenza.elettroservicegroup.it/wp-login.php" "Mozilla/5.0 (Windows NT 10.0; Win64; x64) AppleWebKit/537.36 (KHTML, like Gecko) Chrome/124.0.0.0 Safari/537.36"
46.150.95.68 - - [24/Jun/2026:16:06:05 +0200] "GET /wp-login.php HTTP/2.0" 200 3239 "-" "Mozilla/5.0 (Macintosh; Intel Mac OS X 10_15_7) AppleWebKit/605.1.15 (KHTML, like Gecko) Version/18.0 Safari/605.1.15"
46.150.95.68 - - [24/Jun/2026:16:06:07 +0200] "POST /wp-login.php HTTP/2.0" 200 3363 "https://piacenza.elettroservicegroup.it/wp-login.php" "Mozilla/5.0 (Macintosh; Intel Mac OS X 10_15_7) AppleWebKit/605.1.15 (KHTML, like Gecko) Version/18.0 Safari/605.1.15"
151.250.90.33 - - [24/Jun/2026:16:06:13 +0200] "GET /wp-login.php HTTP/2.0" 200 3239 "-" "Mozilla/5.0 (Windows NT 10.0; Win64; x64) AppleWebKit/537.36 (KHTML, like Gecko) Chrome/124.0.0.0 Safari/537.36"
151.250.90.33 - - [24/Jun/2026:16:06:14 +0200] "POST /wp-login.php HTTP/2.0" 200 3363 "https://piacenza.elettroservicegroup.it/wp-login.php" "Mozilla/5.0 (Windows NT 10.0; Win64; x64) AppleWebKit/537.36 (KHTML, like Gecko) Chrome/124.0.0.0 Safari/537.36"
45.190.115.115 - - [24/Jun/2026:16:06:18 +0200] "GET /wp-login.php HTTP/2.0" 200 3239 "-" "Mozilla/5.0 (Windows NT 10.0; Win64; x64) AppleWebKit/537.36 (KHTML, like Gecko) Chrome/124.0.0.0 Safari/537.36"
45.190.115.115 - - [24/Jun/2026:16:06:19 +0200] "POST /wp-login.php HTTP/2.0" 200 3363 "https://piacenza.elettroservicegroup.it/wp-login.php" "Mozilla/5.0 (Windows NT 10.0; Win64; x64) AppleWebKit/537.36 (KHTML, like Gecko) Chrome/124.0.0.0 Safari/537.36"
65.108.235.243 - - [24/Jun/2026:16:06:22 +0200] "POST /wp-cron.php?doing_wp_cron=1782309982.8646509647369384765625 HTTP/1.1" 200 1 "-" "WordPress/7.0; https://piacenza.elettroservicegroup.it"
103.220.205.118 - - [24/Jun/2026:16:06:22 +0200] "GET /wp-login.php HTTP/2.0" 200 3239 "-" "Mozilla/5.0 (Windows NT 10.0; Win64; x64; rv:133.0) Gecko/20100101 Firefox/133.0"
103.220.205.118 - - [24/Jun/2026:16:06:23 +0200] "POST /wp-login.php HTTP/2.0" 200 3363 "https://piacenza.elettroservicegroup.it/wp-login.php" "Mozilla/5.0 (Windows NT 10.0; Win64; x64; rv:133.0) Gecko/20100101 Firefox/133.0"
65.108.235.243 - - [24/Jun/2026:16:06:27 +0200] "POST /wp-cron.php?doing_wp_cron=1782309987.9779140949249267578125 HTTP/1.1" 200 1 "-" "WordPress/7.0; https://piacenza.elettroservicegroup.it"
103.112.65.70 - - [24/Jun/2026:16:06:26 +0200] "GET /wp-login.php HTTP/2.0" 200 3239 "-" "Mozilla/5.0 (Macintosh; Intel Mac OS X 10_15_7) AppleWebKit/605.1.15 (KHTML, like Gecko) Version/18.0 Safari/605.1.15"
103.112.65.70 - - [24/Jun/2026:16:06:29 +0200] "POST /wp-login.php HTTP/2.0" 200 3363 "https://piacenza.elettroservicegroup.it/wp-login.php" "Mozilla/5.0 (Macintosh; Intel Mac OS X 10_15_7) AppleWebKit/605.1.15 (KHTML, like Gecko) Version/18.0 Safari/605.1.15"
216.73.217.167 - - [24/Jun/2026:16:11:22 +0200] "GET /wp-content/cache/wpfc-minified/32rneldi/2b8mf.css HTTP/2.0" 200 15849 "-" "Mozilla/5.0 AppleWebKit/537.36 (KHTML, like Gecko; compatible; ClaudeBot/1.0; +claudebot@anthropic.com)"
84.19.51.118 - - [24/Jun/2026:16:13:05 +0200] "GET / HTTP/1.1" 200 31484 "-" "Mozilla/5.0 (iPhone; CPU iPhone OS 18_3_1 like Mac OS X) AppleWebKit/605.1.15 (KHTML, like Gecko) Version/18.3 Mobile/15E148 Safari/604.1"
193.186.4.17 - - [24/Jun/2026:16:17:03 +0200] "GET / HTTP/2.0" 200 28885 "https://www.google.com/" "Mozilla/5.0 (Windows NT 10.0; Win64; x64) AppleWebKit/537.36 (KHTML, like Gecko) Chrome/149.0.0.0 Safari/537.36"
95.246.85.207 - - [24/Jun/2026:16:17:04 +0200] "GET /wp-content/uploads/elementor/css/post-14146.css?ver=1782227923 HTTP/2.0" 200 428 "https://piacenza.elettroservicegroup.it/" "Mozilla/5.0 (Windows NT 10.0; Win64; x64) AppleWebKit/537.36 (KHTML, like Gecko) Chrome/149.0.0.0 Safari/537.36"
95.246.85.207 - - [24/Jun/2026:16:17:04 +0200] "GET /wp-content/cache/wpfc-minified/98f2uwim/2b8mf.css HTTP/2.0" 200 418 "https://piacenza.elettroservicegroup.it/" "Mozilla/5.0 (Windows NT 10.0; Win64; x64) AppleWebKit/537.36 (KHTML, like Gecko) Chrome/149.0.0.0 Safari/537.36"
95.246.85.207 - - [24/Jun/2026:16:17:04 +0200] "GET /wp-content/cache/wpfc-minified/lkeozi6d/2b8mf.css HTTP/2.0" 200 7521 "https://piacenza.elettroservicegroup.it/" "Mozilla/5.0 (Windows NT 10.0; Win64; x64) AppleWebKit/537.36 (KHTML, like Gecko) Chrome/149.0.0.0 Safari/537.36"
95.246.85.207 - - [24/Jun/2026:16:17:04 +0200] "GET /wp-content/cache/wpfc-minified/qha2vzve/2b8mf.css HTTP/2.0" 200 11343 "https://piacenza.elettroservicegroup.it/" "Mozilla/5.0 (Windows NT 10.0; Win64; x64) AppleWebKit/537.36 (KHTML, like Gecko) Chrome/149.0.0.0 Safari/537.36"
95.246.85.207 - - [24/Jun/2026:16:17:04 +0200] "GET /wp-content/uploads/elementor/css/post-14366.css?ver=1782227924 HTTP/2.0" 200 302 "https://piacenza.elettroservicegroup.it/" "Mozilla/5.0 (Windows NT 10.0; Win64; x64) AppleWebKit/537.36 (KHTML, like Gecko) Chrome/149.0.0.0 Safari/537.36"
95.246.85.207 - - [24/Jun/2026:16:17:04 +0200] "GET /wp-content/cache/wpfc-minified/eujroqks/2bdzd.css HTTP/2.0" 200 16488 "https://piacenza.elettroservicegroup.it/" "Mozilla/5.0 (Windows NT 10.0; Win64; x64) AppleWebKit/537.36 (KHTML, like Gecko) Chrome/149.0.0.0 Safari/537.36"
95.246.85.207 - - [24/Jun/2026:16:17:04 +0200] "GET /wp-content/cache/wpfc-minified/9h35mpo4/2b8mf.css HTTP/2.0" 200 4410 "https://piacenza.elettroservicegroup.it/" "Mozilla/5.0 (Windows NT 10.0; Win64; x64) AppleWebKit/537.36 (KHTML, like Gecko) Chrome/149.0.0.0 Safari/537.36"
95.246.85.207 - - [24/Jun/2026:16:17:04 +0200] "GET /wp-content/uploads/2021/10/cropped-cropped-cropped-logo_white_background.png HTTP/2.0" 200 10924 "https://piacenza.elettroservicegroup.it/" "Mozilla/5.0 (Windows NT 10.0; Win64; x64) AppleWebKit/537.36 (KHTML, like Gecko) Chrome/149.0.0.0 Safari/537.36"
95.246.85.207 - - [24/Jun/2026:16:17:04 +0200] "GET /wp-content/cache/wpfc-minified/30gnld0u/2b8mf.css HTTP/2.0" 200 19038 "https://piacenza.elettroservicegroup.it/" "Mozilla/5.0 (Windows NT 10.0; Win64; x64) AppleWebKit/537.36 (KHTML, like Gecko) Chrome/149.0.0.0 Safari/537.36"
95.246.85.207 - - [24/Jun/2026:16:17:04 +0200] "GET /wp-content/cache/wpfc-minified/6ykfum2g/2bdz9.css HTTP/2.0" 200 14492 "https://piacenza.elettroservicegroup.it/" "Mozilla/5.0 (Windows NT 10.0; Win64; x64) AppleWebKit/537.36 (KHTML, like Gecko) Chrome/149.0.0.0 Safari/537.36"
95.246.85.207 - - [24/Jun/2026:16:17:04 +0200] "GET /wp-content/cache/wpfc-minified/kajgjpa1/2b8mf.js HTTP/2.0" 200 37594 "https://piacenza.elettroservicegroup.it/" "Mozilla/5.0 (Windows NT 10.0; Win64; x64) AppleWebKit/537.36 (KHTML, like Gecko) Chrome/149.0.0.0 Safari/537.36"
95.246.85.207 - - [24/Jun/2026:16:17:04 +0200] "GET /wp-content/uploads/2022/01/TECNICO-ELETTRODOMESTICI-2.jpg HTTP/2.0" 200 24210 "https://piacenza.elettroservicegroup.it/" "Mozilla/5.0 (Windows NT 10.0; Win64; x64) AppleWebKit/537.36 (KHTML, like Gecko) Chrome/149.0.0.0 Safari/537.36"
95.246.85.207 - - [24/Jun/2026:16:17:04 +0200] "GET /wp-content/plugins/gp-premium/menu-plus/functions/js/sticky.min.js?ver=2.5.5 HTTP/2.0" 200 2670 "https://piacenza.elettroservicegroup.it/" "Mozilla/5.0 (Windows NT 10.0; Win64; x64) AppleWebKit/537.36 (KHTML, like Gecko) Chrome/149.0.0.0 Safari/537.36"
95.246.85.207 - - [24/Jun/2026:16:17:05 +0200] "GET /wp-content/plugins/elementor/assets/js/webpack.runtime.min.js?ver=4.1.4 HTTP/2.0" 200 2340 "https://piacenza.elettroservicegroup.it/" "Mozilla/5.0 (Windows NT 10.0; Win64; x64) AppleWebKit/537.36 (KHTML, like Gecko) Chrome/149.0.0.0 Safari/537.36"
95.246.85.207 - - [24/Jun/2026:16:17:05 +0200] "GET /wp-content/plugins/elementor/assets/js/frontend-modules.min.js?ver=4.1.4 HTTP/2.0" 200 15454 "https://piacenza.elettroservicegroup.it/" "Mozilla/5.0 (Windows NT 10.0; Win64; x64) AppleWebKit/537.36 (KHTML, like Gecko) Chrome/149.0.0.0 Safari/537.36"
95.246.85.207 - - [24/Jun/2026:16:17:05 +0200] "GET /wp-includes/js/jquery/ui/core.min.js?ver=1.13.3 HTTP/2.0" 200 6820 "https://piacenza.elettroservicegroup.it/" "Mozilla/5.0 (Windows NT 10.0; Win64; x64) AppleWebKit/537.36 (KHTML, like Gecko) Chrome/149.0.0.0 Safari/537.36"
95.246.85.207 - - [24/Jun/2026:16:17:05 +0200] "GET /wp-content/plugins/elementor/assets/js/frontend.min.js?ver=4.1.4 HTTP/2.0" 200 10140 "https://piacenza.elettroservicegroup.it/" "Mozilla/5.0 (Windows NT 10.0; Win64; x64) AppleWebKit/537.36 (KHTML, like Gecko) Chrome/149.0.0.0 Safari/537.36"
95.246.85.207 - - [24/Jun/2026:16:17:05 +0200] "GET /wp-content/themes/generatepress/assets/js/menu.min.js?ver=3.6.1 HTTP/2.0" 200 1688 "https://piacenza.elettroservicegroup.it/" "Mozilla/5.0 (Windows NT 10.0; Win64; x64) AppleWebKit/537.36 (KHTML, like Gecko) Chrome/149.0.0.0 Safari/537.36"
95.246.85.207 - - [24/Jun/2026:16:17:05 +0200] "GET /wp-content/themes/generatepress/assets/js/back-to-top.min.js?ver=3.6.1 HTTP/2.0" 200 336 "https://piacenza.elettroservicegroup.it/" "Mozilla/5.0 (Windows NT 10.0; Win64; x64) AppleWebKit/537.36 (KHTML, like Gecko) Chrome/149.0.0.0 Safari/537.36"
95.246.85.207 - - [24/Jun/2026:16:17:05 +0200] "GET /wp-content/plugins/complianz-gdpr-premium/cookiebanner/js/complianz.min.js?ver=1781539588 HTTP/2.0" 200 10762 "https://piacenza.elettroservicegroup.it/" "Mozilla/5.0 (Windows NT 10.0; Win64; x64) AppleWebKit/537.36 (KHTML, like Gecko) Chrome/149.0.0.0 Safari/537.36"
95.246.85.207 - - [24/Jun/2026:16:17:04 +0200] "GET /wp-content/uploads/elementor/css/post-14227.css?ver=1782227924 HTTP/2.0" 404 24620 "https://piacenza.elettroservicegroup.it/" "Mozilla/5.0 (Windows NT 10.0; Win64; x64) AppleWebKit/537.36 (KHTML, like Gecko) Chrome/149.0.0.0 Safari/537.36"
65.108.235.243 - - [24/Jun/2026:16:17:09 +0200] "POST /wp-cron.php?doing_wp_cron=1782310629.0763900279998779296875 HTTP/1.1" 200 1 "-" "WordPress/7.0; https://piacenza.elettroservicegroup.it"
66.249.93.138 - - [24/Jun/2026:16:17:03 +0200] "GET /.well-known/traffic-advice HTTP/1.1" 404 23350 "-" "Chrome Privacy Preserving Prefetch Proxy"
95.246.85.207 - - [24/Jun/2026:16:17:09 +0200] "GET /wp-content/plugins/elementor/assets/lib/font-awesome/webfonts/fa-regular-400.woff2 HTTP/2.0" 200 13277 "https://piacenza.elettroservicegroup.it/wp-content/cache/wpfc-minified/eujroqks/2bdzd.css" "Mozilla/5.0 (Windows NT 10.0; Win64; x64) AppleWebKit/537.36 (KHTML, like Gecko) Chrome/149.0.0.0 Safari/537.36"
95.246.85.207 - - [24/Jun/2026:16:17:09 +0200] "GET /wp-content/uploads/elementor/google-fonts/fonts/robotoslab-bngmuxzytxpivibgjjsb6ufn5qu.woff2 HTTP/2.0" 200 34328 "https://piacenza.elettroservicegroup.it/wp-content/cache/wpfc-minified/6ykfum2g/2bdz9.css" "Mozilla/5.0 (Windows NT 10.0; Win64; x64) AppleWebKit/537.36 (KHTML, like Gecko) Chrome/149.0.0.0 Safari/537.36"
95.246.85.207 - - [24/Jun/2026:16:17:09 +0200] "GET /wp-content/plugins/elementor/assets/lib/font-awesome/webfonts/fa-solid-900.woff2 HTTP/2.0" 200 78201 "https://piacenza.elettroservicegroup.it/wp-content/cache/wpfc-minified/eujroqks/2bdzd.css" "Mozilla/5.0 (Windows NT 10.0; Win64; x64) AppleWebKit/537.36 (KHTML, like Gecko) Chrome/149.0.0.0 Safari/537.36"
95.246.85.207 - - [24/Jun/2026:16:17:09 +0200] "GET /wp-content/uploads/2022/01/TECNICO-FRIGO-2-1-300x197.jpg HTTP/2.0" 200 15322 "https://piacenza.elettroservicegroup.it/" "Mozilla/5.0 (Windows NT 10.0; Win64; x64) AppleWebKit/537.36 (KHTML, like Gecko) Chrome/149.0.0.0 Safari/537.36"
95.246.85.207 - - [24/Jun/2026:16:17:09 +0200] "GET /wp-content/uploads/2022/01/copertina-Riparazione_Lavastoviglie-1-12.jpg HTTP/2.0" 200 35425 "https://piacenza.elettroservicegroup.it/" "Mozilla/5.0 (Windows NT 10.0; Win64; x64) AppleWebKit/537.36 (KHTML, like Gecko) Chrome/149.0.0.0 Safari/537.36"
95.246.85.207 - - [24/Jun/2026:16:17:09 +0200] "GET /wp-content/uploads/2021/11/Frigorifero-combinato.jpg HTTP/2.0" 200 40876 "https://piacenza.elettroservicegroup.it/" "Mozilla/5.0 (Windows NT 10.0; Win64; x64) AppleWebKit/537.36 (KHTML, like Gecko) Chrome/149.0.0.0 Safari/537.36"
95.246.85.207 - - [24/Jun/2026:16:17:09 +0200] "GET /wp-content/uploads/2021/10/copertina-washing-machine-2668472_1920-1024x683.jpg HTTP/2.0" 200 51558 "https://piacenza.elettroservicegroup.it/" "Mozilla/5.0 (Windows NT 10.0; Win64; x64) AppleWebKit/537.36 (KHTML, like Gecko) Chrome/149.0.0.0 Safari/537.36"
95.246.85.207 - - [24/Jun/2026:16:17:09 +0200] "GET /wp-content/uploads/2021/10/asko-e1634463631713-1024x675.jpg HTTP/2.0" 200 30076 "https://piacenza.elettroservicegroup.it/" "Mozilla/5.0 (Windows NT 10.0; Win64; x64) AppleWebKit/537.36 (KHTML, like Gecko) Chrome/149.0.0.0 Safari/537.36"
95.246.85.207 - - [24/Jun/2026:16:17:09 +0200] "GET /wp-content/uploads/2022/01/forno-c-1024x682.jpg HTTP/2.0" 200 28592 "https://piacenza.elettroservicegroup.it/" "Mozilla/5.0 (Windows NT 10.0; Win64; x64) AppleWebKit/537.36 (KHTML, like Gecko) Chrome/149.0.0.0 Safari/537.36"
95.246.85.207 - - [24/Jun/2026:16:17:10 +0200] "GET /wp-content/plugins/elementor/assets/js/section-frontend-handlers.d85ab872da118940910d.bundle.min.js HTTP/2.0" 200 230 "https://piacenza.elettroservicegroup.it/" "Mozilla/5.0 (Windows NT 10.0; Win64; x64) AppleWebKit/537.36 (KHTML, like Gecko) Chrome/149.0.0.0 Safari/537.36"
95.246.85.207 - - [24/Jun/2026:16:17:10 +0200] "GET /wp-content/plugins/elementor/assets/js/text-editor.45609661e409413f1cef.bundle.min.js HTTP/2.0" 200 592 "https://piacenza.elettroservicegroup.it/" "Mozilla/5.0 (Windows NT 10.0; Win64; x64) AppleWebKit/537.36 (KHTML, like Gecko) Chrome/149.0.0.0 Safari/537.36"
95.246.85.207 - - [24/Jun/2026:16:17:10 +0200] "GET /wp-content/plugins/elementor/assets/js/shared-frontend-handlers.03caa53373b56d3bab67.bundle.min.js HTTP/2.0" 200 2515 "https://piacenza.elettroservicegroup.it/" "Mozilla/5.0 (Windows NT 10.0; Win64; x64) AppleWebKit/537.36 (KHTML, like Gecko) Chrome/149.0.0.0 Safari/537.36"
95.246.85.207 - - [24/Jun/2026:16:17:09 +0200] "GET /wp-json/complianz/v1/banner?lang=it&locale=it_IT&token=hjurs HTTP/2.0" 200 81 "https://piacenza.elettroservicegroup.it/" "Mozilla/5.0 (Windows NT 10.0; Win64; x64) AppleWebKit/537.36 (KHTML, like Gecko) Chrome/149.0.0.0 Safari/537.36"
95.246.85.207 - - [24/Jun/2026:16:17:10 +0200] "GET /wp-content/uploads/complianz/css/banner-1-optin.css?v=40 HTTP/2.0" 200 2857 "https://piacenza.elettroservicegroup.it/" "Mozilla/5.0 (Windows NT 10.0; Win64; x64) AppleWebKit/537.36 (KHTML, like Gecko) Chrome/149.0.0.0 Safari/537.36"
95.246.85.207 - - [24/Jun/2026:16:17:10 +0200] "GET /wp-json/complianz/v1/cookie_data HTTP/2.0" 200 69 "https://piacenza.elettroservicegroup.it/" "Mozilla/5.0 (Windows NT 10.0; Win64; x64) AppleWebKit/537.36 (KHTML, like Gecko) Chrome/149.0.0.0 Safari/537.36"
95.246.85.207 - - [24/Jun/2026:16:17:10 +0200] "GET /wp-content/uploads/2021/10/cropped-cropped-cropped-cropped-logo_white_background-32x32.png HTTP/2.0" 200 716 "https://piacenza.elettroservicegroup.it/" "Mozilla/5.0 (Windows NT 10.0; Win64; x64) AppleWebKit/537.36 (KHTML, like Gecko) Chrome/149.0.0.0 Safari/537.36"
65.108.235.243 - - [24/Jun/2026:16:17:10 +0200] "GET / HTTP/1.1" 200 28913 "-" "WP Fastest Cache Preload Bot"
95.246.85.207 - - [24/Jun/2026:16:17:13 +0200] "POST /wp-json/complianz/v1/track HTTP/2.0" 200 20 "https://piacenza.elettroservicegroup.it/" "Mozilla/5.0 (Windows NT 10.0; Win64; x64) AppleWebKit/537.36 (KHTML, like Gecko) Chrome/149.0.0.0 Safari/537.36"
95.246.85.207 - - [24/Jun/2026:16:17:13 +0200] "GET /wp-content/uploads/2022/01/tecnico-elettro-3-300x200.jpg HTTP/2.0" 200 15134 "https://piacenza.elettroservicegroup.it/" "Mozilla/5.0 (Windows NT 10.0; Win64; x64) AppleWebKit/537.36 (KHTML, like Gecko) Chrome/149.0.0.0 Safari/537.36"
54.86.115.253 - - [24/Jun/2026:16:18:26 +0200] "GET / HTTP/1.1" 421 362 "-" "RecordedFuture Global Inventory Crawler"
65.108.235.243 - - [24/Jun/2026:16:47:56 +0200] "POST /wp-cron.php?doing_wp_cron=1782312475.9839189052581787109375 HTTP/1.1" 200 1 "-" "WordPress/7.0; https://piacenza.elettroservicegroup.it"
135.181.140.207 - - [24/Jun/2026:16:47:43 +0200] "POST /wp-login.php HTTP/2.0" 503 6756 "https://piacenza.elettroservicegroup.it/wp-login.php" "Mozilla/5.0 (X11; Linux x86_64) AppleWebKit/537.36 (KHTML, like Gecko) Chrome/139.0.0.0 Safari/537.36"
65.108.235.243 - - [24/Jun/2026:16:55:37 +0200] "POST /wp-cron.php?doing_wp_cron=1782312936.9932010173797607421875 HTTP/1.1" 200 1 "-" "WordPress/7.0; https://piacenza.elettroservicegroup.it"
52.167.144.161 - - [24/Jun/2026:16:55:33 +0200] "GET /sitemap.xml HTTP/2.0" 200 332 "-" "Mozilla/5.0 AppleWebKit/537.36 (KHTML, like Gecko; compatible; bingbot/2.0; +http://www.bing.com/bingbot.htm) Chrome/116.0.1938.76 Safari/537.36"
65.108.235.243 - - [24/Jun/2026:16:55:37 +0200] "POST /wp-json/complianz/v1/wsc-scan HTTP/1.1" 400 88 "-" "WordPress/7.0; https://piacenza.elettroservicegroup.it"
65.108.235.243 - - [24/Jun/2026:16:55:38 +0200] "GET /imprint/ HTTP/1.1" 200 24294 "-" "WP Fastest Cache Preload Bot"
65.108.235.243 - - [24/Jun/2026:16:55:41 +0200] "GET /dichiarazione-sulla-privacy-ue/ HTTP/1.1" 200 26774 "-" "WP Fastest Cache Preload Bot"
65.108.235.243 - - [24/Jun/2026:16:55:43 +0200] "GET /assistenza-whirlpool-piacenza/ HTTP/1.1" 200 28984 "-" "WP Fastest Cache Preload Bot"
65.108.235.243 - - [24/Jun/2026:16:55:45 +0200] "GET /assistenza-smeg-piacenza/ HTTP/1.1" 200 28918 "-" "WP Fastest Cache Preload Bot"
65.108.235.243 - - [24/Jun/2026:16:55:48 +0200] "GET / HTTP/1.1" 200 28913 "-" "WP Fastest Cache Preload Bot"
65.111.22.186 - - [24/Jun/2026:17:01:39 +0200] "GET /wp-login.php HTTP/2.0" 200 11808 "-" "Mozilla/5.0 (Macintosh; Intel Mac OS X 10_15_7) AppleWebKit/605.1.15 (KHTML, like Gecko) Version/18.0 Safari/605.1.15"
65.111.22.186 - - [24/Jun/2026:17:01:39 +0200] "GET /wp-login.php?wp_lang=en_US HTTP/2.0" 200 11826 "-" "Mozilla/5.0 (Macintosh; Intel Mac OS X 10_15_7) AppleWebKit/605.1.15 (KHTML, like Gecko) Version/18.0 Safari/605.1.15"
65.108.235.243 - - [24/Jun/2026:17:01:53 +0200] "POST /wp-cron.php?doing_wp_cron=1782313313.4942009449005126953125 HTTP/1.1" 200 1 "-" "WordPress/7.0; https://piacenza.elettroservicegroup.it"
216.26.231.35 - - [24/Jun/2026:17:01:40 +0200] "GET /wp-login.php?wp_lang=en_US HTTP/2.0" 200 2479 "-" "Mozilla/5.0 (Macintosh; Intel Mac OS X 10_15_7) AppleWebKit/605.1.15 (KHTML, like Gecko) Version/18.0 Safari/605.1.15"
216.26.231.35 - - [24/Jun/2026:17:01:54 +0200] "POST /wp-login.php?wp_lang=en_US HTTP/2.0" 200 2605 "https://piacenza.elettroservicegroup.it/wp-login.php?wp_lang=en_US" "Mozilla/5.0 (Macintosh; Intel Mac OS X 10_15_7) AppleWebKit/605.1.15 (KHTML, like Gecko) Version/18.0 Safari/605.1.15"
104.207.35.238 - - [24/Jun/2026:17:01:59 +0200] "GET /wp-login.php?wp_lang=en_US HTTP/2.0" 200 11725 "-" "Mozilla/5.0 (Windows NT 10.0; Win64; x64) AppleWebKit/537.36 (KHTML, like Gecko) Chrome/124.0.0.0 Safari/537.36"
45.3.37.5 - - [24/Jun/2026:17:02:00 +0200] "GET /wp-login.php?wp_lang=en_US HTTP/2.0" 200 11906 "-" "Mozilla/5.0 (Windows NT 10.0; Win64; x64; rv:133.0) Gecko/20100101 Firefox/133.0"
65.111.4.154 - - [24/Jun/2026:17:02:01 +0200] "GET /wp-login.php?wp_lang=en_US HTTP/2.0" 200 11821 "-" "Mozilla/5.0 (Macintosh; Intel Mac OS X 10_15_7) AppleWebKit/605.1.15 (KHTML, like Gecko) Version/18.0 Safari/605.1.15"
45.3.32.219 - - [24/Jun/2026:17:02:02 +0200] "GET /wp-login.php?wp_lang=en_US HTTP/2.0" 200 11781 "-" "Mozilla/5.0 (Windows NT 10.0; Win64; x64) AppleWebKit/537.36 (KHTML, like Gecko) Chrome/124.0.0.0 Safari/537.36"
