74.7.175.176 - - [22/Jun/2026:02:42:56 +0200] "GET /robots.txt HTTP/2.0" 200 107 "-" "Mozilla/5.0 (Macintosh; Intel Mac OS X 10_15_7) AppleWebKit/537.36 (KHTML, like Gecko) Chrome/131.0.0.0 Safari/537.36; compatible; OAI-SearchBot/1.4; robots.txt; +https://openai.com/searchbot"
65.108.235.243 - - [22/Jun/2026:02:43:03 +0200] "POST /wp-cron.php?doing_wp_cron=1782088983.5121068954467773437500 HTTP/1.1" 200 1 "-" "WordPress/7.0; https://mantova.elettroservicegroup.it"
74.7.242.2 - - [22/Jun/2026:02:42:56 +0200] "GET / HTTP/2.0" 500 5461 "-" "Mozilla/5.0 AppleWebKit/537.36 (KHTML, like Gecko; compatible; GPTBot/1.4; +https://openai.com/gptbot)"
4.181.54.1 - - [22/Jun/2026:02:51:23 +0200] "GET /verona/ HTTP/1.1" 200 11713 "-" "Mozilla/5.0 (Windows NT 10.0; Win64; x64) AppleWebKit/537.36 (KHTML, like Gecko) Chrome/131.0.0.0 Safari/537.36 Edg/131.0.0.0"
65.108.235.243 - - [22/Jun/2026:03:23:18 +0200] "POST /wp-cron.php?doing_wp_cron=1782091398.9094460010528564453125 HTTP/1.1" 200 1 "-" "WordPress/7.0; https://mantova.elettroservicegroup.it"
93.177.73.154 - - [22/Jun/2026:03:23:14 +0200] "GET /wp-login.php HTTP/2.0" 200 2693 "https://mantova.elettroservicegroup.it/" "Mozilla/5.0 (Windows NT 10.0; Win64; x64) AppleWebKit/537.36 (KHTML, like Gecko) Chrome/146.0.0.0 Safari/537.36"
93.177.73.154 - - [22/Jun/2026:03:23:19 +0200] "GET /wp-admin/js/password-strength-meter.min.js?ver=7.0 HTTP/2.0" 200 560 "https://mantova.elettroservicegroup.it/wp-login.php" "Mozilla/5.0 (Windows NT 10.0; Win64; x64) AppleWebKit/537.36 (KHTML, like Gecko) Chrome/146.0.0.0 Safari/537.36"
93.177.73.154 - - [22/Jun/2026:03:23:19 +0200] "GET /wp-includes/js/dist/i18n.min.js?ver=781d11515ad3d91786ec HTTP/2.0" 200 2333 "https://mantova.elettroservicegroup.it/wp-login.php" "Mozilla/5.0 (Windows NT 10.0; Win64; x64) AppleWebKit/537.36 (KHTML, like Gecko) Chrome/146.0.0.0 Safari/537.36"
93.177.73.154 - - [22/Jun/2026:03:23:19 +0200] "GET /wp-includes/js/underscore.min.js?ver=1.13.8 HTTP/2.0" 200 7243 "https://mantova.elettroservicegroup.it/wp-login.php" "Mozilla/5.0 (Windows NT 10.0; Win64; x64) AppleWebKit/537.36 (KHTML, like Gecko) Chrome/146.0.0.0 Safari/537.36"
93.177.73.154 - - [22/Jun/2026:03:23:19 +0200] "GET /wp-admin/load-styles.php?c=1&dir=ltr&load%5Bchunk_0%5D=dashicons,buttons,forms,l10n,wp-base-styles,login&ver=7.0 HTTP/2.0" 200 45751 "https://mantova.elettroservicegroup.it/wp-login.php" "Mozilla/5.0 (Windows NT 10.0; Win64; x64) AppleWebKit/537.36 (KHTML, like Gecko) Chrome/146.0.0.0 Safari/537.36"
93.177.73.154 - - [22/Jun/2026:03:23:19 +0200] "GET /wp-admin/load-scripts.php?c=1&load%5Bchunk_0%5D=clipboard,jquery-core,jquery-migrate,zxcvbn-async,wp-hooks&ver=7.0 HTTP/2.0" 200 37674 "https://mantova.elettroservicegroup.it/wp-login.php" "Mozilla/5.0 (Windows NT 10.0; Win64; x64) AppleWebKit/537.36 (KHTML, like Gecko) Chrome/146.0.0.0 Safari/537.36"
93.177.73.154 - - [22/Jun/2026:03:23:19 +0200] "GET /wp-includes/js/dist/dom-ready.min.js?ver=a06281ae5cf5500e9317 HTTP/2.0" 200 398 "https://mantova.elettroservicegroup.it/wp-login.php" "Mozilla/5.0 (Windows NT 10.0; Win64; x64) AppleWebKit/537.36 (KHTML, like Gecko) Chrome/146.0.0.0 Safari/537.36"
93.177.73.154 - - [22/Jun/2026:03:23:19 +0200] "GET /wp-includes/js/wp-util.min.js?ver=7.0 HTTP/2.0" 200 693 "https://mantova.elettroservicegroup.it/wp-login.php" "Mozilla/5.0 (Windows NT 10.0; Win64; x64) AppleWebKit/537.36 (KHTML, like Gecko) Chrome/146.0.0.0 Safari/537.36"
93.177.73.154 - - [22/Jun/2026:03:23:19 +0200] "GET /wp-includes/js/dist/a11y.min.js?ver=af934e5259bc51b8718e HTTP/2.0" 200 915 "https://mantova.elettroservicegroup.it/wp-login.php" "Mozilla/5.0 (Windows NT 10.0; Win64; x64) AppleWebKit/537.36 (KHTML, like Gecko) Chrome/146.0.0.0 Safari/537.36"
93.177.73.154 - - [22/Jun/2026:03:23:19 +0200] "GET /wp-admin/js/user-profile.min.js?ver=7.0 HTTP/2.0" 200 2891 "https://mantova.elettroservicegroup.it/wp-login.php" "Mozilla/5.0 (Windows NT 10.0; Win64; x64) AppleWebKit/537.36 (KHTML, like Gecko) Chrome/146.0.0.0 Safari/537.36"
93.177.73.154 - - [22/Jun/2026:03:23:19 +0200] "GET /wp-admin/images/wordpress-logo-gray.svg?ver=20260303 HTTP/2.0" 200 765 "https://mantova.elettroservicegroup.it/wp-admin/load-styles.php?c=1&dir=ltr&load%5Bchunk_0%5D=dashicons,buttons,forms,l10n,wp-base-styles,login&ver=7.0" "Mozilla/5.0 (Windows NT 10.0; Win64; x64) AppleWebKit/537.36 (KHTML, like Gecko) Chrome/146.0.0.0 Safari/537.36"
93.177.73.154 - - [22/Jun/2026:03:23:19 +0200] "GET /wp-content/uploads/2021/10/cropped-cropped-cropped-cropped-logo_white_background-192x192.png HTTP/2.0" 200 19089 "https://mantova.elettroservicegroup.it/wp-login.php" "Mozilla/5.0 (Windows NT 10.0; Win64; x64) AppleWebKit/537.36 (KHTML, like Gecko) Chrome/146.0.0.0 Safari/537.36"
93.177.73.154 - - [22/Jun/2026:03:23:19 +0200] "GET /wp-includes/js/zxcvbn.min.js HTTP/2.0" 200 387992 "https://mantova.elettroservicegroup.it/wp-login.php" "Mozilla/5.0 (Windows NT 10.0; Win64; x64) AppleWebKit/537.36 (KHTML, like Gecko) Chrome/146.0.0.0 Safari/537.36"
65.108.235.243 - - [22/Jun/2026:03:23:19 +0200] "POST /wp-json/complianz/v1/wsc-scan HTTP/1.1" 400 88 "-" "WordPress/7.0; https://mantova.elettroservicegroup.it"
93.177.73.154 - - [22/Jun/2026:03:23:22 +0200] "POST /wp-login.php HTTP/2.0" 200 2808 "https://mantova.elettroservicegroup.it/wp-login.php" "Mozilla/5.0 (Windows NT 10.0; Win64; x64) AppleWebKit/537.36 (KHTML, like Gecko) Chrome/146.0.0.0 Safari/537.36"
93.177.73.154 - - [22/Jun/2026:03:23:23 +0200] "GET /wp-content/uploads/2021/10/cropped-cropped-cropped-cropped-logo_white_background-192x192.png HTTP/2.0" 200 19089 "https://mantova.elettroservicegroup.it/wp-login.php" "Mozilla/5.0 (Windows NT 10.0; Win64; x64) AppleWebKit/537.36 (KHTML, like Gecko) Chrome/146.0.0.0 Safari/537.36"
93.177.73.154 - - [22/Jun/2026:03:23:26 +0200] "POST /xmlrpc.php HTTP/1.1" 403 52 "https://mantova.elettroservicegroup.it/" "Mozilla/5.0 (Windows NT 10.0; Win64; x64) AppleWebKit/537.36 (KHTML, like Gecko) Chrome/122.0.0.0 Safari/537.36"
65.108.235.243 - - [22/Jun/2026:03:24:45 +0200] "POST /wp-cron.php?doing_wp_cron=1782091485.3221120834350585937500 HTTP/1.1" 200 1 "-" "WordPress/7.0; https://mantova.elettroservicegroup.it"
66.249.64.96 - - [22/Jun/2026:03:24:42 +0200] "GET /sitemap1.xml HTTP/1.1" 302 1 "-" "Mozilla/5.0 (compatible; Googlebot/2.1; +http://www.google.com/bot.html)"
66.249.64.96 - - [22/Jun/2026:03:24:45 +0200] "GET /sitemap.xml HTTP/1.1" 200 339 "-" "Mozilla/5.0 (compatible; Googlebot/2.1; +http://www.google.com/bot.html)"
93.177.73.154 - - [22/Jun/2026:03:25:06 +0200] "GET /wp-login.php HTTP/2.0" 200 2693 "https://mantova.elettroservicegroup.it/" "Mozilla/5.0 (Windows NT 10.0; Win64; x64) AppleWebKit/537.36 (KHTML, like Gecko) Chrome/146.0.0.0 Safari/537.36"
93.177.73.154 - - [22/Jun/2026:03:25:06 +0200] "GET /wp-admin/js/password-strength-meter.min.js?ver=7.0 HTTP/2.0" 200 560 "https://mantova.elettroservicegroup.it/wp-login.php" "Mozilla/5.0 (Windows NT 10.0; Win64; x64) AppleWebKit/537.36 (KHTML, like Gecko) Chrome/146.0.0.0 Safari/537.36"
93.177.73.154 - - [22/Jun/2026:03:25:06 +0200] "GET /wp-includes/js/wp-util.min.js?ver=7.0 HTTP/2.0" 200 693 "https://mantova.elettroservicegroup.it/wp-login.php" "Mozilla/5.0 (Windows NT 10.0; Win64; x64) AppleWebKit/537.36 (KHTML, like Gecko) Chrome/146.0.0.0 Safari/537.36"
93.177.73.154 - - [22/Jun/2026:03:25:06 +0200] "GET /wp-includes/js/dist/dom-ready.min.js?ver=a06281ae5cf5500e9317 HTTP/2.0" 200 398 "https://mantova.elettroservicegroup.it/wp-login.php" "Mozilla/5.0 (Windows NT 10.0; Win64; x64) AppleWebKit/537.36 (KHTML, like Gecko) Chrome/146.0.0.0 Safari/537.36"
93.177.73.154 - - [22/Jun/2026:03:25:06 +0200] "GET /wp-includes/js/dist/a11y.min.js?ver=af934e5259bc51b8718e HTTP/2.0" 200 915 "https://mantova.elettroservicegroup.it/wp-login.php" "Mozilla/5.0 (Windows NT 10.0; Win64; x64) AppleWebKit/537.36 (KHTML, like Gecko) Chrome/146.0.0.0 Safari/537.36"
93.177.73.154 - - [22/Jun/2026:03:25:06 +0200] "GET /wp-includes/js/dist/i18n.min.js?ver=781d11515ad3d91786ec HTTP/2.0" 200 2333 "https://mantova.elettroservicegroup.it/wp-login.php" "Mozilla/5.0 (Windows NT 10.0; Win64; x64) AppleWebKit/537.36 (KHTML, like Gecko) Chrome/146.0.0.0 Safari/537.36"
93.177.73.154 - - [22/Jun/2026:03:25:06 +0200] "GET /wp-admin/js/user-profile.min.js?ver=7.0 HTTP/2.0" 200 2891 "https://mantova.elettroservicegroup.it/wp-login.php" "Mozilla/5.0 (Windows NT 10.0; Win64; x64) AppleWebKit/537.36 (KHTML, like Gecko) Chrome/146.0.0.0 Safari/537.36"
93.177.73.154 - - [22/Jun/2026:03:25:06 +0200] "GET /wp-includes/js/underscore.min.js?ver=1.13.8 HTTP/2.0" 200 7243 "https://mantova.elettroservicegroup.it/wp-login.php" "Mozilla/5.0 (Windows NT 10.0; Win64; x64) AppleWebKit/537.36 (KHTML, like Gecko) Chrome/146.0.0.0 Safari/537.36"
93.177.73.154 - - [22/Jun/2026:03:25:06 +0200] "GET /wp-admin/load-styles.php?c=1&dir=ltr&load%5Bchunk_0%5D=dashicons,buttons,forms,l10n,wp-base-styles,login&ver=7.0 HTTP/2.0" 200 45751 "https://mantova.elettroservicegroup.it/wp-login.php" "Mozilla/5.0 (Windows NT 10.0; Win64; x64) AppleWebKit/537.36 (KHTML, like Gecko) Chrome/146.0.0.0 Safari/537.36"
93.177.73.154 - - [22/Jun/2026:03:25:06 +0200] "GET /wp-admin/load-scripts.php?c=1&load%5Bchunk_0%5D=clipboard,jquery-core,jquery-migrate,zxcvbn-async,wp-hooks&ver=7.0 HTTP/2.0" 200 37674 "https://mantova.elettroservicegroup.it/wp-login.php" "Mozilla/5.0 (Windows NT 10.0; Win64; x64) AppleWebKit/537.36 (KHTML, like Gecko) Chrome/146.0.0.0 Safari/537.36"
93.177.73.154 - - [22/Jun/2026:03:25:06 +0200] "GET /wp-admin/images/wordpress-logo-gray.svg?ver=20260303 HTTP/2.0" 200 765 "https://mantova.elettroservicegroup.it/wp-admin/load-styles.php?c=1&dir=ltr&load%5Bchunk_0%5D=dashicons,buttons,forms,l10n,wp-base-styles,login&ver=7.0" "Mozilla/5.0 (Windows NT 10.0; Win64; x64) AppleWebKit/537.36 (KHTML, like Gecko) Chrome/146.0.0.0 Safari/537.36"
93.177.73.154 - - [22/Jun/2026:03:25:06 +0200] "GET /wp-content/uploads/2021/10/cropped-cropped-cropped-cropped-logo_white_background-192x192.png HTTP/2.0" 200 19089 "https://mantova.elettroservicegroup.it/wp-login.php" "Mozilla/5.0 (Windows NT 10.0; Win64; x64) AppleWebKit/537.36 (KHTML, like Gecko) Chrome/146.0.0.0 Safari/537.36"
93.177.73.154 - - [22/Jun/2026:03:25:06 +0200] "GET /wp-includes/js/zxcvbn.min.js HTTP/2.0" 200 387992 "https://mantova.elettroservicegroup.it/wp-login.php" "Mozilla/5.0 (Windows NT 10.0; Win64; x64) AppleWebKit/537.36 (KHTML, like Gecko) Chrome/146.0.0.0 Safari/537.36"
93.177.73.154 - - [22/Jun/2026:03:25:11 +0200] "POST /wp-login.php HTTP/2.0" 200 2808 "https://mantova.elettroservicegroup.it/wp-login.php" "Mozilla/5.0 (Windows NT 10.0; Win64; x64) AppleWebKit/537.36 (KHTML, like Gecko) Chrome/146.0.0.0 Safari/537.36"
93.177.73.154 - - [22/Jun/2026:03:25:11 +0200] "GET /wp-content/uploads/2021/10/cropped-cropped-cropped-cropped-logo_white_background-192x192.png HTTP/2.0" 200 19089 "https://mantova.elettroservicegroup.it/wp-login.php" "Mozilla/5.0 (Windows NT 10.0; Win64; x64) AppleWebKit/537.36 (KHTML, like Gecko) Chrome/146.0.0.0 Safari/537.36"
93.177.73.154 - - [22/Jun/2026:03:25:13 +0200] "POST /xmlrpc.php HTTP/1.1" 403 52 "https://mantova.elettroservicegroup.it/" "Mozilla/5.0 (Windows NT 10.0; Win64; x64) AppleWebKit/537.36 (KHTML, like Gecko) Chrome/122.0.0.0 Safari/537.36"
65.108.235.243 - - [22/Jun/2026:03:57:09 +0200] "POST /wp-cron.php?doing_wp_cron=1782093429.8096940517425537109375 HTTP/1.1" 200 1 "-" "WordPress/7.0; https://mantova.elettroservicegroup.it"
74.7.242.2 - - [22/Jun/2026:03:57:07 +0200] "GET /sitemap.xml HTTP/2.0" 415 339 "-" "Mozilla/5.0 AppleWebKit/537.36 (KHTML, like Gecko; compatible; GPTBot/1.4; +https://openai.com/gptbot)"
65.108.235.243 - - [22/Jun/2026:03:59:13 +0200] "POST /wp-cron.php?doing_wp_cron=1782093553.2236518859863281250000 HTTP/1.1" 200 1 "-" "WordPress/7.0; https://mantova.elettroservicegroup.it"
74.7.242.2 - - [22/Jun/2026:03:59:07 +0200] "GET /sitemap.rss HTTP/2.0" 404 386 "-" "Mozilla/5.0 AppleWebKit/537.36 (KHTML, like Gecko; compatible; GPTBot/1.4; +https://openai.com/gptbot)"
65.108.235.243 - - [22/Jun/2026:04:11:37 +0200] "POST /wp-cron.php?doing_wp_cron=1782094297.3058950901031494140625 HTTP/1.1" 200 1 "-" "WordPress/7.0; https://mantova.elettroservicegroup.it"
74.7.230.8 - - [22/Jun/2026:04:11:32 +0200] "GET /robots.txt HTTP/2.0" 301 1 "-" "Mozilla/5.0 (Macintosh; Intel Mac OS X 10_15_7) AppleWebKit/537.36 (KHTML, like Gecko) Chrome/131.0.0.0 Safari/537.36; compatible; OAI-SearchBot/1.4; robots.txt; +https://openai.com/searchbot"
74.7.230.8 - - [22/Jun/2026:04:11:38 +0200] "GET /robots.txt HTTP/2.0" 200 107 "https://www.mantova.elettroservicegroup.it/robots.txt" "Mozilla/5.0 (Macintosh; Intel Mac OS X 10_15_7) AppleWebKit/537.36 (KHTML, like Gecko) Chrome/131.0.0.0 Safari/537.36; compatible; OAI-SearchBot/1.4; robots.txt; +https://openai.com/searchbot"
65.108.235.243 - - [22/Jun/2026:06:03:14 +0200] "POST /wp-cron.php?doing_wp_cron=1782100993.9117290973663330078125 HTTP/1.1" 200 1 "-" "WordPress/7.0; https://mantova.elettroservicegroup.it"
213.209.159.113 - - [22/Jun/2026:06:03:01 +0200] "GET /.git/config HTTP/2.0" 301 - "-" "Mozilla/5.0 (compatible; GitFinder/1.0)"
65.108.235.243 - - [22/Jun/2026:06:03:16 +0200] "POST /wp-json/complianz/v1/wsc-scan HTTP/1.1" 400 88 "-" "WordPress/7.0; https://mantova.elettroservicegroup.it"
65.108.235.243 - - [22/Jun/2026:06:03:27 +0200] "GET /?wp_scrape_key=1009d91aebde9d4616acda05e20d576e&wp_scrape_nonce=1782101005 HTTP/1.1" 500 4878 "-" "WordPress/7.0; https://mantova.elettroservicegroup.it"
130.49.113.158 - - [22/Jun/2026:06:16:55 +0200] "POST /xmlrpc.php HTTP/1.1" 200 11709 "-" "Mozilla/5.0 (Windows NT 10.0; Win64; x64) AppleWebKit/537.36"
65.108.235.243 - - [22/Jun/2026:06:37:26 +0200] "POST /wp-cron.php?doing_wp_cron=1782103046.7041258811950683593750 HTTP/1.1" 200 1 "-" "WordPress/7.0; https://mantova.elettroservicegroup.it"
4.181.54.11 - - [22/Jun/2026:06:37:21 +0200] "GET /assistenza-lavatrici/ HTTP/1.1" 500 24386 "-" "Mozilla/5.0 (Windows NT 10.0; Win64; x64) AppleWebKit/537.36 (KHTML, like Gecko) Chrome/149.0.0.0 Safari/537.36 Edg/149.0.0.0"
65.108.235.243 - - [22/Jun/2026:06:59:08 +0200] "POST /wp-cron.php?doing_wp_cron=1782104348.7019569873809814453125 HTTP/1.1" 200 1 "-" "WordPress/7.0; https://mantova.elettroservicegroup.it"
65.108.235.243 - - [22/Jun/2026:06:59:08 +0200] "POST /wp-cron.php?doing_wp_cron=1782104348.7021889686584472656250 HTTP/1.1" 200 1 "-" "WordPress/7.0; https://mantova.elettroservicegroup.it"
173.252.87.30 - - [22/Jun/2026:06:59:05 +0200] "GET /robots.txt HTTP/2.0" 200 - "-" "facebookexternalhit/1.1 (+http://www.facebook.com/externalhit_uatext.php)"
173.252.87.30 - - [22/Jun/2026:06:59:07 +0200] "GET /robots.txt HTTP/2.0" 200 193 "-" "facebookexternalhit/1.1 (+http://www.facebook.com/externalhit_uatext.php)"
104.28.163.97 - - [22/Jun/2026:07:22:54 +0200] "GET /wp-login.php HTTP/1.1" 302 - "-" "Mozilla/5.0"
65.108.235.243 - - [22/Jun/2026:07:22:55 +0200] "POST /wp-json/complianz/v1/wsc-scan HTTP/1.1" 400 88 "-" "WordPress/7.0; https://mantova.elettroservicegroup.it"
65.108.235.243 - - [22/Jun/2026:10:18:51 +0200] "POST /wp-cron.php?doing_wp_cron=1782116331.6178319454193115234375 HTTP/1.1" 200 1 "-" "WordPress/7.0; https://mantova.elettroservicegroup.it"
91.92.241.196 - - [22/Jun/2026:10:18:43 +0200] "GET /.env HTTP/1.1" 500 24290 "-" "Mozilla/5.0 (Windows NT 10.0; Win64; x64) AppleWebKit/537.36"
91.92.241.196 - - [22/Jun/2026:10:18:50 +0200] "GET /.env HTTP/1.1" 301 - "-" "Mozilla/5.0 (Windows NT 10.0; Win64; x64) AppleWebKit/537.36"
65.108.235.243 - - [22/Jun/2026:10:18:53 +0200] "POST /wp-json/complianz/v1/wsc-scan HTTP/1.1" 400 88 "-" "WordPress/7.0; https://mantova.elettroservicegroup.it"
65.108.235.243 - - [22/Jun/2026:10:21:37 +0200] "POST /wp-cron.php?doing_wp_cron=1782116496.9185070991516113281250 HTTP/1.1" 200 1 "-" "WordPress/7.0; https://mantova.elettroservicegroup.it"
114.119.138.37 - - [22/Jun/2026:10:21:30 +0200] "GET /robots.txt HTTP/1.1" 200 107 "https://mantova.elettroservicegroup.it/robots.txt" "Mozilla/5.0 (Windows NT 10.0; Win64; x64) AppleWebKit/537.36 (KHTML, like Gecko) Chrome/148.0.0.0 Safari/537.36"
54.221.78.35 - - [22/Jun/2026:11:23:09 +0200] "GET /.git/config HTTP/1.1" 500 5186 "-" "git/2.39.2"
65.108.235.243 - - [22/Jun/2026:11:23:11 +0200] "POST /wp-cron.php?doing_wp_cron=1782120191.9061260223388671875000 HTTP/1.1" 200 1 "-" "WordPress/7.0; https://mantova.elettroservicegroup.it"
54.221.78.35 - - [22/Jun/2026:11:23:09 +0200] "GET /.git/HEAD HTTP/1.1" 500 5185 "-" "git/2.39.2"
65.108.235.243 - - [22/Jun/2026:11:23:13 +0200] "POST /wp-json/complianz/v1/wsc-scan HTTP/1.1" 400 88 "-" "WordPress/7.0; https://mantova.elettroservicegroup.it"
130.12.180.196 - - [22/Jun/2026:12:04:23 +0200] "GET / HTTP/1.1" 200 11739 "-" "Mozilla/5.0 (Macintosh; Intel Mac OS X 10_15_7) AppleWebKit/605.1.15 (KHTML, like Gecko) Version/17.2.1 Safari/605.1.15"
20.191.45.212 - - [22/Jun/2026:13:15:59 +0200] "GET /wp-content/uploads/2021/10/cropped-cropped-cropped-cropped-logo_white_background-32x32.png HTTP/1.1" 200 1525 "http://mantova.elettroservicegroup.it/favicon.ico" "DuckDuckBot/1.1; (+http://duckduckgo.com/duckduckbot.html)"
65.108.235.243 - - [22/Jun/2026:13:16:01 +0200] "POST /wp-json/complianz/v1/wsc-scan HTTP/1.1" 400 88 "-" "WordPress/7.0; https://mantova.elettroservicegroup.it"
47.128.23.5 - - [22/Jun/2026:13:25:26 +0200] "GET /robots.txt HTTP/1.1" 200 11744 "-" "Mozilla/5.0 (Linux; Android 5.0) AppleWebKit/537.36 (KHTML, like Gecko) Mobile Safari/537.36 (compatible; Bytespider; spider-feedback@bytedance.com)"