65.108.235.243 - - [21/Jun/2026:14:04:15 +0200] "POST /wp-cron.php?doing_wp_cron=1782043455.2046720981597900390625 HTTP/1.1" 200 1 "-" "WordPress/7.0; https://mantova.elettroservicegroup.it"
200.0.60.85 - - [21/Jun/2026:14:04:13 +0200] "POST /wp-login.php HTTP/1.1" 200 9467 "-" "Googlebot/2.1 (+http://www.google.com/bot.html)"
65.108.235.243 - - [21/Jun/2026:15:05:27 +0200] "POST /wp-cron.php?doing_wp_cron=1782047127.5976250171661376953125 HTTP/1.1" 200 1 "-" "WordPress/7.0; https://mantova.elettroservicegroup.it"
40.77.167.14 - - [21/Jun/2026:15:05:21 +0200] "GET /assistenza-lavatrici/home-3/ HTTP/2.0" 301 1 "-" "Mozilla/5.0 AppleWebKit/537.36 (KHTML, like Gecko; compatible; bingbot/2.0; +http://www.bing.com/bingbot.htm) Chrome/116.0.1938.76 Safari/537.36"
65.108.235.243 - - [21/Jun/2026:15:05:28 +0200] "POST /wp-json/complianz/v1/wsc-scan HTTP/1.1" 400 88 "-" "WordPress/7.0; https://mantova.elettroservicegroup.it"
154.255.101.255 - - [21/Jun/2026:16:16:27 +0200] "GET /termini-e-condizioni HTTP/1.1" 200 11799 "-" "Opera/8.54.(X11; Linux i686; niu-NU) Presto/2.9.187 Version/10.00"
65.108.235.243 - - [21/Jun/2026:16:16:36 +0200] "POST /wp-cron.php?doing_wp_cron=1782051396.4551448822021484375000 HTTP/1.1" 200 1 "-" "WordPress/7.0; https://mantova.elettroservicegroup.it"
67.140.26.23 - - [21/Jun/2026:16:16:30 +0200] "GET / HTTP/1.1" 500 5460 "-" "Mozilla/5.0 (iPod; U; CPU iPhone OS 4_3 like Mac OS X; gl-ES) AppleWebKit/532.28.6 (KHTML, like Gecko) Version/3.0.5 Mobile/8B118 Safari/6532.28.6"
65.108.235.243 - - [21/Jun/2026:16:16:36 +0200] "POST /wp-json/complianz/v1/wsc-scan HTTP/1.1" 400 88 "-" "WordPress/7.0; https://mantova.elettroservicegroup.it"
180.193.218.226 - - [21/Jun/2026:16:16:37 +0200] "GET /comments/feed/ HTTP/1.1" 200 379 "-" "Mozilla/5.0 (X11; Linux x86_64; rv:1.9.6.20) Gecko/7202-04-18 16:38:30.365784 Firefox/3.6.3"
90.114.13.65 - - [21/Jun/2026:16:16:39 +0200] "GET / HTTP/1.1" 500 5460 "-" "Mozilla/5.0 (iPhone; CPU iPhone OS 6_1_6 like Mac OS X) AppleWebKit/535.1 (KHTML, like Gecko) CriOS/43.0.832.0 Mobile/33D555 Safari/535.1"
178.233.45.38 - - [21/Jun/2026:16:16:46 +0200] "GET / HTTP/1.1" 500 5460 "-" "Mozilla/5.0 (Windows; U; Windows NT 5.1) AppleWebKit/531.22.5 (KHTML, like Gecko) Version/4.0 Safari/531.22.5"
37.120.155.18 - - [21/Jun/2026:16:18:42 +0200] "GET /wp-login.php HTTP/2.0" 200 11752 "https://mantova.elettroservicegroup.it/" "Mozilla/5.0 (Windows NT 10.0; Win64; x64) AppleWebKit/537.36 (KHTML, like Gecko) Chrome/147.0.0.0 Safari/537.36"
37.120.155.18 - - [21/Jun/2026:16:18:44 +0200] "GET /z0f76a1d14fd21a8fb5fd0d03e0fdc3d3cedae52f?wsidchk=10119782&pdata=https%253A%252F%252Fmantova.elettroservicegroup.it%252Fwp-login.php&id=7fa3b767c460b54a2be4d49030b349c7&ts=1782051522 HTTP/2.0" 302 275 "https://mantova.elettroservicegroup.it/wp-login.php" "Mozilla/5.0 (Windows NT 10.0; Win64; x64) AppleWebKit/537.36 (KHTML, like Gecko) Chrome/147.0.0.0 Safari/537.36"
65.108.235.243 - - [21/Jun/2026:16:18:45 +0200] "POST /wp-cron.php?doing_wp_cron=1782051525.6722469329833984375000 HTTP/1.1" 200 1 "-" "WordPress/7.0; https://mantova.elettroservicegroup.it"
37.120.155.18 - - [21/Jun/2026:16:18:44 +0200] "GET /wp-login.php HTTP/2.0" 200 2692 "https://mantova.elettroservicegroup.it/wp-login.php" "Mozilla/5.0 (Windows NT 10.0; Win64; x64) AppleWebKit/537.36 (KHTML, like Gecko) Chrome/147.0.0.0 Safari/537.36"
37.120.155.18 - - [21/Jun/2026:16:18:45 +0200] "GET /wp-includes/js/dist/dom-ready.min.js?ver=a06281ae5cf5500e9317 HTTP/2.0" 200 398 "https://mantova.elettroservicegroup.it/wp-login.php" "Mozilla/5.0 (Windows NT 10.0; Win64; x64) AppleWebKit/537.36 (KHTML, like Gecko) Chrome/147.0.0.0 Safari/537.36"
37.120.155.18 - - [21/Jun/2026:16:18:45 +0200] "GET /wp-admin/js/password-strength-meter.min.js?ver=7.0 HTTP/2.0" 200 560 "https://mantova.elettroservicegroup.it/wp-login.php" "Mozilla/5.0 (Windows NT 10.0; Win64; x64) AppleWebKit/537.36 (KHTML, like Gecko) Chrome/147.0.0.0 Safari/537.36"
37.120.155.18 - - [21/Jun/2026:16:18:45 +0200] "GET /wp-includes/js/wp-util.min.js?ver=7.0 HTTP/2.0" 200 693 "https://mantova.elettroservicegroup.it/wp-login.php" "Mozilla/5.0 (Windows NT 10.0; Win64; x64) AppleWebKit/537.36 (KHTML, like Gecko) Chrome/147.0.0.0 Safari/537.36"
37.120.155.18 - - [21/Jun/2026:16:18:45 +0200] "GET /wp-includes/js/dist/a11y.min.js?ver=af934e5259bc51b8718e HTTP/2.0" 200 915 "https://mantova.elettroservicegroup.it/wp-login.php" "Mozilla/5.0 (Windows NT 10.0; Win64; x64) AppleWebKit/537.36 (KHTML, like Gecko) Chrome/147.0.0.0 Safari/537.36"
37.120.155.18 - - [21/Jun/2026:16:18:45 +0200] "GET /wp-includes/js/dist/i18n.min.js?ver=781d11515ad3d91786ec HTTP/2.0" 200 2333 "https://mantova.elettroservicegroup.it/wp-login.php" "Mozilla/5.0 (Windows NT 10.0; Win64; x64) AppleWebKit/537.36 (KHTML, like Gecko) Chrome/147.0.0.0 Safari/537.36"
37.120.155.18 - - [21/Jun/2026:16:18:45 +0200] "GET /wp-admin/js/user-profile.min.js?ver=7.0 HTTP/2.0" 200 2891 "https://mantova.elettroservicegroup.it/wp-login.php" "Mozilla/5.0 (Windows NT 10.0; Win64; x64) AppleWebKit/537.36 (KHTML, like Gecko) Chrome/147.0.0.0 Safari/537.36"
37.120.155.18 - - [21/Jun/2026:16:18:45 +0200] "GET /wp-includes/js/underscore.min.js?ver=1.13.8 HTTP/2.0" 200 7243 "https://mantova.elettroservicegroup.it/wp-login.php" "Mozilla/5.0 (Windows NT 10.0; Win64; x64) AppleWebKit/537.36 (KHTML, like Gecko) Chrome/147.0.0.0 Safari/537.36"
37.120.155.18 - - [21/Jun/2026:16:18:45 +0200] "GET /wp-admin/load-styles.php?c=1&dir=ltr&load%5Bchunk_0%5D=dashicons,buttons,forms,l10n,wp-base-styles,login&ver=7.0 HTTP/2.0" 200 45751 "https://mantova.elettroservicegroup.it/wp-login.php" "Mozilla/5.0 (Windows NT 10.0; Win64; x64) AppleWebKit/537.36 (KHTML, like Gecko) Chrome/147.0.0.0 Safari/537.36"
37.120.155.18 - - [21/Jun/2026:16:18:45 +0200] "GET /wp-admin/load-scripts.php?c=1&load%5Bchunk_0%5D=clipboard,jquery-core,jquery-migrate,zxcvbn-async,wp-hooks&ver=7.0 HTTP/2.0" 200 37674 "https://mantova.elettroservicegroup.it/wp-login.php" "Mozilla/5.0 (Windows NT 10.0; Win64; x64) AppleWebKit/537.36 (KHTML, like Gecko) Chrome/147.0.0.0 Safari/537.36"
37.120.155.18 - - [21/Jun/2026:16:18:46 +0200] "GET /wp-admin/images/wordpress-logo-gray.svg?ver=20260303 HTTP/2.0" 200 765 "https://mantova.elettroservicegroup.it/wp-admin/load-styles.php?c=1&dir=ltr&load%5Bchunk_0%5D=dashicons,buttons,forms,l10n,wp-base-styles,login&ver=7.0" "Mozilla/5.0 (Windows NT 10.0; Win64; x64) AppleWebKit/537.36 (KHTML, like Gecko) Chrome/147.0.0.0 Safari/537.36"
37.120.155.18 - - [21/Jun/2026:16:18:46 +0200] "GET /wp-content/uploads/2021/10/cropped-cropped-cropped-cropped-logo_white_background-192x192.png HTTP/2.0" 200 19089 "https://mantova.elettroservicegroup.it/wp-login.php" "Mozilla/5.0 (Windows NT 10.0; Win64; x64) AppleWebKit/537.36 (KHTML, like Gecko) Chrome/147.0.0.0 Safari/537.36"
37.120.155.18 - - [21/Jun/2026:16:18:46 +0200] "GET /wp-includes/js/zxcvbn.min.js HTTP/2.0" 200 387992 "https://mantova.elettroservicegroup.it/wp-login.php" "Mozilla/5.0 (Windows NT 10.0; Win64; x64) AppleWebKit/537.36 (KHTML, like Gecko) Chrome/147.0.0.0 Safari/537.36"
37.120.155.18 - - [21/Jun/2026:16:18:50 +0200] "POST /wp-login.php HTTP/2.0" 200 2806 "https://mantova.elettroservicegroup.it/wp-login.php" "Mozilla/5.0 (Windows NT 10.0; Win64; x64) AppleWebKit/537.36 (KHTML, like Gecko) Chrome/147.0.0.0 Safari/537.36"
37.120.155.18 - - [21/Jun/2026:16:18:51 +0200] "GET /wp-content/uploads/2021/10/cropped-cropped-cropped-cropped-logo_white_background-192x192.png HTTP/2.0" 200 19089 "https://mantova.elettroservicegroup.it/wp-login.php" "Mozilla/5.0 (Windows NT 10.0; Win64; x64) AppleWebKit/537.36 (KHTML, like Gecko) Chrome/147.0.0.0 Safari/537.36"
37.120.155.18 - - [21/Jun/2026:16:18:53 +0200] "POST /xmlrpc.php HTTP/1.1" 500 22026 "https://mantova.elettroservicegroup.it/" "Mozilla/5.0 (Windows NT 10.0; Win64; x64) AppleWebKit/537.36 (KHTML, like Gecko) Chrome/122.0.0.0 Safari/537.36"
65.108.235.243 - - [21/Jun/2026:17:50:10 +0200] "POST /wp-cron.php?doing_wp_cron=1782057010.0001199245452880859375 HTTP/1.1" 200 1 "-" "WordPress/7.0; https://mantova.elettroservicegroup.it"
93.177.73.130 - - [21/Jun/2026:17:50:05 +0200] "GET /wp-login.php HTTP/2.0" 200 2692 "https://mantova.elettroservicegroup.it/" "Mozilla/5.0 (Windows NT 10.0; Win64; x64) AppleWebKit/537.36 (KHTML, like Gecko) Chrome/147.0.0.0 Safari/537.36"
93.177.73.130 - - [21/Jun/2026:17:50:10 +0200] "GET /wp-includes/js/dist/a11y.min.js?ver=af934e5259bc51b8718e HTTP/2.0" 200 915 "https://mantova.elettroservicegroup.it/wp-login.php" "Mozilla/5.0 (Windows NT 10.0; Win64; x64) AppleWebKit/537.36 (KHTML, like Gecko) Chrome/147.0.0.0 Safari/537.36"
93.177.73.130 - - [21/Jun/2026:17:50:10 +0200] "GET /wp-admin/js/user-profile.min.js?ver=7.0 HTTP/2.0" 200 2891 "https://mantova.elettroservicegroup.it/wp-login.php" "Mozilla/5.0 (Windows NT 10.0; Win64; x64) AppleWebKit/537.36 (KHTML, like Gecko) Chrome/147.0.0.0 Safari/537.36"
93.177.73.130 - - [21/Jun/2026:17:50:10 +0200] "GET /wp-admin/js/password-strength-meter.min.js?ver=7.0 HTTP/2.0" 200 560 "https://mantova.elettroservicegroup.it/wp-login.php" "Mozilla/5.0 (Windows NT 10.0; Win64; x64) AppleWebKit/537.36 (KHTML, like Gecko) Chrome/147.0.0.0 Safari/537.36"
93.177.73.130 - - [21/Jun/2026:17:50:10 +0200] "GET /wp-includes/js/wp-util.min.js?ver=7.0 HTTP/2.0" 200 693 "https://mantova.elettroservicegroup.it/wp-login.php" "Mozilla/5.0 (Windows NT 10.0; Win64; x64) AppleWebKit/537.36 (KHTML, like Gecko) Chrome/147.0.0.0 Safari/537.36"
93.177.73.130 - - [21/Jun/2026:17:50:10 +0200] "GET /wp-includes/js/dist/i18n.min.js?ver=781d11515ad3d91786ec HTTP/2.0" 200 2333 "https://mantova.elettroservicegroup.it/wp-login.php" "Mozilla/5.0 (Windows NT 10.0; Win64; x64) AppleWebKit/537.36 (KHTML, like Gecko) Chrome/147.0.0.0 Safari/537.36"
93.177.73.130 - - [21/Jun/2026:17:50:10 +0200] "GET /wp-includes/js/dist/dom-ready.min.js?ver=a06281ae5cf5500e9317 HTTP/2.0" 200 398 "https://mantova.elettroservicegroup.it/wp-login.php" "Mozilla/5.0 (Windows NT 10.0; Win64; x64) AppleWebKit/537.36 (KHTML, like Gecko) Chrome/147.0.0.0 Safari/537.36"
93.177.73.130 - - [21/Jun/2026:17:50:10 +0200] "GET /wp-includes/js/underscore.min.js?ver=1.13.8 HTTP/2.0" 200 7243 "https://mantova.elettroservicegroup.it/wp-login.php" "Mozilla/5.0 (Windows NT 10.0; Win64; x64) AppleWebKit/537.36 (KHTML, like Gecko) Chrome/147.0.0.0 Safari/537.36"
93.177.73.130 - - [21/Jun/2026:17:50:10 +0200] "GET /wp-admin/load-styles.php?c=1&dir=ltr&load%5Bchunk_0%5D=dashicons,buttons,forms,l10n,wp-base-styles,login&ver=7.0 HTTP/2.0" 200 45751 "https://mantova.elettroservicegroup.it/wp-login.php" "Mozilla/5.0 (Windows NT 10.0; Win64; x64) AppleWebKit/537.36 (KHTML, like Gecko) Chrome/147.0.0.0 Safari/537.36"
93.177.73.130 - - [21/Jun/2026:17:50:10 +0200] "GET /wp-admin/load-scripts.php?c=1&load%5Bchunk_0%5D=clipboard,jquery-core,jquery-migrate,zxcvbn-async,wp-hooks&ver=7.0 HTTP/2.0" 200 37674 "https://mantova.elettroservicegroup.it/wp-login.php" "Mozilla/5.0 (Windows NT 10.0; Win64; x64) AppleWebKit/537.36 (KHTML, like Gecko) Chrome/147.0.0.0 Safari/537.36"
93.177.73.130 - - [21/Jun/2026:17:50:10 +0200] "GET /wp-admin/images/wordpress-logo-gray.svg?ver=20260303 HTTP/2.0" 200 765 "https://mantova.elettroservicegroup.it/wp-admin/load-styles.php?c=1&dir=ltr&load%5Bchunk_0%5D=dashicons,buttons,forms,l10n,wp-base-styles,login&ver=7.0" "Mozilla/5.0 (Windows NT 10.0; Win64; x64) AppleWebKit/537.36 (KHTML, like Gecko) Chrome/147.0.0.0 Safari/537.36"
93.177.73.130 - - [21/Jun/2026:17:50:10 +0200] "GET /wp-content/uploads/2021/10/cropped-cropped-cropped-cropped-logo_white_background-192x192.png HTTP/2.0" 200 19089 "https://mantova.elettroservicegroup.it/wp-login.php" "Mozilla/5.0 (Windows NT 10.0; Win64; x64) AppleWebKit/537.36 (KHTML, like Gecko) Chrome/147.0.0.0 Safari/537.36"
93.177.73.130 - - [21/Jun/2026:17:50:10 +0200] "GET /wp-includes/js/zxcvbn.min.js HTTP/2.0" 200 387992 "https://mantova.elettroservicegroup.it/wp-login.php" "Mozilla/5.0 (Windows NT 10.0; Win64; x64) AppleWebKit/537.36 (KHTML, like Gecko) Chrome/147.0.0.0 Safari/537.36"
65.108.235.243 - - [21/Jun/2026:17:50:11 +0200] "POST /wp-json/complianz/v1/wsc-scan HTTP/1.1" 400 88 "-" "WordPress/7.0; https://mantova.elettroservicegroup.it"
93.177.73.130 - - [21/Jun/2026:17:50:14 +0200] "POST /wp-login.php HTTP/2.0" 200 2806 "https://mantova.elettroservicegroup.it/wp-login.php" "Mozilla/5.0 (Windows NT 10.0; Win64; x64) AppleWebKit/537.36 (KHTML, like Gecko) Chrome/147.0.0.0 Safari/537.36"
93.177.73.130 - - [21/Jun/2026:17:50:15 +0200] "GET /wp-content/uploads/2021/10/cropped-cropped-cropped-cropped-logo_white_background-192x192.png HTTP/2.0" 200 19089 "https://mantova.elettroservicegroup.it/wp-login.php" "Mozilla/5.0 (Windows NT 10.0; Win64; x64) AppleWebKit/537.36 (KHTML, like Gecko) Chrome/147.0.0.0 Safari/537.36"
93.177.73.130 - - [21/Jun/2026:17:50:18 +0200] "POST /xmlrpc.php HTTP/1.1" 403 52 "https://mantova.elettroservicegroup.it/" "Mozilla/5.0 (Windows NT 10.0; Win64; x64) AppleWebKit/537.36 (KHTML, like Gecko) Chrome/122.0.0.0 Safari/537.36"
65.108.235.243 - - [21/Jun/2026:17:50:21 +0200] "GET /?wp_scrape_key=e0d16ec2f61a7e22d4b4e50a693e056d&wp_scrape_nonce=1782057019 HTTP/1.1" 500 4878 "-" "WordPress/7.0; https://mantova.elettroservicegroup.it"
213.232.122.15 - - [21/Jun/2026:18:04:47 +0200] "GET /wp-login.php HTTP/2.0" 200 11685 "-" "Mozilla/5.0 (Windows NT 10.0; Win64; x64) AppleWebKit/537.36 (KHTML, like Gecko) Chrome/120.0.0.0 Safari/537.36"
213.232.122.15 - - [21/Jun/2026:18:04:48 +0200] "GET /z0f76a1d14fd21a8fb5fd0d03e0fdc3d3cedae52f?wsidchk=13015958&pdata=https%253A%252F%252Fmantova.elettroservicegroup.it%252Fwp-login.php&id=7fa3b767c460b54a2be4d49030b349c7&ts=1782057887 HTTP/2.0" 302 275 "https://mantova.elettroservicegroup.it/wp-login.php" "Mozilla/5.0 (Windows NT 10.0; Win64; x64) AppleWebKit/537.36 (KHTML, like Gecko) Chrome/120.0.0.0 Safari/537.36"
65.108.235.243 - - [21/Jun/2026:18:04:50 +0200] "POST /wp-cron.php?doing_wp_cron=1782057890.7108800411224365234375 HTTP/1.1" 200 1 "-" "WordPress/7.0; https://mantova.elettroservicegroup.it"
213.232.122.15 - - [21/Jun/2026:18:04:48 +0200] "GET /wp-login.php HTTP/2.0" 200 2692 "https://mantova.elettroservicegroup.it/wp-login.php" "Mozilla/5.0 (Windows NT 10.0; Win64; x64) AppleWebKit/537.36 (KHTML, like Gecko) Chrome/120.0.0.0 Safari/537.36"
213.232.122.15 - - [21/Jun/2026:18:04:50 +0200] "GET /wp-includes/js/dist/dom-ready.min.js?ver=a06281ae5cf5500e9317 HTTP/2.0" 200 398 "https://mantova.elettroservicegroup.it/wp-login.php" "Mozilla/5.0 (Windows NT 10.0; Win64; x64) AppleWebKit/537.36 (KHTML, like Gecko) Chrome/120.0.0.0 Safari/537.36"
213.232.122.15 - - [21/Jun/2026:18:04:50 +0200] "GET /wp-admin/js/password-strength-meter.min.js?ver=7.0 HTTP/2.0" 200 560 "https://mantova.elettroservicegroup.it/wp-login.php" "Mozilla/5.0 (Windows NT 10.0; Win64; x64) AppleWebKit/537.36 (KHTML, like Gecko) Chrome/120.0.0.0 Safari/537.36"
213.232.122.15 - - [21/Jun/2026:18:04:50 +0200] "GET /wp-includes/js/wp-util.min.js?ver=7.0 HTTP/2.0" 200 693 "https://mantova.elettroservicegroup.it/wp-login.php" "Mozilla/5.0 (Windows NT 10.0; Win64; x64) AppleWebKit/537.36 (KHTML, like Gecko) Chrome/120.0.0.0 Safari/537.36"
213.232.122.15 - - [21/Jun/2026:18:04:50 +0200] "GET /wp-includes/js/dist/a11y.min.js?ver=af934e5259bc51b8718e HTTP/2.0" 200 915 "https://mantova.elettroservicegroup.it/wp-login.php" "Mozilla/5.0 (Windows NT 10.0; Win64; x64) AppleWebKit/537.36 (KHTML, like Gecko) Chrome/120.0.0.0 Safari/537.36"
213.232.122.15 - - [21/Jun/2026:18:04:50 +0200] "GET /wp-includes/js/dist/i18n.min.js?ver=781d11515ad3d91786ec HTTP/2.0" 200 2333 "https://mantova.elettroservicegroup.it/wp-login.php" "Mozilla/5.0 (Windows NT 10.0; Win64; x64) AppleWebKit/537.36 (KHTML, like Gecko) Chrome/120.0.0.0 Safari/537.36"
213.232.122.15 - - [21/Jun/2026:18:04:50 +0200] "GET /wp-admin/js/user-profile.min.js?ver=7.0 HTTP/2.0" 200 2891 "https://mantova.elettroservicegroup.it/wp-login.php" "Mozilla/5.0 (Windows NT 10.0; Win64; x64) AppleWebKit/537.36 (KHTML, like Gecko) Chrome/120.0.0.0 Safari/537.36"
213.232.122.15 - - [21/Jun/2026:18:04:50 +0200] "GET /wp-includes/js/underscore.min.js?ver=1.13.8 HTTP/2.0" 200 - "https://mantova.elettroservicegroup.it/wp-login.php" "Mozilla/5.0 (Windows NT 10.0; Win64; x64) AppleWebKit/537.36 (KHTML, like Gecko) Chrome/120.0.0.0 Safari/537.36"
213.232.122.15 - - [21/Jun/2026:18:04:50 +0200] "GET /wp-admin/load-styles.php?c=1&dir=ltr&load%5Bchunk_0%5D=dashicons,buttons,forms,l10n,wp-base-styles,login&ver=7.0 HTTP/2.0" 200 - "https://mantova.elettroservicegroup.it/wp-login.php" "Mozilla/5.0 (Windows NT 10.0; Win64; x64) AppleWebKit/537.36 (KHTML, like Gecko) Chrome/120.0.0.0 Safari/537.36"
213.232.122.15 - - [21/Jun/2026:18:04:50 +0200] "GET /wp-admin/load-scripts.php?c=1&load%5Bchunk_0%5D=clipboard,jquery-core,jquery-migrate,zxcvbn-async,wp-hooks&ver=7.0 HTTP/2.0" 200 - "https://mantova.elettroservicegroup.it/wp-login.php" "Mozilla/5.0 (Windows NT 10.0; Win64; x64) AppleWebKit/537.36 (KHTML, like Gecko) Chrome/120.0.0.0 Safari/537.36"
213.232.122.15 - - [21/Jun/2026:18:04:50 +0200] "GET /wp-login.php HTTP/1.1" 200 11762 "-" "Mozilla/5.0 (Windows NT 10.0; Win64; x64) AppleWebKit/537.36 (KHTML, like Gecko) Chrome/120.0.0.0 Safari/537.36"
213.232.122.15 - - [21/Jun/2026:18:04:51 +0200] "GET /wp-admin/ HTTP/1.1" 200 11826 "-" "Mozilla/5.0 (Windows NT 10.0; Win64; x64) AppleWebKit/537.36 (KHTML, like Gecko) Chrome/120.0.0.0 Safari/537.36"
157.22.46.193 - - [21/Jun/2026:18:04:51 +0200] "GET /wp-login.php HTTP/2.0" 200 2692 "-" "Mozilla/5.0 (Windows NT 10.0; Win64; x64) AppleWebKit/537.36 (KHTML, like Gecko) Chrome/120.0.0.0 Safari/537.36"
157.22.46.193 - - [21/Jun/2026:18:04:51 +0200] "GET /wp-includes/js/wp-util.min.js?ver=7.0 HTTP/2.0" 200 693 "https://mantova.elettroservicegroup.it/wp-login.php" "Mozilla/5.0 (Windows NT 10.0; Win64; x64) AppleWebKit/537.36 (KHTML, like Gecko) Chrome/120.0.0.0 Safari/537.36"
157.22.46.193 - - [21/Jun/2026:18:04:51 +0200] "GET /wp-includes/js/dist/i18n.min.js?ver=781d11515ad3d91786ec HTTP/2.0" 200 2333 "https://mantova.elettroservicegroup.it/wp-login.php" "Mozilla/5.0 (Windows NT 10.0; Win64; x64) AppleWebKit/537.36 (KHTML, like Gecko) Chrome/120.0.0.0 Safari/537.36"
157.22.46.193 - - [21/Jun/2026:18:04:51 +0200] "GET /wp-admin/js/user-profile.min.js?ver=7.0 HTTP/2.0" 200 2891 "https://mantova.elettroservicegroup.it/wp-login.php" "Mozilla/5.0 (Windows NT 10.0; Win64; x64) AppleWebKit/537.36 (KHTML, like Gecko) Chrome/120.0.0.0 Safari/537.36"
157.22.46.193 - - [21/Jun/2026:18:04:51 +0200] "GET /wp-admin/js/password-strength-meter.min.js?ver=7.0 HTTP/2.0" 200 560 "https://mantova.elettroservicegroup.it/wp-login.php" "Mozilla/5.0 (Windows NT 10.0; Win64; x64) AppleWebKit/537.36 (KHTML, like Gecko) Chrome/120.0.0.0 Safari/537.36"
157.22.46.193 - - [21/Jun/2026:18:04:51 +0200] "GET /wp-includes/js/dist/dom-ready.min.js?ver=a06281ae5cf5500e9317 HTTP/2.0" 200 398 "https://mantova.elettroservicegroup.it/wp-login.php" "Mozilla/5.0 (Windows NT 10.0; Win64; x64) AppleWebKit/537.36 (KHTML, like Gecko) Chrome/120.0.0.0 Safari/537.36"
157.22.46.193 - - [21/Jun/2026:18:04:51 +0200] "GET /wp-includes/js/dist/a11y.min.js?ver=af934e5259bc51b8718e HTTP/2.0" 200 915 "https://mantova.elettroservicegroup.it/wp-login.php" "Mozilla/5.0 (Windows NT 10.0; Win64; x64) AppleWebKit/537.36 (KHTML, like Gecko) Chrome/120.0.0.0 Safari/537.36"
157.22.46.193 - - [21/Jun/2026:18:04:51 +0200] "GET /wp-includes/js/underscore.min.js?ver=1.13.8 HTTP/2.0" 200 7243 "https://mantova.elettroservicegroup.it/wp-login.php" "Mozilla/5.0 (Windows NT 10.0; Win64; x64) AppleWebKit/537.36 (KHTML, like Gecko) Chrome/120.0.0.0 Safari/537.36"
157.22.46.193 - - [21/Jun/2026:18:04:51 +0200] "GET /wp-admin/load-styles.php?c=1&dir=ltr&load%5Bchunk_0%5D=dashicons,buttons,forms,l10n,wp-base-styles,login&ver=7.0 HTTP/2.0" 200 45751 "https://mantova.elettroservicegroup.it/wp-login.php" "Mozilla/5.0 (Windows NT 10.0; Win64; x64) AppleWebKit/537.36 (KHTML, like Gecko) Chrome/120.0.0.0 Safari/537.36"
157.22.46.193 - - [21/Jun/2026:18:04:51 +0200] "GET /wp-admin/load-scripts.php?c=1&load%5Bchunk_0%5D=clipboard,jquery-core,jquery-migrate,zxcvbn-async,wp-hooks&ver=7.0 HTTP/2.0" 200 37674 "https://mantova.elettroservicegroup.it/wp-login.php" "Mozilla/5.0 (Windows NT 10.0; Win64; x64) AppleWebKit/537.36 (KHTML, like Gecko) Chrome/120.0.0.0 Safari/537.36"
157.22.46.193 - - [21/Jun/2026:18:04:51 +0200] "GET /wp-admin/images/wordpress-logo-gray.svg?ver=20260303 HTTP/2.0" 200 765 "https://mantova.elettroservicegroup.it/wp-admin/load-styles.php?c=1&dir=ltr&load%5Bchunk_0%5D=dashicons,buttons,forms,l10n,wp-base-styles,login&ver=7.0" "Mozilla/5.0 (Windows NT 10.0; Win64; x64) AppleWebKit/537.36 (KHTML, like Gecko) Chrome/120.0.0.0 Safari/537.36"
157.22.46.193 - - [21/Jun/2026:18:04:51 +0200] "GET /wp-includes/js/zxcvbn.min.js HTTP/2.0" 200 387992 "https://mantova.elettroservicegroup.it/wp-login.php" "Mozilla/5.0 (Windows NT 10.0; Win64; x64) AppleWebKit/537.36 (KHTML, like Gecko) Chrome/120.0.0.0 Safari/537.36"
157.22.46.193 - - [21/Jun/2026:18:04:54 +0200] "POST /wp-login.php HTTP/2.0" 200 2844 "https://mantova.elettroservicegroup.it/wp-login.php" "Mozilla/5.0 (Windows NT 10.0; Win64; x64) AppleWebKit/537.36 (KHTML, like Gecko) Chrome/120.0.0.0 Safari/537.36"
157.22.46.193 - - [21/Jun/2026:18:04:58 +0200] "GET /wp-login.php HTTP/1.1" 200 9036 "-" "Mozilla/5.0 (Windows NT 10.0; Win64; x64) AppleWebKit/537.36 (KHTML, like Gecko) Chrome/120.0.0.0 Safari/537.36"
157.22.46.193 - - [21/Jun/2026:18:04:58 +0200] "POST /wp-login.php HTTP/1.1" 200 9432 "https://mantova.elettroservicegroup.it/wp-login.php" "Mozilla/5.0 (Windows NT 10.0; Win64; x64) AppleWebKit/537.36 (KHTML, like Gecko) Chrome/120.0.0.0 Safari/537.36"
157.22.46.193 - - [21/Jun/2026:18:04:59 +0200] "GET /wp-admin/ HTTP/1.1" 302 - "-" "Mozilla/5.0 (Windows NT 10.0; Win64; x64) AppleWebKit/537.36 (KHTML, like Gecko) Chrome/120.0.0.0 Safari/537.36"
157.22.46.193 - - [21/Jun/2026:18:05:00 +0200] "GET /wp-login.php?redirect_to=https%3A%2F%2Fmantova.elettroservicegroup.it%2Fwp-admin%2F&reauth=1 HTTP/1.1" 200 9147 "https://mantova.elettroservicegroup.it/wp-admin/" "Mozilla/5.0 (Windows NT 10.0; Win64; x64) AppleWebKit/537.36 (KHTML, like Gecko) Chrome/120.0.0.0 Safari/537.36"
157.22.46.193 - - [21/Jun/2026:18:05:01 +0200] "POST /wp-admin/ HTTP/1.1" 302 - "https://mantova.elettroservicegroup.it/wp-admin/" "Mozilla/5.0 (Windows NT 10.0; Win64; x64) AppleWebKit/537.36 (KHTML, like Gecko) Chrome/120.0.0.0 Safari/537.36"
157.22.46.193 - - [21/Jun/2026:18:05:02 +0200] "GET /wp-login.php?redirect_to=https%3A%2F%2Fmantova.elettroservicegroup.it%2Fwp-admin%2F&reauth=1 HTTP/1.1" 200 9147 "https://mantova.elettroservicegroup.it/wp-admin/" "Mozilla/5.0 (Windows NT 10.0; Win64; x64) AppleWebKit/537.36 (KHTML, like Gecko) Chrome/120.0.0.0 Safari/537.36"
5.183.252.21 - - [21/Jun/2026:18:05:04 +0200] "GET /wp-login.php HTTP/2.0" 200 2692 "-" "Mozilla/5.0 (Windows NT 10.0; Win64; x64) AppleWebKit/537.36 (KHTML, like Gecko) Chrome/120.0.0.0 Safari/537.36"
5.183.252.21 - - [21/Jun/2026:18:05:06 +0200] "GET /wp-admin/js/password-strength-meter.min.js?ver=7.0 HTTP/2.0" 200 560 "https://mantova.elettroservicegroup.it/wp-login.php" "Mozilla/5.0 (Windows NT 10.0; Win64; x64) AppleWebKit/537.36 (KHTML, like Gecko) Chrome/120.0.0.0 Safari/537.36"
5.183.252.21 - - [21/Jun/2026:18:05:06 +0200] "GET /wp-includes/js/dist/dom-ready.min.js?ver=a06281ae5cf5500e9317 HTTP/2.0" 200 398 "https://mantova.elettroservicegroup.it/wp-login.php" "Mozilla/5.0 (Windows NT 10.0; Win64; x64) AppleWebKit/537.36 (KHTML, like Gecko) Chrome/120.0.0.0 Safari/537.36"
5.183.252.21 - - [21/Jun/2026:18:05:06 +0200] "GET /wp-includes/js/dist/i18n.min.js?ver=781d11515ad3d91786ec HTTP/2.0" 200 2333 "https://mantova.elettroservicegroup.it/wp-login.php" "Mozilla/5.0 (Windows NT 10.0; Win64; x64) AppleWebKit/537.36 (KHTML, like Gecko) Chrome/120.0.0.0 Safari/537.36"
5.183.252.21 - - [21/Jun/2026:18:05:06 +0200] "GET /wp-includes/js/wp-util.min.js?ver=7.0 HTTP/2.0" 200 693 "https://mantova.elettroservicegroup.it/wp-login.php" "Mozilla/5.0 (Windows NT 10.0; Win64; x64) AppleWebKit/537.36 (KHTML, like Gecko) Chrome/120.0.0.0 Safari/537.36"
5.183.252.21 - - [21/Jun/2026:18:05:06 +0200] "GET /wp-includes/js/dist/a11y.min.js?ver=af934e5259bc51b8718e HTTP/2.0" 200 915 "https://mantova.elettroservicegroup.it/wp-login.php" "Mozilla/5.0 (Windows NT 10.0; Win64; x64) AppleWebKit/537.36 (KHTML, like Gecko) Chrome/120.0.0.0 Safari/537.36"
5.183.252.21 - - [21/Jun/2026:18:05:06 +0200] "GET /wp-admin/js/user-profile.min.js?ver=7.0 HTTP/2.0" 200 2891 "https://mantova.elettroservicegroup.it/wp-login.php" "Mozilla/5.0 (Windows NT 10.0; Win64; x64) AppleWebKit/537.36 (KHTML, like Gecko) Chrome/120.0.0.0 Safari/537.36"
5.183.252.21 - - [21/Jun/2026:18:05:06 +0200] "GET /wp-includes/js/underscore.min.js?ver=1.13.8 HTTP/2.0" 200 7243 "https://mantova.elettroservicegroup.it/wp-login.php" "Mozilla/5.0 (Windows NT 10.0; Win64; x64) AppleWebKit/537.36 (KHTML, like Gecko) Chrome/120.0.0.0 Safari/537.36"
5.183.252.21 - - [21/Jun/2026:18:05:06 +0200] "GET /wp-admin/load-styles.php?c=1&dir=ltr&load%5Bchunk_0%5D=dashicons,buttons,forms,l10n,wp-base-styles,login&ver=7.0 HTTP/2.0" 200 45751 "https://mantova.elettroservicegroup.it/wp-login.php" "Mozilla/5.0 (Windows NT 10.0; Win64; x64) AppleWebKit/537.36 (KHTML, like Gecko) Chrome/120.0.0.0 Safari/537.36"
5.183.252.21 - - [21/Jun/2026:18:05:06 +0200] "GET /wp-admin/load-scripts.php?c=1&load%5Bchunk_0%5D=clipboard,jquery-core,jquery-migrate,zxcvbn-async,wp-hooks&ver=7.0 HTTP/2.0" 200 37674 "https://mantova.elettroservicegroup.it/wp-login.php" "Mozilla/5.0 (Windows NT 10.0; Win64; x64) AppleWebKit/537.36 (KHTML, like Gecko) Chrome/120.0.0.0 Safari/537.36"
5.183.252.21 - - [21/Jun/2026:18:05:06 +0200] "GET /wp-admin/images/wordpress-logo-gray.svg?ver=20260303 HTTP/2.0" 200 765 "https://mantova.elettroservicegroup.it/wp-admin/load-styles.php?c=1&dir=ltr&load%5Bchunk_0%5D=dashicons,buttons,forms,l10n,wp-base-styles,login&ver=7.0" "Mozilla/5.0 (Windows NT 10.0; Win64; x64) AppleWebKit/537.36 (KHTML, like Gecko) Chrome/120.0.0.0 Safari/537.36"
5.183.252.21 - - [21/Jun/2026:18:05:07 +0200] "GET /wp-includes/js/zxcvbn.min.js HTTP/2.0" 200 387992 "https://mantova.elettroservicegroup.it/wp-login.php" "Mozilla/5.0 (Windows NT 10.0; Win64; x64) AppleWebKit/537.36 (KHTML, like Gecko) Chrome/120.0.0.0 Safari/537.36"
5.183.252.21 - - [21/Jun/2026:18:05:10 +0200] "POST /wp-login.php HTTP/2.0" 200 2844 "https://mantova.elettroservicegroup.it/wp-login.php" "Mozilla/5.0 (Windows NT 10.0; Win64; x64) AppleWebKit/537.36 (KHTML, like Gecko) Chrome/120.0.0.0 Safari/537.36"
65.108.235.243 - - [21/Jun/2026:18:05:15 +0200] "POST /wp-cron.php?doing_wp_cron=1782057915.6021668910980224609375 HTTP/1.1" 200 1 "-" "WordPress/7.0; https://mantova.elettroservicegroup.it"
5.183.252.21 - - [21/Jun/2026:18:05:14 +0200] "GET /wp-login.php HTTP/1.1" 200 9036 "-" "Mozilla/5.0 (Windows NT 10.0; Win64; x64) AppleWebKit/537.36 (KHTML, like Gecko) Chrome/120.0.0.0 Safari/537.36"
5.183.252.21 - - [21/Jun/2026:18:05:17 +0200] "POST /wp-login.php HTTP/1.1" 200 9432 "https://mantova.elettroservicegroup.it/wp-login.php" "Mozilla/5.0 (Windows NT 10.0; Win64; x64) AppleWebKit/537.36 (KHTML, like Gecko) Chrome/120.0.0.0 Safari/537.36"
5.183.252.21 - - [21/Jun/2026:18:05:19 +0200] "GET /wp-admin/ HTTP/1.1" 302 - "-" "Mozilla/5.0 (Windows NT 10.0; Win64; x64) AppleWebKit/537.36 (KHTML, like Gecko) Chrome/120.0.0.0 Safari/537.36"
5.183.252.21 - - [21/Jun/2026:18:05:21 +0200] "GET /wp-login.php?redirect_to=https%3A%2F%2Fmantova.elettroservicegroup.it%2Fwp-admin%2F&reauth=1 HTTP/1.1" 200 9147 "https://mantova.elettroservicegroup.it/wp-admin/" "Mozilla/5.0 (Windows NT 10.0; Win64; x64) AppleWebKit/537.36 (KHTML, like Gecko) Chrome/120.0.0.0 Safari/537.36"
5.183.252.21 - - [21/Jun/2026:18:05:23 +0200] "POST /wp-admin/ HTTP/1.1" 302 - "https://mantova.elettroservicegroup.it/wp-admin/" "Mozilla/5.0 (Windows NT 10.0; Win64; x64) AppleWebKit/537.36 (KHTML, like Gecko) Chrome/120.0.0.0 Safari/537.36"
5.183.252.21 - - [21/Jun/2026:18:05:24 +0200] "GET /wp-login.php?redirect_to=https%3A%2F%2Fmantova.elettroservicegroup.it%2Fwp-admin%2F&reauth=1 HTTP/1.1" 200 9147 "https://mantova.elettroservicegroup.it/wp-admin/" "Mozilla/5.0 (Windows NT 10.0; Win64; x64) AppleWebKit/537.36 (KHTML, like Gecko) Chrome/120.0.0.0 Safari/537.36"
155.212.36.252 - - [21/Jun/2026:18:05:24 +0200] "GET /wp-login.php HTTP/2.0" 200 2692 "-" "Mozilla/5.0 (Windows NT 10.0; Win64; x64) AppleWebKit/537.36 (KHTML, like Gecko) Chrome/120.0.0.0 Safari/537.36"
155.212.36.252 - - [21/Jun/2026:18:05:25 +0200] "GET /wp-admin/js/password-strength-meter.min.js?ver=7.0 HTTP/2.0" 200 560 "https://mantova.elettroservicegroup.it/wp-login.php" "Mozilla/5.0 (Windows NT 10.0; Win64; x64) AppleWebKit/537.36 (KHTML, like Gecko) Chrome/120.0.0.0 Safari/537.36"
155.212.36.252 - - [21/Jun/2026:18:05:25 +0200] "GET /wp-includes/js/dist/dom-ready.min.js?ver=a06281ae5cf5500e9317 HTTP/2.0" 200 398 "https://mantova.elettroservicegroup.it/wp-login.php" "Mozilla/5.0 (Windows NT 10.0; Win64; x64) AppleWebKit/537.36 (KHTML, like Gecko) Chrome/120.0.0.0 Safari/537.36"
155.212.36.252 - - [21/Jun/2026:18:05:25 +0200] "GET /wp-includes/js/dist/a11y.min.js?ver=af934e5259bc51b8718e HTTP/2.0" 200 915 "https://mantova.elettroservicegroup.it/wp-login.php" "Mozilla/5.0 (Windows NT 10.0; Win64; x64) AppleWebKit/537.36 (KHTML, like Gecko) Chrome/120.0.0.0 Safari/537.36"
155.212.36.252 - - [21/Jun/2026:18:05:25 +0200] "GET /wp-includes/js/dist/i18n.min.js?ver=781d11515ad3d91786ec HTTP/2.0" 200 2333 "https://mantova.elettroservicegroup.it/wp-login.php" "Mozilla/5.0 (Windows NT 10.0; Win64; x64) AppleWebKit/537.36 (KHTML, like Gecko) Chrome/120.0.0.0 Safari/537.36"
155.212.36.252 - - [21/Jun/2026:18:05:25 +0200] "GET /wp-includes/js/wp-util.min.js?ver=7.0 HTTP/2.0" 200 693 "https://mantova.elettroservicegroup.it/wp-login.php" "Mozilla/5.0 (Windows NT 10.0; Win64; x64) AppleWebKit/537.36 (KHTML, like Gecko) Chrome/120.0.0.0 Safari/537.36"
155.212.36.252 - - [21/Jun/2026:18:05:25 +0200] "GET /wp-admin/js/user-profile.min.js?ver=7.0 HTTP/2.0" 200 2891 "https://mantova.elettroservicegroup.it/wp-login.php" "Mozilla/5.0 (Windows NT 10.0; Win64; x64) AppleWebKit/537.36 (KHTML, like Gecko) Chrome/120.0.0.0 Safari/537.36"
155.212.36.252 - - [21/Jun/2026:18:05:25 +0200] "GET /wp-includes/js/underscore.min.js?ver=1.13.8 HTTP/2.0" 200 7243 "https://mantova.elettroservicegroup.it/wp-login.php" "Mozilla/5.0 (Windows NT 10.0; Win64; x64) AppleWebKit/537.36 (KHTML, like Gecko) Chrome/120.0.0.0 Safari/537.36"
155.212.36.252 - - [21/Jun/2026:18:05:25 +0200] "GET /wp-admin/load-styles.php?c=1&dir=ltr&load%5Bchunk_0%5D=dashicons,buttons,forms,l10n,wp-base-styles,login&ver=7.0 HTTP/2.0" 200 45751 "https://mantova.elettroservicegroup.it/wp-login.php" "Mozilla/5.0 (Windows NT 10.0; Win64; x64) AppleWebKit/537.36 (KHTML, like Gecko) Chrome/120.0.0.0 Safari/537.36"
155.212.36.252 - - [21/Jun/2026:18:05:25 +0200] "GET /wp-admin/load-scripts.php?c=1&load%5Bchunk_0%5D=clipboard,jquery-core,jquery-migrate,zxcvbn-async,wp-hooks&ver=7.0 HTTP/2.0" 200 37674 "https://mantova.elettroservicegroup.it/wp-login.php" "Mozilla/5.0 (Windows NT 10.0; Win64; x64) AppleWebKit/537.36 (KHTML, like Gecko) Chrome/120.0.0.0 Safari/537.36"
155.212.36.252 - - [21/Jun/2026:18:05:25 +0200] "GET /wp-admin/images/wordpress-logo-gray.svg?ver=20260303 HTTP/2.0" 200 765 "https://mantova.elettroservicegroup.it/wp-admin/load-styles.php?c=1&dir=ltr&load%5Bchunk_0%5D=dashicons,buttons,forms,l10n,wp-base-styles,login&ver=7.0" "Mozilla/5.0 (Windows NT 10.0; Win64; x64) AppleWebKit/537.36 (KHTML, like Gecko) Chrome/120.0.0.0 Safari/537.36"
155.212.36.252 - - [21/Jun/2026:18:05:25 +0200] "GET /wp-includes/js/zxcvbn.min.js HTTP/2.0" 200 387992 "https://mantova.elettroservicegroup.it/wp-login.php" "Mozilla/5.0 (Windows NT 10.0; Win64; x64) AppleWebKit/537.36 (KHTML, like Gecko) Chrome/120.0.0.0 Safari/537.36"
155.212.36.252 - - [21/Jun/2026:18:05:27 +0200] "POST /wp-login.php HTTP/2.0" 200 2844 "https://mantova.elettroservicegroup.it/wp-login.php" "Mozilla/5.0 (Windows NT 10.0; Win64; x64) AppleWebKit/537.36 (KHTML, like Gecko) Chrome/120.0.0.0 Safari/537.36"
155.212.36.252 - - [21/Jun/2026:18:05:31 +0200] "GET /wp-login.php HTTP/1.1" 200 9036 "-" "Mozilla/5.0 (Windows NT 10.0; Win64; x64) AppleWebKit/537.36 (KHTML, like Gecko) Chrome/120.0.0.0 Safari/537.36"
155.212.36.252 - - [21/Jun/2026:18:05:31 +0200] "POST /wp-login.php HTTP/1.1" 200 9432 "https://mantova.elettroservicegroup.it/wp-login.php" "Mozilla/5.0 (Windows NT 10.0; Win64; x64) AppleWebKit/537.36 (KHTML, like Gecko) Chrome/120.0.0.0 Safari/537.36"
155.212.36.252 - - [21/Jun/2026:18:05:31 +0200] "GET /wp-admin/ HTTP/1.1" 302 - "-" "Mozilla/5.0 (Windows NT 10.0; Win64; x64) AppleWebKit/537.36 (KHTML, like Gecko) Chrome/120.0.0.0 Safari/537.36"
155.212.36.252 - - [21/Jun/2026:18:05:32 +0200] "GET /wp-login.php?redirect_to=https%3A%2F%2Fmantova.elettroservicegroup.it%2Fwp-admin%2F&reauth=1 HTTP/1.1" 200 9147 "https://mantova.elettroservicegroup.it/wp-admin/" "Mozilla/5.0 (Windows NT 10.0; Win64; x64) AppleWebKit/537.36 (KHTML, like Gecko) Chrome/120.0.0.0 Safari/537.36"
155.212.36.252 - - [21/Jun/2026:18:05:32 +0200] "POST /wp-admin/ HTTP/1.1" 302 - "https://mantova.elettroservicegroup.it/wp-admin/" "Mozilla/5.0 (Windows NT 10.0; Win64; x64) AppleWebKit/537.36 (KHTML, like Gecko) Chrome/120.0.0.0 Safari/537.36"
155.212.36.252 - - [21/Jun/2026:18:05:32 +0200] "GET /wp-login.php?redirect_to=https%3A%2F%2Fmantova.elettroservicegroup.it%2Fwp-admin%2F&reauth=1 HTTP/1.1" 200 9147 "https://mantova.elettroservicegroup.it/wp-admin/" "Mozilla/5.0 (Windows NT 10.0; Win64; x64) AppleWebKit/537.36 (KHTML, like Gecko) Chrome/120.0.0.0 Safari/537.36"
170.168.96.90 - - [21/Jun/2026:18:05:33 +0200] "GET /wp-login.php HTTP/2.0" 200 11771 "-" "Mozilla/5.0 (Windows NT 10.0; Win64; x64) AppleWebKit/537.36 (KHTML, like Gecko) Chrome/120.0.0.0 Safari/537.36"
170.168.96.90 - - [21/Jun/2026:18:05:34 +0200] "GET /z0f76a1d14fd21a8fb5fd0d03e0fdc3d3cedae52f?wsidchk=9803165&pdata=https%253A%252F%252Fmantova.elettroservicegroup.it%252Fwp-login.php&id=7fa3b767c460b54a2be4d49030b349c7&ts=1782057933 HTTP/2.0" 302 275 "https://mantova.elettroservicegroup.it/wp-login.php" "Mozilla/5.0 (Windows NT 10.0; Win64; x64) AppleWebKit/537.36 (KHTML, like Gecko) Chrome/120.0.0.0 Safari/537.36"
170.168.96.90 - - [21/Jun/2026:18:05:34 +0200] "GET /wp-login.php HTTP/2.0" 200 2692 "https://mantova.elettroservicegroup.it/wp-login.php" "Mozilla/5.0 (Windows NT 10.0; Win64; x64) AppleWebKit/537.36 (KHTML, like Gecko) Chrome/120.0.0.0 Safari/537.36"
170.168.96.90 - - [21/Jun/2026:18:05:34 +0200] "GET /wp-admin/js/password-strength-meter.min.js?ver=7.0 HTTP/2.0" 200 560 "https://mantova.elettroservicegroup.it/wp-login.php" "Mozilla/5.0 (Windows NT 10.0; Win64; x64) AppleWebKit/537.36 (KHTML, like Gecko) Chrome/120.0.0.0 Safari/537.36"
170.168.96.90 - - [21/Jun/2026:18:05:34 +0200] "GET /wp-includes/js/wp-util.min.js?ver=7.0 HTTP/2.0" 200 693 "https://mantova.elettroservicegroup.it/wp-login.php" "Mozilla/5.0 (Windows NT 10.0; Win64; x64) AppleWebKit/537.36 (KHTML, like Gecko) Chrome/120.0.0.0 Safari/537.36"
170.168.96.90 - - [21/Jun/2026:18:05:34 +0200] "GET /wp-includes/js/dist/dom-ready.min.js?ver=a06281ae5cf5500e9317 HTTP/2.0" 200 398 "https://mantova.elettroservicegroup.it/wp-login.php" "Mozilla/5.0 (Windows NT 10.0; Win64; x64) AppleWebKit/537.36 (KHTML, like Gecko) Chrome/120.0.0.0 Safari/537.36"
170.168.96.90 - - [21/Jun/2026:18:05:34 +0200] "GET /wp-includes/js/dist/a11y.min.js?ver=af934e5259bc51b8718e HTTP/2.0" 200 915 "https://mantova.elettroservicegroup.it/wp-login.php" "Mozilla/5.0 (Windows NT 10.0; Win64; x64) AppleWebKit/537.36 (KHTML, like Gecko) Chrome/120.0.0.0 Safari/537.36"
170.168.96.90 - - [21/Jun/2026:18:05:34 +0200] "GET /wp-includes/js/dist/i18n.min.js?ver=781d11515ad3d91786ec HTTP/2.0" 200 2333 "https://mantova.elettroservicegroup.it/wp-login.php" "Mozilla/5.0 (Windows NT 10.0; Win64; x64) AppleWebKit/537.36 (KHTML, like Gecko) Chrome/120.0.0.0 Safari/537.36"
170.168.96.90 - - [21/Jun/2026:18:05:34 +0200] "GET /wp-admin/js/user-profile.min.js?ver=7.0 HTTP/2.0" 200 2891 "https://mantova.elettroservicegroup.it/wp-login.php" "Mozilla/5.0 (Windows NT 10.0; Win64; x64) AppleWebKit/537.36 (KHTML, like Gecko) Chrome/120.0.0.0 Safari/537.36"
170.168.96.90 - - [21/Jun/2026:18:05:34 +0200] "GET /wp-includes/js/underscore.min.js?ver=1.13.8 HTTP/2.0" 200 7243 "https://mantova.elettroservicegroup.it/wp-login.php" "Mozilla/5.0 (Windows NT 10.0; Win64; x64) AppleWebKit/537.36 (KHTML, like Gecko) Chrome/120.0.0.0 Safari/537.36"
170.168.96.90 - - [21/Jun/2026:18:05:34 +0200] "GET /wp-admin/load-styles.php?c=1&dir=ltr&load%5Bchunk_0%5D=dashicons,buttons,forms,l10n,wp-base-styles,login&ver=7.0 HTTP/2.0" 200 45751 "https://mantova.elettroservicegroup.it/wp-login.php" "Mozilla/5.0 (Windows NT 10.0; Win64; x64) AppleWebKit/537.36 (KHTML, like Gecko) Chrome/120.0.0.0 Safari/537.36"
170.168.96.90 - - [21/Jun/2026:18:05:34 +0200] "GET /wp-admin/load-scripts.php?c=1&load%5Bchunk_0%5D=clipboard,jquery-core,jquery-migrate,zxcvbn-async,wp-hooks&ver=7.0 HTTP/2.0" 200 37674 "https://mantova.elettroservicegroup.it/wp-login.php" "Mozilla/5.0 (Windows NT 10.0; Win64; x64) AppleWebKit/537.36 (KHTML, like Gecko) Chrome/120.0.0.0 Safari/537.36"
170.168.96.90 - - [21/Jun/2026:18:05:34 +0200] "GET /wp-admin/images/wordpress-logo-gray.svg?ver=20260303 HTTP/2.0" 200 765 "https://mantova.elettroservicegroup.it/wp-admin/load-styles.php?c=1&dir=ltr&load%5Bchunk_0%5D=dashicons,buttons,forms,l10n,wp-base-styles,login&ver=7.0" "Mozilla/5.0 (Windows NT 10.0; Win64; x64) AppleWebKit/537.36 (KHTML, like Gecko) Chrome/120.0.0.0 Safari/537.36"
170.168.96.90 - - [21/Jun/2026:18:05:34 +0200] "GET /wp-includes/js/zxcvbn.min.js HTTP/2.0" 200 387992 "https://mantova.elettroservicegroup.it/wp-login.php" "Mozilla/5.0 (Windows NT 10.0; Win64; x64) AppleWebKit/537.36 (KHTML, like Gecko) Chrome/120.0.0.0 Safari/537.36"
170.168.96.90 - - [21/Jun/2026:18:05:35 +0200] "POST /wp-login.php HTTP/2.0" 200 2844 "https://mantova.elettroservicegroup.it/wp-login.php" "Mozilla/5.0 (Windows NT 10.0; Win64; x64) AppleWebKit/537.36 (KHTML, like Gecko) Chrome/120.0.0.0 Safari/537.36"
170.168.96.90 - - [21/Jun/2026:18:05:38 +0200] "GET /wp-login.php HTTP/1.1" 200 11712 "-" "Mozilla/5.0 (Windows NT 10.0; Win64; x64) AppleWebKit/537.36 (KHTML, like Gecko) Chrome/120.0.0.0 Safari/537.36"
170.168.96.90 - - [21/Jun/2026:18:05:38 +0200] "GET /wp-admin/ HTTP/1.1" 200 11711 "-" "Mozilla/5.0 (Windows NT 10.0; Win64; x64) AppleWebKit/537.36 (KHTML, like Gecko) Chrome/120.0.0.0 Safari/537.36"
65.108.235.243 - - [21/Jun/2026:18:08:32 +0200] "POST /wp-cron.php?doing_wp_cron=1782058112.0105049610137939453125 HTTP/1.1" 200 1 "-" "WordPress/7.0; https://mantova.elettroservicegroup.it"
40.77.167.1 - - [21/Jun/2026:18:08:28 +0200] "GET /assistenza-lavatrici/forno-elettrico-ad-incasso/ HTTP/2.0" 301 1 "-" "Mozilla/5.0 AppleWebKit/537.36 (KHTML, like Gecko; compatible; bingbot/2.0; +http://www.bing.com/bingbot.htm) Chrome/116.0.1938.76 Safari/537.36"
65.108.235.243 - - [21/Jun/2026:18:55:45 +0200] "POST /wp-cron.php?doing_wp_cron=1782060945.1140170097351074218750 HTTP/1.1" 200 1 "-" "WordPress/7.0; https://mantova.elettroservicegroup.it"
185.189.115.108 - - [21/Jun/2026:18:55:39 +0200] "GET /wp-login.php HTTP/2.0" 200 2692 "https://mantova.elettroservicegroup.it/" "Mozilla/5.0 (Windows NT 10.0; Win64; x64) AppleWebKit/537.36 (KHTML, like Gecko) Chrome/146.0.0.0 Safari/537.36"
185.189.115.108 - - [21/Jun/2026:18:55:45 +0200] "GET /wp-includes/js/dist/dom-ready.min.js?ver=a06281ae5cf5500e9317 HTTP/2.0" 200 398 "https://mantova.elettroservicegroup.it/wp-login.php" "Mozilla/5.0 (Windows NT 10.0; Win64; x64) AppleWebKit/537.36 (KHTML, like Gecko) Chrome/146.0.0.0 Safari/537.36"
185.189.115.108 - - [21/Jun/2026:18:55:45 +0200] "GET /wp-admin/js/password-strength-meter.min.js?ver=7.0 HTTP/2.0" 200 560 "https://mantova.elettroservicegroup.it/wp-login.php" "Mozilla/5.0 (Windows NT 10.0; Win64; x64) AppleWebKit/537.36 (KHTML, like Gecko) Chrome/146.0.0.0 Safari/537.36"
185.189.115.108 - - [21/Jun/2026:18:55:45 +0200] "GET /wp-includes/js/wp-util.min.js?ver=7.0 HTTP/2.0" 200 693 "https://mantova.elettroservicegroup.it/wp-login.php" "Mozilla/5.0 (Windows NT 10.0; Win64; x64) AppleWebKit/537.36 (KHTML, like Gecko) Chrome/146.0.0.0 Safari/537.36"
185.189.115.108 - - [21/Jun/2026:18:55:45 +0200] "GET /wp-includes/js/dist/a11y.min.js?ver=af934e5259bc51b8718e HTTP/2.0" 200 915 "https://mantova.elettroservicegroup.it/wp-login.php" "Mozilla/5.0 (Windows NT 10.0; Win64; x64) AppleWebKit/537.36 (KHTML, like Gecko) Chrome/146.0.0.0 Safari/537.36"
185.189.115.108 - - [21/Jun/2026:18:55:45 +0200] "GET /wp-includes/js/dist/i18n.min.js?ver=781d11515ad3d91786ec HTTP/2.0" 200 2333 "https://mantova.elettroservicegroup.it/wp-login.php" "Mozilla/5.0 (Windows NT 10.0; Win64; x64) AppleWebKit/537.36 (KHTML, like Gecko) Chrome/146.0.0.0 Safari/537.36"
185.189.115.108 - - [21/Jun/2026:18:55:45 +0200] "GET /wp-admin/js/user-profile.min.js?ver=7.0 HTTP/2.0" 200 2891 "https://mantova.elettroservicegroup.it/wp-login.php" "Mozilla/5.0 (Windows NT 10.0; Win64; x64) AppleWebKit/537.36 (KHTML, like Gecko) Chrome/146.0.0.0 Safari/537.36"
185.189.115.108 - - [21/Jun/2026:18:55:45 +0200] "GET /wp-includes/js/underscore.min.js?ver=1.13.8 HTTP/2.0" 200 7243 "https://mantova.elettroservicegroup.it/wp-login.php" "Mozilla/5.0 (Windows NT 10.0; Win64; x64) AppleWebKit/537.36 (KHTML, like Gecko) Chrome/146.0.0.0 Safari/537.36"
185.189.115.108 - - [21/Jun/2026:18:55:45 +0200] "GET /wp-admin/load-styles.php?c=1&dir=ltr&load%5Bchunk_0%5D=dashicons,buttons,forms,l10n,wp-base-styles,login&ver=7.0 HTTP/2.0" 200 45751 "https://mantova.elettroservicegroup.it/wp-login.php" "Mozilla/5.0 (Windows NT 10.0; Win64; x64) AppleWebKit/537.36 (KHTML, like Gecko) Chrome/146.0.0.0 Safari/537.36"
185.189.115.108 - - [21/Jun/2026:18:55:45 +0200] "GET /wp-admin/load-scripts.php?c=1&load%5Bchunk_0%5D=clipboard,jquery-core,jquery-migrate,zxcvbn-async,wp-hooks&ver=7.0 HTTP/2.0" 200 37674 "https://mantova.elettroservicegroup.it/wp-login.php" "Mozilla/5.0 (Windows NT 10.0; Win64; x64) AppleWebKit/537.36 (KHTML, like Gecko) Chrome/146.0.0.0 Safari/537.36"
65.108.235.243 - - [21/Jun/2026:18:55:46 +0200] "POST /wp-json/complianz/v1/wsc-scan HTTP/1.1" 400 88 "-" "WordPress/7.0; https://mantova.elettroservicegroup.it"
185.189.115.108 - - [21/Jun/2026:18:55:50 +0200] "GET /wp-admin/images/wordpress-logo-gray.svg?ver=20260303 HTTP/2.0" 200 765 "https://mantova.elettroservicegroup.it/wp-admin/load-styles.php?c=1&dir=ltr&load%5Bchunk_0%5D=dashicons,buttons,forms,l10n,wp-base-styles,login&ver=7.0" "Mozilla/5.0 (Windows NT 10.0; Win64; x64) AppleWebKit/537.36 (KHTML, like Gecko) Chrome/146.0.0.0 Safari/537.36"
185.189.115.108 - - [21/Jun/2026:18:55:50 +0200] "GET /wp-content/uploads/2021/10/cropped-cropped-cropped-cropped-logo_white_background-192x192.png HTTP/2.0" 200 19089 "https://mantova.elettroservicegroup.it/wp-login.php" "Mozilla/5.0 (Windows NT 10.0; Win64; x64) AppleWebKit/537.36 (KHTML, like Gecko) Chrome/146.0.0.0 Safari/537.36"
185.189.115.108 - - [21/Jun/2026:18:55:50 +0200] "GET /wp-includes/js/zxcvbn.min.js HTTP/2.0" 200 387992 "https://mantova.elettroservicegroup.it/wp-login.php" "Mozilla/5.0 (Windows NT 10.0; Win64; x64) AppleWebKit/537.36 (KHTML, like Gecko) Chrome/146.0.0.0 Safari/537.36"
185.189.115.108 - - [21/Jun/2026:18:55:51 +0200] "POST /wp-login.php HTTP/2.0" 200 2806 "https://mantova.elettroservicegroup.it/wp-login.php" "Mozilla/5.0 (Windows NT 10.0; Win64; x64) AppleWebKit/537.36 (KHTML, like Gecko) Chrome/146.0.0.0 Safari/537.36"
185.189.115.108 - - [21/Jun/2026:18:55:52 +0200] "GET /wp-content/uploads/2021/10/cropped-cropped-cropped-cropped-logo_white_background-192x192.png HTTP/2.0" 200 19089 "https://mantova.elettroservicegroup.it/wp-login.php" "Mozilla/5.0 (Windows NT 10.0; Win64; x64) AppleWebKit/537.36 (KHTML, like Gecko) Chrome/146.0.0.0 Safari/537.36"
185.189.115.108 - - [21/Jun/2026:18:55:54 +0200] "POST /xmlrpc.php HTTP/1.1" 403 52 "https://mantova.elettroservicegroup.it/" "Mozilla/5.0 (Windows NT 10.0; Win64; x64) AppleWebKit/537.36 (KHTML, like Gecko) Chrome/122.0.0.0 Safari/537.36"
65.108.235.243 - - [21/Jun/2026:20:45:57 +0200] "POST /wp-cron.php?doing_wp_cron=1782067557.4073460102081298828125 HTTP/1.1" 200 1 "-" "WordPress/7.0; https://mantova.elettroservicegroup.it"
40.77.167.14 - - [21/Jun/2026:20:45:53 +0200] "GET /cremona/ HTTP/2.0" 500 5597 "-" "Mozilla/5.0 AppleWebKit/537.36 (KHTML, like Gecko; compatible; bingbot/2.0; +http://www.bing.com/bingbot.htm) Chrome/116.0.1938.76 Safari/537.36"
65.108.235.243 - - [21/Jun/2026:20:45:58 +0200] "POST /wp-json/complianz/v1/wsc-scan HTTP/1.1" 400 88 "-" "WordPress/7.0; https://mantova.elettroservicegroup.it"
65.108.235.243 - - [21/Jun/2026:21:13:02 +0200] "POST /wp-cron.php?doing_wp_cron=1782069182.5003750324249267578125 HTTP/1.1" 200 1 "-" "WordPress/7.0; https://mantova.elettroservicegroup.it"
40.77.167.6 - - [21/Jun/2026:21:12:56 +0200] "GET /verona/ HTTP/2.0" 500 5596 "-" "Mozilla/5.0 AppleWebKit/537.36 (KHTML, like Gecko; compatible; bingbot/2.0; +http://www.bing.com/bingbot.htm) Chrome/116.0.1938.76 Safari/537.36"
94.76.142.246 - - [21/Jun/2026:22:40:18 +0200] "POST /xmlrpc.php HTTP/1.1" 403 52 "https://mantova.elettroservicegroup.it/wp-admin/" "Mozilla/5.0 (Windows NT 10.0; Win64; x64) AppleWebKit/537.36 (KHTML, like Gecko) Chrome/131.0.0.0 Safari/537.36"
94.76.142.246 - - [21/Jun/2026:22:40:21 +0200] "POST /xmlrpc.php HTTP/1.1" 403 52 "https://mantova.elettroservicegroup.it/wp-admin/" "Mozilla/5.0 (Windows NT 10.0; Win64; x64) AppleWebKit/537.36 (KHTML, like Gecko) Chrome/133.0.0.0 Safari/537.36"
94.76.142.246 - - [21/Jun/2026:22:40:25 +0200] "POST /xmlrpc.php HTTP/1.1" 403 52 "https://mantova.elettroservicegroup.it/wp-admin/" "Mozilla/5.0 (Windows NT 10.0; Win64; x64) AppleWebKit/537.36 (KHTML, like Gecko) Chrome/133.0.0.0 Safari/537.36 Edg/133.0.0.0"
94.76.142.246 - - [21/Jun/2026:22:40:33 +0200] "GET /wp-admin/ HTTP/1.1" 302 - "https://mantova.elettroservicegroup.it/wp-admin/" "Mozilla/5.0 (X11; Linux x86_64) AppleWebKit/537.36 (KHTML, like Gecko) Chrome/133.0.0.0 Safari/537.36"
65.108.235.243 - - [21/Jun/2026:22:40:39 +0200] "POST /wp-cron.php?doing_wp_cron=1782074439.0025899410247802734375 HTTP/1.1" 200 1 "-" "WordPress/7.0; https://mantova.elettroservicegroup.it"
94.76.142.246 - - [21/Jun/2026:22:40:33 +0200] "GET /wp-json/wp/v2/users/me?context=edit HTTP/1.1" 401 92 "https://mantova.elettroservicegroup.it/wp-admin/" "Mozilla/5.0 (Windows NT 10.0; Win64; x64) AppleWebKit/537.36 (KHTML, like Gecko) Chrome/133.0.0.0 Safari/537.36 Edg/133.0.0.0"
94.76.142.246 - - [21/Jun/2026:22:40:39 +0200] "GET /wp-login.php?redirect_to=https%3A%2F%2Fmantova.elettroservicegroup.it%2Fwp-admin%2F&reauth=1 HTTP/1.1" 200 9147 "https://mantova.elettroservicegroup.it/wp-admin/" "Mozilla/5.0 (X11; Linux x86_64) AppleWebKit/537.36 (KHTML, like Gecko) Chrome/133.0.0.0 Safari/537.36"
65.108.235.243 - - [21/Jun/2026:22:40:40 +0200] "POST /wp-json/complianz/v1/wsc-scan HTTP/1.1" 400 88 "-" "WordPress/7.0; https://mantova.elettroservicegroup.it"
94.76.142.246 - - [21/Jun/2026:22:40:41 +0200] "POST /wp-login.php HTTP/1.1" 200 9412 "https://mantova.elettroservicegroup.it/wp-admin/" "Mozilla/5.0 (Macintosh; Intel Mac OS X 10_15_7) AppleWebKit/537.36 (KHTML, like Gecko) Chrome/132.0.0.0 Safari/537.36"
65.108.235.243 - - [21/Jun/2026:23:22:45 +0200] "POST /wp-cron.php?doing_wp_cron=1782076965.2037189006805419921875 HTTP/1.1" 200 1 "-" "WordPress/7.0; https://mantova.elettroservicegroup.it"
94.76.142.246 - - [21/Jun/2026:23:22:37 +0200] "GET /wp-json/wp/v2/users/me?context=edit HTTP/2.0" 401 82 "https://mantova.elettroservicegroup.it/wp-admin/" "Mozilla/5.0 (Windows NT 10.0; Win64; x64) AppleWebKit/537.36 (KHTML, like Gecko) Chrome/133.0.0.0 Safari/537.36 Edg/133.0.0.0"
65.108.235.243 - - [21/Jun/2026:23:24:36 +0200] "POST /wp-cron.php?doing_wp_cron=1782077076.8953440189361572265625 HTTP/1.1" 200 1 "-" "WordPress/7.0; https://mantova.elettroservicegroup.it"
66.249.64.98 - - [21/Jun/2026:23:24:31 +0200] "GET /addl-sitemap.xml HTTP/1.1" 200 368 "-" "Mozilla/5.0 (compatible; Googlebot/2.1; +http://www.google.com/bot.html)"
65.108.235.243 - - [22/Jun/2026:01:50:48 +0200] "POST /wp-cron.php?doing_wp_cron=1782085848.5318601131439208984375 HTTP/1.1" 200 1 "-" "WordPress/7.0; https://mantova.elettroservicegroup.it"
48.192.92.53 - - [22/Jun/2026:01:50:46 +0200] "GET /cremona/ HTTP/1.1" 500 26657 "-" "Mozilla/5.0 (Windows NT 10.0; Win64; x64) AppleWebKit/537.36 (KHTML, like Gecko) Chrome/131.0.0.0 Safari/537.36 Edg/131.0.0.0"
65.108.235.243 - - [22/Jun/2026:01:50:49 +0200] "POST /wp-json/complianz/v1/wsc-scan HTTP/1.1" 400 88 "-" "WordPress/7.0; https://mantova.elettroservicegroup.it"
65.108.235.243 - - [22/Jun/2026:01:55:30 +0200] "POST /wp-cron.php?doing_wp_cron=1782086130.5139191150665283203125 HTTP/1.1" 200 1 "-" "WordPress/7.0; https://mantova.elettroservicegroup.it"
52.167.144.197 - - [22/Jun/2026:01:55:25 +0200] "GET /assistenza-lavatrici/ HTTP/2.0" 500 5193 "-" "Mozilla/5.0 AppleWebKit/537.36 (KHTML, like Gecko; compatible; bingbot/2.0; +http://www.bing.com/bingbot.htm) Chrome/116.0.1938.76 Safari/537.36"
65.108.235.243 - - [22/Jun/2026:02:43:02 +0200] "POST /wp-cron.php?doing_wp_cron=1782088982.0242118835449218750000 HTTP/1.1" 200 1 "-" "WordPress/7.0; https://mantova.elettroservicegroup.it"
