114.119.132.207 - - [06/Jun/2026:20:57:49 +0200] "GET /assistenza-lavastoviglie-ariston-rubiera/ HTTP/1.1" 200 24945 "https://reggio-emilia.elettroservicegroup.it/assistenza-lavastoviglie-ariston-rubiera" "Mozilla/5.0 (Linux; Android 7.0;) AppleWebKit/537.36 (HTML, like Gecko) Mobile Safari/537.36 (compatible; PetalBot;+https://webmaster.petalsearch.com/site/petalbot)"
65.108.235.243 - - [06/Jun/2026:20:59:12 +0200] "POST /wp-cron.php?doing_wp_cron=1780772352.1704139709472656250000 HTTP/1.1" 200 1 "-" "WordPress/7.0; https://reggio-emilia.elettroservicegroup.it"
114.119.141.228 - - [06/Jun/2026:20:59:10 +0200] "GET /assistenza-lavastoviglie-aeg-guastalla/ HTTP/1.1" 200 25061 "https://reggio-emilia.elettroservicegroup.it/assistenza-lavastoviglie-aeg-guastalla" "Mozilla/5.0 (Linux; Android 7.0;) AppleWebKit/537.36 (HTML, like Gecko) Mobile Safari/537.36 (compatible; PetalBot;+https://webmaster.petalsearch.com/site/petalbot)"
65.108.235.243 - - [06/Jun/2026:21:00:35 +0200] "POST /wp-cron.php?doing_wp_cron=1780772435.6687610149383544921875 HTTP/1.1" 200 1 "-" "WordPress/7.0; https://reggio-emilia.elettroservicegroup.it"
114.119.132.207 - - [06/Jun/2026:21:00:33 +0200] "GET /assistenza-lavastoviglie HTTP/1.1" 301 1 "https://reggio-emilia.elettroservicegroup.it/assistenza-lavastoviglie" "Mozilla/5.0 (Linux; Android 7.0;) AppleWebKit/537.36 (HTML, like Gecko) Mobile Safari/537.36 (compatible; PetalBot;+https://webmaster.petalsearch.com/site/petalbot)"
114.119.132.207 - - [06/Jun/2026:21:00:36 +0200] "GET /assistenza-lavastoviglie/ HTTP/1.1" 200 23079 "https://reggio-emilia.elettroservicegroup.it/assistenza-lavastoviglie" "Mozilla/5.0 (Linux; Android 7.0;) AppleWebKit/537.36 (HTML, like Gecko) Mobile Safari/537.36 (compatible; PetalBot;+https://webmaster.petalsearch.com/site/petalbot)"
65.108.235.243 - - [06/Jun/2026:21:01:58 +0200] "POST /wp-cron.php?doing_wp_cron=1780772518.4261519908905029296875 HTTP/1.1" 200 1 "-" "WordPress/7.0; https://reggio-emilia.elettroservicegroup.it"
114.119.141.228 - - [06/Jun/2026:21:01:56 +0200] "GET /assistenza-indesit-reggio-emilia HTTP/1.1" 301 1 "https://reggio-emilia.elettroservicegroup.it/?attachment_id=16580" "Mozilla/5.0 (Linux; Android 7.0;) AppleWebKit/537.36 (HTML, like Gecko) Mobile Safari/537.36 (compatible; PetalBot;+https://webmaster.petalsearch.com/site/petalbot)"
65.108.235.243 - - [06/Jun/2026:21:01:58 +0200] "GET /dichiarazione-sulla-privacy-ue/ HTTP/1.1" 200 21119 "-" "WP Fastest Cache Preload Bot"
114.119.141.228 - - [06/Jun/2026:21:01:59 +0200] "GET /assistenza-indesit-reggio-emilia/ HTTP/1.1" 200 24945 "https://reggio-emilia.elettroservicegroup.it/?attachment_id=16580" "Mozilla/5.0 (Linux; Android 7.0;) AppleWebKit/537.36 (HTML, like Gecko) Mobile Safari/537.36 (compatible; PetalBot;+https://webmaster.petalsearch.com/site/petalbot)"
65.108.235.243 - - [06/Jun/2026:21:01:59 +0200] "GET /imprint/ HTTP/1.1" 200 18633 "-" "WP Fastest Cache Preload Bot"
65.108.235.243 - - [06/Jun/2026:21:02:00 +0200] "GET /assistenza-whirlpool-rubiera/ HTTP/1.1" 200 24871 "-" "WP Fastest Cache Preload Bot"
65.108.235.243 - - [06/Jun/2026:21:02:00 +0200] "GET /assistenza-whirlpool-scandiano/ HTTP/1.1" 200 24789 "-" "WP Fastest Cache Preload Bot"
65.108.235.243 - - [06/Jun/2026:21:03:22 +0200] "POST /wp-cron.php?doing_wp_cron=1780772602.6179900169372558593750 HTTP/1.1" 200 1 "-" "WordPress/7.0; https://reggio-emilia.elettroservicegroup.it"
114.119.137.98 - - [06/Jun/2026:21:03:20 +0200] "GET /assistenza-forni-elettrici-reggio-emilia/ HTTP/1.1" 200 23265 "https://reggio-emilia.elettroservicegroup.it/assistenza-forni-elettrici" "Mozilla/5.0 (Linux; Android 7.0;) AppleWebKit/537.36 (HTML, like Gecko) Mobile Safari/537.36 (compatible; PetalBot;+https://webmaster.petalsearch.com/site/petalbot)"
65.108.235.243 - - [06/Jun/2026:21:04:46 +0200] "POST /wp-cron.php?doing_wp_cron=1780772686.1607398986816406250000 HTTP/1.1" 200 1 "-" "WordPress/7.0; https://reggio-emilia.elettroservicegroup.it"
114.119.137.98 - - [06/Jun/2026:21:04:44 +0200] "GET /assistenza-forni-elettrici-reggio-emilia HTTP/1.1" 301 1 "https://reggio-emilia.elettroservicegroup.it/assistenza-forni-elettrici-" "Mozilla/5.0 (Linux; Android 7.0;) AppleWebKit/537.36 (HTML, like Gecko) Mobile Safari/537.36 (compatible; PetalBot;+https://webmaster.petalsearch.com/site/petalbot)"
114.119.137.98 - - [06/Jun/2026:21:04:46 +0200] "GET /assistenza-forni-elettrici-reggio-emilia/ HTTP/1.1" 200 23265 "https://reggio-emilia.elettroservicegroup.it/assistenza-forni-elettrici-" "Mozilla/5.0 (Linux; Android 7.0;) AppleWebKit/537.36 (HTML, like Gecko) Mobile Safari/537.36 (compatible; PetalBot;+https://webmaster.petalsearch.com/site/petalbot)"
65.108.235.243 - - [06/Jun/2026:21:06:12 +0200] "POST /wp-cron.php?doing_wp_cron=1780772772.6642079353332519531250 HTTP/1.1" 200 1 "-" "WordPress/7.0; https://reggio-emilia.elettroservicegroup.it"
114.119.130.67 - - [06/Jun/2026:21:06:07 +0200] "GET /assistenza-elettrodomestici/tecnico-elettrodomestici-7/ HTTP/1.1" 200 18992 "https://reggio-emilia.elettroservicegroup.it/assistenza-elettrodomestici/tecnico-elettrodomestici-7/" "Mozilla/5.0 (Linux; Android 7.0;) AppleWebKit/537.36 (HTML, like Gecko) Mobile Safari/537.36 (compatible; PetalBot;+https://webmaster.petalsearch.com/site/petalbot)"
65.108.235.243 - - [06/Jun/2026:21:06:15 +0200] "GET /assistenza-whirlpool-santilario-denza/ HTTP/1.1" 200 24945 "-" "WP Fastest Cache Preload Bot"
65.108.235.243 - - [06/Jun/2026:21:06:17 +0200] "GET /assistenza-whirlpool-guastalla/ HTTP/1.1" 200 24888 "-" "WP Fastest Cache Preload Bot"
65.108.235.243 - - [06/Jun/2026:21:06:20 +0200] "GET /assistenza-whirlpool-correggio/ HTTP/1.1" 200 24914 "-" "WP Fastest Cache Preload Bot"
65.108.235.243 - - [06/Jun/2026:21:06:22 +0200] "GET /assistenza-whirlpool-reggio-emilia/ HTTP/1.1" 200 24872 "-" "WP Fastest Cache Preload Bot"
65.108.235.243 - - [06/Jun/2026:21:07:32 +0200] "POST /wp-cron.php?doing_wp_cron=1780772852.7760400772094726562500 HTTP/1.1" 200 1 "-" "WordPress/7.0; https://reggio-emilia.elettroservicegroup.it"
114.119.130.67 - - [06/Jun/2026:21:07:31 +0200] "GET /assistenza-elettrodomestici/asko HTTP/1.1" 301 1 "https://reggio-emilia.elettroservicegroup.it/assistenza-elettrodomestici/asko" "Mozilla/5.0 (Linux; Android 7.0;) AppleWebKit/537.36 (HTML, like Gecko) Mobile Safari/537.36 (compatible; PetalBot;+https://webmaster.petalsearch.com/site/petalbot)"
114.119.130.67 - - [06/Jun/2026:21:07:33 +0200] "GET /assistenza-elettrodomestici/asko/ HTTP/1.1" 200 19023 "https://reggio-emilia.elettroservicegroup.it/assistenza-elettrodomestici/asko" "Mozilla/5.0 (Linux; Android 7.0;) AppleWebKit/537.36 (HTML, like Gecko) Mobile Safari/537.36 (compatible; PetalBot;+https://webmaster.petalsearch.com/site/petalbot)"
65.108.235.243 - - [06/Jun/2026:21:08:56 +0200] "POST /wp-cron.php?doing_wp_cron=1780772936.3777949810028076171875 HTTP/1.1" 200 1 "-" "WordPress/7.0; https://reggio-emilia.elettroservicegroup.it"
114.119.141.228 - - [06/Jun/2026:21:08:54 +0200] "GET /assistenza-ariston-guastalla/ HTTP/1.1" 200 25098 "https://reggio-emilia.elettroservicegroup.it/assistenza-ariston-guastalla" "Mozilla/5.0 (Linux; Android 7.0;) AppleWebKit/537.36 (HTML, like Gecko) Mobile Safari/537.36 (compatible; PetalBot;+https://webmaster.petalsearch.com/site/petalbot)"
65.108.235.243 - - [06/Jun/2026:21:10:21 +0200] "POST /wp-cron.php?doing_wp_cron=1780773021.9589419364929199218750 HTTP/1.1" 200 1 "-" "WordPress/7.0; https://reggio-emilia.elettroservicegroup.it"
114.119.141.228 - - [06/Jun/2026:21:10:18 +0200] "GET /?attachment_id=16575 HTTP/1.1" 200 18990 "https://reggio-emilia.elettroservicegroup.it/?attachment_id=16575" "Mozilla/5.0 (Linux; Android 7.0;) AppleWebKit/537.36 (HTML, like Gecko) Mobile Safari/537.36 (compatible; PetalBot;+https://webmaster.petalsearch.com/site/petalbot)"
65.108.235.243 - - [06/Jun/2026:21:11:49 +0200] "POST /wp-cron.php?doing_wp_cron=1780773109.7691280841827392578125 HTTP/1.1" 200 1 "-" "WordPress/7.0; https://reggio-emilia.elettroservicegroup.it"
114.119.132.207 - - [06/Jun/2026:21:11:41 +0200] "GET /?attachment_id=16563 HTTP/1.1" 200 19005 "https://reggio-emilia.elettroservicegroup.it/?attachment_id=16563" "Mozilla/5.0 (Linux; Android 7.0;) AppleWebKit/537.36 (HTML, like Gecko) Mobile Safari/537.36 (compatible; PetalBot;+https://webmaster.petalsearch.com/site/petalbot)"
65.108.235.243 - - [06/Jun/2026:21:11:51 +0200] "GET /assistenza-smeg-rubiera/ HTTP/1.1" 200 24812 "-" "WP Fastest Cache Preload Bot"
65.108.235.243 - - [06/Jun/2026:21:11:53 +0200] "GET /assistenza-smeg-scandiano/ HTTP/1.1" 200 24807 "-" "WP Fastest Cache Preload Bot"
65.108.235.243 - - [06/Jun/2026:21:11:54 +0200] "GET /assistenza-smeg-santilario-denza/ HTTP/1.1" 200 24869 "-" "WP Fastest Cache Preload Bot"
65.108.235.243 - - [06/Jun/2026:21:11:55 +0200] "GET /assistenza-smeg-guastalla/ HTTP/1.1" 200 24807 "-" "WP Fastest Cache Preload Bot"
65.108.235.243 - - [06/Jun/2026:21:13:06 +0200] "POST /wp-cron.php?doing_wp_cron=1780773186.8898649215698242187500 HTTP/1.1" 200 1 "-" "WordPress/7.0; https://reggio-emilia.elettroservicegroup.it"
114.119.130.67 - - [06/Jun/2026:21:13:05 +0200] "GET /?attachment_id=16078 HTTP/1.1" 200 19049 "https://reggio-emilia.elettroservicegroup.it/?attachment_id=16078" "Mozilla/5.0 (Linux; Android 7.0;) AppleWebKit/537.36 (HTML, like Gecko) Mobile Safari/537.36 (compatible; PetalBot;+https://webmaster.petalsearch.com/site/petalbot)"
65.108.235.243 - - [06/Jun/2026:21:14:39 +0200] "POST /wp-cron.php?doing_wp_cron=1780773279.1943891048431396484375 HTTP/1.1" 200 1 "-" "WordPress/7.0; https://reggio-emilia.elettroservicegroup.it"
114.119.141.228 - - [06/Jun/2026:21:14:35 +0200] "GET /?attachment_id=16073 HTTP/1.1" 200 19001 "https://reggio-emilia.elettroservicegroup.it/?attachment_id=16073" "Mozilla/5.0 (Linux; Android 7.0;) AppleWebKit/537.36 (HTML, like Gecko) Mobile Safari/537.36 (compatible; PetalBot;+https://webmaster.petalsearch.com/site/petalbot)"
47.128.23.216 - - [06/Jun/2026:21:15:15 +0200] "GET /assistenza-smeg-reggio-emilia/ HTTP/2.0" 200 11761 "-" "Mozilla/5.0 (Linux; Android 5.0) AppleWebKit/537.36 (KHTML, like Gecko) Mobile Safari/537.36 (compatible; Bytespider; spider-feedback@bytedance.com)"
65.108.235.243 - - [06/Jun/2026:21:15:54 +0200] "POST /wp-cron.php?doing_wp_cron=1780773354.7236340045928955078125 HTTP/1.1" 200 1 "-" "WordPress/7.0; https://reggio-emilia.elettroservicegroup.it"
114.119.132.207 - - [06/Jun/2026:21:15:52 +0200] "GET /?attachment_id=15766 HTTP/1.1" 200 19061 "https://reggio-emilia.elettroservicegroup.it/?attachment_id=15766" "Mozilla/5.0 (Linux; Android 7.0;) AppleWebKit/537.36 (HTML, like Gecko) Mobile Safari/537.36 (compatible; PetalBot;+https://webmaster.petalsearch.com/site/petalbot)"
65.108.235.243 - - [06/Jun/2026:21:15:55 +0200] "GET /assistenza-smeg-correggio/ HTTP/1.1" 200 24808 "-" "WP Fastest Cache Preload Bot"
65.108.235.243 - - [06/Jun/2026:21:15:55 +0200] "GET /assistenza-smeg-reggio-emilia/ HTTP/1.1" 200 24806 "-" "WP Fastest Cache Preload Bot"
65.108.235.243 - - [06/Jun/2026:21:15:56 +0200] "GET /assistenza-siemens-rubiera/ HTTP/1.1" 200 24733 "-" "WP Fastest Cache Preload Bot"
65.108.235.243 - - [06/Jun/2026:21:15:56 +0200] "GET /assistenza-siemens-scandiano/ HTTP/1.1" 200 24736 "-" "WP Fastest Cache Preload Bot"
114.119.148.161 - - [06/Jun/2026:21:17:16 +0200] "GET /?attachment_id=15722 HTTP/1.1" 200 11856 "https://reggio-emilia.elettroservicegroup.it/?attachment_id=15722" "Mozilla/5.0 (Linux; Android 7.0;) AppleWebKit/537.36 (HTML, like Gecko) Mobile Safari/537.36 (compatible; PetalBot;+https://webmaster.petalsearch.com/site/petalbot)"
65.108.235.243 - - [06/Jun/2026:21:18:42 +0200] "POST /wp-cron.php?doing_wp_cron=1780773522.4566860198974609375000 HTTP/1.1" 200 1 "-" "WordPress/7.0; https://reggio-emilia.elettroservicegroup.it"
114.119.137.98 - - [06/Jun/2026:21:18:40 +0200] "GET /?attachment_id=15718 HTTP/1.1" 200 19040 "https://reggio-emilia.elettroservicegroup.it/?attachment_id=15718" "Mozilla/5.0 (Linux; Android 7.0;) AppleWebKit/537.36 (HTML, like Gecko) Mobile Safari/537.36 (compatible; PetalBot;+https://webmaster.petalsearch.com/site/petalbot)"
114.119.148.161 - - [06/Jun/2026:21:20:03 +0200] "GET /?attachment_id=15704 HTTP/1.1" 200 11760 "https://reggio-emilia.elettroservicegroup.it/?attachment_id=15704" "Mozilla/5.0 (Linux; Android 7.0;) AppleWebKit/537.36 (HTML, like Gecko) Mobile Safari/537.36 (compatible; PetalBot;+https://webmaster.petalsearch.com/site/petalbot)"
65.108.235.243 - - [06/Jun/2026:21:21:28 +0200] "POST /wp-cron.php?doing_wp_cron=1780773688.5819330215454101562500 HTTP/1.1" 200 1 "-" "WordPress/7.0; https://reggio-emilia.elettroservicegroup.it"
114.119.137.98 - - [06/Jun/2026:21:21:26 +0200] "GET /8-1-e1640881469404-1-gif HTTP/1.1" 404 17919 "https://reggio-emilia.elettroservicegroup.it/8-1-e1640881469404-1-gif" "Mozilla/5.0 (Linux; Android 7.0;) AppleWebKit/537.36 (HTML, like Gecko) Mobile Safari/537.36 (compatible; PetalBot;+https://webmaster.petalsearch.com/site/petalbot)"
65.108.235.243 - - [06/Jun/2026:21:21:28 +0200] "GET /assistenza-siemens-santilario-denza/ HTTP/1.1" 200 24802 "-" "WP Fastest Cache Preload Bot"
65.108.235.243 - - [06/Jun/2026:21:21:29 +0200] "GET /assistenza-siemens-guastalla/ HTTP/1.1" 200 24737 "-" "WP Fastest Cache Preload Bot"
65.108.235.243 - - [06/Jun/2026:21:21:29 +0200] "GET /assistenza-siemens-correggio/ HTTP/1.1" 200 24733 "-" "WP Fastest Cache Preload Bot"
65.108.235.243 - - [06/Jun/2026:21:21:30 +0200] "GET /assistenza-siemens-reggio-emilia/ HTTP/1.1" 200 24733 "-" "WP Fastest Cache Preload Bot"
65.108.235.243 - - [06/Jun/2026:21:22:59 +0200] "POST /wp-cron.php?doing_wp_cron=1780773779.5612559318542480468750 HTTP/1.1" 200 1 "-" "WordPress/7.0; https://reggio-emilia.elettroservicegroup.it"
114.119.154.115 - - [06/Jun/2026:21:22:50 +0200] "GET /4pagam-2 HTTP/1.1" 301 1 "https://reggio-emilia.elettroservicegroup.it/4pagam-2" "Mozilla/5.0 (Linux; Android 7.0;) AppleWebKit/537.36 (HTML, like Gecko) Mobile Safari/537.36 (compatible; PetalBot;+https://webmaster.petalsearch.com/site/petalbot)"
114.119.154.115 - - [06/Jun/2026:21:23:00 +0200] "GET /4pagam-2/ HTTP/1.1" 200 18992 "https://reggio-emilia.elettroservicegroup.it/4pagam-2" "Mozilla/5.0 (Linux; Android 7.0;) AppleWebKit/537.36 (HTML, like Gecko) Mobile Safari/537.36 (compatible; PetalBot;+https://webmaster.petalsearch.com/site/petalbot)"
65.108.235.243 - - [06/Jun/2026:21:24:15 +0200] "POST /wp-cron.php?doing_wp_cron=1780773855.7280011177062988281250 HTTP/1.1" 200 1 "-" "WordPress/7.0; https://reggio-emilia.elettroservicegroup.it"
114.119.130.67 - - [06/Jun/2026:21:24:14 +0200] "GET /3-1-png HTTP/1.1" 404 17903 "https://reggio-emilia.elettroservicegroup.it/3-1-png" "Mozilla/5.0 (Linux; Android 7.0;) AppleWebKit/537.36 (HTML, like Gecko) Mobile Safari/537.36 (compatible; PetalBot;+https://webmaster.petalsearch.com/site/petalbot)"
65.108.235.243 - - [06/Jun/2026:22:27:55 +0200] "POST /wp-cron.php?doing_wp_cron=1780777675.4805109500885009765625 HTTP/1.1" 200 1 "-" "WordPress/7.0; https://reggio-emilia.elettroservicegroup.it"
79.32.38.148 - - [06/Jun/2026:22:27:47 +0200] "GET /assistenza-aeg-reggio-emilia/ HTTP/2.0" 200 24924 "-" "Mozilla/5.0 (Linux; Android 10; K) AppleWebKit/537.36 (KHTML, like Gecko) Chrome/149.0.0.0 Mobile Safari/537.36"
79.32.38.148 - - [06/Jun/2026:22:27:55 +0200] "GET /wp-content/plugins/elementor/assets/css/widget-image.min.css?ver=4.1.1 HTTP/2.0" 200 96 "https://reggio-emilia.elettroservicegroup.it/assistenza-aeg-reggio-emilia/" "Mozilla/5.0 (Linux; Android 10; K) AppleWebKit/537.36 (KHTML, like Gecko) Chrome/149.0.0.0 Mobile Safari/537.36"
79.32.38.148 - - [06/Jun/2026:22:27:55 +0200] "GET /wp-content/plugins/complianz-gdpr-premium/assets/css/cookieblocker.min.css?ver=1780326507 HTTP/2.0" 200 615 "https://reggio-emilia.elettroservicegroup.it/assistenza-aeg-reggio-emilia/" "Mozilla/5.0 (Linux; Android 10; K) AppleWebKit/537.36 (KHTML, like Gecko) Chrome/149.0.0.0 Mobile Safari/537.36"
79.32.38.148 - - [06/Jun/2026:22:27:55 +0200] "GET /wp-content/uploads/elementor/css/post-14146.css?ver=1780586498 HTTP/2.0" 200 428 "https://reggio-emilia.elettroservicegroup.it/assistenza-aeg-reggio-emilia/" "Mozilla/5.0 (Linux; Android 10; K) AppleWebKit/537.36 (KHTML, like Gecko) Chrome/149.0.0.0 Mobile Safari/537.36"
79.32.38.148 - - [06/Jun/2026:22:27:55 +0200] "GET /wp-content/plugins/elementor/assets/lib/font-awesome/css/v4-shims.min.css?ver=4.1.1 HTTP/2.0" 200 3986 "https://reggio-emilia.elettroservicegroup.it/assistenza-aeg-reggio-emilia/" "Mozilla/5.0 (Linux; Android 10; K) AppleWebKit/537.36 (KHTML, like Gecko) Chrome/149.0.0.0 Mobile Safari/537.36"
79.32.38.148 - - [06/Jun/2026:22:27:55 +0200] "GET /wp-content/plugins/header-footer-elementor/inc/widgets-css/frontend.css?ver=2.8.8 HTTP/2.0" 200 8711 "https://reggio-emilia.elettroservicegroup.it/assistenza-aeg-reggio-emilia/" "Mozilla/5.0 (Linux; Android 10; K) AppleWebKit/537.36 (KHTML, like Gecko) Chrome/149.0.0.0 Mobile Safari/537.36"
79.32.38.148 - - [06/Jun/2026:22:27:55 +0200] "GET /wp-content/plugins/elementor/assets/css/widget-heading.min.css?ver=4.1.1 HTTP/2.0" 200 127 "https://reggio-emilia.elettroservicegroup.it/assistenza-aeg-reggio-emilia/" "Mozilla/5.0 (Linux; Android 10; K) AppleWebKit/537.36 (KHTML, like Gecko) Chrome/149.0.0.0 Mobile Safari/537.36"
79.32.38.148 - - [06/Jun/2026:22:27:55 +0200] "GET /wp-content/plugins/elementor/assets/lib/font-awesome/css/all.min.css?ver=4.1.1 HTTP/2.0" 200 12402 "https://reggio-emilia.elettroservicegroup.it/assistenza-aeg-reggio-emilia/" "Mozilla/5.0 (Linux; Android 10; K) AppleWebKit/537.36 (KHTML, like Gecko) Chrome/149.0.0.0 Mobile Safari/537.36"
79.32.38.148 - - [06/Jun/2026:22:27:55 +0200] "GET /wp-content/plugins/header-footer-elementor/assets/css/header-footer-elementor.css?ver=2.8.8 HTTP/2.0" 200 260 "https://reggio-emilia.elettroservicegroup.it/assistenza-aeg-reggio-emilia/" "Mozilla/5.0 (Linux; Android 10; K) AppleWebKit/537.36 (KHTML, like Gecko) Chrome/149.0.0.0 Mobile Safari/537.36"
79.32.38.148 - - [06/Jun/2026:22:27:55 +0200] "GET /wp-content/plugins/elementor/assets/lib/animations/styles/bounceIn.min.css?ver=4.1.1 HTTP/2.0" 200 186 "https://reggio-emilia.elettroservicegroup.it/assistenza-aeg-reggio-emilia/" "Mozilla/5.0 (Linux; Android 10; K) AppleWebKit/537.36 (KHTML, like Gecko) Chrome/149.0.0.0 Mobile Safari/537.36"
79.32.38.148 - - [06/Jun/2026:22:27:55 +0200] "GET /wp-content/uploads/elementor/css/post-14366.css?ver=1780586500 HTTP/2.0" 200 302 "https://reggio-emilia.elettroservicegroup.it/assistenza-aeg-reggio-emilia/" "Mozilla/5.0 (Linux; Android 10; K) AppleWebKit/537.36 (KHTML, like Gecko) Chrome/149.0.0.0 Mobile Safari/537.36"
79.32.38.148 - - [06/Jun/2026:22:27:55 +0200] "GET /wp-content/plugins/elementor/assets/css/widget-spacer.min.css?ver=4.1.1 HTTP/2.0" 200 287 "https://reggio-emilia.elettroservicegroup.it/assistenza-aeg-reggio-emilia/" "Mozilla/5.0 (Linux; Android 10; K) AppleWebKit/537.36 (KHTML, like Gecko) Chrome/149.0.0.0 Mobile Safari/537.36"
79.32.38.148 - - [06/Jun/2026:22:27:55 +0200] "GET /wp-content/plugins/elementor/assets/lib/animations/styles/zoomIn.min.css?ver=4.1.1 HTTP/2.0" 200 87 "https://reggio-emilia.elettroservicegroup.it/assistenza-aeg-reggio-emilia/" "Mozilla/5.0 (Linux; Android 10; K) AppleWebKit/537.36 (KHTML, like Gecko) Chrome/149.0.0.0 Mobile Safari/537.36"
79.32.38.148 - - [06/Jun/2026:22:27:55 +0200] "GET /wp-content/plugins/all-in-one-seo-pack/dist/Lite/assets/css/table-of-contents/global.e90f6d47.css?ver=4.9.7.2 HTTP/2.0" 200 420 "https://reggio-emilia.elettroservicegroup.it/assistenza-aeg-reggio-emilia/" "Mozilla/5.0 (Linux; Android 10; K) AppleWebKit/537.36 (KHTML, like Gecko) Chrome/149.0.0.0 Mobile Safari/537.36"
79.32.38.148 - - [06/Jun/2026:22:27:55 +0200] "GET /wp-content/plugins/elementor/assets/lib/font-awesome/css/solid.css?ver=5.15.3 HTTP/2.0" 200 299 "https://reggio-emilia.elettroservicegroup.it/assistenza-aeg-reggio-emilia/" "Mozilla/5.0 (Linux; Android 10; K) AppleWebKit/537.36 (KHTML, like Gecko) Chrome/149.0.0.0 Mobile Safari/537.36"
79.32.38.148 - - [06/Jun/2026:22:27:55 +0200] "GET /wp-content/plugins/elementor/assets/lib/font-awesome/css/brands.css?ver=5.15.3 HTTP/2.0" 200 298 "https://reggio-emilia.elettroservicegroup.it/assistenza-aeg-reggio-emilia/" "Mozilla/5.0 (Linux; Android 10; K) AppleWebKit/537.36 (KHTML, like Gecko) Chrome/149.0.0.0 Mobile Safari/537.36"
79.32.38.148 - - [06/Jun/2026:22:27:55 +0200] "GET /wp-content/uploads/elementor/css/post-17690.css?ver=1780594430 HTTP/2.0" 200 2173 "https://reggio-emilia.elettroservicegroup.it/assistenza-aeg-reggio-emilia/" "Mozilla/5.0 (Linux; Android 10; K) AppleWebKit/537.36 (KHTML, like Gecko) Chrome/149.0.0.0 Mobile Safari/537.36"
79.32.38.148 - - [06/Jun/2026:22:27:55 +0200] "GET /wp-content/plugins/elementor/assets/lib/eicons/css/elementor-icons.min.css?ver=5.34.0 HTTP/2.0" 200 4115 "https://reggio-emilia.elettroservicegroup.it/assistenza-aeg-reggio-emilia/" "Mozilla/5.0 (Linux; Android 10; K) AppleWebKit/537.36 (KHTML, like Gecko) Chrome/149.0.0.0 Mobile Safari/537.36"
79.32.38.148 - - [06/Jun/2026:22:27:55 +0200] "GET /wp-content/plugins/elementor/assets/css/widget-social-icons.min.css?ver=3.24.0 HTTP/2.0" 200 1039 "https://reggio-emilia.elettroservicegroup.it/assistenza-aeg-reggio-emilia/" "Mozilla/5.0 (Linux; Android 10; K) AppleWebKit/537.36 (KHTML, like Gecko) Chrome/149.0.0.0 Mobile Safari/537.36"
79.32.38.148 - - [06/Jun/2026:22:27:55 +0200] "GET /wp-content/plugins/elementor/assets/css/widget-icon-list.min.css?ver=3.24.3 HTTP/2.0" 200 928 "https://reggio-emilia.elettroservicegroup.it/assistenza-aeg-reggio-emilia/" "Mozilla/5.0 (Linux; Android 10; K) AppleWebKit/537.36 (KHTML, like Gecko) Chrome/149.0.0.0 Mobile Safari/537.36"
79.32.38.148 - - [06/Jun/2026:22:27:55 +0200] "GET /wp-content/plugins/elementor/assets/css/frontend.min.css?ver=4.1.1 HTTP/2.0" 200 6618 "https://reggio-emilia.elettroservicegroup.it/assistenza-aeg-reggio-emilia/" "Mozilla/5.0 (Linux; Android 10; K) AppleWebKit/537.36 (KHTML, like Gecko) Chrome/149.0.0.0 Mobile Safari/537.36"
79.32.38.148 - - [06/Jun/2026:22:27:55 +0200] "GET /wp-content/uploads/2021/10/cropped-logo_white_background.png HTTP/2.0" 200 15855 "https://reggio-emilia.elettroservicegroup.it/assistenza-aeg-reggio-emilia/" "Mozilla/5.0 (Linux; Android 10; K) AppleWebKit/537.36 (KHTML, like Gecko) Chrome/149.0.0.0 Mobile Safari/537.36"
79.32.38.148 - - [06/Jun/2026:22:27:55 +0200] "GET /wp-content/uploads/2021/10/cropped-cropped-cropped-logo_white_background.png HTTP/2.0" 200 26788 "https://reggio-emilia.elettroservicegroup.it/assistenza-aeg-reggio-emilia/" "Mozilla/5.0 (Linux; Android 10; K) AppleWebKit/537.36 (KHTML, like Gecko) Chrome/149.0.0.0 Mobile Safari/537.36"
79.32.38.148 - - [06/Jun/2026:22:27:55 +0200] "GET /wp-content/uploads/elementor/google-fonts/css/robotoslab.css?ver=1742255003 HTTP/2.0" 200 721 "https://reggio-emilia.elettroservicegroup.it/assistenza-aeg-reggio-emilia/" "Mozilla/5.0 (Linux; Android 10; K) AppleWebKit/537.36 (KHTML, like Gecko) Chrome/149.0.0.0 Mobile Safari/537.36"
79.32.38.148 - - [06/Jun/2026:22:27:55 +0200] "GET /wp-content/plugins/gp-premium/menu-plus/functions/css/navigation-branding-flex.min.css?ver=2.5.5 HTTP/2.0" 200 542 "https://reggio-emilia.elettroservicegroup.it/assistenza-aeg-reggio-emilia/" "Mozilla/5.0 (Linux; Android 10; K) AppleWebKit/537.36 (KHTML, like Gecko) Chrome/149.0.0.0 Mobile Safari/537.36"
79.32.38.148 - - [06/Jun/2026:22:27:55 +0200] "GET /wp-content/themes/generatepress/assets/css/main.min.css?ver=3.6.1 HTTP/2.0" 200 4410 "https://reggio-emilia.elettroservicegroup.it/assistenza-aeg-reggio-emilia/" "Mozilla/5.0 (Linux; Android 10; K) AppleWebKit/537.36 (KHTML, like Gecko) Chrome/149.0.0.0 Mobile Safari/537.36"
79.32.38.148 - - [06/Jun/2026:22:27:55 +0200] "GET /wp-includes/js/jquery/jquery-migrate.min.js?ver=3.4.1 HTTP/2.0" 200 4685 "https://reggio-emilia.elettroservicegroup.it/assistenza-aeg-reggio-emilia/" "Mozilla/5.0 (Linux; Android 10; K) AppleWebKit/537.36 (KHTML, like Gecko) Chrome/149.0.0.0 Mobile Safari/537.36"
79.32.38.148 - - [06/Jun/2026:22:27:55 +0200] "GET /wp-content/uploads/elementor/google-fonts/css/roboto.css?ver=1742255001 HTTP/2.0" 200 1890 "https://reggio-emilia.elettroservicegroup.it/assistenza-aeg-reggio-emilia/" "Mozilla/5.0 (Linux; Android 10; K) AppleWebKit/537.36 (KHTML, like Gecko) Chrome/149.0.0.0 Mobile Safari/537.36"
79.32.38.148 - - [06/Jun/2026:22:27:55 +0200] "GET /wp-content/plugins/elementor/assets/lib/font-awesome/js/v4-shims.min.js?ver=4.1.1 HTTP/2.0" 200 4043 "https://reggio-emilia.elettroservicegroup.it/assistenza-aeg-reggio-emilia/" "Mozilla/5.0 (Linux; Android 10; K) AppleWebKit/537.36 (KHTML, like Gecko) Chrome/149.0.0.0 Mobile Safari/537.36"
79.32.38.148 - - [06/Jun/2026:22:27:55 +0200] "GET /wp-content/plugins/gp-premium/menu-plus/functions/js/sticky.min.js?ver=2.5.5 HTTP/2.0" 200 2670 "https://reggio-emilia.elettroservicegroup.it/assistenza-aeg-reggio-emilia/" "Mozilla/5.0 (Linux; Android 10; K) AppleWebKit/537.36 (KHTML, like Gecko) Chrome/149.0.0.0 Mobile Safari/537.36"
79.32.38.148 - - [06/Jun/2026:22:27:55 +0200] "GET /wp-content/plugins/elementor/assets/lib/font-awesome/css/fontawesome.css?ver=5.15.3 HTTP/2.0" 200 12535 "https://reggio-emilia.elettroservicegroup.it/assistenza-aeg-reggio-emilia/" "Mozilla/5.0 (Linux; Android 10; K) AppleWebKit/537.36 (KHTML, like Gecko) Chrome/149.0.0.0 Mobile Safari/537.36"
79.32.38.148 - - [06/Jun/2026:22:27:55 +0200] "GET /wp-includes/js/jquery/jquery.min.js?ver=3.7.1 HTTP/2.0" 200 29769 "https://reggio-emilia.elettroservicegroup.it/assistenza-aeg-reggio-emilia/" "Mozilla/5.0 (Linux; Android 10; K) AppleWebKit/537.36 (KHTML, like Gecko) Chrome/149.0.0.0 Mobile Safari/537.36"
79.32.38.148 - - [06/Jun/2026:22:27:56 +0200] "GET /wp-content/plugins/elementor/assets/js/webpack.runtime.min.js?ver=4.1.1 HTTP/2.0" 200 2340 "https://reggio-emilia.elettroservicegroup.it/assistenza-aeg-reggio-emilia/" "Mozilla/5.0 (Linux; Android 10; K) AppleWebKit/537.36 (KHTML, like Gecko) Chrome/149.0.0.0 Mobile Safari/537.36"
79.32.38.148 - - [06/Jun/2026:22:27:56 +0200] "GET /wp-content/plugins/elementor/assets/js/frontend-modules.min.js?ver=4.1.1 HTTP/2.0" 200 15454 "https://reggio-emilia.elettroservicegroup.it/assistenza-aeg-reggio-emilia/" "Mozilla/5.0 (Linux; Android 10; K) AppleWebKit/537.36 (KHTML, like Gecko) Chrome/149.0.0.0 Mobile Safari/537.36"
79.32.38.148 - - [06/Jun/2026:22:27:56 +0200] "GET /wp-includes/js/jquery/ui/core.min.js?ver=1.13.3 HTTP/2.0" 200 6820 "https://reggio-emilia.elettroservicegroup.it/assistenza-aeg-reggio-emilia/" "Mozilla/5.0 (Linux; Android 10; K) AppleWebKit/537.36 (KHTML, like Gecko) Chrome/149.0.0.0 Mobile Safari/537.36"
79.32.38.148 - - [06/Jun/2026:22:27:56 +0200] "GET /wp-content/themes/generatepress/assets/js/back-to-top.min.js?ver=3.6.1 HTTP/2.0" 200 336 "https://reggio-emilia.elettroservicegroup.it/assistenza-aeg-reggio-emilia/" "Mozilla/5.0 (Linux; Android 10; K) AppleWebKit/537.36 (KHTML, like Gecko) Chrome/149.0.0.0 Mobile Safari/537.36"
79.32.38.148 - - [06/Jun/2026:22:27:56 +0200] "GET /wp-content/themes/generatepress/assets/js/menu.min.js?ver=3.6.1 HTTP/2.0" 200 1688 "https://reggio-emilia.elettroservicegroup.it/assistenza-aeg-reggio-emilia/" "Mozilla/5.0 (Linux; Android 10; K) AppleWebKit/537.36 (KHTML, like Gecko) Chrome/149.0.0.0 Mobile Safari/537.36"
79.32.38.148 - - [06/Jun/2026:22:27:56 +0200] "GET /wp-content/plugins/google-analytics-for-wordpress/assets/js/frontend-gtag.min.js?ver=10.2.2 HTTP/2.0" 200 3075 "https://reggio-emilia.elettroservicegroup.it/assistenza-aeg-reggio-emilia/" "Mozilla/5.0 (Linux; Android 10; K) AppleWebKit/537.36 (KHTML, like Gecko) Chrome/149.0.0.0 Mobile Safari/537.36"
79.32.38.148 - - [06/Jun/2026:22:27:56 +0200] "GET /wp-content/plugins/elementor/assets/js/frontend.min.js?ver=4.1.1 HTTP/2.0" 200 10140 "https://reggio-emilia.elettroservicegroup.it/assistenza-aeg-reggio-emilia/" "Mozilla/5.0 (Linux; Android 10; K) AppleWebKit/537.36 (KHTML, like Gecko) Chrome/149.0.0.0 Mobile Safari/537.36"
79.32.38.148 - - [06/Jun/2026:22:27:56 +0200] "GET /wp-content/plugins/complianz-gdpr-premium/cookiebanner/js/complianz.min.js?ver=1780326507 HTTP/2.0" 200 10708 "https://reggio-emilia.elettroservicegroup.it/assistenza-aeg-reggio-emilia/" "Mozilla/5.0 (Linux; Android 10; K) AppleWebKit/537.36 (KHTML, like Gecko) Chrome/149.0.0.0 Mobile Safari/537.36"
79.32.38.148 - - [06/Jun/2026:22:27:56 +0200] "GET /wp-content/uploads/elementor/google-fonts/fonts/roboto-kfo7cnqeu92fr1me7ksn66agldtyluama3yuba.woff2 HTTP/2.0" 200 40132 "https://reggio-emilia.elettroservicegroup.it/wp-content/uploads/elementor/google-fonts/css/roboto.css?ver=1742255001" "Mozilla/5.0 (Linux; Android 10; K) AppleWebKit/537.36 (KHTML, like Gecko) Chrome/149.0.0.0 Mobile Safari/537.36"
79.32.38.148 - - [06/Jun/2026:22:27:56 +0200] "GET /wp-content/uploads/2022/10/COPERTINA-9.png HTTP/2.0" 200 238875 "https://reggio-emilia.elettroservicegroup.it/assistenza-aeg-reggio-emilia/" "Mozilla/5.0 (Linux; Android 10; K) AppleWebKit/537.36 (KHTML, like Gecko) Chrome/149.0.0.0 Mobile Safari/537.36"
79.32.38.148 - - [06/Jun/2026:22:27:56 +0200] "GET /wp-content/uploads/2022/10/COPERTINA-11.png HTTP/2.0" 200 238875 "https://reggio-emilia.elettroservicegroup.it/assistenza-aeg-reggio-emilia/" "Mozilla/5.0 (Linux; Android 10; K) AppleWebKit/537.36 (KHTML, like Gecko) Chrome/149.0.0.0 Mobile Safari/537.36"
79.32.38.148 - - [06/Jun/2026:22:27:56 +0200] "GET /wp-content/plugins/elementor/assets/js/section-frontend-handlers.d85ab872da118940910d.bundle.min.js HTTP/2.0" 200 230 "https://reggio-emilia.elettroservicegroup.it/assistenza-aeg-reggio-emilia/" "Mozilla/5.0 (Linux; Android 10; K) AppleWebKit/537.36 (KHTML, like Gecko) Chrome/149.0.0.0 Mobile Safari/537.36"
79.32.38.148 - - [06/Jun/2026:22:27:56 +0200] "GET /wp-content/plugins/elementor/assets/js/shared-frontend-handlers.03caa53373b56d3bab67.bundle.min.js HTTP/2.0" 200 2515 "https://reggio-emilia.elettroservicegroup.it/assistenza-aeg-reggio-emilia/" "Mozilla/5.0 (Linux; Android 10; K) AppleWebKit/537.36 (KHTML, like Gecko) Chrome/149.0.0.0 Mobile Safari/537.36"
79.32.38.148 - - [06/Jun/2026:22:27:56 +0200] "GET /wp-content/plugins/elementor/assets/js/text-editor.45609661e409413f1cef.bundle.min.js HTTP/2.0" 200 592 "https://reggio-emilia.elettroservicegroup.it/assistenza-aeg-reggio-emilia/" "Mozilla/5.0 (Linux; Android 10; K) AppleWebKit/537.36 (KHTML, like Gecko) Chrome/149.0.0.0 Mobile Safari/537.36"
79.32.38.148 - - [06/Jun/2026:22:27:56 +0200] "GET /wp-content/uploads/2021/10/cropped-cropped-cropped-cropped-logo_white_background-192x192.png HTTP/2.0" 200 15729 "https://reggio-emilia.elettroservicegroup.it/assistenza-aeg-reggio-emilia/" "Mozilla/5.0 (Linux; Android 10; K) AppleWebKit/537.36 (KHTML, like Gecko) Chrome/149.0.0.0 Mobile Safari/537.36"
79.32.38.148 - - [06/Jun/2026:22:27:56 +0200] "GET /wp-content/uploads/2021/10/cropped-cropped-cropped-cropped-logo_white_background-180x180.png HTTP/2.0" 200 16527 "https://reggio-emilia.elettroservicegroup.it/assistenza-aeg-reggio-emilia/" "Mozilla/5.0 (Linux; Android 10; K) AppleWebKit/537.36 (KHTML, like Gecko) Chrome/149.0.0.0 Mobile Safari/537.36"
79.32.38.148 - - [06/Jun/2026:22:27:56 +0200] "GET /wp-json/complianz/v1/banner?lang=it&locale=it_IT&token=iycph HTTP/2.0" 200 84 "https://reggio-emilia.elettroservicegroup.it/assistenza-aeg-reggio-emilia/" "Mozilla/5.0 (Linux; Android 10; K) AppleWebKit/537.36 (KHTML, like Gecko) Chrome/149.0.0.0 Mobile Safari/537.36"
79.32.38.148 - - [06/Jun/2026:22:27:57 +0200] "GET /wp-content/uploads/complianz/css/banner-1-optin.css?v=511 HTTP/2.0" 200 2622 "https://reggio-emilia.elettroservicegroup.it/assistenza-aeg-reggio-emilia/" "Mozilla/5.0 (Linux; Android 10; K) AppleWebKit/537.36 (KHTML, like Gecko) Chrome/149.0.0.0 Mobile Safari/537.36"
79.32.38.148 - - [06/Jun/2026:22:27:57 +0200] "GET /wp-json/complianz/v1/cookie_data HTTP/2.0" 200 82 "https://reggio-emilia.elettroservicegroup.it/assistenza-aeg-reggio-emilia/" "Mozilla/5.0 (Linux; Android 10; K) AppleWebKit/537.36 (KHTML, like Gecko) Chrome/149.0.0.0 Mobile Safari/537.36"
79.32.38.148 - - [06/Jun/2026:22:27:58 +0200] "POST /wp-json/complianz/v1/track HTTP/2.0" 200 20 "https://reggio-emilia.elettroservicegroup.it/assistenza-aeg-reggio-emilia/" "Mozilla/5.0 (Linux; Android 10; K) AppleWebKit/537.36 (KHTML, like Gecko) Chrome/149.0.0.0 Mobile Safari/537.36"
65.108.235.243 - - [06/Jun/2026:22:28:01 +0200] "GET /assistenza-rex-electrolux-rubiera/ HTTP/1.1" 200 24829 "-" "WP Fastest Cache Preload Bot"
65.108.235.243 - - [06/Jun/2026:22:28:02 +0200] "GET /assistenza-rex-electrolux-scandiano/ HTTP/1.1" 200 24821 "-" "WP Fastest Cache Preload Bot"
65.108.235.243 - - [06/Jun/2026:22:28:02 +0200] "GET /assistenza-rex-electrolux-santilario-denza/ HTTP/1.1" 200 24902 "-" "WP Fastest Cache Preload Bot"
65.108.235.243 - - [06/Jun/2026:22:28:03 +0200] "GET /assistenza-rex-electrolux-guastalla/ HTTP/1.1" 200 24826 "-" "WP Fastest Cache Preload Bot"
65.108.235.243 - - [06/Jun/2026:22:28:03 +0200] "POST /wp-admin/admin-ajax.php?action=wordfence_testAjax HTTP/1.1" 200 16 "-" "WordPress/7.0; https://reggio-emilia.elettroservicegroup.it"
65.108.235.243 - - [06/Jun/2026:22:28:04 +0200] "GET /wp-admin/admin-ajax.php?action=wordfence_doScan&isFork=0&scanMode=quick&cronKey=656c80590bc802c5a84a84ba997805e2&signature=222241fdb7e6bf94cf9c3b6c8801a0f7e2518d994d077a8769eee491d123a5bb HTTP/1.1" 200 1 "-" "WordPress/7.0; https://reggio-emilia.elettroservicegroup.it"
79.32.38.148 - - [06/Jun/2026:22:28:08 +0200] "GET /wp-content/uploads/2022/01/ASCIUGATRICE-TECNIC.jpg HTTP/2.0" 200 43278 "https://reggio-emilia.elettroservicegroup.it/assistenza-aeg-reggio-emilia/" "Mozilla/5.0 (Linux; Android 10; K) AppleWebKit/537.36 (KHTML, like Gecko) Chrome/149.0.0.0 Mobile Safari/537.36"
79.32.38.148 - - [06/Jun/2026:22:28:17 +0200] "GET /wp-content/uploads/2026/05/logo.png HTTP/2.0" 200 48185 "https://reggio-emilia.elettroservicegroup.it/assistenza-aeg-reggio-emilia/" "Mozilla/5.0 (Linux; Android 10; K) AppleWebKit/537.36 (KHTML, like Gecko) Chrome/149.0.0.0 Mobile Safari/537.36"
79.32.38.148 - - [06/Jun/2026:22:28:26 +0200] "GET /wp-content/plugins/complianz-gdpr-premium/assets/images/placeholders/google-maps-minimal-1280x920.jpg HTTP/2.0" 200 55264 "https://reggio-emilia.elettroservicegroup.it/assistenza-aeg-reggio-emilia/" "Mozilla/5.0 (Linux; Android 10; K) AppleWebKit/537.36 (KHTML, like Gecko) Chrome/149.0.0.0 Mobile Safari/537.36"
66.249.70.201 - - [06/Jun/2026:22:43:09 +0200] "GET /wp-content/uploads/2022/01/elettrodomestici.jpg HTTP/1.1" 200 10123 "-" "Googlebot-Image/1.0"
65.108.235.243 - - [06/Jun/2026:22:51:47 +0200] "POST /wp-cron.php?doing_wp_cron=1780779107.3030779361724853515625 HTTP/1.1" 200 1 "-" "WordPress/7.0; https://reggio-emilia.elettroservicegroup.it"
66.249.70.199 - - [06/Jun/2026:22:51:45 +0200] "GET /page-sitemap.xml HTTP/1.1" 200 2004 "-" "Mozilla/5.0 (compatible; Googlebot/2.1; +http://www.google.com/bot.html)"
65.108.235.243 - - [06/Jun/2026:22:51:47 +0200] "GET /assistenza-rex-electrolux-correggio/ HTTP/1.1" 200 24823 "-" "WP Fastest Cache Preload Bot"
65.108.235.243 - - [06/Jun/2026:22:51:48 +0200] "GET /assistenza-rex-electrolux-reggio-emilia/ HTTP/1.1" 200 24821 "-" "WP Fastest Cache Preload Bot"
65.108.235.243 - - [06/Jun/2026:22:51:49 +0200] "GET /assistenza-miele-rubiera/ HTTP/1.1" 200 24763 "-" "WP Fastest Cache Preload Bot"
65.108.235.243 - - [06/Jun/2026:22:51:49 +0200] "GET /assistenza-miele-scandiano/ HTTP/1.1" 200 24755 "-" "WP Fastest Cache Preload Bot"
65.108.235.243 - - [06/Jun/2026:23:35:15 +0200] "POST /wp-cron.php?doing_wp_cron=1780781715.1585280895233154296875 HTTP/1.1" 200 1 "-" "WordPress/7.0; https://reggio-emilia.elettroservicegroup.it"
172.203.190.134 - - [06/Jun/2026:23:35:08 +0200] "GET /robots.txt HTTP/2.0" 200 110 "-" "Mozilla/5.0 (Macintosh; Intel Mac OS X 10_15_7) AppleWebKit/537.36 (KHTML, like Gecko) Chrome/131.0.0.0 Safari/537.36; compatible; OAI-SearchBot/1.0; +https://openai.com/searchbot"
65.108.235.243 - - [06/Jun/2026:23:35:17 +0200] "GET /assistenza-miele-santilario-denza/ HTTP/1.1" 200 24776 "-" "WP Fastest Cache Preload Bot"
65.108.235.243 - - [06/Jun/2026:23:35:21 +0200] "GET /assistenza-miele-guastalla/ HTTP/1.1" 200 24703 "-" "WP Fastest Cache Preload Bot"
65.108.235.243 - - [06/Jun/2026:23:35:23 +0200] "GET /assistenza-miele-correggio/ HTTP/1.1" 200 24708 "-" "WP Fastest Cache Preload Bot"
65.108.235.243 - - [06/Jun/2026:23:35:24 +0200] "GET /assistenza-miele-reggio-emilia/ HTTP/1.1" 200 24702 "-" "WP Fastest Cache Preload Bot"