65.108.235.243 - - [06/Jun/2026:14:02:40 +0200] "GET /dichiarazione-sulla-privacy-ue/ HTTP/1.1" 200 21004 "-" "WP Fastest Cache Preload Bot"
65.108.235.243 - - [06/Jun/2026:14:02:40 +0200] "GET /imprint/ HTTP/1.1" 200 18511 "-" "WP Fastest Cache Preload Bot"
65.108.235.243 - - [06/Jun/2026:14:02:41 +0200] "GET /assistenza-whirlpool-rubiera/ HTTP/1.1" 200 24822 "-" "WP Fastest Cache Preload Bot"
65.108.235.243 - - [06/Jun/2026:14:02:41 +0200] "GET /assistenza-whirlpool-scandiano/ HTTP/1.1" 200 24739 "-" "WP Fastest Cache Preload Bot"
52.167.144.238 - - [06/Jun/2026:14:12:04 +0200] "GET /wp-content/uploads/2021/12/lavastoviglie-8-1024x683.jpg HTTP/2.0" 200 109877 "-" "Mozilla/5.0 AppleWebKit/537.36 (KHTML, like Gecko; compatible; bingbot/2.0; +http://www.bing.com/bingbot.htm) Chrome/116.0.1938.76 Safari/537.36"
65.108.235.243 - - [06/Jun/2026:15:16:13 +0200] "POST /wp-cron.php?doing_wp_cron=1780751773.1243340969085693359375 HTTP/1.1" 200 1 "-" "WordPress/7.0; https://reggio-emilia.elettroservicegroup.it"
2.224.2.122 - - [06/Jun/2026:15:16:11 +0200] "GET / HTTP/2.0" 200 - "-" "Mozilla/5.0 (iPhone; CPU iPhone OS 15_8_3 like Mac OS X) AppleWebKit/605.1.15 (KHTML, like Gecko) Version/15.6.6 Mobile/15E148 Safari/604.1"
65.108.235.243 - - [06/Jun/2026:15:16:13 +0200] "GET /assistenza-whirlpool-santilario-denza/ HTTP/1.1" 200 24945 "-" "WP Fastest Cache Preload Bot"
65.108.235.243 - - [06/Jun/2026:15:16:13 +0200] "GET /assistenza-whirlpool-guastalla/ HTTP/1.1" 200 24888 "-" "WP Fastest Cache Preload Bot"
65.108.235.243 - - [06/Jun/2026:15:16:14 +0200] "GET /assistenza-whirlpool-correggio/ HTTP/1.1" 200 24913 "-" "WP Fastest Cache Preload Bot"
65.108.235.243 - - [06/Jun/2026:15:16:14 +0200] "GET /assistenza-whirlpool-reggio-emilia/ HTTP/1.1" 200 24871 "-" "WP Fastest Cache Preload Bot"
193.186.4.22 - - [06/Jun/2026:15:36:52 +0200] "GET /assistenza-smeg-reggio-emilia/ HTTP/2.0" 200 24784 "https://www.google.com/" "Mozilla/5.0 (Windows NT 10.0; Win64; x64) AppleWebKit/537.36 (KHTML, like Gecko) Chrome/148.0.0.0 Safari/537.36"
65.108.235.243 - - [06/Jun/2026:15:36:54 +0200] "POST /wp-cron.php?doing_wp_cron=1780753014.5409650802612304687500 HTTP/1.1" 200 1 "-" "WordPress/7.0; https://reggio-emilia.elettroservicegroup.it"
66.249.93.233 - - [06/Jun/2026:15:36:52 +0200] "GET /.well-known/traffic-advice HTTP/1.1" 404 17933 "-" "Chrome Privacy Preserving Prefetch Proxy"
65.108.235.243 - - [06/Jun/2026:15:36:54 +0200] "GET /assistenza-smeg-rubiera/ HTTP/1.1" 200 24812 "-" "WP Fastest Cache Preload Bot"
65.108.235.243 - - [06/Jun/2026:15:36:55 +0200] "GET /assistenza-smeg-scandiano/ HTTP/1.1" 200 24807 "-" "WP Fastest Cache Preload Bot"
65.108.235.243 - - [06/Jun/2026:15:36:55 +0200] "GET /assistenza-smeg-santilario-denza/ HTTP/1.1" 200 24868 "-" "WP Fastest Cache Preload Bot"
65.108.235.243 - - [06/Jun/2026:15:36:56 +0200] "GET /assistenza-smeg-guastalla/ HTTP/1.1" 200 24807 "-" "WP Fastest Cache Preload Bot"
65.108.235.243 - - [06/Jun/2026:15:37:23 +0200] "POST /wp-cron.php?doing_wp_cron=1780753043.7782831192016601562500 HTTP/1.1" 200 1 "-" "WordPress/7.0; https://reggio-emilia.elettroservicegroup.it"
79.55.54.157 - - [06/Jun/2026:15:37:23 +0200] "POST /wp-admin/admin-ajax.php HTTP/2.0" 400 5 "https://reggio-emilia.elettroservicegroup.it/" "Mozilla/5.0 (Windows NT 10.0; Win64; x64) AppleWebKit/537.36 (KHTML, like Gecko) Chrome/148.0.0.0 Safari/537.36"
65.108.235.243 - - [06/Jun/2026:15:38:26 +0200] "POST /wp-cron.php?doing_wp_cron=1780753106.9738729000091552734375 HTTP/1.1" 200 1 "-" "WordPress/7.0; https://reggio-emilia.elettroservicegroup.it"
79.55.54.157 - - [06/Jun/2026:15:38:24 +0200] "POST /wp-admin/admin-ajax.php HTTP/2.0" 400 5 "https://reggio-emilia.elettroservicegroup.it/" "Mozilla/5.0 (Windows NT 10.0; Win64; x64) AppleWebKit/537.36 (KHTML, like Gecko) Chrome/148.0.0.0 Safari/537.36"
65.108.235.243 - - [06/Jun/2026:15:39:29 +0200] "POST /wp-cron.php?doing_wp_cron=1780753169.8946280479431152343750 HTTP/1.1" 200 1 "-" "WordPress/7.0; https://reggio-emilia.elettroservicegroup.it"
79.55.54.157 - - [06/Jun/2026:15:39:27 +0200] "POST /wp-admin/admin-ajax.php HTTP/2.0" 400 5 "https://reggio-emilia.elettroservicegroup.it/" "Mozilla/5.0 (Windows NT 10.0; Win64; x64) AppleWebKit/537.36 (KHTML, like Gecko) Chrome/148.0.0.0 Safari/537.36"
65.108.235.243 - - [06/Jun/2026:15:40:32 +0200] "POST /wp-cron.php?doing_wp_cron=1780753232.8284270763397216796875 HTTP/1.1" 200 1 "-" "WordPress/7.0; https://reggio-emilia.elettroservicegroup.it"
79.55.54.157 - - [06/Jun/2026:15:40:30 +0200] "POST /wp-admin/admin-ajax.php HTTP/2.0" 400 5 "https://reggio-emilia.elettroservicegroup.it/" "Mozilla/5.0 (Windows NT 10.0; Win64; x64) AppleWebKit/537.36 (KHTML, like Gecko) Chrome/148.0.0.0 Safari/537.36"
65.108.235.243 - - [06/Jun/2026:15:41:35 +0200] "POST /wp-cron.php?doing_wp_cron=1780753295.8245270252227783203125 HTTP/1.1" 200 1 "-" "WordPress/7.0; https://reggio-emilia.elettroservicegroup.it"
79.55.54.157 - - [06/Jun/2026:15:41:33 +0200] "POST /wp-admin/admin-ajax.php HTTP/2.0" 400 5 "https://reggio-emilia.elettroservicegroup.it/" "Mozilla/5.0 (Windows NT 10.0; Win64; x64) AppleWebKit/537.36 (KHTML, like Gecko) Chrome/148.0.0.0 Safari/537.36"
65.108.235.243 - - [06/Jun/2026:15:41:36 +0200] "GET /assistenza-smeg-correggio/ HTTP/1.1" 200 24809 "-" "WP Fastest Cache Preload Bot"
65.108.235.243 - - [06/Jun/2026:15:41:36 +0200] "GET /assistenza-smeg-reggio-emilia/ HTTP/1.1" 200 24806 "-" "WP Fastest Cache Preload Bot"
65.108.235.243 - - [06/Jun/2026:15:41:38 +0200] "GET /assistenza-siemens-rubiera/ HTTP/1.1" 200 24733 "-" "WP Fastest Cache Preload Bot"
65.108.235.243 - - [06/Jun/2026:15:41:41 +0200] "GET /assistenza-siemens-scandiano/ HTTP/1.1" 200 24736 "-" "WP Fastest Cache Preload Bot"
79.55.54.157 - - [06/Jun/2026:15:42:36 +0200] "POST /wp-admin/admin-ajax.php HTTP/2.0" 421 362 "https://reggio-emilia.elettroservicegroup.it/" "Mozilla/5.0 (Windows NT 10.0; Win64; x64) AppleWebKit/537.36 (KHTML, like Gecko) Chrome/148.0.0.0 Safari/537.36"
65.108.235.243 - - [06/Jun/2026:15:42:41 +0200] "POST /wp-cron.php?doing_wp_cron=1780753361.9771509170532226562500 HTTP/1.1" 200 1 "-" "WordPress/7.0; https://reggio-emilia.elettroservicegroup.it"
79.55.54.157 - - [06/Jun/2026:15:42:37 +0200] "POST /wp-admin/admin-ajax.php HTTP/2.0" 400 5 "https://reggio-emilia.elettroservicegroup.it/" "Mozilla/5.0 (Windows NT 10.0; Win64; x64) AppleWebKit/537.36 (KHTML, like Gecko) Chrome/148.0.0.0 Safari/537.36"
79.55.54.157 - - [06/Jun/2026:15:43:42 +0200] "POST /wp-admin/admin-ajax.php HTTP/2.0" 421 362 "https://reggio-emilia.elettroservicegroup.it/" "Mozilla/5.0 (Windows NT 10.0; Win64; x64) AppleWebKit/537.36 (KHTML, like Gecko) Chrome/148.0.0.0 Safari/537.36"
65.108.235.243 - - [06/Jun/2026:15:43:45 +0200] "POST /wp-cron.php?doing_wp_cron=1780753425.4771199226379394531250 HTTP/1.1" 200 1 "-" "WordPress/7.0; https://reggio-emilia.elettroservicegroup.it"
79.55.54.157 - - [06/Jun/2026:15:43:42 +0200] "POST /wp-admin/admin-ajax.php HTTP/2.0" 400 5 "https://reggio-emilia.elettroservicegroup.it/" "Mozilla/5.0 (Windows NT 10.0; Win64; x64) AppleWebKit/537.36 (KHTML, like Gecko) Chrome/148.0.0.0 Safari/537.36"
79.55.54.157 - - [06/Jun/2026:15:44:45 +0200] "POST /wp-admin/admin-ajax.php HTTP/2.0" 421 362 "https://reggio-emilia.elettroservicegroup.it/" "Mozilla/5.0 (Windows NT 10.0; Win64; x64) AppleWebKit/537.36 (KHTML, like Gecko) Chrome/148.0.0.0 Safari/537.36"
65.108.235.243 - - [06/Jun/2026:15:44:49 +0200] "POST /wp-cron.php?doing_wp_cron=1780753489.1903970241546630859375 HTTP/1.1" 200 1 "-" "WordPress/7.0; https://reggio-emilia.elettroservicegroup.it"
79.55.54.157 - - [06/Jun/2026:15:44:45 +0200] "POST /wp-admin/admin-ajax.php HTTP/2.0" 400 5 "https://reggio-emilia.elettroservicegroup.it/" "Mozilla/5.0 (Windows NT 10.0; Win64; x64) AppleWebKit/537.36 (KHTML, like Gecko) Chrome/148.0.0.0 Safari/537.36"
65.108.235.243 - - [06/Jun/2026:15:45:52 +0200] "POST /wp-cron.php?doing_wp_cron=1780753552.1043140888214111328125 HTTP/1.1" 200 1 "-" "WordPress/7.0; https://reggio-emilia.elettroservicegroup.it"
79.55.54.157 - - [06/Jun/2026:15:45:49 +0200] "POST /wp-admin/admin-ajax.php HTTP/2.0" 400 5 "https://reggio-emilia.elettroservicegroup.it/" "Mozilla/5.0 (Windows NT 10.0; Win64; x64) AppleWebKit/537.36 (KHTML, like Gecko) Chrome/148.0.0.0 Safari/537.36"
65.108.235.243 - - [06/Jun/2026:15:45:52 +0200] "GET /assistenza-siemens-santilario-denza/ HTTP/1.1" 200 24802 "-" "WP Fastest Cache Preload Bot"
65.108.235.243 - - [06/Jun/2026:15:45:53 +0200] "GET /assistenza-siemens-guastalla/ HTTP/1.1" 200 24737 "-" "WP Fastest Cache Preload Bot"
65.108.235.243 - - [06/Jun/2026:15:45:53 +0200] "GET /assistenza-siemens-correggio/ HTTP/1.1" 200 24733 "-" "WP Fastest Cache Preload Bot"
65.108.235.243 - - [06/Jun/2026:15:45:54 +0200] "GET /assistenza-siemens-reggio-emilia/ HTTP/1.1" 200 24733 "-" "WP Fastest Cache Preload Bot"
79.55.54.157 - - [06/Jun/2026:15:46:52 +0200] "POST /wp-admin/admin-ajax.php HTTP/2.0" 421 362 "https://reggio-emilia.elettroservicegroup.it/" "Mozilla/5.0 (Windows NT 10.0; Win64; x64) AppleWebKit/537.36 (KHTML, like Gecko) Chrome/148.0.0.0 Safari/537.36"
65.108.235.243 - - [06/Jun/2026:15:46:54 +0200] "POST /wp-cron.php?doing_wp_cron=1780753614.7113559246063232421875 HTTP/1.1" 200 1 "-" "WordPress/7.0; https://reggio-emilia.elettroservicegroup.it"
79.55.54.157 - - [06/Jun/2026:15:46:53 +0200] "POST /wp-admin/admin-ajax.php HTTP/2.0" 400 5 "https://reggio-emilia.elettroservicegroup.it/" "Mozilla/5.0 (Windows NT 10.0; Win64; x64) AppleWebKit/537.36 (KHTML, like Gecko) Chrome/148.0.0.0 Safari/537.36"
79.55.54.157 - - [06/Jun/2026:15:47:54 +0200] "POST /wp-admin/admin-ajax.php HTTP/2.0" 421 362 "https://reggio-emilia.elettroservicegroup.it/" "Mozilla/5.0 (Windows NT 10.0; Win64; x64) AppleWebKit/537.36 (KHTML, like Gecko) Chrome/148.0.0.0 Safari/537.36"
65.108.235.243 - - [06/Jun/2026:15:47:57 +0200] "POST /wp-cron.php?doing_wp_cron=1780753677.0071649551391601562500 HTTP/1.1" 200 1 "-" "WordPress/7.0; https://reggio-emilia.elettroservicegroup.it"
79.55.54.157 - - [06/Jun/2026:15:47:54 +0200] "POST /wp-admin/admin-ajax.php HTTP/2.0" 400 5 "https://reggio-emilia.elettroservicegroup.it/" "Mozilla/5.0 (Windows NT 10.0; Win64; x64) AppleWebKit/537.36 (KHTML, like Gecko) Chrome/148.0.0.0 Safari/537.36"
79.55.54.157 - - [06/Jun/2026:15:48:57 +0200] "POST /wp-admin/admin-ajax.php HTTP/2.0" 421 362 "https://reggio-emilia.elettroservicegroup.it/" "Mozilla/5.0 (Windows NT 10.0; Win64; x64) AppleWebKit/537.36 (KHTML, like Gecko) Chrome/148.0.0.0 Safari/537.36"
65.108.235.243 - - [06/Jun/2026:15:48:59 +0200] "POST /wp-cron.php?doing_wp_cron=1780753739.7342629432678222656250 HTTP/1.1" 200 1 "-" "WordPress/7.0; https://reggio-emilia.elettroservicegroup.it"
79.55.54.157 - - [06/Jun/2026:15:48:58 +0200] "POST /wp-admin/admin-ajax.php HTTP/2.0" 400 5 "https://reggio-emilia.elettroservicegroup.it/" "Mozilla/5.0 (Windows NT 10.0; Win64; x64) AppleWebKit/537.36 (KHTML, like Gecko) Chrome/148.0.0.0 Safari/537.36"
79.55.54.157 - - [06/Jun/2026:15:49:59 +0200] "POST /wp-admin/admin-ajax.php HTTP/2.0" 421 362 "https://reggio-emilia.elettroservicegroup.it/" "Mozilla/5.0 (Windows NT 10.0; Win64; x64) AppleWebKit/537.36 (KHTML, like Gecko) Chrome/148.0.0.0 Safari/537.36"
65.108.235.243 - - [06/Jun/2026:15:50:02 +0200] "POST /wp-cron.php?doing_wp_cron=1780753802.1091499328613281250000 HTTP/1.1" 200 1 "-" "WordPress/7.0; https://reggio-emilia.elettroservicegroup.it"
79.55.54.157 - - [06/Jun/2026:15:49:59 +0200] "POST /wp-admin/admin-ajax.php HTTP/2.0" 400 5 "https://reggio-emilia.elettroservicegroup.it/" "Mozilla/5.0 (Windows NT 10.0; Win64; x64) AppleWebKit/537.36 (KHTML, like Gecko) Chrome/148.0.0.0 Safari/537.36"
79.55.54.157 - - [06/Jun/2026:15:51:02 +0200] "POST /wp-admin/admin-ajax.php HTTP/2.0" 421 362 "https://reggio-emilia.elettroservicegroup.it/" "Mozilla/5.0 (Windows NT 10.0; Win64; x64) AppleWebKit/537.36 (KHTML, like Gecko) Chrome/148.0.0.0 Safari/537.36"
65.108.235.243 - - [06/Jun/2026:15:51:05 +0200] "POST /wp-cron.php?doing_wp_cron=1780753865.2696158885955810546875 HTTP/1.1" 200 1 "-" "WordPress/7.0; https://reggio-emilia.elettroservicegroup.it"
79.55.54.157 - - [06/Jun/2026:15:51:03 +0200] "POST /wp-admin/admin-ajax.php HTTP/2.0" 400 5 "https://reggio-emilia.elettroservicegroup.it/" "Mozilla/5.0 (Windows NT 10.0; Win64; x64) AppleWebKit/537.36 (KHTML, like Gecko) Chrome/148.0.0.0 Safari/537.36"
65.108.235.243 - - [06/Jun/2026:15:51:06 +0200] "GET /assistenza-rex-electrolux-rubiera/ HTTP/1.1" 200 24786 "-" "WP Fastest Cache Preload Bot"
65.108.235.243 - - [06/Jun/2026:15:51:07 +0200] "GET /assistenza-rex-electrolux-scandiano/ HTTP/1.1" 200 24788 "-" "WP Fastest Cache Preload Bot"
65.108.235.243 - - [06/Jun/2026:15:51:07 +0200] "GET /assistenza-rex-electrolux-santilario-denza/ HTTP/1.1" 200 24861 "-" "WP Fastest Cache Preload Bot"
65.108.235.243 - - [06/Jun/2026:15:51:08 +0200] "GET /assistenza-rex-electrolux-guastalla/ HTTP/1.1" 200 24786 "-" "WP Fastest Cache Preload Bot"
65.108.235.243 - - [06/Jun/2026:15:52:08 +0200] "POST /wp-cron.php?doing_wp_cron=1780753928.7083809375762939453125 HTTP/1.1" 200 1 "-" "WordPress/7.0; https://reggio-emilia.elettroservicegroup.it"
79.55.54.157 - - [06/Jun/2026:15:52:05 +0200] "POST /wp-admin/admin-ajax.php HTTP/2.0" 400 5 "https://reggio-emilia.elettroservicegroup.it/" "Mozilla/5.0 (Windows NT 10.0; Win64; x64) AppleWebKit/537.36 (KHTML, like Gecko) Chrome/148.0.0.0 Safari/537.36"
65.108.235.243 - - [06/Jun/2026:15:53:16 +0200] "POST /wp-cron.php?doing_wp_cron=1780753996.0832250118255615234375 HTTP/1.1" 200 1 "-" "WordPress/7.0; https://reggio-emilia.elettroservicegroup.it"
79.55.54.157 - - [06/Jun/2026:15:53:08 +0200] "POST /wp-admin/admin-ajax.php HTTP/2.0" 400 5 "https://reggio-emilia.elettroservicegroup.it/" "Mozilla/5.0 (Windows NT 10.0; Win64; x64) AppleWebKit/537.36 (KHTML, like Gecko) Chrome/148.0.0.0 Safari/537.36"
65.108.235.243 - - [06/Jun/2026:15:54:19 +0200] "POST /wp-cron.php?doing_wp_cron=1780754059.0719940662384033203125 HTTP/1.1" 200 1 "-" "WordPress/7.0; https://reggio-emilia.elettroservicegroup.it"
79.55.54.157 - - [06/Jun/2026:15:54:16 +0200] "POST /wp-admin/admin-ajax.php HTTP/2.0" 400 5 "https://reggio-emilia.elettroservicegroup.it/" "Mozilla/5.0 (Windows NT 10.0; Win64; x64) AppleWebKit/537.36 (KHTML, like Gecko) Chrome/148.0.0.0 Safari/537.36"
65.108.235.243 - - [06/Jun/2026:15:55:21 +0200] "POST /wp-cron.php?doing_wp_cron=1780754121.8766710758209228515625 HTTP/1.1" 200 1 "-" "WordPress/7.0; https://reggio-emilia.elettroservicegroup.it"
79.55.54.157 - - [06/Jun/2026:15:55:19 +0200] "POST /wp-admin/admin-ajax.php HTTP/2.0" 400 5 "https://reggio-emilia.elettroservicegroup.it/" "Mozilla/5.0 (Windows NT 10.0; Win64; x64) AppleWebKit/537.36 (KHTML, like Gecko) Chrome/148.0.0.0 Safari/537.36"
65.108.235.243 - - [06/Jun/2026:15:56:24 +0200] "POST /wp-cron.php?doing_wp_cron=1780754184.7248179912567138671875 HTTP/1.1" 200 1 "-" "WordPress/7.0; https://reggio-emilia.elettroservicegroup.it"
79.55.54.157 - - [06/Jun/2026:15:56:22 +0200] "POST /wp-admin/admin-ajax.php HTTP/2.0" 400 5 "https://reggio-emilia.elettroservicegroup.it/" "Mozilla/5.0 (Windows NT 10.0; Win64; x64) AppleWebKit/537.36 (KHTML, like Gecko) Chrome/148.0.0.0 Safari/537.36"
65.108.235.243 - - [06/Jun/2026:15:56:25 +0200] "GET /assistenza-rex-electrolux-correggio/ HTTP/1.1" 200 24788 "-" "WP Fastest Cache Preload Bot"
65.108.235.243 - - [06/Jun/2026:15:56:25 +0200] "GET /assistenza-rex-electrolux-reggio-emilia/ HTTP/1.1" 200 24781 "-" "WP Fastest Cache Preload Bot"
65.108.235.243 - - [06/Jun/2026:15:56:26 +0200] "GET /assistenza-miele-rubiera/ HTTP/1.1" 200 24708 "-" "WP Fastest Cache Preload Bot"
65.108.235.243 - - [06/Jun/2026:15:56:26 +0200] "GET /assistenza-miele-scandiano/ HTTP/1.1" 200 24707 "-" "WP Fastest Cache Preload Bot"
65.108.235.243 - - [06/Jun/2026:15:57:26 +0200] "POST /wp-cron.php?doing_wp_cron=1780754246.8658480644226074218750 HTTP/1.1" 200 1 "-" "WordPress/7.0; https://reggio-emilia.elettroservicegroup.it"
79.55.54.157 - - [06/Jun/2026:15:57:25 +0200] "POST /wp-admin/admin-ajax.php HTTP/2.0" 400 5 "https://reggio-emilia.elettroservicegroup.it/" "Mozilla/5.0 (Windows NT 10.0; Win64; x64) AppleWebKit/537.36 (KHTML, like Gecko) Chrome/148.0.0.0 Safari/537.36"
65.108.235.243 - - [06/Jun/2026:15:58:31 +0200] "POST /wp-cron.php?doing_wp_cron=1780754311.8441500663757324218750 HTTP/1.1" 200 1 "-" "WordPress/7.0; https://reggio-emilia.elettroservicegroup.it"
79.55.54.157 - - [06/Jun/2026:15:58:27 +0200] "POST /wp-admin/admin-ajax.php HTTP/2.0" 400 5 "https://reggio-emilia.elettroservicegroup.it/" "Mozilla/5.0 (Windows NT 10.0; Win64; x64) AppleWebKit/537.36 (KHTML, like Gecko) Chrome/148.0.0.0 Safari/537.36"
65.108.235.243 - - [06/Jun/2026:15:59:34 +0200] "POST /wp-cron.php?doing_wp_cron=1780754374.8442580699920654296875 HTTP/1.1" 200 1 "-" "WordPress/7.0; https://reggio-emilia.elettroservicegroup.it"
79.55.54.157 - - [06/Jun/2026:15:59:32 +0200] "POST /wp-admin/admin-ajax.php HTTP/2.0" 400 5 "https://reggio-emilia.elettroservicegroup.it/" "Mozilla/5.0 (Windows NT 10.0; Win64; x64) AppleWebKit/537.36 (KHTML, like Gecko) Chrome/148.0.0.0 Safari/537.36"
65.108.235.243 - - [06/Jun/2026:16:00:37 +0200] "POST /wp-cron.php?doing_wp_cron=1780754437.9107029438018798828125 HTTP/1.1" 200 1 "-" "WordPress/7.0; https://reggio-emilia.elettroservicegroup.it"
79.55.54.157 - - [06/Jun/2026:16:00:35 +0200] "POST /wp-admin/admin-ajax.php HTTP/2.0" 400 5 "https://reggio-emilia.elettroservicegroup.it/" "Mozilla/5.0 (Windows NT 10.0; Win64; x64) AppleWebKit/537.36 (KHTML, like Gecko) Chrome/148.0.0.0 Safari/537.36"
65.108.235.243 - - [06/Jun/2026:16:01:40 +0200] "POST /wp-cron.php?doing_wp_cron=1780754500.9670701026916503906250 HTTP/1.1" 200 1 "-" "WordPress/7.0; https://reggio-emilia.elettroservicegroup.it"
79.55.54.157 - - [06/Jun/2026:16:01:39 +0200] "POST /wp-admin/admin-ajax.php HTTP/2.0" 400 5 "https://reggio-emilia.elettroservicegroup.it/" "Mozilla/5.0 (Windows NT 10.0; Win64; x64) AppleWebKit/537.36 (KHTML, like Gecko) Chrome/148.0.0.0 Safari/537.36"
65.108.235.243 - - [06/Jun/2026:16:01:41 +0200] "GET /assistenza-miele-santilario-denza/ HTTP/1.1" 200 24776 "-" "WP Fastest Cache Preload Bot"
65.108.235.243 - - [06/Jun/2026:16:01:41 +0200] "GET /assistenza-miele-guastalla/ HTTP/1.1" 200 24703 "-" "WP Fastest Cache Preload Bot"
65.108.235.243 - - [06/Jun/2026:16:01:42 +0200] "GET /assistenza-miele-correggio/ HTTP/1.1" 200 24708 "-" "WP Fastest Cache Preload Bot"
65.108.235.243 - - [06/Jun/2026:16:01:42 +0200] "GET /assistenza-miele-reggio-emilia/ HTTP/1.1" 200 24702 "-" "WP Fastest Cache Preload Bot"
79.55.54.157 - - [06/Jun/2026:16:02:41 +0200] "POST /wp-admin/admin-ajax.php HTTP/2.0" 421 362 "https://reggio-emilia.elettroservicegroup.it/" "Mozilla/5.0 (Windows NT 10.0; Win64; x64) AppleWebKit/537.36 (KHTML, like Gecko) Chrome/148.0.0.0 Safari/537.36"
65.108.235.243 - - [06/Jun/2026:16:02:43 +0200] "POST /wp-cron.php?doing_wp_cron=1780754563.9007990360260009765625 HTTP/1.1" 200 1 "-" "WordPress/7.0; https://reggio-emilia.elettroservicegroup.it"
79.55.54.157 - - [06/Jun/2026:16:02:42 +0200] "POST /wp-admin/admin-ajax.php HTTP/2.0" 400 5 "https://reggio-emilia.elettroservicegroup.it/" "Mozilla/5.0 (Windows NT 10.0; Win64; x64) AppleWebKit/537.36 (KHTML, like Gecko) Chrome/148.0.0.0 Safari/537.36"
65.108.235.243 - - [06/Jun/2026:16:03:46 +0200] "POST /wp-cron.php?doing_wp_cron=1780754626.7934739589691162109375 HTTP/1.1" 200 1 "-" "WordPress/7.0; https://reggio-emilia.elettroservicegroup.it"
79.55.54.157 - - [06/Jun/2026:16:03:44 +0200] "POST /wp-admin/admin-ajax.php HTTP/2.0" 400 5 "https://reggio-emilia.elettroservicegroup.it/" "Mozilla/5.0 (Windows NT 10.0; Win64; x64) AppleWebKit/537.36 (KHTML, like Gecko) Chrome/148.0.0.0 Safari/537.36"
65.108.235.243 - - [06/Jun/2026:16:04:49 +0200] "POST /wp-cron.php?doing_wp_cron=1780754689.7897570133209228515625 HTTP/1.1" 200 1 "-" "WordPress/7.0; https://reggio-emilia.elettroservicegroup.it"
79.55.54.157 - - [06/Jun/2026:16:04:47 +0200] "POST /wp-admin/admin-ajax.php HTTP/2.0" 400 5 "https://reggio-emilia.elettroservicegroup.it/" "Mozilla/5.0 (Windows NT 10.0; Win64; x64) AppleWebKit/537.36 (KHTML, like Gecko) Chrome/148.0.0.0 Safari/537.36"
65.108.235.243 - - [06/Jun/2026:16:05:52 +0200] "POST /wp-cron.php?doing_wp_cron=1780754752.8310680389404296875000 HTTP/1.1" 200 1 "-" "WordPress/7.0; https://reggio-emilia.elettroservicegroup.it"
79.55.54.157 - - [06/Jun/2026:16:05:50 +0200] "POST /wp-admin/admin-ajax.php HTTP/2.0" 400 5 "https://reggio-emilia.elettroservicegroup.it/" "Mozilla/5.0 (Windows NT 10.0; Win64; x64) AppleWebKit/537.36 (KHTML, like Gecko) Chrome/148.0.0.0 Safari/537.36"
65.108.235.243 - - [06/Jun/2026:16:05:53 +0200] "GET /assistenza-lavatrici-rex-electrolux-rubiera/ HTTP/1.1" 200 24745 "-" "WP Fastest Cache Preload Bot"
65.108.235.243 - - [06/Jun/2026:16:05:53 +0200] "GET /assistenza-lavatrici-whirlpool-rubiera/ HTTP/1.1" 200 24901 "-" "WP Fastest Cache Preload Bot"
65.108.235.243 - - [06/Jun/2026:16:05:54 +0200] "GET /assistenza-lavatrici-whirlpool-scandiano/ HTTP/1.1" 200 24899 "-" "WP Fastest Cache Preload Bot"
65.108.235.243 - - [06/Jun/2026:16:05:54 +0200] "GET /assistenza-lavatrici-whirlpool-santilario-denza/ HTTP/1.1" 200 24962 "-" "WP Fastest Cache Preload Bot"
79.55.54.157 - - [06/Jun/2026:16:06:53 +0200] "POST /wp-admin/admin-ajax.php HTTP/2.0" 421 362 "https://reggio-emilia.elettroservicegroup.it/" "Mozilla/5.0 (Windows NT 10.0; Win64; x64) AppleWebKit/537.36 (KHTML, like Gecko) Chrome/148.0.0.0 Safari/537.36"
65.108.235.243 - - [06/Jun/2026:16:06:56 +0200] "POST /wp-cron.php?doing_wp_cron=1780754816.0372719764709472656250 HTTP/1.1" 200 1 "-" "WordPress/7.0; https://reggio-emilia.elettroservicegroup.it"
79.55.54.157 - - [06/Jun/2026:16:06:53 +0200] "POST /wp-admin/admin-ajax.php HTTP/2.0" 400 5 "https://reggio-emilia.elettroservicegroup.it/" "Mozilla/5.0 (Windows NT 10.0; Win64; x64) AppleWebKit/537.36 (KHTML, like Gecko) Chrome/148.0.0.0 Safari/537.36"
79.55.54.157 - - [06/Jun/2026:16:07:56 +0200] "POST /wp-admin/admin-ajax.php HTTP/2.0" 421 362 "https://reggio-emilia.elettroservicegroup.it/" "Mozilla/5.0 (Windows NT 10.0; Win64; x64) AppleWebKit/537.36 (KHTML, like Gecko) Chrome/148.0.0.0 Safari/537.36"
65.108.235.243 - - [06/Jun/2026:16:07:58 +0200] "POST /wp-cron.php?doing_wp_cron=1780754878.8635189533233642578125 HTTP/1.1" 200 1 "-" "WordPress/7.0; https://reggio-emilia.elettroservicegroup.it"
79.55.54.157 - - [06/Jun/2026:16:07:57 +0200] "POST /wp-admin/admin-ajax.php HTTP/2.0" 400 5 "https://reggio-emilia.elettroservicegroup.it/" "Mozilla/5.0 (Windows NT 10.0; Win64; x64) AppleWebKit/537.36 (KHTML, like Gecko) Chrome/148.0.0.0 Safari/537.36"
79.55.54.157 - - [06/Jun/2026:16:08:59 +0200] "POST /wp-admin/admin-ajax.php HTTP/2.0" 421 362 "https://reggio-emilia.elettroservicegroup.it/" "Mozilla/5.0 (Windows NT 10.0; Win64; x64) AppleWebKit/537.36 (KHTML, like Gecko) Chrome/148.0.0.0 Safari/537.36"
65.108.235.243 - - [06/Jun/2026:16:09:01 +0200] "POST /wp-cron.php?doing_wp_cron=1780754941.7104730606079101562500 HTTP/1.1" 200 1 "-" "WordPress/7.0; https://reggio-emilia.elettroservicegroup.it"
79.55.54.157 - - [06/Jun/2026:16:09:00 +0200] "POST /wp-admin/admin-ajax.php HTTP/2.0" 400 5 "https://reggio-emilia.elettroservicegroup.it/" "Mozilla/5.0 (Windows NT 10.0; Win64; x64) AppleWebKit/537.36 (KHTML, like Gecko) Chrome/148.0.0.0 Safari/537.36"
79.55.54.157 - - [06/Jun/2026:16:10:01 +0200] "POST /wp-admin/admin-ajax.php HTTP/2.0" 421 362 "https://reggio-emilia.elettroservicegroup.it/" "Mozilla/5.0 (Windows NT 10.0; Win64; x64) AppleWebKit/537.36 (KHTML, like Gecko) Chrome/148.0.0.0 Safari/537.36"
65.108.235.243 - - [06/Jun/2026:16:10:10 +0200] "POST /wp-cron.php?doing_wp_cron=1780755010.2680990695953369140625 HTTP/1.1" 200 1 "-" "WordPress/7.0; https://reggio-emilia.elettroservicegroup.it"
114.119.153.56 - - [06/Jun/2026:16:10:08 +0200] "GET /robots.txt HTTP/1.1" 200 134 "-" "Mozilla/5.0 (compatible;PetalBot;+https://webmaster.petalsearch.com/site/petalbot)"
79.55.54.157 - - [06/Jun/2026:16:10:02 +0200] "POST /wp-admin/admin-ajax.php HTTP/2.0" 400 5 "https://reggio-emilia.elettroservicegroup.it/" "Mozilla/5.0 (Windows NT 10.0; Win64; x64) AppleWebKit/537.36 (KHTML, like Gecko) Chrome/148.0.0.0 Safari/537.36"
79.55.54.157 - - [06/Jun/2026:16:11:10 +0200] "POST /wp-admin/admin-ajax.php HTTP/2.0" 421 362 "https://reggio-emilia.elettroservicegroup.it/" "Mozilla/5.0 (Windows NT 10.0; Win64; x64) AppleWebKit/537.36 (KHTML, like Gecko) Chrome/148.0.0.0 Safari/537.36"
65.108.235.243 - - [06/Jun/2026:16:11:13 +0200] "POST /wp-cron.php?doing_wp_cron=1780755073.3762519359588623046875 HTTP/1.1" 200 1 "-" "WordPress/7.0; https://reggio-emilia.elettroservicegroup.it"
79.55.54.157 - - [06/Jun/2026:16:11:10 +0200] "POST /wp-admin/admin-ajax.php HTTP/2.0" 400 5 "https://reggio-emilia.elettroservicegroup.it/" "Mozilla/5.0 (Windows NT 10.0; Win64; x64) AppleWebKit/537.36 (KHTML, like Gecko) Chrome/148.0.0.0 Safari/537.36"
65.108.235.243 - - [06/Jun/2026:16:11:14 +0200] "GET /assistenza-lavatrici-rex-electrolux-scandiano/ HTTP/1.1" 200 24757 "-" "WP Fastest Cache Preload Bot"
65.108.235.243 - - [06/Jun/2026:16:11:14 +0200] "GET /assistenza-lavatrici-whirlpool-guastalla/ HTTP/1.1" 200 24902 "-" "WP Fastest Cache Preload Bot"
65.108.235.243 - - [06/Jun/2026:16:11:16 +0200] "GET /assistenza-lavatrici-whirlpool-correggio/ HTTP/1.1" 200 24901 "-" "WP Fastest Cache Preload Bot"
65.108.235.243 - - [06/Jun/2026:16:11:17 +0200] "GET /assistenza-lavatrici-whirlpool-reggio-emilia/ HTTP/1.1" 200 24892 "-" "WP Fastest Cache Preload Bot"
79.55.54.157 - - [06/Jun/2026:16:12:13 +0200] "POST /wp-admin/admin-ajax.php HTTP/2.0" 421 362 "https://reggio-emilia.elettroservicegroup.it/" "Mozilla/5.0 (Windows NT 10.0; Win64; x64) AppleWebKit/537.36 (KHTML, like Gecko) Chrome/148.0.0.0 Safari/537.36"
65.108.235.243 - - [06/Jun/2026:16:12:16 +0200] "POST /wp-cron.php?doing_wp_cron=1780755136.8721299171447753906250 HTTP/1.1" 200 1 "-" "WordPress/7.0; https://reggio-emilia.elettroservicegroup.it"
79.55.54.157 - - [06/Jun/2026:16:12:13 +0200] "POST /wp-admin/admin-ajax.php HTTP/2.0" 400 5 "https://reggio-emilia.elettroservicegroup.it/" "Mozilla/5.0 (Windows NT 10.0; Win64; x64) AppleWebKit/537.36 (KHTML, like Gecko) Chrome/148.0.0.0 Safari/537.36"
79.55.54.157 - - [06/Jun/2026:16:13:17 +0200] "POST /wp-admin/admin-ajax.php HTTP/2.0" 421 362 "https://reggio-emilia.elettroservicegroup.it/" "Mozilla/5.0 (Windows NT 10.0; Win64; x64) AppleWebKit/537.36 (KHTML, like Gecko) Chrome/148.0.0.0 Safari/537.36"
65.108.235.243 - - [06/Jun/2026:16:13:21 +0200] "POST /wp-cron.php?doing_wp_cron=1780755201.5802159309387207031250 HTTP/1.1" 200 1 "-" "WordPress/7.0; https://reggio-emilia.elettroservicegroup.it"
79.55.54.157 - - [06/Jun/2026:16:13:18 +0200] "POST /wp-admin/admin-ajax.php HTTP/2.0" 400 5 "https://reggio-emilia.elettroservicegroup.it/" "Mozilla/5.0 (Windows NT 10.0; Win64; x64) AppleWebKit/537.36 (KHTML, like Gecko) Chrome/148.0.0.0 Safari/537.36"
65.108.235.243 - - [06/Jun/2026:16:14:30 +0200] "POST /wp-cron.php?doing_wp_cron=1780755270.0271580219268798828125 HTTP/1.1" 200 1 "-" "WordPress/7.0; https://reggio-emilia.elettroservicegroup.it"
79.55.54.157 - - [06/Jun/2026:16:14:22 +0200] "POST /wp-admin/admin-ajax.php HTTP/2.0" 400 5 "https://reggio-emilia.elettroservicegroup.it/" "Mozilla/5.0 (Windows NT 10.0; Win64; x64) AppleWebKit/537.36 (KHTML, like Gecko) Chrome/148.0.0.0 Safari/537.36"
65.108.235.243 - - [06/Jun/2026:16:15:36 +0200] "POST /wp-cron.php?doing_wp_cron=1780755336.3641130924224853515625 HTTP/1.1" 200 1 "-" "WordPress/7.0; https://reggio-emilia.elettroservicegroup.it"
79.55.54.157 - - [06/Jun/2026:16:15:30 +0200] "POST /wp-admin/admin-ajax.php HTTP/2.0" 400 5 "https://reggio-emilia.elettroservicegroup.it/" "Mozilla/5.0 (Windows NT 10.0; Win64; x64) AppleWebKit/537.36 (KHTML, like Gecko) Chrome/148.0.0.0 Safari/537.36"
65.108.235.243 - - [06/Jun/2026:16:16:39 +0200] "POST /wp-cron.php?doing_wp_cron=1780755399.8842101097106933593750 HTTP/1.1" 200 1 "-" "WordPress/7.0; https://reggio-emilia.elettroservicegroup.it"
79.55.54.157 - - [06/Jun/2026:16:16:36 +0200] "POST /wp-admin/admin-ajax.php HTTP/2.0" 400 5 "https://reggio-emilia.elettroservicegroup.it/" "Mozilla/5.0 (Windows NT 10.0; Win64; x64) AppleWebKit/537.36 (KHTML, like Gecko) Chrome/148.0.0.0 Safari/537.36"
65.108.235.243 - - [06/Jun/2026:16:16:41 +0200] "GET /assistenza-lavatrici-rex-electrolux-santilario-denza/ HTTP/1.1" 200 24822 "-" "WP Fastest Cache Preload Bot"
65.108.235.243 - - [06/Jun/2026:16:16:43 +0200] "GET /assistenza-lavatrici-smeg-rubiera/ HTTP/1.1" 200 24743 "-" "WP Fastest Cache Preload Bot"
65.108.235.243 - - [06/Jun/2026:16:16:44 +0200] "GET /assistenza-lavatrici-smeg-scandiano/ HTTP/1.1" 200 24749 "-" "WP Fastest Cache Preload Bot"
65.108.235.243 - - [06/Jun/2026:16:16:44 +0200] "GET /assistenza-lavatrici-rex-electrolux-guastalla/ HTTP/1.1" 200 24761 "-" "WP Fastest Cache Preload Bot"
65.108.235.243 - - [06/Jun/2026:16:17:48 +0200] "POST /wp-cron.php?doing_wp_cron=1780755468.7976250648498535156250 HTTP/1.1" 200 1 "-" "WordPress/7.0; https://reggio-emilia.elettroservicegroup.it"
79.55.54.157 - - [06/Jun/2026:16:17:40 +0200] "POST /wp-admin/admin-ajax.php HTTP/2.0" 400 5 "https://reggio-emilia.elettroservicegroup.it/" "Mozilla/5.0 (Windows NT 10.0; Win64; x64) AppleWebKit/537.36 (KHTML, like Gecko) Chrome/148.0.0.0 Safari/537.36"
79.55.54.157 - - [06/Jun/2026:16:18:49 +0200] "POST /wp-admin/admin-ajax.php HTTP/2.0" 421 362 "https://reggio-emilia.elettroservicegroup.it/" "Mozilla/5.0 (Windows NT 10.0; Win64; x64) AppleWebKit/537.36 (KHTML, like Gecko) Chrome/148.0.0.0 Safari/537.36"
65.108.235.243 - - [06/Jun/2026:16:18:52 +0200] "POST /wp-cron.php?doing_wp_cron=1780755532.3204588890075683593750 HTTP/1.1" 200 1 "-" "WordPress/7.0; https://reggio-emilia.elettroservicegroup.it"
79.55.54.157 - - [06/Jun/2026:16:18:49 +0200] "POST /wp-admin/admin-ajax.php HTTP/2.0" 400 5 "https://reggio-emilia.elettroservicegroup.it/" "Mozilla/5.0 (Windows NT 10.0; Win64; x64) AppleWebKit/537.36 (KHTML, like Gecko) Chrome/148.0.0.0 Safari/537.36"
65.108.235.243 - - [06/Jun/2026:16:19:55 +0200] "POST /wp-cron.php?doing_wp_cron=1780755595.9868319034576416015625 HTTP/1.1" 200 1 "-" "WordPress/7.0; https://reggio-emilia.elettroservicegroup.it"
79.55.54.157 - - [06/Jun/2026:16:19:52 +0200] "POST /wp-admin/admin-ajax.php HTTP/2.0" 400 5 "https://reggio-emilia.elettroservicegroup.it/" "Mozilla/5.0 (Windows NT 10.0; Win64; x64) AppleWebKit/537.36 (KHTML, like Gecko) Chrome/148.0.0.0 Safari/537.36"
66.249.70.199 - - [06/Jun/2026:16:20:09 +0200] "GET /attachment-sitemap.xml HTTP/1.1" 200 2835 "-" "Mozilla/5.0 (compatible; Googlebot/2.1; +http://www.google.com/bot.html)"
65.108.235.243 - - [06/Jun/2026:16:20:59 +0200] "POST /wp-cron.php?doing_wp_cron=1780755659.0874960422515869140625 HTTP/1.1" 200 1 "-" "WordPress/7.0; https://reggio-emilia.elettroservicegroup.it"
79.55.54.157 - - [06/Jun/2026:16:20:56 +0200] "POST /wp-admin/admin-ajax.php HTTP/2.0" 400 5 "https://reggio-emilia.elettroservicegroup.it/" "Mozilla/5.0 (Windows NT 10.0; Win64; x64) AppleWebKit/537.36 (KHTML, like Gecko) Chrome/148.0.0.0 Safari/537.36"
65.108.235.243 - - [06/Jun/2026:16:20:59 +0200] "GET /assistenza-lavatrici-smeg-santilario-denza/ HTTP/1.1" 200 24825 "-" "WP Fastest Cache Preload Bot"
65.108.235.243 - - [06/Jun/2026:16:21:00 +0200] "GET /assistenza-lavatrici-smeg-guastalla/ HTTP/1.1" 200 24739 "-" "WP Fastest Cache Preload Bot"
65.108.235.243 - - [06/Jun/2026:16:21:01 +0200] "GET /assistenza-lavatrici-smeg-correggio/ HTTP/1.1" 200 24748 "-" "WP Fastest Cache Preload Bot"
65.108.235.243 - - [06/Jun/2026:16:21:01 +0200] "GET /assistenza-lavatrici-smeg-reggio-emilia/ HTTP/1.1" 200 24748 "-" "WP Fastest Cache Preload Bot"
65.108.235.243 - - [06/Jun/2026:16:22:02 +0200] "POST /wp-cron.php?doing_wp_cron=1780755722.3632409572601318359375 HTTP/1.1" 200 1 "-" "WordPress/7.0; https://reggio-emilia.elettroservicegroup.it"
79.55.54.157 - - [06/Jun/2026:16:21:59 +0200] "POST /wp-admin/admin-ajax.php HTTP/2.0" 400 5 "https://reggio-emilia.elettroservicegroup.it/" "Mozilla/5.0 (Windows NT 10.0; Win64; x64) AppleWebKit/537.36 (KHTML, like Gecko) Chrome/148.0.0.0 Safari/537.36"
65.108.235.243 - - [06/Jun/2026:16:23:05 +0200] "POST /wp-cron.php?doing_wp_cron=1780755785.1825559139251708984375 HTTP/1.1" 200 1 "-" "WordPress/7.0; https://reggio-emilia.elettroservicegroup.it"
79.55.54.157 - - [06/Jun/2026:16:23:02 +0200] "POST /wp-admin/admin-ajax.php HTTP/2.0" 400 5 "https://reggio-emilia.elettroservicegroup.it/" "Mozilla/5.0 (Windows NT 10.0; Win64; x64) AppleWebKit/537.36 (KHTML, like Gecko) Chrome/148.0.0.0 Safari/537.36"
65.108.235.243 - - [06/Jun/2026:16:24:08 +0200] "POST /wp-cron.php?doing_wp_cron=1780755848.2576119899749755859375 HTTP/1.1" 200 1 "-" "WordPress/7.0; https://reggio-emilia.elettroservicegroup.it"
79.55.54.157 - - [06/Jun/2026:16:24:05 +0200] "POST /wp-admin/admin-ajax.php HTTP/2.0" 400 5 "https://reggio-emilia.elettroservicegroup.it/" "Mozilla/5.0 (Windows NT 10.0; Win64; x64) AppleWebKit/537.36 (KHTML, like Gecko) Chrome/148.0.0.0 Safari/537.36"
65.108.235.243 - - [06/Jun/2026:16:25:14 +0200] "POST /wp-cron.php?doing_wp_cron=1780755914.4621100425720214843750 HTTP/1.1" 200 1 "-" "WordPress/7.0; https://reggio-emilia.elettroservicegroup.it"
79.55.54.157 - - [06/Jun/2026:16:25:08 +0200] "POST /wp-admin/admin-ajax.php HTTP/2.0" 400 5 "https://reggio-emilia.elettroservicegroup.it/" "Mozilla/5.0 (Windows NT 10.0; Win64; x64) AppleWebKit/537.36 (KHTML, like Gecko) Chrome/148.0.0.0 Safari/537.36"
65.108.235.243 - - [06/Jun/2026:16:26:17 +0200] "POST /wp-cron.php?doing_wp_cron=1780755977.8138570785522460937500 HTTP/1.1" 200 1 "-" "WordPress/7.0; https://reggio-emilia.elettroservicegroup.it"
79.55.54.157 - - [06/Jun/2026:16:26:15 +0200] "POST /wp-admin/admin-ajax.php HTTP/2.0" 400 5 "https://reggio-emilia.elettroservicegroup.it/" "Mozilla/5.0 (Windows NT 10.0; Win64; x64) AppleWebKit/537.36 (KHTML, like Gecko) Chrome/148.0.0.0 Safari/537.36"
65.108.235.243 - - [06/Jun/2026:16:26:18 +0200] "GET /assistenza-lavatrici-rex-electrolux-correggio/ HTTP/1.1" 200 24751 "-" "WP Fastest Cache Preload Bot"
65.108.235.243 - - [06/Jun/2026:16:26:18 +0200] "GET /assistenza-lavatrici-rex-electrolux-reggio-emilia/ HTTP/1.1" 200 24747 "-" "WP Fastest Cache Preload Bot"
65.108.235.243 - - [06/Jun/2026:16:26:19 +0200] "GET /assistenza-lavatrici-indesit-rubiera/ HTTP/1.1" 200 24643 "-" "WP Fastest Cache Preload Bot"
65.108.235.243 - - [06/Jun/2026:16:26:20 +0200] "GET /assistenza-lavatrici-indesit-scandiano/ HTTP/1.1" 200 24646 "-" "WP Fastest Cache Preload Bot"
65.108.235.243 - - [06/Jun/2026:16:27:21 +0200] "POST /wp-cron.php?doing_wp_cron=1780756041.0637691020965576171875 HTTP/1.1" 200 1 "-" "WordPress/7.0; https://reggio-emilia.elettroservicegroup.it"
79.55.54.157 - - [06/Jun/2026:16:27:18 +0200] "POST /wp-admin/admin-ajax.php HTTP/2.0" 400 5 "https://reggio-emilia.elettroservicegroup.it/" "Mozilla/5.0 (Windows NT 10.0; Win64; x64) AppleWebKit/537.36 (KHTML, like Gecko) Chrome/148.0.0.0 Safari/537.36"
65.108.235.243 - - [06/Jun/2026:16:28:23 +0200] "POST /wp-cron.php?doing_wp_cron=1780756103.9456288814544677734375 HTTP/1.1" 200 1 "-" "WordPress/7.0; https://reggio-emilia.elettroservicegroup.it"
79.55.54.157 - - [06/Jun/2026:16:28:21 +0200] "POST /wp-admin/admin-ajax.php HTTP/2.0" 400 5 "https://reggio-emilia.elettroservicegroup.it/" "Mozilla/5.0 (Windows NT 10.0; Win64; x64) AppleWebKit/537.36 (KHTML, like Gecko) Chrome/148.0.0.0 Safari/537.36"
65.108.235.243 - - [06/Jun/2026:16:29:26 +0200] "POST /wp-cron.php?doing_wp_cron=1780756166.9000089168548583984375 HTTP/1.1" 200 1 "-" "WordPress/7.0; https://reggio-emilia.elettroservicegroup.it"
79.55.54.157 - - [06/Jun/2026:16:29:24 +0200] "POST /wp-admin/admin-ajax.php HTTP/2.0" 400 5 "https://reggio-emilia.elettroservicegroup.it/" "Mozilla/5.0 (Windows NT 10.0; Win64; x64) AppleWebKit/537.36 (KHTML, like Gecko) Chrome/148.0.0.0 Safari/537.36"
65.108.235.243 - - [06/Jun/2026:16:30:29 +0200] "POST /wp-cron.php?doing_wp_cron=1780756229.9808440208435058593750 HTTP/1.1" 200 1 "-" "WordPress/7.0; https://reggio-emilia.elettroservicegroup.it"
79.55.54.157 - - [06/Jun/2026:16:30:27 +0200] "POST /wp-admin/admin-ajax.php HTTP/2.0" 400 5 "https://reggio-emilia.elettroservicegroup.it/" "Mozilla/5.0 (Windows NT 10.0; Win64; x64) AppleWebKit/537.36 (KHTML, like Gecko) Chrome/148.0.0.0 Safari/537.36"
65.108.235.243 - - [06/Jun/2026:16:30:58 +0200] "POST /wp-cron.php?doing_wp_cron=1780756258.9239780902862548828125 HTTP/1.1" 200 1 "-" "WordPress/7.0; https://reggio-emilia.elettroservicegroup.it"
162.120.187.15 - - [06/Jun/2026:16:30:58 +0200] "GET /assistenza-siemens-reggio-emilia/ HTTP/2.0" 200 24853 "https://www.google.com/" "Mozilla/5.0 (Linux; Android 10; K) AppleWebKit/537.36 (KHTML, like Gecko) Chrome/148.0.0.0 Mobile Safari/537.36"
65.108.235.243 - - [06/Jun/2026:16:30:59 +0200] "GET /assistenza-lavatrici-indesit-santilario-denza/ HTTP/1.1" 200 24733 "-" "WP Fastest Cache Preload Bot"
65.108.235.243 - - [06/Jun/2026:16:31:00 +0200] "GET /assistenza-lavatrici-indesit-guastalla/ HTTP/1.1" 200 24643 "-" "WP Fastest Cache Preload Bot"
162.120.188.14 - - [06/Jun/2026:16:31:01 +0200] "GET /assistenza-siemens-reggio-emilia/ HTTP/2.0" 200 24853 "https://www.google.com/" "Mozilla/5.0 (Linux; Android 10; K) AppleWebKit/537.36 (KHTML, like Gecko) Chrome/148.0.0.0 Mobile Safari/537.36"
65.108.235.243 - - [06/Jun/2026:16:31:03 +0200] "GET /assistenza-lavatrici-indesit-correggio/ HTTP/1.1" 200 24643 "-" "WP Fastest Cache Preload Bot"
65.108.235.243 - - [06/Jun/2026:16:31:05 +0200] "GET /assistenza-lavatrici-indesit-reggio-emilia/ HTTP/1.1" 200 24639 "-" "WP Fastest Cache Preload Bot"
65.108.235.243 - - [06/Jun/2026:16:31:31 +0200] "POST /wp-cron.php?doing_wp_cron=1780756291.1852350234985351562500 HTTP/1.1" 200 1 "-" "WordPress/7.0; https://reggio-emilia.elettroservicegroup.it"
79.55.54.157 - - [06/Jun/2026:16:31:30 +0200] "POST /wp-admin/admin-ajax.php HTTP/2.0" 400 5 "https://reggio-emilia.elettroservicegroup.it/" "Mozilla/5.0 (Windows NT 10.0; Win64; x64) AppleWebKit/537.36 (KHTML, like Gecko) Chrome/148.0.0.0 Safari/537.36"
162.120.188.12 - - [06/Jun/2026:16:31:45 +0200] "GET /assistenza-siemens-reggio-emilia/ HTTP/2.0" 200 24853 "https://www.google.com/" "Mozilla/5.0 (Linux; Android 10; K) AppleWebKit/537.36 (KHTML, like Gecko) Chrome/148.0.0.0 Mobile Safari/537.36"
65.108.235.243 - - [06/Jun/2026:16:32:33 +0200] "POST /wp-cron.php?doing_wp_cron=1780756353.7200789451599121093750 HTTP/1.1" 200 1 "-" "WordPress/7.0; https://reggio-emilia.elettroservicegroup.it"
79.55.54.157 - - [06/Jun/2026:16:32:31 +0200] "POST /wp-admin/admin-ajax.php HTTP/2.0" 400 5 "https://reggio-emilia.elettroservicegroup.it/" "Mozilla/5.0 (Windows NT 10.0; Win64; x64) AppleWebKit/537.36 (KHTML, like Gecko) Chrome/148.0.0.0 Safari/537.36"
162.120.187.9 - - [06/Jun/2026:16:32:58 +0200] "GET /assistenza-siemens-reggio-emilia/ HTTP/2.0" 200 24853 "https://www.google.com/" "Mozilla/5.0 (Linux; Android 10; K) AppleWebKit/537.36 (KHTML, like Gecko) Chrome/148.0.0.0 Mobile Safari/537.36"
65.108.235.243 - - [06/Jun/2026:16:33:35 +0200] "POST /wp-cron.php?doing_wp_cron=1780756415.8160190582275390625000 HTTP/1.1" 200 1 "-" "WordPress/7.0; https://reggio-emilia.elettroservicegroup.it"
79.55.54.157 - - [06/Jun/2026:16:33:33 +0200] "POST /wp-admin/admin-ajax.php HTTP/2.0" 400 5 "https://reggio-emilia.elettroservicegroup.it/" "Mozilla/5.0 (Windows NT 10.0; Win64; x64) AppleWebKit/537.36 (KHTML, like Gecko) Chrome/148.0.0.0 Safari/537.36"
65.108.235.243 - - [06/Jun/2026:16:34:38 +0200] "POST /wp-cron.php?doing_wp_cron=1780756478.5990850925445556640625 HTTP/1.1" 200 1 "-" "WordPress/7.0; https://reggio-emilia.elettroservicegroup.it"
79.55.54.157 - - [06/Jun/2026:16:34:36 +0200] "POST /wp-admin/admin-ajax.php HTTP/2.0" 400 5 "https://reggio-emilia.elettroservicegroup.it/" "Mozilla/5.0 (Windows NT 10.0; Win64; x64) AppleWebKit/537.36 (KHTML, like Gecko) Chrome/148.0.0.0 Safari/537.36"
65.108.235.243 - - [06/Jun/2026:16:35:40 +0200] "POST /wp-cron.php?doing_wp_cron=1780756540.8956379890441894531250 HTTP/1.1" 200 1 "-" "WordPress/7.0; https://reggio-emilia.elettroservicegroup.it"
79.55.54.157 - - [06/Jun/2026:16:35:38 +0200] "POST /wp-admin/admin-ajax.php HTTP/2.0" 400 5 "https://reggio-emilia.elettroservicegroup.it/" "Mozilla/5.0 (Windows NT 10.0; Win64; x64) AppleWebKit/537.36 (KHTML, like Gecko) Chrome/148.0.0.0 Safari/537.36"
65.108.235.243 - - [06/Jun/2026:16:36:43 +0200] "POST /wp-cron.php?doing_wp_cron=1780756603.7458651065826416015625 HTTP/1.1" 200 1 "-" "WordPress/7.0; https://reggio-emilia.elettroservicegroup.it"
79.55.54.157 - - [06/Jun/2026:16:36:41 +0200] "POST /wp-admin/admin-ajax.php HTTP/2.0" 400 5 "https://reggio-emilia.elettroservicegroup.it/" "Mozilla/5.0 (Windows NT 10.0; Win64; x64) AppleWebKit/537.36 (KHTML, like Gecko) Chrome/148.0.0.0 Safari/537.36"
65.108.235.243 - - [06/Jun/2026:16:36:44 +0200] "GET /assistenza-lavatrici-bosch-rubiera/ HTTP/1.1" 200 24788 "-" "WP Fastest Cache Preload Bot"
65.108.235.243 - - [06/Jun/2026:16:36:44 +0200] "GET /assistenza-lavatrici-bosch-scandiano/ HTTP/1.1" 200 24790 "-" "WP Fastest Cache Preload Bot"
65.108.235.243 - - [06/Jun/2026:16:36:44 +0200] "GET /assistenza-lavatrici-bosch-santilario-denza/ HTTP/1.1" 200 24852 "-" "WP Fastest Cache Preload Bot"
65.108.235.243 - - [06/Jun/2026:16:36:45 +0200] "GET /assistenza-lavatrici-bosch-guastalla/ HTTP/1.1" 200 24780 "-" "WP Fastest Cache Preload Bot"
162.120.187.12 - - [06/Jun/2026:16:36:59 +0200] "GET /assistenza-candy-reggio-emilia/ HTTP/2.0" 200 24893 "https://www.google.com/" "Mozilla/5.0 (Linux; Android 10; K) AppleWebKit/537.36 (KHTML, like Gecko) Chrome/148.0.0.0 Mobile Safari/537.36"
66.249.93.233 - - [06/Jun/2026:16:36:59 +0200] "GET /.well-known/traffic-advice HTTP/1.1" 404 17812 "-" "Chrome Privacy Preserving Prefetch Proxy"
65.108.235.243 - - [06/Jun/2026:16:37:45 +0200] "POST /wp-cron.php?doing_wp_cron=1780756665.8777289390563964843750 HTTP/1.1" 200 1 "-" "WordPress/7.0; https://reggio-emilia.elettroservicegroup.it"
79.55.54.157 - - [06/Jun/2026:16:37:43 +0200] "POST /wp-admin/admin-ajax.php HTTP/2.0" 400 5 "https://reggio-emilia.elettroservicegroup.it/" "Mozilla/5.0 (Windows NT 10.0; Win64; x64) AppleWebKit/537.36 (KHTML, like Gecko) Chrome/148.0.0.0 Safari/537.36"
65.108.235.243 - - [06/Jun/2026:16:38:48 +0200] "POST /wp-cron.php?doing_wp_cron=1780756728.6987779140472412109375 HTTP/1.1" 200 1 "-" "WordPress/7.0; https://reggio-emilia.elettroservicegroup.it"
79.55.54.157 - - [06/Jun/2026:16:38:46 +0200] "POST /wp-admin/admin-ajax.php HTTP/2.0" 400 5 "https://reggio-emilia.elettroservicegroup.it/" "Mozilla/5.0 (Windows NT 10.0; Win64; x64) AppleWebKit/537.36 (KHTML, like Gecko) Chrome/148.0.0.0 Safari/537.36"
65.108.235.243 - - [06/Jun/2026:16:39:51 +0200] "POST /wp-cron.php?doing_wp_cron=1780756791.0619339942932128906250 HTTP/1.1" 200 1 "-" "WordPress/7.0; https://reggio-emilia.elettroservicegroup.it"
79.55.54.157 - - [06/Jun/2026:16:39:48 +0200] "POST /wp-admin/admin-ajax.php HTTP/2.0" 400 5 "https://reggio-emilia.elettroservicegroup.it/" "Mozilla/5.0 (Windows NT 10.0; Win64; x64) AppleWebKit/537.36 (KHTML, like Gecko) Chrome/148.0.0.0 Safari/537.36"
65.108.235.243 - - [06/Jun/2026:16:40:53 +0200] "POST /wp-cron.php?doing_wp_cron=1780756853.7245290279388427734375 HTTP/1.1" 200 1 "-" "WordPress/7.0; https://reggio-emilia.elettroservicegroup.it"
79.55.54.157 - - [06/Jun/2026:16:40:51 +0200] "POST /wp-admin/admin-ajax.php HTTP/2.0" 400 5 "https://reggio-emilia.elettroservicegroup.it/" "Mozilla/5.0 (Windows NT 10.0; Win64; x64) AppleWebKit/537.36 (KHTML, like Gecko) Chrome/148.0.0.0 Safari/537.36"
65.108.235.243 - - [06/Jun/2026:16:40:54 +0200] "GET /assistenza-lavatrici-bosch-correggio/ HTTP/1.1" 200 24785 "-" "WP Fastest Cache Preload Bot"
65.108.235.243 - - [06/Jun/2026:16:40:54 +0200] "GET /assistenza-lavatrici-bosch-reggio-emilia/ HTTP/1.1" 200 24782 "-" "WP Fastest Cache Preload Bot"
65.108.235.243 - - [06/Jun/2026:16:40:55 +0200] "GET /assistenza-lavatrici-ariston-rubiera/ HTTP/1.1" 200 24758 "-" "WP Fastest Cache Preload Bot"
65.108.235.243 - - [06/Jun/2026:16:40:55 +0200] "GET /assistenza-lavatrici-ariston-scandiano/ HTTP/1.1" 200 24761 "-" "WP Fastest Cache Preload Bot"
65.108.235.243 - - [06/Jun/2026:16:41:55 +0200] "POST /wp-cron.php?doing_wp_cron=1780756915.5659639835357666015625 HTTP/1.1" 200 1 "-" "WordPress/7.0; https://reggio-emilia.elettroservicegroup.it"
79.55.54.157 - - [06/Jun/2026:16:41:53 +0200] "POST /wp-admin/admin-ajax.php HTTP/2.0" 400 5 "https://reggio-emilia.elettroservicegroup.it/" "Mozilla/5.0 (Windows NT 10.0; Win64; x64) AppleWebKit/537.36 (KHTML, like Gecko) Chrome/148.0.0.0 Safari/537.36"
65.108.235.243 - - [06/Jun/2026:16:42:57 +0200] "POST /wp-cron.php?doing_wp_cron=1780756977.7884230613708496093750 HTTP/1.1" 200 1 "-" "WordPress/7.0; https://reggio-emilia.elettroservicegroup.it"
79.55.54.157 - - [06/Jun/2026:16:42:55 +0200] "POST /wp-admin/admin-ajax.php HTTP/2.0" 400 5 "https://reggio-emilia.elettroservicegroup.it/" "Mozilla/5.0 (Windows NT 10.0; Win64; x64) AppleWebKit/537.36 (KHTML, like Gecko) Chrome/148.0.0.0 Safari/537.36"
65.108.235.243 - - [06/Jun/2026:16:44:00 +0200] "POST /wp-cron.php?doing_wp_cron=1780757040.7695689201354980468750 HTTP/1.1" 200 1 "-" "WordPress/7.0; https://reggio-emilia.elettroservicegroup.it"
79.55.54.157 - - [06/Jun/2026:16:43:58 +0200] "POST /wp-admin/admin-ajax.php HTTP/2.0" 400 5 "https://reggio-emilia.elettroservicegroup.it/" "Mozilla/5.0 (Windows NT 10.0; Win64; x64) AppleWebKit/537.36 (KHTML, like Gecko) Chrome/148.0.0.0 Safari/537.36"
79.55.54.157 - - [06/Jun/2026:16:45:01 +0200] "POST /wp-admin/admin-ajax.php HTTP/2.0" 421 362 "https://reggio-emilia.elettroservicegroup.it/" "Mozilla/5.0 (Windows NT 10.0; Win64; x64) AppleWebKit/537.36 (KHTML, like Gecko) Chrome/148.0.0.0 Safari/537.36"
65.108.235.243 - - [06/Jun/2026:16:45:05 +0200] "POST /wp-cron.php?doing_wp_cron=1780757105.0061419010162353515625 HTTP/1.1" 200 1 "-" "WordPress/7.0; https://reggio-emilia.elettroservicegroup.it"
79.55.54.157 - - [06/Jun/2026:16:45:02 +0200] "POST /wp-admin/admin-ajax.php HTTP/2.0" 400 5 "https://reggio-emilia.elettroservicegroup.it/" "Mozilla/5.0 (Windows NT 10.0; Win64; x64) AppleWebKit/537.36 (KHTML, like Gecko) Chrome/148.0.0.0 Safari/537.36"
65.108.235.243 - - [06/Jun/2026:16:46:07 +0200] "POST /wp-cron.php?doing_wp_cron=1780757167.6155040264129638671875 HTTP/1.1" 200 1 "-" "WordPress/7.0; https://reggio-emilia.elettroservicegroup.it"
79.55.54.157 - - [06/Jun/2026:16:46:05 +0200] "POST /wp-admin/admin-ajax.php HTTP/2.0" 400 5 "https://reggio-emilia.elettroservicegroup.it/" "Mozilla/5.0 (Windows NT 10.0; Win64; x64) AppleWebKit/537.36 (KHTML, like Gecko) Chrome/148.0.0.0 Safari/537.36"
65.108.235.243 - - [06/Jun/2026:16:46:07 +0200] "GET /assistenza-lavatrici-ariston-santilario-denza/ HTTP/1.1" 200 24841 "-" "WP Fastest Cache Preload Bot"
65.108.235.243 - - [06/Jun/2026:16:46:08 +0200] "GET /assistenza-lavatrici-ariston-guastalla/ HTTP/1.1" 200 24757 "-" "WP Fastest Cache Preload Bot"
65.108.235.243 - - [06/Jun/2026:16:46:08 +0200] "GET /assistenza-lavatrici-ariston-correggio/ HTTP/1.1" 200 24758 "-" "WP Fastest Cache Preload Bot"
65.108.235.243 - - [06/Jun/2026:16:46:09 +0200] "GET /assistenza-lavatrici-ariston-reggio-emilia/ HTTP/1.1" 200 24764 "-" "WP Fastest Cache Preload Bot"
65.108.235.243 - - [06/Jun/2026:16:47:10 +0200] "POST /wp-cron.php?doing_wp_cron=1780757230.2833681106567382812500 HTTP/1.1" 200 1 "-" "WordPress/7.0; https://reggio-emilia.elettroservicegroup.it"
79.55.54.157 - - [06/Jun/2026:16:47:07 +0200] "POST /wp-admin/admin-ajax.php HTTP/2.0" 400 5 "https://reggio-emilia.elettroservicegroup.it/" "Mozilla/5.0 (Windows NT 10.0; Win64; x64) AppleWebKit/537.36 (KHTML, like Gecko) Chrome/148.0.0.0 Safari/537.36"
65.108.235.243 - - [06/Jun/2026:16:48:12 +0200] "POST /wp-cron.php?doing_wp_cron=1780757292.6951479911804199218750 HTTP/1.1" 200 1 "-" "WordPress/7.0; https://reggio-emilia.elettroservicegroup.it"
79.55.54.157 - - [06/Jun/2026:16:48:10 +0200] "POST /wp-admin/admin-ajax.php HTTP/2.0" 400 5 "https://reggio-emilia.elettroservicegroup.it/" "Mozilla/5.0 (Windows NT 10.0; Win64; x64) AppleWebKit/537.36 (KHTML, like Gecko) Chrome/148.0.0.0 Safari/537.36"
65.108.235.243 - - [06/Jun/2026:16:49:14 +0200] "POST /wp-cron.php?doing_wp_cron=1780757354.7900791168212890625000 HTTP/1.1" 200 1 "-" "WordPress/7.0; https://reggio-emilia.elettroservicegroup.it"
79.55.54.157 - - [06/Jun/2026:16:49:12 +0200] "POST /wp-admin/admin-ajax.php HTTP/2.0" 400 5 "https://reggio-emilia.elettroservicegroup.it/" "Mozilla/5.0 (Windows NT 10.0; Win64; x64) AppleWebKit/537.36 (KHTML, like Gecko) Chrome/148.0.0.0 Safari/537.36"
65.108.235.243 - - [06/Jun/2026:16:50:18 +0200] "POST /wp-cron.php?doing_wp_cron=1780757418.0726931095123291015625 HTTP/1.1" 200 1 "-" "WordPress/7.0; https://reggio-emilia.elettroservicegroup.it"
79.55.54.157 - - [06/Jun/2026:16:50:15 +0200] "POST /wp-admin/admin-ajax.php HTTP/2.0" 400 5 "https://reggio-emilia.elettroservicegroup.it/" "Mozilla/5.0 (Windows NT 10.0; Win64; x64) AppleWebKit/537.36 (KHTML, like Gecko) Chrome/148.0.0.0 Safari/537.36"
65.108.235.243 - - [06/Jun/2026:16:51:20 +0200] "POST /wp-cron.php?doing_wp_cron=1780757480.8016560077667236328125 HTTP/1.1" 200 1 "-" "WordPress/7.0; https://reggio-emilia.elettroservicegroup.it"
79.55.54.157 - - [06/Jun/2026:16:51:18 +0200] "POST /wp-admin/admin-ajax.php HTTP/2.0" 400 5 "https://reggio-emilia.elettroservicegroup.it/" "Mozilla/5.0 (Windows NT 10.0; Win64; x64) AppleWebKit/537.36 (KHTML, like Gecko) Chrome/148.0.0.0 Safari/537.36"
