65.108.235.243 - - [06/Jun/2026:16:51:21 +0200] "GET /assistenza-lavatrici-aeg-rubiera/ HTTP/1.1" 200 24781 "-" "WP Fastest Cache Preload Bot"
65.108.235.243 - - [06/Jun/2026:16:51:21 +0200] "GET /assistenza-lavatrici-aeg-scandiano/ HTTP/1.1" 200 24797 "-" "WP Fastest Cache Preload Bot"
65.108.235.243 - - [06/Jun/2026:16:51:22 +0200] "GET /assistenza-lavatrici-aeg-santilario-denza/ HTTP/1.1" 200 24855 "-" "WP Fastest Cache Preload Bot"
65.108.235.243 - - [06/Jun/2026:16:51:22 +0200] "GET /assistenza-lavatrici-aeg-guastalla/ HTTP/1.1" 200 24798 "-" "WP Fastest Cache Preload Bot"
65.108.235.243 - - [06/Jun/2026:16:52:23 +0200] "POST /wp-cron.php?doing_wp_cron=1780757543.8802449703216552734375 HTTP/1.1" 200 1 "-" "WordPress/7.0; https://reggio-emilia.elettroservicegroup.it"
79.55.54.157 - - [06/Jun/2026:16:52:21 +0200] "POST /wp-admin/admin-ajax.php HTTP/2.0" 400 5 "https://reggio-emilia.elettroservicegroup.it/" "Mozilla/5.0 (Windows NT 10.0; Win64; x64) AppleWebKit/537.36 (KHTML, like Gecko) Chrome/148.0.0.0 Safari/537.36"
193.186.4.22 - - [06/Jun/2026:16:52:34 +0200] "GET /assistenza-siemens-reggio-emilia/ HTTP/2.0" 200 24853 "https://www.google.com/" "Mozilla/5.0 (Linux; Android 10; K) AppleWebKit/537.36 (KHTML, like Gecko) Chrome/148.0.0.0 Mobile Safari/537.36"
65.108.235.243 - - [06/Jun/2026:16:53:26 +0200] "POST /wp-cron.php?doing_wp_cron=1780757606.7596681118011474609375 HTTP/1.1" 200 1 "-" "WordPress/7.0; https://reggio-emilia.elettroservicegroup.it"
79.55.54.157 - - [06/Jun/2026:16:53:24 +0200] "POST /wp-admin/admin-ajax.php HTTP/2.0" 400 5 "https://reggio-emilia.elettroservicegroup.it/" "Mozilla/5.0 (Windows NT 10.0; Win64; x64) AppleWebKit/537.36 (KHTML, like Gecko) Chrome/148.0.0.0 Safari/537.36"
65.108.235.243 - - [06/Jun/2026:16:54:28 +0200] "POST /wp-cron.php?doing_wp_cron=1780757668.8391649723052978515625 HTTP/1.1" 200 1 "-" "WordPress/7.0; https://reggio-emilia.elettroservicegroup.it"
79.55.54.157 - - [06/Jun/2026:16:54:26 +0200] "POST /wp-admin/admin-ajax.php HTTP/2.0" 400 5 "https://reggio-emilia.elettroservicegroup.it/" "Mozilla/5.0 (Windows NT 10.0; Win64; x64) AppleWebKit/537.36 (KHTML, like Gecko) Chrome/148.0.0.0 Safari/537.36"
65.108.235.243 - - [06/Jun/2026:16:55:31 +0200] "POST /wp-cron.php?doing_wp_cron=1780757731.7879319190979003906250 HTTP/1.1" 200 1 "-" "WordPress/7.0; https://reggio-emilia.elettroservicegroup.it"
79.55.54.157 - - [06/Jun/2026:16:55:29 +0200] "POST /wp-admin/admin-ajax.php HTTP/2.0" 400 5 "https://reggio-emilia.elettroservicegroup.it/" "Mozilla/5.0 (Windows NT 10.0; Win64; x64) AppleWebKit/537.36 (KHTML, like Gecko) Chrome/148.0.0.0 Safari/537.36"
65.108.235.243 - - [06/Jun/2026:16:56:34 +0200] "POST /wp-cron.php?doing_wp_cron=1780757794.8679540157318115234375 HTTP/1.1" 200 1 "-" "WordPress/7.0; https://reggio-emilia.elettroservicegroup.it"
79.55.54.157 - - [06/Jun/2026:16:56:32 +0200] "POST /wp-admin/admin-ajax.php HTTP/2.0" 400 5 "https://reggio-emilia.elettroservicegroup.it/" "Mozilla/5.0 (Windows NT 10.0; Win64; x64) AppleWebKit/537.36 (KHTML, like Gecko) Chrome/148.0.0.0 Safari/537.36"
65.108.235.243 - - [06/Jun/2026:16:56:35 +0200] "GET /assistenza-lavastoviglie-smeg-rubiera/ HTTP/1.1" 200 24647 "-" "WP Fastest Cache Preload Bot"
65.108.235.243 - - [06/Jun/2026:16:56:35 +0200] "GET /assistenza-lavatrici-aeg-correggio/ HTTP/1.1" 200 24799 "-" "WP Fastest Cache Preload Bot"
65.108.235.243 - - [06/Jun/2026:16:56:36 +0200] "GET /assistenza-lavatrici-aeg-reggio-emilia/ HTTP/1.1" 200 24772 "-" "WP Fastest Cache Preload Bot"
65.108.235.243 - - [06/Jun/2026:16:56:36 +0200] "GET /assistenza-lavatrici-rubiera/ HTTP/1.1" 200 25392 "-" "WP Fastest Cache Preload Bot"
65.108.235.243 - - [06/Jun/2026:16:57:37 +0200] "POST /wp-cron.php?doing_wp_cron=1780757857.8618071079254150390625 HTTP/1.1" 200 1 "-" "WordPress/7.0; https://reggio-emilia.elettroservicegroup.it"
79.55.54.157 - - [06/Jun/2026:16:57:35 +0200] "POST /wp-admin/admin-ajax.php HTTP/2.0" 400 5 "https://reggio-emilia.elettroservicegroup.it/" "Mozilla/5.0 (Windows NT 10.0; Win64; x64) AppleWebKit/537.36 (KHTML, like Gecko) Chrome/148.0.0.0 Safari/537.36"
65.108.235.243 - - [06/Jun/2026:16:58:42 +0200] "POST /wp-cron.php?doing_wp_cron=1780757922.6585829257965087890625 HTTP/1.1" 200 1 "-" "WordPress/7.0; https://reggio-emilia.elettroservicegroup.it"
79.55.54.157 - - [06/Jun/2026:16:58:38 +0200] "POST /wp-admin/admin-ajax.php HTTP/2.0" 400 5 "https://reggio-emilia.elettroservicegroup.it/" "Mozilla/5.0 (Windows NT 10.0; Win64; x64) AppleWebKit/537.36 (KHTML, like Gecko) Chrome/148.0.0.0 Safari/537.36"
65.108.235.243 - - [06/Jun/2026:16:59:44 +0200] "POST /wp-cron.php?doing_wp_cron=1780757984.7026898860931396484375 HTTP/1.1" 200 1 "-" "WordPress/7.0; https://reggio-emilia.elettroservicegroup.it"
79.55.54.157 - - [06/Jun/2026:16:59:42 +0200] "POST /wp-admin/admin-ajax.php HTTP/2.0" 400 5 "https://reggio-emilia.elettroservicegroup.it/" "Mozilla/5.0 (Windows NT 10.0; Win64; x64) AppleWebKit/537.36 (KHTML, like Gecko) Chrome/148.0.0.0 Safari/537.36"
74.125.151.199 - - [06/Jun/2026:17:00:05 +0200] "GET /assistenza-lavastoviglie-ariston-reggio-emilia/ HTTP/1.1" 200 24872 "-" "Mozilla/5.0 (Linux; Android 6.0.1; Nexus 5X Build/MMB29P) AppleWebKit/537.36 (KHTML, like Gecko) Chrome/148.0.7778.96 Mobile Safari/537.36 (compatible; AdsBot-Google-Mobile; +http://www.google.com/mobile/adsbot.html)"
74.125.151.201 - - [06/Jun/2026:17:00:08 +0200] "GET /wp-content/uploads/elementor/css/post-14146.css?ver=1780586498 HTTP/1.1" 200 428 "https://reggio-emilia.elettroservicegroup.it/assistenza-lavastoviglie-ariston-reggio-emilia/" "AdsBot-Google (+http://www.google.com/adsbot.html)"
74.125.151.200 - - [06/Jun/2026:17:00:09 +0200] "GET /wp-content/uploads/elementor/css/post-17732.css?ver=1780587962 HTTP/1.1" 200 2060 "https://reggio-emilia.elettroservicegroup.it/assistenza-lavastoviglie-ariston-reggio-emilia/" "AdsBot-Google (+http://www.google.com/adsbot.html)"
74.125.151.200 - - [06/Jun/2026:17:00:09 +0200] "GET /wp-content/uploads/elementor/css/post-14366.css?ver=1780586500 HTTP/1.1" 200 302 "https://reggio-emilia.elettroservicegroup.it/assistenza-lavastoviglie-ariston-reggio-emilia/" "AdsBot-Google (+http://www.google.com/adsbot.html)"
74.125.151.200 - - [06/Jun/2026:17:00:09 +0200] "GET /wp-content/themes/generatepress/assets/css/main.min.css?ver=3.6.1 HTTP/1.1" 200 4410 "https://reggio-emilia.elettroservicegroup.it/assistenza-lavastoviglie-ariston-reggio-emilia/" "AdsBot-Google (+http://www.google.com/adsbot.html)"
74.125.151.199 - - [06/Jun/2026:17:00:09 +0200] "GET /wp-json/complianz/v1/banner?lang=it&locale=it_IT&token=lcps HTTP/1.1" 200 84 "https://reggio-emilia.elettroservicegroup.it/assistenza-lavastoviglie-ariston-reggio-emilia/" "AdsBot-Google (+http://www.google.com/adsbot.html)"
74.125.151.200 - - [06/Jun/2026:17:00:10 +0200] "GET /wp-content/uploads/elementor/google-fonts/fonts/roboto-kfo7cnqeu92fr1me7ksn66agldtyluama3yuba.woff2 HTTP/1.1" 200 40132 "https://reggio-emilia.elettroservicegroup.it/wp-content/uploads/elementor/google-fonts/css/roboto.css?ver=1742255001" "AdsBot-Google (+http://www.google.com/adsbot.html)"
79.55.54.157 - - [06/Jun/2026:17:00:44 +0200] "POST /wp-admin/admin-ajax.php HTTP/2.0" 421 362 "https://reggio-emilia.elettroservicegroup.it/" "Mozilla/5.0 (Windows NT 10.0; Win64; x64) AppleWebKit/537.36 (KHTML, like Gecko) Chrome/148.0.0.0 Safari/537.36"
65.108.235.243 - - [06/Jun/2026:17:00:46 +0200] "POST /wp-cron.php?doing_wp_cron=1780758046.8248999118804931640625 HTTP/1.1" 200 1 "-" "WordPress/7.0; https://reggio-emilia.elettroservicegroup.it"
79.55.54.157 - - [06/Jun/2026:17:00:45 +0200] "POST /wp-admin/admin-ajax.php HTTP/2.0" 400 5 "https://reggio-emilia.elettroservicegroup.it/" "Mozilla/5.0 (Windows NT 10.0; Win64; x64) AppleWebKit/537.36 (KHTML, like Gecko) Chrome/148.0.0.0 Safari/537.36"
65.108.235.243 - - [06/Jun/2026:17:00:47 +0200] "GET /assistenza-lavastoviglie-smeg-scandiano/ HTTP/1.1" 200 24649 "-" "WP Fastest Cache Preload Bot"
65.108.235.243 - - [06/Jun/2026:17:00:47 +0200] "GET /assistenza-lavatrici-scandiano/ HTTP/1.1" 200 25395 "-" "WP Fastest Cache Preload Bot"
65.108.235.243 - - [06/Jun/2026:17:00:48 +0200] "GET /assistenza-lavatrici-santilario-denza/ HTTP/1.1" 200 25469 "-" "WP Fastest Cache Preload Bot"
65.108.235.243 - - [06/Jun/2026:17:00:48 +0200] "GET /assistenza-lavastoviglie-smeg-santilario-denza/ HTTP/1.1" 200 24737 "-" "WP Fastest Cache Preload Bot"
79.55.54.157 - - [06/Jun/2026:17:01:47 +0200] "POST /wp-admin/admin-ajax.php HTTP/2.0" 421 362 "https://reggio-emilia.elettroservicegroup.it/" "Mozilla/5.0 (Windows NT 10.0; Win64; x64) AppleWebKit/537.36 (KHTML, like Gecko) Chrome/148.0.0.0 Safari/537.36"
65.108.235.243 - - [06/Jun/2026:17:01:49 +0200] "POST /wp-cron.php?doing_wp_cron=1780758109.8922009468078613281250 HTTP/1.1" 200 1 "-" "WordPress/7.0; https://reggio-emilia.elettroservicegroup.it"
79.55.54.157 - - [06/Jun/2026:17:01:47 +0200] "POST /wp-admin/admin-ajax.php HTTP/2.0" 400 5 "https://reggio-emilia.elettroservicegroup.it/" "Mozilla/5.0 (Windows NT 10.0; Win64; x64) AppleWebKit/537.36 (KHTML, like Gecko) Chrome/148.0.0.0 Safari/537.36"
79.55.54.157 - - [06/Jun/2026:17:02:50 +0200] "POST /wp-admin/admin-ajax.php HTTP/2.0" 421 362 "https://reggio-emilia.elettroservicegroup.it/" "Mozilla/5.0 (Windows NT 10.0; Win64; x64) AppleWebKit/537.36 (KHTML, like Gecko) Chrome/148.0.0.0 Safari/537.36"
65.108.235.243 - - [06/Jun/2026:17:02:52 +0200] "POST /wp-cron.php?doing_wp_cron=1780758172.8645589351654052734375 HTTP/1.1" 200 1 "-" "WordPress/7.0; https://reggio-emilia.elettroservicegroup.it"
79.55.54.157 - - [06/Jun/2026:17:02:51 +0200] "POST /wp-admin/admin-ajax.php HTTP/2.0" 400 5 "https://reggio-emilia.elettroservicegroup.it/" "Mozilla/5.0 (Windows NT 10.0; Win64; x64) AppleWebKit/537.36 (KHTML, like Gecko) Chrome/148.0.0.0 Safari/537.36"
79.55.54.157 - - [06/Jun/2026:17:03:53 +0200] "POST /wp-admin/admin-ajax.php HTTP/2.0" 421 362 "https://reggio-emilia.elettroservicegroup.it/" "Mozilla/5.0 (Windows NT 10.0; Win64; x64) AppleWebKit/537.36 (KHTML, like Gecko) Chrome/148.0.0.0 Safari/537.36"
65.108.235.243 - - [06/Jun/2026:17:04:01 +0200] "POST /wp-cron.php?doing_wp_cron=1780758241.1890668869018554687500 HTTP/1.1" 200 1 "-" "WordPress/7.0; https://reggio-emilia.elettroservicegroup.it"
79.55.54.157 - - [06/Jun/2026:17:03:54 +0200] "POST /wp-admin/admin-ajax.php HTTP/2.0" 400 5 "https://reggio-emilia.elettroservicegroup.it/" "Mozilla/5.0 (Windows NT 10.0; Win64; x64) AppleWebKit/537.36 (KHTML, like Gecko) Chrome/148.0.0.0 Safari/537.36"
79.55.54.157 - - [06/Jun/2026:17:05:01 +0200] "POST /wp-admin/admin-ajax.php HTTP/2.0" 421 362 "https://reggio-emilia.elettroservicegroup.it/" "Mozilla/5.0 (Windows NT 10.0; Win64; x64) AppleWebKit/537.36 (KHTML, like Gecko) Chrome/148.0.0.0 Safari/537.36"
65.108.235.243 - - [06/Jun/2026:17:05:06 +0200] "POST /wp-cron.php?doing_wp_cron=1780758306.0776081085205078125000 HTTP/1.1" 200 1 "-" "WordPress/7.0; https://reggio-emilia.elettroservicegroup.it"
79.55.54.157 - - [06/Jun/2026:17:05:02 +0200] "POST /wp-admin/admin-ajax.php HTTP/2.0" 400 5 "https://reggio-emilia.elettroservicegroup.it/" "Mozilla/5.0 (Windows NT 10.0; Win64; x64) AppleWebKit/537.36 (KHTML, like Gecko) Chrome/148.0.0.0 Safari/537.36"
79.55.54.157 - - [06/Jun/2026:17:06:06 +0200] "POST /wp-admin/admin-ajax.php HTTP/2.0" 421 362 "https://reggio-emilia.elettroservicegroup.it/" "Mozilla/5.0 (Windows NT 10.0; Win64; x64) AppleWebKit/537.36 (KHTML, like Gecko) Chrome/148.0.0.0 Safari/537.36"
65.108.235.243 - - [06/Jun/2026:17:06:09 +0200] "POST /wp-cron.php?doing_wp_cron=1780758369.0883479118347167968750 HTTP/1.1" 200 1 "-" "WordPress/7.0; https://reggio-emilia.elettroservicegroup.it"
79.55.54.157 - - [06/Jun/2026:17:06:07 +0200] "POST /wp-admin/admin-ajax.php HTTP/2.0" 400 5 "https://reggio-emilia.elettroservicegroup.it/" "Mozilla/5.0 (Windows NT 10.0; Win64; x64) AppleWebKit/537.36 (KHTML, like Gecko) Chrome/148.0.0.0 Safari/537.36"
65.108.235.243 - - [06/Jun/2026:17:06:09 +0200] "GET /assistenza-lavatrici-guastalla/ HTTP/1.1" 200 25408 "-" "WP Fastest Cache Preload Bot"
65.108.235.243 - - [06/Jun/2026:17:06:09 +0200] "GET /assistenza-lavatrici-correggio/ HTTP/1.1" 200 25394 "-" "WP Fastest Cache Preload Bot"
65.108.235.243 - - [06/Jun/2026:17:06:10 +0200] "GET /assistenza-lavatrici-reggio-emilia/ HTTP/1.1" 200 25625 "-" "WP Fastest Cache Preload Bot"
65.108.235.243 - - [06/Jun/2026:17:06:10 +0200] "GET /assistenza-lavastoviglie-whirlpool-rubiera/ HTTP/1.1" 200 24678 "-" "WP Fastest Cache Preload Bot"
79.55.54.157 - - [06/Jun/2026:17:07:09 +0200] "POST /wp-admin/admin-ajax.php HTTP/2.0" 421 362 "https://reggio-emilia.elettroservicegroup.it/" "Mozilla/5.0 (Windows NT 10.0; Win64; x64) AppleWebKit/537.36 (KHTML, like Gecko) Chrome/148.0.0.0 Safari/537.36"
65.108.235.243 - - [06/Jun/2026:17:07:15 +0200] "POST /wp-cron.php?doing_wp_cron=1780758435.5780959129333496093750 HTTP/1.1" 200 1 "-" "WordPress/7.0; https://reggio-emilia.elettroservicegroup.it"
79.55.54.157 - - [06/Jun/2026:17:07:10 +0200] "POST /wp-admin/admin-ajax.php HTTP/2.0" 400 5 "https://reggio-emilia.elettroservicegroup.it/" "Mozilla/5.0 (Windows NT 10.0; Win64; x64) AppleWebKit/537.36 (KHTML, like Gecko) Chrome/148.0.0.0 Safari/537.36"
79.55.54.157 - - [06/Jun/2026:17:08:15 +0200] "POST /wp-admin/admin-ajax.php HTTP/2.0" 421 362 "https://reggio-emilia.elettroservicegroup.it/" "Mozilla/5.0 (Windows NT 10.0; Win64; x64) AppleWebKit/537.36 (KHTML, like Gecko) Chrome/148.0.0.0 Safari/537.36"
65.108.235.243 - - [06/Jun/2026:17:08:22 +0200] "POST /wp-cron.php?doing_wp_cron=1780758502.7772119045257568359375 HTTP/1.1" 200 1 "-" "WordPress/7.0; https://reggio-emilia.elettroservicegroup.it"
79.55.54.157 - - [06/Jun/2026:17:08:16 +0200] "POST /wp-admin/admin-ajax.php HTTP/2.0" 400 5 "https://reggio-emilia.elettroservicegroup.it/" "Mozilla/5.0 (Windows NT 10.0; Win64; x64) AppleWebKit/537.36 (KHTML, like Gecko) Chrome/148.0.0.0 Safari/537.36"
79.55.54.157 - - [06/Jun/2026:17:09:23 +0200] "POST /wp-admin/admin-ajax.php HTTP/2.0" 421 362 "https://reggio-emilia.elettroservicegroup.it/" "Mozilla/5.0 (Windows NT 10.0; Win64; x64) AppleWebKit/537.36 (KHTML, like Gecko) Chrome/148.0.0.0 Safari/537.36"
65.108.235.243 - - [06/Jun/2026:17:09:32 +0200] "POST /wp-cron.php?doing_wp_cron=1780758572.9584228992462158203125 HTTP/1.1" 200 1 "-" "WordPress/7.0; https://reggio-emilia.elettroservicegroup.it"
79.55.54.157 - - [06/Jun/2026:17:09:24 +0200] "POST /wp-admin/admin-ajax.php HTTP/2.0" 400 5 "https://reggio-emilia.elettroservicegroup.it/" "Mozilla/5.0 (Windows NT 10.0; Win64; x64) AppleWebKit/537.36 (KHTML, like Gecko) Chrome/148.0.0.0 Safari/537.36"
114.119.141.228 - - [06/Jun/2026:17:09:36 +0200] "GET /wp-content/uploads/2021/12/Lavatrice-1-300x267.jpg HTTP/1.1" 200 10603 "https://reggio-emilia.elettroservicegroup.it/?attachment_id=15715" "Mozilla/5.0 (Linux; Android 7.0;) AppleWebKit/537.36 (HTML, like Gecko) Mobile Safari/537.36 (compatible; PetalBot;+https://webmaster.petalsearch.com/site/petalbot)"
65.108.235.243 - - [06/Jun/2026:17:10:46 +0200] "POST /wp-cron.php?doing_wp_cron=1780758646.6578269004821777343750 HTTP/1.1" 200 1 "-" "WordPress/7.0; https://reggio-emilia.elettroservicegroup.it"
79.55.54.157 - - [06/Jun/2026:17:10:33 +0200] "POST /wp-admin/admin-ajax.php HTTP/2.0" 400 5 "https://reggio-emilia.elettroservicegroup.it/" "Mozilla/5.0 (Windows NT 10.0; Win64; x64) AppleWebKit/537.36 (KHTML, like Gecko) Chrome/148.0.0.0 Safari/537.36"
65.108.235.243 - - [06/Jun/2026:17:10:51 +0200] "GET /assistenza-lavastoviglie-smeg-guastalla/ HTTP/1.1" 200 24656 "-" "WP Fastest Cache Preload Bot"
65.108.235.243 - - [06/Jun/2026:17:10:53 +0200] "GET /assistenza-lavastoviglie-whirlpool-scandiano/ HTTP/1.1" 200 24685 "-" "WP Fastest Cache Preload Bot"
65.108.235.243 - - [06/Jun/2026:17:10:57 +0200] "GET /assistenza-lavastoviglie-whirlpool-santilario-denza/ HTTP/1.1" 200 24785 "-" "WP Fastest Cache Preload Bot"
114.119.137.98 - - [06/Jun/2026:17:10:58 +0200] "GET /wie-verhindere-ich-probleme-bei-der-spinsofglory-registrierung/ HTTP/1.1" 404 17873 "https://reggio-emilia.elettroservicegroup.it/wie-gut-ist-der-kundensupport-im-gratorama-casino-erreichbar/" "Mozilla/5.0 (Linux; Android 7.0;) AppleWebKit/537.36 (HTML, like Gecko) Mobile Safari/537.36 (compatible; PetalBot;+https://webmaster.petalsearch.com/site/petalbot)"
65.108.235.243 - - [06/Jun/2026:17:10:59 +0200] "GET /assistenza-lavastoviglie-whirlpool-guastalla/ HTTP/1.1" 200 24688 "-" "WP Fastest Cache Preload Bot"
65.108.235.243 - - [06/Jun/2026:17:11:52 +0200] "POST /wp-cron.php?doing_wp_cron=1780758712.8625159263610839843750 HTTP/1.1" 200 1 "-" "WordPress/7.0; https://reggio-emilia.elettroservicegroup.it"
79.55.54.157 - - [06/Jun/2026:17:11:48 +0200] "POST /wp-admin/admin-ajax.php HTTP/2.0" 400 5 "https://reggio-emilia.elettroservicegroup.it/" "Mozilla/5.0 (Windows NT 10.0; Win64; x64) AppleWebKit/537.36 (KHTML, like Gecko) Chrome/148.0.0.0 Safari/537.36"
65.108.235.243 - - [06/Jun/2026:17:12:21 +0200] "POST /wp-cron.php?doing_wp_cron=1780758741.6282329559326171875000 HTTP/1.1" 200 1 "-" "WordPress/7.0; https://reggio-emilia.elettroservicegroup.it"
114.119.137.98 - - [06/Jun/2026:17:12:21 +0200] "GET /wie-schnell-wird-bei-play2win-das-konto-freigeschaltet/ HTTP/1.1" 404 17832 "https://reggio-emilia.elettroservicegroup.it/" "Mozilla/5.0 (Linux; Android 7.0;) AppleWebKit/537.36 (HTML, like Gecko) Mobile Safari/537.36 (compatible; PetalBot;+https://webmaster.petalsearch.com/site/petalbot)"
79.55.54.157 - - [06/Jun/2026:17:12:53 +0200] "POST /wp-admin/admin-ajax.php HTTP/2.0" 400 5 "https://reggio-emilia.elettroservicegroup.it/" "Mozilla/5.0 (Windows NT 10.0; Win64; x64) AppleWebKit/537.36 (KHTML, like Gecko) Chrome/148.0.0.0 Safari/537.36"
65.108.235.243 - - [06/Jun/2026:17:13:48 +0200] "POST /wp-cron.php?doing_wp_cron=1780758828.7659289836883544921875 HTTP/1.1" 200 1 "-" "WordPress/7.0; https://reggio-emilia.elettroservicegroup.it"
114.119.137.153 - - [06/Jun/2026:17:13:46 +0200] "GET /wie-schnell-geht-die-kontoeroffnung-bei-dazard-ohne-stress/ HTTP/1.1" 404 17868 "https://reggio-emilia.elettroservicegroup.it/millioner-casino-spielerkonto-verwalten-leicht-gemacht/" "Mozilla/5.0 (Linux; Android 7.0;) AppleWebKit/537.36 (HTML, like Gecko) Mobile Safari/537.36 (compatible; PetalBot;+https://webmaster.petalsearch.com/site/petalbot)"
79.55.54.157 - - [06/Jun/2026:17:13:55 +0200] "POST /wp-admin/admin-ajax.php HTTP/2.0" 400 5 "https://reggio-emilia.elettroservicegroup.it/" "Mozilla/5.0 (Windows NT 10.0; Win64; x64) AppleWebKit/537.36 (KHTML, like Gecko) Chrome/148.0.0.0 Safari/537.36"
65.108.235.243 - - [06/Jun/2026:17:14:59 +0200] "POST /wp-cron.php?doing_wp_cron=1780758899.7580559253692626953125 HTTP/1.1" 200 1 "-" "WordPress/7.0; https://reggio-emilia.elettroservicegroup.it"
79.55.54.157 - - [06/Jun/2026:17:14:56 +0200] "POST /wp-admin/admin-ajax.php HTTP/2.0" 400 5 "https://reggio-emilia.elettroservicegroup.it/" "Mozilla/5.0 (Windows NT 10.0; Win64; x64) AppleWebKit/537.36 (KHTML, like Gecko) Chrome/148.0.0.0 Safari/537.36"
114.119.137.153 - - [06/Jun/2026:17:15:08 +0200] "GET /white-male-1871445_1280-2 HTTP/1.1" 301 1 "https://reggio-emilia.elettroservicegroup.it/white-male-1871445_1280-2" "Mozilla/5.0 (Linux; Android 7.0;) AppleWebKit/537.36 (HTML, like Gecko) Mobile Safari/537.36 (compatible; PetalBot;+https://webmaster.petalsearch.com/site/petalbot)"
114.119.137.153 - - [06/Jun/2026:17:15:09 +0200] "GET /white-male-1871445_1280-2/ HTTP/1.1" 200 18906 "https://reggio-emilia.elettroservicegroup.it/white-male-1871445_1280-2" "Mozilla/5.0 (Linux; Android 7.0;) AppleWebKit/537.36 (HTML, like Gecko) Mobile Safari/537.36 (compatible; PetalBot;+https://webmaster.petalsearch.com/site/petalbot)"
65.108.235.243 - - [06/Jun/2026:17:16:03 +0200] "POST /wp-cron.php?doing_wp_cron=1780758963.0925800800323486328125 HTTP/1.1" 200 1 "-" "WordPress/7.0; https://reggio-emilia.elettroservicegroup.it"
79.55.54.157 - - [06/Jun/2026:17:15:59 +0200] "POST /wp-admin/admin-ajax.php HTTP/2.0" 400 5 "https://reggio-emilia.elettroservicegroup.it/" "Mozilla/5.0 (Windows NT 10.0; Win64; x64) AppleWebKit/537.36 (KHTML, like Gecko) Chrome/148.0.0.0 Safari/537.36"
65.108.235.243 - - [06/Jun/2026:17:16:03 +0200] "GET /assistenza-lavastoviglie-whirlpool-correggio/ HTTP/1.1" 200 24689 "-" "WP Fastest Cache Preload Bot"
65.108.235.243 - - [06/Jun/2026:17:16:04 +0200] "GET /assistenza-lavastoviglie-smeg-correggio/ HTTP/1.1" 200 24656 "-" "WP Fastest Cache Preload Bot"
65.108.235.243 - - [06/Jun/2026:17:16:05 +0200] "GET /assistenza-lavastoviglie-whirlpool-reggio-emilia/ HTTP/1.1" 200 24684 "-" "WP Fastest Cache Preload Bot"
65.108.235.243 - - [06/Jun/2026:17:16:06 +0200] "GET /assistenza-lavastoviglie-smeg-reggio-emilia/ HTTP/1.1" 200 24648 "-" "WP Fastest Cache Preload Bot"
65.108.235.243 - - [06/Jun/2026:17:16:34 +0200] "POST /wp-cron.php?doing_wp_cron=1780758994.3312039375305175781250 HTTP/1.1" 200 1 "-" "WordPress/7.0; https://reggio-emilia.elettroservicegroup.it"
114.119.138.37 - - [06/Jun/2026:17:16:34 +0200] "GET /welche-gerate-sind-fur-spingranny-mobile-anmeldung-geeignet/ HTTP/1.1" 404 17864 "https://reggio-emilia.elettroservicegroup.it/rollino-freispiele-nur-heute-was-steckt-dahinter/" "Mozilla/5.0 (Linux; Android 7.0;) AppleWebKit/537.36 (HTML, like Gecko) Mobile Safari/537.36 (compatible; PetalBot;+https://webmaster.petalsearch.com/site/petalbot)"
79.55.54.157 - - [06/Jun/2026:17:17:03 +0200] "POST /wp-admin/admin-ajax.php HTTP/2.0" 421 362 "https://reggio-emilia.elettroservicegroup.it/" "Mozilla/5.0 (Windows NT 10.0; Win64; x64) AppleWebKit/537.36 (KHTML, like Gecko) Chrome/148.0.0.0 Safari/537.36"
79.55.54.157 - - [06/Jun/2026:17:17:03 +0200] "POST /wp-admin/admin-ajax.php HTTP/2.0" 400 5 "https://reggio-emilia.elettroservicegroup.it/" "Mozilla/5.0 (Windows NT 10.0; Win64; x64) AppleWebKit/537.36 (KHTML, like Gecko) Chrome/148.0.0.0 Safari/537.36"
79.55.54.157 - - [06/Jun/2026:17:18:04 +0200] "POST /wp-admin/admin-ajax.php HTTP/2.0" 421 362 "https://reggio-emilia.elettroservicegroup.it/" "Mozilla/5.0 (Windows NT 10.0; Win64; x64) AppleWebKit/537.36 (KHTML, like Gecko) Chrome/148.0.0.0 Safari/537.36"
65.108.235.243 - - [06/Jun/2026:17:18:10 +0200] "POST /wp-cron.php?doing_wp_cron=1780759090.4989070892333984375000 HTTP/1.1" 200 1 "-" "WordPress/7.0; https://reggio-emilia.elettroservicegroup.it"
79.55.54.157 - - [06/Jun/2026:17:18:05 +0200] "POST /wp-admin/admin-ajax.php HTTP/2.0" 400 5 "https://reggio-emilia.elettroservicegroup.it/" "Mozilla/5.0 (Windows NT 10.0; Win64; x64) AppleWebKit/537.36 (KHTML, like Gecko) Chrome/148.0.0.0 Safari/537.36"
79.55.54.157 - - [06/Jun/2026:17:19:10 +0200] "POST /wp-admin/admin-ajax.php HTTP/2.0" 421 362 "https://reggio-emilia.elettroservicegroup.it/" "Mozilla/5.0 (Windows NT 10.0; Win64; x64) AppleWebKit/537.36 (KHTML, like Gecko) Chrome/148.0.0.0 Safari/537.36"
65.108.235.243 - - [06/Jun/2026:17:19:12 +0200] "POST /wp-cron.php?doing_wp_cron=1780759152.9072310924530029296875 HTTP/1.1" 200 1 "-" "WordPress/7.0; https://reggio-emilia.elettroservicegroup.it"
79.55.54.157 - - [06/Jun/2026:17:19:11 +0200] "POST /wp-admin/admin-ajax.php HTTP/2.0" 400 5 "https://reggio-emilia.elettroservicegroup.it/" "Mozilla/5.0 (Windows NT 10.0; Win64; x64) AppleWebKit/537.36 (KHTML, like Gecko) Chrome/148.0.0.0 Safari/537.36"
79.55.54.157 - - [06/Jun/2026:17:20:13 +0200] "POST /wp-admin/admin-ajax.php HTTP/2.0" 421 362 "https://reggio-emilia.elettroservicegroup.it/" "Mozilla/5.0 (Windows NT 10.0; Win64; x64) AppleWebKit/537.36 (KHTML, like Gecko) Chrome/148.0.0.0 Safari/537.36"
65.108.235.243 - - [06/Jun/2026:17:20:18 +0200] "POST /wp-cron.php?doing_wp_cron=1780759218.1684370040893554687500 HTTP/1.1" 200 1 "-" "WordPress/7.0; https://reggio-emilia.elettroservicegroup.it"
79.55.54.157 - - [06/Jun/2026:17:20:14 +0200] "POST /wp-admin/admin-ajax.php HTTP/2.0" 400 5 "https://reggio-emilia.elettroservicegroup.it/" "Mozilla/5.0 (Windows NT 10.0; Win64; x64) AppleWebKit/537.36 (KHTML, like Gecko) Chrome/148.0.0.0 Safari/537.36"
79.55.54.157 - - [06/Jun/2026:17:21:18 +0200] "POST /wp-admin/admin-ajax.php HTTP/2.0" 421 362 "https://reggio-emilia.elettroservicegroup.it/" "Mozilla/5.0 (Windows NT 10.0; Win64; x64) AppleWebKit/537.36 (KHTML, like Gecko) Chrome/148.0.0.0 Safari/537.36"
65.108.235.243 - - [06/Jun/2026:17:21:23 +0200] "POST /wp-cron.php?doing_wp_cron=1780759283.9739439487457275390625 HTTP/1.1" 200 1 "-" "WordPress/7.0; https://reggio-emilia.elettroservicegroup.it"
79.55.54.157 - - [06/Jun/2026:17:21:18 +0200] "POST /wp-admin/admin-ajax.php HTTP/2.0" 400 5 "https://reggio-emilia.elettroservicegroup.it/" "Mozilla/5.0 (Windows NT 10.0; Win64; x64) AppleWebKit/537.36 (KHTML, like Gecko) Chrome/148.0.0.0 Safari/537.36"
65.108.235.243 - - [06/Jun/2026:17:21:24 +0200] "GET /assistenza-lavastoviglie-rex-electrolux-rubiera/ HTTP/1.1" 200 24636 "-" "WP Fastest Cache Preload Bot"
65.108.235.243 - - [06/Jun/2026:17:21:25 +0200] "GET /assistenza-lavastoviglie-rex-electrolux-scandiano/ HTTP/1.1" 200 24733 "-" "WP Fastest Cache Preload Bot"
65.108.235.243 - - [06/Jun/2026:17:21:25 +0200] "GET /assistenza-lavastoviglie-rex-electrolux-santilario-denza/ HTTP/1.1" 200 24740 "-" "WP Fastest Cache Preload Bot"
65.108.235.243 - - [06/Jun/2026:17:21:26 +0200] "GET /assistenza-lavastoviglie-rex-electrolux-guastalla/ HTTP/1.1" 200 24678 "-" "WP Fastest Cache Preload Bot"
79.55.54.157 - - [06/Jun/2026:17:22:24 +0200] "POST /wp-admin/admin-ajax.php HTTP/2.0" 421 362 "https://reggio-emilia.elettroservicegroup.it/" "Mozilla/5.0 (Windows NT 10.0; Win64; x64) AppleWebKit/537.36 (KHTML, like Gecko) Chrome/148.0.0.0 Safari/537.36"
65.108.235.243 - - [06/Jun/2026:17:22:29 +0200] "POST /wp-cron.php?doing_wp_cron=1780759349.7687408924102783203125 HTTP/1.1" 200 1 "-" "WordPress/7.0; https://reggio-emilia.elettroservicegroup.it"
79.55.54.157 - - [06/Jun/2026:17:22:24 +0200] "POST /wp-admin/admin-ajax.php HTTP/2.0" 400 5 "https://reggio-emilia.elettroservicegroup.it/" "Mozilla/5.0 (Windows NT 10.0; Win64; x64) AppleWebKit/537.36 (KHTML, like Gecko) Chrome/148.0.0.0 Safari/537.36"
79.55.54.157 - - [06/Jun/2026:17:23:29 +0200] "POST /wp-admin/admin-ajax.php HTTP/2.0" 421 362 "https://reggio-emilia.elettroservicegroup.it/" "Mozilla/5.0 (Windows NT 10.0; Win64; x64) AppleWebKit/537.36 (KHTML, like Gecko) Chrome/148.0.0.0 Safari/537.36"
65.108.235.243 - - [06/Jun/2026:17:23:38 +0200] "POST /wp-cron.php?doing_wp_cron=1780759418.5722970962524414062500 HTTP/1.1" 200 1 "-" "WordPress/7.0; https://reggio-emilia.elettroservicegroup.it"
79.55.54.157 - - [06/Jun/2026:17:23:30 +0200] "POST /wp-admin/admin-ajax.php HTTP/2.0" 400 5 "https://reggio-emilia.elettroservicegroup.it/" "Mozilla/5.0 (Windows NT 10.0; Win64; x64) AppleWebKit/537.36 (KHTML, like Gecko) Chrome/148.0.0.0 Safari/537.36"
79.55.54.157 - - [06/Jun/2026:17:24:38 +0200] "POST /wp-admin/admin-ajax.php HTTP/2.0" 421 362 "https://reggio-emilia.elettroservicegroup.it/" "Mozilla/5.0 (Windows NT 10.0; Win64; x64) AppleWebKit/537.36 (KHTML, like Gecko) Chrome/148.0.0.0 Safari/537.36"
65.108.235.243 - - [06/Jun/2026:17:24:44 +0200] "POST /wp-cron.php?doing_wp_cron=1780759484.5243189334869384765625 HTTP/1.1" 200 1 "-" "WordPress/7.0; https://reggio-emilia.elettroservicegroup.it"
79.55.54.157 - - [06/Jun/2026:17:24:39 +0200] "POST /wp-admin/admin-ajax.php HTTP/2.0" 400 5 "https://reggio-emilia.elettroservicegroup.it/" "Mozilla/5.0 (Windows NT 10.0; Win64; x64) AppleWebKit/537.36 (KHTML, like Gecko) Chrome/148.0.0.0 Safari/537.36"
79.55.54.157 - - [06/Jun/2026:17:25:44 +0200] "POST /wp-admin/admin-ajax.php HTTP/2.0" 421 362 "https://reggio-emilia.elettroservicegroup.it/" "Mozilla/5.0 (Windows NT 10.0; Win64; x64) AppleWebKit/537.36 (KHTML, like Gecko) Chrome/148.0.0.0 Safari/537.36"
65.108.235.243 - - [06/Jun/2026:17:25:51 +0200] "POST /wp-cron.php?doing_wp_cron=1780759551.8678560256958007812500 HTTP/1.1" 200 1 "-" "WordPress/7.0; https://reggio-emilia.elettroservicegroup.it"
79.55.54.157 - - [06/Jun/2026:17:25:45 +0200] "POST /wp-admin/admin-ajax.php HTTP/2.0" 400 5 "https://reggio-emilia.elettroservicegroup.it/" "Mozilla/5.0 (Windows NT 10.0; Win64; x64) AppleWebKit/537.36 (KHTML, like Gecko) Chrome/148.0.0.0 Safari/537.36"
65.108.235.243 - - [06/Jun/2026:17:25:52 +0200] "GET /assistenza-lavastoviglie-rex-electrolux-correggio/ HTTP/1.1" 200 24639 "-" "WP Fastest Cache Preload Bot"
65.108.235.243 - - [06/Jun/2026:17:25:53 +0200] "GET /assistenza-lavastoviglie-rex-electrolux-reggio-emilia/ HTTP/1.1" 200 24637 "-" "WP Fastest Cache Preload Bot"
65.108.235.243 - - [06/Jun/2026:17:25:53 +0200] "GET /assistenza-lavastoviglie-indesit-rubiera/ HTTP/1.1" 200 24679 "-" "WP Fastest Cache Preload Bot"
65.108.235.243 - - [06/Jun/2026:17:25:54 +0200] "GET /assistenza-lavastoviglie-indesit-scandiano/ HTTP/1.1" 200 24688 "-" "WP Fastest Cache Preload Bot"
79.55.54.157 - - [06/Jun/2026:17:26:52 +0200] "POST /wp-admin/admin-ajax.php HTTP/2.0" 421 362 "https://reggio-emilia.elettroservicegroup.it/" "Mozilla/5.0 (Windows NT 10.0; Win64; x64) AppleWebKit/537.36 (KHTML, like Gecko) Chrome/148.0.0.0 Safari/537.36"
65.108.235.243 - - [06/Jun/2026:17:26:56 +0200] "POST /wp-cron.php?doing_wp_cron=1780759616.3740079402923583984375 HTTP/1.1" 200 1 "-" "WordPress/7.0; https://reggio-emilia.elettroservicegroup.it"
79.55.54.157 - - [06/Jun/2026:17:26:53 +0200] "POST /wp-admin/admin-ajax.php HTTP/2.0" 400 5 "https://reggio-emilia.elettroservicegroup.it/" "Mozilla/5.0 (Windows NT 10.0; Win64; x64) AppleWebKit/537.36 (KHTML, like Gecko) Chrome/148.0.0.0 Safari/537.36"
79.55.54.157 - - [06/Jun/2026:17:27:57 +0200] "POST /wp-admin/admin-ajax.php HTTP/2.0" 421 362 "https://reggio-emilia.elettroservicegroup.it/" "Mozilla/5.0 (Windows NT 10.0; Win64; x64) AppleWebKit/537.36 (KHTML, like Gecko) Chrome/148.0.0.0 Safari/537.36"
65.108.235.243 - - [06/Jun/2026:17:28:07 +0200] "POST /wp-cron.php?doing_wp_cron=1780759687.1573419570922851562500 HTTP/1.1" 200 1 "-" "WordPress/7.0; https://reggio-emilia.elettroservicegroup.it"
79.55.54.157 - - [06/Jun/2026:17:27:58 +0200] "POST /wp-admin/admin-ajax.php HTTP/2.0" 400 5 "https://reggio-emilia.elettroservicegroup.it/" "Mozilla/5.0 (Windows NT 10.0; Win64; x64) AppleWebKit/537.36 (KHTML, like Gecko) Chrome/148.0.0.0 Safari/537.36"
79.55.54.157 - - [06/Jun/2026:17:29:07 +0200] "POST /wp-admin/admin-ajax.php HTTP/2.0" 421 362 "https://reggio-emilia.elettroservicegroup.it/" "Mozilla/5.0 (Windows NT 10.0; Win64; x64) AppleWebKit/537.36 (KHTML, like Gecko) Chrome/148.0.0.0 Safari/537.36"
65.108.235.243 - - [06/Jun/2026:17:29:14 +0200] "POST /wp-cron.php?doing_wp_cron=1780759754.7695369720458984375000 HTTP/1.1" 200 1 "-" "WordPress/7.0; https://reggio-emilia.elettroservicegroup.it"
79.55.54.157 - - [06/Jun/2026:17:29:07 +0200] "POST /wp-admin/admin-ajax.php HTTP/2.0" 400 5 "https://reggio-emilia.elettroservicegroup.it/" "Mozilla/5.0 (Windows NT 10.0; Win64; x64) AppleWebKit/537.36 (KHTML, like Gecko) Chrome/148.0.0.0 Safari/537.36"
79.55.54.157 - - [06/Jun/2026:17:30:14 +0200] "POST /wp-admin/admin-ajax.php HTTP/2.0" 421 362 "https://reggio-emilia.elettroservicegroup.it/" "Mozilla/5.0 (Windows NT 10.0; Win64; x64) AppleWebKit/537.36 (KHTML, like Gecko) Chrome/148.0.0.0 Safari/537.36"
65.108.235.243 - - [06/Jun/2026:17:30:20 +0200] "POST /wp-cron.php?doing_wp_cron=1780759820.5638840198516845703125 HTTP/1.1" 200 1 "-" "WordPress/7.0; https://reggio-emilia.elettroservicegroup.it"
79.55.54.157 - - [06/Jun/2026:17:30:15 +0200] "POST /wp-admin/admin-ajax.php HTTP/2.0" 400 5 "https://reggio-emilia.elettroservicegroup.it/" "Mozilla/5.0 (Windows NT 10.0; Win64; x64) AppleWebKit/537.36 (KHTML, like Gecko) Chrome/148.0.0.0 Safari/537.36"
79.55.54.157 - - [06/Jun/2026:17:31:20 +0200] "POST /wp-admin/admin-ajax.php HTTP/2.0" 421 362 "https://reggio-emilia.elettroservicegroup.it/" "Mozilla/5.0 (Windows NT 10.0; Win64; x64) AppleWebKit/537.36 (KHTML, like Gecko) Chrome/148.0.0.0 Safari/537.36"
65.108.235.243 - - [06/Jun/2026:17:31:29 +0200] "POST /wp-cron.php?doing_wp_cron=1780759889.3628880977630615234375 HTTP/1.1" 200 1 "-" "WordPress/7.0; https://reggio-emilia.elettroservicegroup.it"
79.55.54.157 - - [06/Jun/2026:17:31:20 +0200] "POST /wp-admin/admin-ajax.php HTTP/2.0" 400 5 "https://reggio-emilia.elettroservicegroup.it/" "Mozilla/5.0 (Windows NT 10.0; Win64; x64) AppleWebKit/537.36 (KHTML, like Gecko) Chrome/148.0.0.0 Safari/537.36"
65.108.235.243 - - [06/Jun/2026:17:31:30 +0200] "GET /assistenza-lavastoviglie-indesit-santilario-denza/ HTTP/1.1" 200 24775 "-" "WP Fastest Cache Preload Bot"
65.108.235.243 - - [06/Jun/2026:17:31:30 +0200] "GET /assistenza-lavastoviglie-indesit-guastalla/ HTTP/1.1" 200 24682 "-" "WP Fastest Cache Preload Bot"
65.108.235.243 - - [06/Jun/2026:17:31:31 +0200] "GET /assistenza-lavastoviglie-indesit-correggio/ HTTP/1.1" 200 24687 "-" "WP Fastest Cache Preload Bot"
65.108.235.243 - - [06/Jun/2026:17:31:32 +0200] "GET /assistenza-lavastoviglie-indesit-reggio-emilia/ HTTP/1.1" 200 24680 "-" "WP Fastest Cache Preload Bot"
114.119.137.153 - - [06/Jun/2026:17:31:51 +0200] "GET /webp-net-resizeimage-1-png/ HTTP/1.1" 404 17796 "https://reggio-emilia.elettroservicegroup.it/webp-net-resizeimage-1-png/" "Mozilla/5.0 (Linux; Android 7.0;) AppleWebKit/537.36 (HTML, like Gecko) Mobile Safari/537.36 (compatible; PetalBot;+https://webmaster.petalsearch.com/site/petalbot)"
79.55.54.157 - - [06/Jun/2026:17:32:29 +0200] "POST /wp-admin/admin-ajax.php HTTP/2.0" 421 362 "https://reggio-emilia.elettroservicegroup.it/" "Mozilla/5.0 (Windows NT 10.0; Win64; x64) AppleWebKit/537.36 (KHTML, like Gecko) Chrome/148.0.0.0 Safari/537.36"
65.108.235.243 - - [06/Jun/2026:17:32:34 +0200] "POST /wp-cron.php?doing_wp_cron=1780759954.9545660018920898437500 HTTP/1.1" 200 1 "-" "WordPress/7.0; https://reggio-emilia.elettroservicegroup.it"
79.55.54.157 - - [06/Jun/2026:17:32:29 +0200] "POST /wp-admin/admin-ajax.php HTTP/2.0" 400 5 "https://reggio-emilia.elettroservicegroup.it/" "Mozilla/5.0 (Windows NT 10.0; Win64; x64) AppleWebKit/537.36 (KHTML, like Gecko) Chrome/148.0.0.0 Safari/537.36"
65.108.235.243 - - [06/Jun/2026:17:33:24 +0200] "POST /wp-cron.php?doing_wp_cron=1780760004.4575600624084472656250 HTTP/1.1" 200 1 "-" "WordPress/7.0; https://reggio-emilia.elettroservicegroup.it"
114.119.137.153 - - [06/Jun/2026:17:33:14 +0200] "GET /warum-ist-lucky-elf-casino-ein-serioser-anbieter-fur-echtes-gaming/ HTTP/1.1" 404 17834 "https://reggio-emilia.elettroservicegroup.it/" "Mozilla/5.0 (Linux; Android 7.0;) AppleWebKit/537.36 (HTML, like Gecko) Mobile Safari/537.36 (compatible; PetalBot;+https://webmaster.petalsearch.com/site/petalbot)"
79.55.54.157 - - [06/Jun/2026:17:33:35 +0200] "POST /wp-admin/admin-ajax.php HTTP/2.0" 421 362 "https://reggio-emilia.elettroservicegroup.it/" "Mozilla/5.0 (Windows NT 10.0; Win64; x64) AppleWebKit/537.36 (KHTML, like Gecko) Chrome/148.0.0.0 Safari/537.36"
79.55.54.157 - - [06/Jun/2026:17:33:36 +0200] "POST /wp-admin/admin-ajax.php HTTP/2.0" 400 5 "https://reggio-emilia.elettroservicegroup.it/" "Mozilla/5.0 (Windows NT 10.0; Win64; x64) AppleWebKit/537.36 (KHTML, like Gecko) Chrome/148.0.0.0 Safari/537.36"
79.55.54.157 - - [06/Jun/2026:17:34:36 +0200] "POST /wp-admin/admin-ajax.php HTTP/2.0" 421 362 "https://reggio-emilia.elettroservicegroup.it/" "Mozilla/5.0 (Windows NT 10.0; Win64; x64) AppleWebKit/537.36 (KHTML, like Gecko) Chrome/148.0.0.0 Safari/537.36"
65.108.235.243 - - [06/Jun/2026:17:34:46 +0200] "POST /wp-cron.php?doing_wp_cron=1780760086.0667719841003417968750 HTTP/1.1" 200 1 "-" "WordPress/7.0; https://reggio-emilia.elettroservicegroup.it"
79.55.54.157 - - [06/Jun/2026:17:34:37 +0200] "POST /wp-admin/admin-ajax.php HTTP/2.0" 400 5 "https://reggio-emilia.elettroservicegroup.it/" "Mozilla/5.0 (Windows NT 10.0; Win64; x64) AppleWebKit/537.36 (KHTML, like Gecko) Chrome/148.0.0.0 Safari/537.36"
114.119.132.207 - - [06/Jun/2026:17:34:39 +0200] "GET /warum-ist-der-nv-casino-bonus-auch-fur-anfanger-interessant/ HTTP/1.1" 404 17835 "https://reggio-emilia.elettroservicegroup.it/" "Mozilla/5.0 (Linux; Android 7.0;) AppleWebKit/537.36 (HTML, like Gecko) Mobile Safari/537.36 (compatible; PetalBot;+https://webmaster.petalsearch.com/site/petalbot)"
79.55.54.157 - - [06/Jun/2026:17:35:46 +0200] "POST /wp-admin/admin-ajax.php HTTP/2.0" 421 362 "https://reggio-emilia.elettroservicegroup.it/" "Mozilla/5.0 (Windows NT 10.0; Win64; x64) AppleWebKit/537.36 (KHTML, like Gecko) Chrome/148.0.0.0 Safari/537.36"
65.108.235.243 - - [06/Jun/2026:17:35:53 +0200] "POST /wp-cron.php?doing_wp_cron=1780760153.6139490604400634765625 HTTP/1.1" 200 1 "-" "WordPress/7.0; https://reggio-emilia.elettroservicegroup.it"
79.55.54.157 - - [06/Jun/2026:17:35:47 +0200] "POST /wp-admin/admin-ajax.php HTTP/2.0" 400 5 "https://reggio-emilia.elettroservicegroup.it/" "Mozilla/5.0 (Windows NT 10.0; Win64; x64) AppleWebKit/537.36 (KHTML, like Gecko) Chrome/148.0.0.0 Safari/537.36"
65.108.235.243 - - [06/Jun/2026:17:35:54 +0200] "GET /assistenza-lavastoviglie-bosch-rubiera/ HTTP/1.1" 200 24681 "-" "WP Fastest Cache Preload Bot"
65.108.235.243 - - [06/Jun/2026:17:35:55 +0200] "GET /assistenza-lavastoviglie-bosch-scandiano/ HTTP/1.1" 200 24689 "-" "WP Fastest Cache Preload Bot"
65.108.235.243 - - [06/Jun/2026:17:35:56 +0200] "GET /assistenza-lavastoviglie-bosch-santilario-denza/ HTTP/1.1" 200 24769 "-" "WP Fastest Cache Preload Bot"
65.108.235.243 - - [06/Jun/2026:17:35:57 +0200] "GET /assistenza-lavastoviglie-bosch-guastalla/ HTTP/1.1" 200 24685 "-" "WP Fastest Cache Preload Bot"
114.119.138.37 - - [06/Jun/2026:17:36:02 +0200] "GET /tecnico-elettrodomestici-jpg-2 HTTP/1.1" 301 1 "https://reggio-emilia.elettroservicegroup.it/tecnico-elettrodomestici-jpg-2" "Mozilla/5.0 (Linux; Android 7.0;) AppleWebKit/537.36 (HTML, like Gecko) Mobile Safari/537.36 (compatible; PetalBot;+https://webmaster.petalsearch.com/site/petalbot)"
114.119.138.37 - - [06/Jun/2026:17:36:04 +0200] "GET /tecnico-elettrodomestici-jpg-2/ HTTP/1.1" 200 18934 "https://reggio-emilia.elettroservicegroup.it/tecnico-elettrodomestici-jpg-2" "Mozilla/5.0 (Linux; Android 7.0;) AppleWebKit/537.36 (HTML, like Gecko) Mobile Safari/537.36 (compatible; PetalBot;+https://webmaster.petalsearch.com/site/petalbot)"
79.55.54.157 - - [06/Jun/2026:17:36:53 +0200] "POST /wp-admin/admin-ajax.php HTTP/2.0" 421 362 "https://reggio-emilia.elettroservicegroup.it/" "Mozilla/5.0 (Windows NT 10.0; Win64; x64) AppleWebKit/537.36 (KHTML, like Gecko) Chrome/148.0.0.0 Safari/537.36"
65.108.235.243 - - [06/Jun/2026:17:37:00 +0200] "POST /wp-cron.php?doing_wp_cron=1780760220.0773611068725585937500 HTTP/1.1" 200 1 "-" "WordPress/7.0; https://reggio-emilia.elettroservicegroup.it"
79.55.54.157 - - [06/Jun/2026:17:36:54 +0200] "POST /wp-admin/admin-ajax.php HTTP/2.0" 400 5 "https://reggio-emilia.elettroservicegroup.it/" "Mozilla/5.0 (Windows NT 10.0; Win64; x64) AppleWebKit/537.36 (KHTML, like Gecko) Chrome/148.0.0.0 Safari/537.36"
65.108.235.243 - - [06/Jun/2026:17:37:25 +0200] "POST /wp-cron.php?doing_wp_cron=1780760245.5693700313568115234375 HTTP/1.1" 200 1 "-" "WordPress/7.0; https://reggio-emilia.elettroservicegroup.it"
114.119.138.37 - - [06/Jun/2026:17:37:25 +0200] "GET /marchi-uniti-2/ HTTP/1.1" 404 17789 "https://reggio-emilia.elettroservicegroup.it/marchi-uniti-2/" "Mozilla/5.0 (Linux; Android 7.0;) AppleWebKit/537.36 (HTML, like Gecko) Mobile Safari/537.36 (compatible; PetalBot;+https://webmaster.petalsearch.com/site/petalbot)"
79.55.54.157 - - [06/Jun/2026:17:38:00 +0200] "POST /wp-admin/admin-ajax.php HTTP/2.0" 421 362 "https://reggio-emilia.elettroservicegroup.it/" "Mozilla/5.0 (Windows NT 10.0; Win64; x64) AppleWebKit/537.36 (KHTML, like Gecko) Chrome/148.0.0.0 Safari/537.36"
79.55.54.157 - - [06/Jun/2026:17:38:01 +0200] "POST /wp-admin/admin-ajax.php HTTP/2.0" 400 - "https://reggio-emilia.elettroservicegroup.it/" "Mozilla/5.0 (Windows NT 10.0; Win64; x64) AppleWebKit/537.36 (KHTML, like Gecko) Chrome/148.0.0.0 Safari/537.36"
65.108.235.243 - - [06/Jun/2026:17:38:53 +0200] "POST /wp-cron.php?doing_wp_cron=1780760333.0536789894104003906250 HTTP/1.1" 200 1 "-" "WordPress/7.0; https://reggio-emilia.elettroservicegroup.it"
114.119.141.228 - - [06/Jun/2026:17:38:49 +0200] "GET /ignis-png/ HTTP/1.1" 404 17785 "https://reggio-emilia.elettroservicegroup.it/ignis-png/" "Mozilla/5.0 (Linux; Android 7.0;) AppleWebKit/537.36 (HTML, like Gecko) Mobile Safari/537.36 (compatible; PetalBot;+https://webmaster.petalsearch.com/site/petalbot)"
65.108.235.243 - - [06/Jun/2026:18:08:08 +0200] "POST /wp-cron.php?doing_wp_cron=1780762088.6770999431610107421875 HTTP/1.1" 200 1 "-" "WordPress/7.0; https://reggio-emilia.elettroservicegroup.it"
17.246.23.216 - - [06/Jun/2026:18:08:07 +0200] "GET /robots.txt HTTP/2.0" 200 134 "-" "Mozilla/5.0 (Macintosh; Intel Mac OS X 10_15_7) AppleWebKit/605.1.15 (KHTML, like Gecko) Version/17.4 Safari/605.1.15 (Applebot/0.1; +http://www.apple.com/go/applebot)"
17.246.23.216 - - [06/Jun/2026:18:08:08 +0200] "GET /feed/?attachment_id=14203 HTTP/2.0" 200 489 "-" "Mozilla/5.0 (Macintosh; Intel Mac OS X 10_15_7) AppleWebKit/605.1.15 (KHTML, like Gecko) Version/17.4 Safari/605.1.15 (Applebot/0.1; +http://www.apple.com/go/applebot)"
65.108.235.243 - - [06/Jun/2026:18:08:09 +0200] "GET /assistenza-lavastoviglie-bosch-correggio/ HTTP/1.1" 200 24683 "-" "WP Fastest Cache Preload Bot"
65.108.235.243 - - [06/Jun/2026:18:08:09 +0200] "GET /assistenza-lavastoviglie-bosch-reggio-emilia/ HTTP/1.1" 200 24680 "-" "WP Fastest Cache Preload Bot"
65.108.235.243 - - [06/Jun/2026:18:08:10 +0200] "GET /assistenza-lavastoviglie-ariston-rubiera/ HTTP/1.1" 200 24709 "-" "WP Fastest Cache Preload Bot"
65.108.235.243 - - [06/Jun/2026:18:08:10 +0200] "GET /assistenza-lavastoviglie-ariston-scandiano/ HTTP/1.1" 200 24706 "-" "WP Fastest Cache Preload Bot"
65.108.235.243 - - [06/Jun/2026:18:15:42 +0200] "POST /wp-cron.php?doing_wp_cron=1780762542.1416249275207519531250 HTTP/1.1" 200 1 "-" "WordPress/7.0; https://reggio-emilia.elettroservicegroup.it"
52.80.199.93 - - [06/Jun/2026:18:15:40 +0200] "GET /assistenza-lavatrici-scandiano/ HTTP/2.0" 200 25546 "-" "Mozilla/5.0 (Linux; Android 6.0; Nexus 5 Build/MRA58N) AppleWebKit/537.36 (KHTML, like Gecko) Chrome/43.0.3345.1422 Mobile Safari/537.36"
65.108.235.243 - - [06/Jun/2026:18:15:42 +0200] "GET /assistenza-lavastoviglie-ariston-santilario-denza/ HTTP/1.1" 200 24795 "-" "WP Fastest Cache Preload Bot"
52.80.199.93 - - [06/Jun/2026:18:15:43 +0200] "GET /wp-content/plugins/header-footer-elementor/inc/widgets-css/frontend.css?ver=2.8.8 HTTP/2.0" 200 8711 "https://reggio-emilia.elettroservicegroup.it/assistenza-lavatrici-scandiano/" "Mozilla/5.0 (Linux; Android 6.0; Nexus 5 Build/MRA58N) AppleWebKit/537.36 (KHTML, like Gecko) Chrome/43.0.3345.1422 Mobile Safari/537.36"
52.80.199.93 - - [06/Jun/2026:18:15:43 +0200] "GET /wp-content/plugins/all-in-one-seo-pack/dist/Lite/assets/css/table-of-contents/global.e90f6d47.css?ver=4.9.7.2 HTTP/2.0" 200 420 "https://reggio-emilia.elettroservicegroup.it/assistenza-lavatrici-scandiano/" "Mozilla/5.0 (Linux; Android 6.0; Nexus 5 Build/MRA58N) AppleWebKit/537.36 (KHTML, like Gecko) Chrome/43.0.3345.1422 Mobile Safari/537.36"
52.80.199.93 - - [06/Jun/2026:18:15:43 +0200] "GET /wp-content/plugins/complianz-gdpr-premium/assets/css/cookieblocker.min.css?ver=1780326507 HTTP/2.0" 200 615 "https://reggio-emilia.elettroservicegroup.it/assistenza-lavatrici-scandiano/" "Mozilla/5.0 (Linux; Android 6.0; Nexus 5 Build/MRA58N) AppleWebKit/537.36 (KHTML, like Gecko) Chrome/43.0.3345.1422 Mobile Safari/537.36"
65.108.235.243 - - [06/Jun/2026:18:15:42 +0200] "GET /assistenza-lavastoviglie-ariston-guastalla/ HTTP/1.1" 200 24711 "-" "WP Fastest Cache Preload Bot"
65.108.235.243 - - [06/Jun/2026:18:15:43 +0200] "GET /assistenza-lavastoviglie-ariston-correggio/ HTTP/1.1" 200 24696 "-" "WP Fastest Cache Preload Bot"
52.80.199.93 - - [06/Jun/2026:18:15:43 +0200] "GET /wp-content/plugins/header-footer-elementor/assets/css/header-footer-elementor.css?ver=2.8.8 HTTP/2.0" 200 260 "https://reggio-emilia.elettroservicegroup.it/assistenza-lavatrici-scandiano/" "Mozilla/5.0 (Linux; Android 6.0; Nexus 5 Build/MRA58N) AppleWebKit/537.36 (KHTML, like Gecko) Chrome/43.0.3345.1422 Mobile Safari/537.36"
52.80.199.93 - - [06/Jun/2026:18:15:43 +0200] "GET /wp-content/plugins/elementor/assets/css/frontend.min.css?ver=4.1.1 HTTP/2.0" 200 6618 "https://reggio-emilia.elettroservicegroup.it/assistenza-lavatrici-scandiano/" "Mozilla/5.0 (Linux; Android 6.0; Nexus 5 Build/MRA58N) AppleWebKit/537.36 (KHTML, like Gecko) Chrome/43.0.3345.1422 Mobile Safari/537.36"
52.80.199.93 - - [06/Jun/2026:18:15:43 +0200] "GET /wp-content/plugins/elementor/assets/css/widget-spacer.min.css?ver=4.1.1 HTTP/2.0" 200 287 "https://reggio-emilia.elettroservicegroup.it/assistenza-lavatrici-scandiano/" "Mozilla/5.0 (Linux; Android 6.0; Nexus 5 Build/MRA58N) AppleWebKit/537.36 (KHTML, like Gecko) Chrome/43.0.3345.1422 Mobile Safari/537.36"
52.80.199.93 - - [06/Jun/2026:18:15:43 +0200] "GET /wp-content/plugins/elementor/assets/css/widget-heading.min.css?ver=4.1.1 HTTP/2.0" 200 127 "https://reggio-emilia.elettroservicegroup.it/assistenza-lavatrici-scandiano/" "Mozilla/5.0 (Linux; Android 6.0; Nexus 5 Build/MRA58N) AppleWebKit/537.36 (KHTML, like Gecko) Chrome/43.0.3345.1422 Mobile Safari/537.36"
52.80.199.93 - - [06/Jun/2026:18:15:43 +0200] "GET /wp-content/plugins/elementor/assets/lib/animations/styles/zoomIn.min.css?ver=4.1.1 HTTP/2.0" 200 87 "https://reggio-emilia.elettroservicegroup.it/assistenza-lavatrici-scandiano/" "Mozilla/5.0 (Linux; Android 6.0; Nexus 5 Build/MRA58N) AppleWebKit/537.36 (KHTML, like Gecko) Chrome/43.0.3345.1422 Mobile Safari/537.36"
52.80.199.93 - - [06/Jun/2026:18:15:43 +0200] "GET /wp-content/uploads/elementor/css/post-14146.css?ver=1780586498 HTTP/2.0" 200 428 "https://reggio-emilia.elettroservicegroup.it/assistenza-lavatrici-scandiano/" "Mozilla/5.0 (Linux; Android 6.0; Nexus 5 Build/MRA58N) AppleWebKit/537.36 (KHTML, like Gecko) Chrome/43.0.3345.1422 Mobile Safari/537.36"
52.80.199.93 - - [06/Jun/2026:18:15:43 +0200] "GET /wp-content/plugins/elementor/assets/css/widget-image.min.css?ver=4.1.1 HTTP/2.0" 200 96 "https://reggio-emilia.elettroservicegroup.it/assistenza-lavatrici-scandiano/" "Mozilla/5.0 (Linux; Android 6.0; Nexus 5 Build/MRA58N) AppleWebKit/537.36 (KHTML, like Gecko) Chrome/43.0.3345.1422 Mobile Safari/537.36"
52.80.199.93 - - [06/Jun/2026:18:15:43 +0200] "GET /wp-content/plugins/elementor/assets/lib/animations/styles/bounceIn.min.css?ver=4.1.1 HTTP/2.0" 200 186 "https://reggio-emilia.elettroservicegroup.it/assistenza-lavatrici-scandiano/" "Mozilla/5.0 (Linux; Android 6.0; Nexus 5 Build/MRA58N) AppleWebKit/537.36 (KHTML, like Gecko) Chrome/43.0.3345.1422 Mobile Safari/537.36"
52.80.199.93 - - [06/Jun/2026:18:15:43 +0200] "GET /wp-content/plugins/elementor/assets/lib/font-awesome/css/v4-shims.min.css?ver=4.1.1 HTTP/2.0" 200 3986 "https://reggio-emilia.elettroservicegroup.it/assistenza-lavatrici-scandiano/" "Mozilla/5.0 (Linux; Android 6.0; Nexus 5 Build/MRA58N) AppleWebKit/537.36 (KHTML, like Gecko) Chrome/43.0.3345.1422 Mobile Safari/537.36"
52.80.199.93 - - [06/Jun/2026:18:15:43 +0200] "GET /wp-content/plugins/elementor/assets/lib/font-awesome/css/all.min.css?ver=4.1.1 HTTP/2.0" 200 12402 "https://reggio-emilia.elettroservicegroup.it/assistenza-lavatrici-scandiano/" "Mozilla/5.0 (Linux; Android 6.0; Nexus 5 Build/MRA58N) AppleWebKit/537.36 (KHTML, like Gecko) Chrome/43.0.3345.1422 Mobile Safari/537.36"
65.108.235.243 - - [06/Jun/2026:18:15:43 +0200] "GET /assistenza-lavastoviglie-ariston-reggio-emilia/ HTTP/1.1" 200 24720 "-" "WP Fastest Cache Preload Bot"
52.80.199.93 - - [06/Jun/2026:18:15:44 +0200] "GET /wp-content/uploads/elementor/css/post-14366.css?ver=1780586500 HTTP/2.0" 200 302 "https://reggio-emilia.elettroservicegroup.it/assistenza-lavatrici-scandiano/" "Mozilla/5.0 (Linux; Android 6.0; Nexus 5 Build/MRA58N) AppleWebKit/537.36 (KHTML, like Gecko) Chrome/43.0.3345.1422 Mobile Safari/537.36"
52.80.199.93 - - [06/Jun/2026:18:15:44 +0200] "GET /wp-content/plugins/elementor/assets/lib/font-awesome/css/brands.css?ver=5.15.3 HTTP/2.0" 200 298 "https://reggio-emilia.elettroservicegroup.it/assistenza-lavatrici-scandiano/" "Mozilla/5.0 (Linux; Android 6.0; Nexus 5 Build/MRA58N) AppleWebKit/537.36 (KHTML, like Gecko) Chrome/43.0.3345.1422 Mobile Safari/537.36"
52.80.199.93 - - [06/Jun/2026:18:15:44 +0200] "GET /wp-content/plugins/gp-premium/menu-plus/functions/css/navigation-branding-flex.min.css?ver=2.5.5 HTTP/2.0" 200 542 "https://reggio-emilia.elettroservicegroup.it/assistenza-lavatrici-scandiano/" "Mozilla/5.0 (Linux; Android 6.0; Nexus 5 Build/MRA58N) AppleWebKit/537.36 (KHTML, like Gecko) Chrome/43.0.3345.1422 Mobile Safari/537.36"
52.80.199.93 - - [06/Jun/2026:18:15:44 +0200] "GET /wp-content/plugins/elementor/assets/lib/font-awesome/css/solid.css?ver=5.15.3 HTTP/2.0" 200 299 "https://reggio-emilia.elettroservicegroup.it/assistenza-lavatrici-scandiano/" "Mozilla/5.0 (Linux; Android 6.0; Nexus 5 Build/MRA58N) AppleWebKit/537.36 (KHTML, like Gecko) Chrome/43.0.3345.1422 Mobile Safari/537.36"
52.80.199.93 - - [06/Jun/2026:18:15:44 +0200] "GET /wp-content/plugins/elementor/assets/css/widget-social-icons.min.css?ver=3.24.0 HTTP/2.0" 200 1039 "https://reggio-emilia.elettroservicegroup.it/assistenza-lavatrici-scandiano/" "Mozilla/5.0 (Linux; Android 6.0; Nexus 5 Build/MRA58N) AppleWebKit/537.36 (KHTML, like Gecko) Chrome/43.0.3345.1422 Mobile Safari/537.36"
52.80.199.93 - - [06/Jun/2026:18:15:44 +0200] "GET /wp-content/plugins/elementor/assets/css/widget-icon-list.min.css?ver=3.24.3 HTTP/2.0" 200 928 "https://reggio-emilia.elettroservicegroup.it/assistenza-lavatrici-scandiano/" "Mozilla/5.0 (Linux; Android 6.0; Nexus 5 Build/MRA58N) AppleWebKit/537.36 (KHTML, like Gecko) Chrome/43.0.3345.1422 Mobile Safari/537.36"
