52.80.199.93 - - [06/Jun/2026:18:15:44 +0200] "GET /wp-content/plugins/elementor/assets/lib/eicons/css/elementor-icons.min.css?ver=5.34.0 HTTP/2.0" 200 4115 "https://reggio-emilia.elettroservicegroup.it/assistenza-lavatrici-scandiano/" "Mozilla/5.0 (Linux; Android 6.0; Nexus 5 Build/MRA58N) AppleWebKit/537.36 (KHTML, like Gecko) Chrome/43.0.3345.1422 Mobile Safari/537.36"
52.80.199.93 - - [06/Jun/2026:18:15:44 +0200] "GET /wp-content/uploads/elementor/google-fonts/css/robotoslab.css?ver=1742255003 HTTP/2.0" 200 721 "https://reggio-emilia.elettroservicegroup.it/assistenza-lavatrici-scandiano/" "Mozilla/5.0 (Linux; Android 6.0; Nexus 5 Build/MRA58N) AppleWebKit/537.36 (KHTML, like Gecko) Chrome/43.0.3345.1422 Mobile Safari/537.36"
52.80.199.93 - - [06/Jun/2026:18:15:44 +0200] "GET /wp-content/uploads/elementor/css/post-17770.css?ver=1780608273 HTTP/2.0" 200 2243 "https://reggio-emilia.elettroservicegroup.it/assistenza-lavatrici-scandiano/" "Mozilla/5.0 (Linux; Android 6.0; Nexus 5 Build/MRA58N) AppleWebKit/537.36 (KHTML, like Gecko) Chrome/43.0.3345.1422 Mobile Safari/537.36"
52.80.199.93 - - [06/Jun/2026:18:15:44 +0200] "GET /wp-content/themes/generatepress/assets/css/main.min.css?ver=3.6.1 HTTP/2.0" 200 4410 "https://reggio-emilia.elettroservicegroup.it/assistenza-lavatrici-scandiano/" "Mozilla/5.0 (Linux; Android 6.0; Nexus 5 Build/MRA58N) AppleWebKit/537.36 (KHTML, like Gecko) Chrome/43.0.3345.1422 Mobile Safari/537.36"
52.80.199.93 - - [06/Jun/2026:18:15:44 +0200] "GET /wp-content/plugins/elementor/assets/lib/font-awesome/js/v4-shims.min.js?ver=4.1.1 HTTP/2.0" 200 4043 "https://reggio-emilia.elettroservicegroup.it/assistenza-lavatrici-scandiano/" "Mozilla/5.0 (Linux; Android 6.0; Nexus 5 Build/MRA58N) AppleWebKit/537.36 (KHTML, like Gecko) Chrome/43.0.3345.1422 Mobile Safari/537.36"
52.80.199.93 - - [06/Jun/2026:18:15:44 +0200] "GET /wp-content/uploads/elementor/google-fonts/css/roboto.css?ver=1742255001 HTTP/2.0" 200 1890 "https://reggio-emilia.elettroservicegroup.it/assistenza-lavatrici-scandiano/" "Mozilla/5.0 (Linux; Android 6.0; Nexus 5 Build/MRA58N) AppleWebKit/537.36 (KHTML, like Gecko) Chrome/43.0.3345.1422 Mobile Safari/537.36"
52.80.199.93 - - [06/Jun/2026:18:15:44 +0200] "GET /wp-content/plugins/elementor/assets/lib/font-awesome/css/fontawesome.css?ver=5.15.3 HTTP/2.0" 200 12535 "https://reggio-emilia.elettroservicegroup.it/assistenza-lavatrici-scandiano/" "Mozilla/5.0 (Linux; Android 6.0; Nexus 5 Build/MRA58N) AppleWebKit/537.36 (KHTML, like Gecko) Chrome/43.0.3345.1422 Mobile Safari/537.36"
52.80.199.93 - - [06/Jun/2026:18:15:44 +0200] "GET /wp-includes/js/jquery/jquery.min.js?ver=3.7.1 HTTP/2.0" 200 29769 "https://reggio-emilia.elettroservicegroup.it/assistenza-lavatrici-scandiano/" "Mozilla/5.0 (Linux; Android 6.0; Nexus 5 Build/MRA58N) AppleWebKit/537.36 (KHTML, like Gecko) Chrome/43.0.3345.1422 Mobile Safari/537.36"
52.80.199.93 - - [06/Jun/2026:18:15:44 +0200] "GET /wp-content/uploads/2021/10/cropped-cropped-cropped-logo_white_background.png HTTP/2.0" 206 500 "https://reggio-emilia.elettroservicegroup.it/assistenza-lavatrici-scandiano/" "Mozilla/5.0 (Linux; Android 6.0; Nexus 5 Build/MRA58N) AppleWebKit/537.36 (KHTML, like Gecko) Chrome/43.0.3345.1422 Mobile Safari/537.36"
52.80.199.93 - - [06/Jun/2026:18:15:44 +0200] "GET /wp-includes/js/jquery/jquery-migrate.min.js?ver=3.4.1 HTTP/2.0" 200 4685 "https://reggio-emilia.elettroservicegroup.it/assistenza-lavatrici-scandiano/" "Mozilla/5.0 (Linux; Android 6.0; Nexus 5 Build/MRA58N) AppleWebKit/537.36 (KHTML, like Gecko) Chrome/43.0.3345.1422 Mobile Safari/537.36"
52.80.199.93 - - [06/Jun/2026:18:15:49 +0200] "GET /wp-content/plugins/gp-premium/menu-plus/functions/js/sticky.min.js?ver=2.5.5 HTTP/2.0" 200 2670 "https://reggio-emilia.elettroservicegroup.it/assistenza-lavatrici-scandiano/" "Mozilla/5.0 (Linux; Android 6.0; Nexus 5 Build/MRA58N) AppleWebKit/537.36 (KHTML, like Gecko) Chrome/43.0.3345.1422 Mobile Safari/537.36"
52.80.199.93 - - [06/Jun/2026:18:15:49 +0200] "GET /wp-content/uploads/2021/10/cropped-logo_white_background.png HTTP/2.0" 206 500 "https://reggio-emilia.elettroservicegroup.it/assistenza-lavatrici-scandiano/" "Mozilla/5.0 (Linux; Android 6.0; Nexus 5 Build/MRA58N) AppleWebKit/537.36 (KHTML, like Gecko) Chrome/43.0.3345.1422 Mobile Safari/537.36"
52.80.199.93 - - [06/Jun/2026:18:15:50 +0200] "GET /wp-content/plugins/elementor/assets/js/frontend-modules.min.js?ver=4.1.1 HTTP/2.0" 200 15454 "https://reggio-emilia.elettroservicegroup.it/assistenza-lavatrici-scandiano/" "Mozilla/5.0 (Linux; Android 6.0; Nexus 5 Build/MRA58N) AppleWebKit/537.36 (KHTML, like Gecko) Chrome/43.0.3345.1422 Mobile Safari/537.36"
52.80.199.93 - - [06/Jun/2026:18:15:50 +0200] "GET /wp-content/uploads/2022/01/TECNIC-LAVATRICE-768x432.jpg HTTP/2.0" 206 500 "https://reggio-emilia.elettroservicegroup.it/assistenza-lavatrici-scandiano/" "Mozilla/5.0 (Linux; Android 6.0; Nexus 5 Build/MRA58N) AppleWebKit/537.36 (KHTML, like Gecko) Chrome/43.0.3345.1422 Mobile Safari/537.36"
52.80.199.93 - - [06/Jun/2026:18:15:50 +0200] "GET /wp-content/themes/generatepress/assets/js/back-to-top.min.js?ver=3.6.1 HTTP/2.0" 200 336 "https://reggio-emilia.elettroservicegroup.it/assistenza-lavatrici-scandiano/" "Mozilla/5.0 (Linux; Android 6.0; Nexus 5 Build/MRA58N) AppleWebKit/537.36 (KHTML, like Gecko) Chrome/43.0.3345.1422 Mobile Safari/537.36"
52.80.199.93 - - [06/Jun/2026:18:15:50 +0200] "GET /wp-content/plugins/elementor/assets/js/webpack.runtime.min.js?ver=4.1.1 HTTP/2.0" 200 2340 "https://reggio-emilia.elettroservicegroup.it/assistenza-lavatrici-scandiano/" "Mozilla/5.0 (Linux; Android 6.0; Nexus 5 Build/MRA58N) AppleWebKit/537.36 (KHTML, like Gecko) Chrome/43.0.3345.1422 Mobile Safari/537.36"
52.80.199.93 - - [06/Jun/2026:18:15:50 +0200] "GET /wp-content/themes/generatepress/assets/js/menu.min.js?ver=3.6.1 HTTP/2.0" 200 1688 "https://reggio-emilia.elettroservicegroup.it/assistenza-lavatrici-scandiano/" "Mozilla/5.0 (Linux; Android 6.0; Nexus 5 Build/MRA58N) AppleWebKit/537.36 (KHTML, like Gecko) Chrome/43.0.3345.1422 Mobile Safari/537.36"
52.80.199.93 - - [06/Jun/2026:18:15:50 +0200] "GET /wp-content/plugins/google-analytics-for-wordpress/assets/js/frontend-gtag.min.js?ver=10.2.2 HTTP/2.0" 200 3075 "https://reggio-emilia.elettroservicegroup.it/assistenza-lavatrici-scandiano/" "Mozilla/5.0 (Linux; Android 6.0; Nexus 5 Build/MRA58N) AppleWebKit/537.36 (KHTML, like Gecko) Chrome/43.0.3345.1422 Mobile Safari/537.36"
52.80.199.93 - - [06/Jun/2026:18:15:50 +0200] "GET /wp-includes/js/jquery/ui/core.min.js?ver=1.13.3 HTTP/2.0" 200 6820 "https://reggio-emilia.elettroservicegroup.it/assistenza-lavatrici-scandiano/" "Mozilla/5.0 (Linux; Android 6.0; Nexus 5 Build/MRA58N) AppleWebKit/537.36 (KHTML, like Gecko) Chrome/43.0.3345.1422 Mobile Safari/537.36"
52.80.199.93 - - [06/Jun/2026:18:15:50 +0200] "GET /wp-content/plugins/elementor/assets/js/frontend.min.js?ver=4.1.1 HTTP/2.0" 200 10140 "https://reggio-emilia.elettroservicegroup.it/assistenza-lavatrici-scandiano/" "Mozilla/5.0 (Linux; Android 6.0; Nexus 5 Build/MRA58N) AppleWebKit/537.36 (KHTML, like Gecko) Chrome/43.0.3345.1422 Mobile Safari/537.36"
52.80.199.93 - - [06/Jun/2026:18:15:52 +0200] "GET /wp-content/plugins/complianz-gdpr-premium/cookiebanner/js/complianz.min.js?ver=1780326507 HTTP/2.0" 200 10708 "https://reggio-emilia.elettroservicegroup.it/assistenza-lavatrici-scandiano/" "Mozilla/5.0 (Linux; Android 6.0; Nexus 5 Build/MRA58N) AppleWebKit/537.36 (KHTML, like Gecko) Chrome/43.0.3345.1422 Mobile Safari/537.36"
52.80.199.93 - - [06/Jun/2026:18:15:52 +0200] "GET /wp-content/uploads/2022/01/LAVATRICE-1-300x200.webp HTTP/2.0" 206 500 "https://reggio-emilia.elettroservicegroup.it/assistenza-lavatrici-scandiano/" "Mozilla/5.0 (Linux; Android 6.0; Nexus 5 Build/MRA58N) AppleWebKit/537.36 (KHTML, like Gecko) Chrome/43.0.3345.1422 Mobile Safari/537.36"
52.80.199.93 - - [06/Jun/2026:18:15:52 +0200] "GET /wp-content/uploads/2022/01/RICAMBIO-LAVATRICE-1.jpg HTTP/2.0" 206 500 "https://reggio-emilia.elettroservicegroup.it/assistenza-lavatrici-scandiano/" "Mozilla/5.0 (Linux; Android 6.0; Nexus 5 Build/MRA58N) AppleWebKit/537.36 (KHTML, like Gecko) Chrome/43.0.3345.1422 Mobile Safari/537.36"
52.80.199.93 - - [06/Jun/2026:18:15:55 +0200] "GET /wp-content/plugins/elementor/assets/js/section-frontend-handlers.d85ab872da118940910d.bundle.min.js HTTP/2.0" 200 230 "https://reggio-emilia.elettroservicegroup.it/assistenza-lavatrici-scandiano/" "Mozilla/5.0 (Linux; Android 6.0; Nexus 5 Build/MRA58N) AppleWebKit/537.36 (KHTML, like Gecko) Chrome/43.0.3345.1422 Mobile Safari/537.36"
52.80.199.93 - - [06/Jun/2026:18:15:55 +0200] "GET /wp-content/plugins/elementor/assets/js/text-editor.45609661e409413f1cef.bundle.min.js HTTP/2.0" 200 592 "https://reggio-emilia.elettroservicegroup.it/assistenza-lavatrici-scandiano/" "Mozilla/5.0 (Linux; Android 6.0; Nexus 5 Build/MRA58N) AppleWebKit/537.36 (KHTML, like Gecko) Chrome/43.0.3345.1422 Mobile Safari/537.36"
52.80.199.93 - - [06/Jun/2026:18:15:55 +0200] "GET /wp-content/plugins/elementor/assets/js/shared-frontend-handlers.03caa53373b56d3bab67.bundle.min.js HTTP/2.0" 200 2515 "https://reggio-emilia.elettroservicegroup.it/assistenza-lavatrici-scandiano/" "Mozilla/5.0 (Linux; Android 6.0; Nexus 5 Build/MRA58N) AppleWebKit/537.36 (KHTML, like Gecko) Chrome/43.0.3345.1422 Mobile Safari/537.36"
65.108.235.243 - - [06/Jun/2026:18:15:55 +0200] "POST /wp-cron.php?doing_wp_cron=1780762555.0024020671844482421875 HTTP/1.1" 200 1 "-" "WordPress/7.0; https://reggio-emilia.elettroservicegroup.it"
52.80.199.93 - - [06/Jun/2026:18:15:54 +0200] "GET /wp-json/complianz/v1/banner?lang=it&locale=it_IT&token=rhpnl HTTP/2.0" 200 84 "https://reggio-emilia.elettroservicegroup.it/assistenza-lavatrici-scandiano/" "Mozilla/5.0 (Linux; Android 6.0; Nexus 5 Build/MRA58N) AppleWebKit/537.36 (KHTML, like Gecko) Chrome/43.0.3345.1422 Mobile Safari/537.36"
65.108.235.243 - - [06/Jun/2026:18:15:55 +0200] "GET /assistenza-lavastoviglie-aeg-rubiera/ HTTP/1.1" 200 24697 "-" "WP Fastest Cache Preload Bot"
52.80.199.93 - - [06/Jun/2026:18:15:55 +0200] "GET /wp-content/uploads/complianz/css/banner-1-optin.css?v=511 HTTP/2.0" 200 2622 "https://reggio-emilia.elettroservicegroup.it/assistenza-lavatrici-scandiano/" "Mozilla/5.0 (Linux; Android 6.0; Nexus 5 Build/MRA58N) AppleWebKit/537.36 (KHTML, like Gecko) Chrome/43.0.3345.1422 Mobile Safari/537.36"
52.80.199.93 - - [06/Jun/2026:18:15:55 +0200] "GET /wp-json/complianz/v1/cookie_data HTTP/2.0" 200 82 "https://reggio-emilia.elettroservicegroup.it/assistenza-lavatrici-scandiano/" "Mozilla/5.0 (Linux; Android 6.0; Nexus 5 Build/MRA58N) AppleWebKit/537.36 (KHTML, like Gecko) Chrome/43.0.3345.1422 Mobile Safari/537.36"
65.108.235.243 - - [06/Jun/2026:18:15:55 +0200] "GET /assistenza-lavastoviglie-aeg-scandiano/ HTTP/1.1" 200 24703 "-" "WP Fastest Cache Preload Bot"
65.108.235.243 - - [06/Jun/2026:18:15:55 +0200] "GET /assistenza-lavastoviglie-aeg-santilario-denza/ HTTP/1.1" 200 24787 "-" "WP Fastest Cache Preload Bot"
65.108.235.243 - - [06/Jun/2026:18:15:56 +0200] "GET /assistenza-lavastoviglie-aeg-guastalla/ HTTP/1.1" 200 24822 "-" "WP Fastest Cache Preload Bot"
65.108.235.243 - - [06/Jun/2026:18:36:28 +0200] "POST /wp-cron.php?doing_wp_cron=1780763788.1107909679412841796875 HTTP/1.1" 200 1 "-" "WordPress/7.0; https://reggio-emilia.elettroservicegroup.it"
74.125.151.201 - - [06/Jun/2026:18:36:26 +0200] "GET /copertina-12/ HTTP/1.1" 200 18929 "-" "Mozilla/5.0 (Linux; Android 6.0.1; Nexus 5X Build/MMB29P) AppleWebKit/537.36 (KHTML, like Gecko) Chrome/148.0.7778.96 Mobile Safari/537.36 (compatible; AdsBot-Google-Mobile; +http://www.google.com/mobile/adsbot.html)"
65.108.235.243 - - [06/Jun/2026:18:36:28 +0200] "GET /assistenza-lavastoviglie-aeg-correggio/ HTTP/1.1" 200 24823 "-" "WP Fastest Cache Preload Bot"
74.125.151.201 - - [06/Jun/2026:18:36:29 +0200] "GET /wp-content/themes/generatepress/assets/css/components/comments.min.css?ver=3.6.1 HTTP/1.1" 200 488 "https://reggio-emilia.elettroservicegroup.it/copertina-12/" "AdsBot-Google (+http://www.google.com/adsbot.html)"
65.108.235.243 - - [06/Jun/2026:18:36:28 +0200] "GET /assistenza-lavastoviglie-aeg-reggio-emilia/ HTTP/1.1" 200 24700 "-" "WP Fastest Cache Preload Bot"
74.125.151.201 - - [06/Jun/2026:18:36:29 +0200] "GET /wp-includes/css/dist/block-library/style.min.css?ver=7.0 HTTP/1.1" 200 15998 "https://reggio-emilia.elettroservicegroup.it/copertina-12/" "AdsBot-Google (+http://www.google.com/adsbot.html)"
74.125.151.201 - - [06/Jun/2026:18:36:29 +0200] "GET /wp-includes/js/comment-reply.min.js?ver=7.0 HTTP/1.1" 200 1248 "https://reggio-emilia.elettroservicegroup.it/copertina-12/" "AdsBot-Google (+http://www.google.com/adsbot.html)"
65.108.235.243 - - [06/Jun/2026:18:36:29 +0200] "GET /assistenza-indesit-rubiera/ HTTP/1.1" 200 24726 "-" "WP Fastest Cache Preload Bot"
65.108.235.243 - - [06/Jun/2026:18:36:29 +0200] "GET /assistenza-lavastoviglie-rubiera/ HTTP/1.1" 200 25378 "-" "WP Fastest Cache Preload Bot"
74.125.151.200 - - [06/Jun/2026:18:36:30 +0200] "GET /wp-content/uploads/elementor/google-fonts/fonts/robotoslab-bngmuxzytxpivibgjjsb6ufn5qu.woff2 HTTP/1.1" 200 34328 "https://reggio-emilia.elettroservicegroup.it/wp-content/uploads/elementor/google-fonts/css/robotoslab.css?ver=1742255003" "AdsBot-Google (+http://www.google.com/adsbot.html)"
74.125.151.199 - - [06/Jun/2026:18:36:48 +0200] "GET /wp-content/plugins/elementor/assets/css/conditionals/lightbox.min.css?ver=4.1.1 HTTP/1.1" 200 1760 "https://reggio-emilia.elettroservicegroup.it/copertina-12/" "AdsBot-Google (+http://www.google.com/adsbot.html)"
74.125.151.199 - - [06/Jun/2026:18:36:48 +0200] "GET /wp-content/plugins/elementor/assets/js/397f2d183c19202777d6.bundle.min.js HTTP/1.1" 200 8477 "https://reggio-emilia.elettroservicegroup.it/copertina-12/" "AdsBot-Google (+http://www.google.com/adsbot.html)"
74.125.151.199 - - [06/Jun/2026:18:36:49 +0200] "GET /wp-content/plugins/elementor/assets/lib/swiper/v8/css/swiper.min.css?ver=8.4.5 HTTP/1.1" 200 4251 "https://reggio-emilia.elettroservicegroup.it/copertina-12/" "AdsBot-Google (+http://www.google.com/adsbot.html)"
74.125.151.199 - - [06/Jun/2026:18:36:49 +0200] "GET /wp-content/plugins/elementor/assets/lib/dialog/dialog.min.js?ver=4.9.3 HTTP/1.1" 200 3595 "https://reggio-emilia.elettroservicegroup.it/copertina-12/" "AdsBot-Google (+http://www.google.com/adsbot.html)"
74.125.151.199 - - [06/Jun/2026:18:36:49 +0200] "GET /wp-content/plugins/elementor/assets/css/conditionals/dialog.min.css?ver=4.1.1 HTTP/1.1" 200 1428 "https://reggio-emilia.elettroservicegroup.it/copertina-12/" "AdsBot-Google (+http://www.google.com/adsbot.html)"
74.125.151.199 - - [06/Jun/2026:18:36:50 +0200] "GET /wp-content/plugins/elementor/assets/js/lightbox.570c05c5a283cfb6b223.bundle.min.js HTTP/1.1" 200 9102 "https://reggio-emilia.elettroservicegroup.it/copertina-12/" "AdsBot-Google (+http://www.google.com/adsbot.html)"
74.125.151.199 - - [06/Jun/2026:18:36:50 +0200] "GET /wp-content/plugins/elementor/assets/lib/share-link/share-link.min.js?ver=4.1.1 HTTP/1.1" 200 1077 "https://reggio-emilia.elettroservicegroup.it/copertina-12/" "AdsBot-Google (+http://www.google.com/adsbot.html)"
65.108.235.243 - - [06/Jun/2026:18:47:49 +0200] "POST /wp-cron.php?doing_wp_cron=1780764469.5457210540771484375000 HTTP/1.1" 200 1 "-" "WordPress/7.0; https://reggio-emilia.elettroservicegroup.it"
124.89.195.5 - - [06/Jun/2026:18:47:47 +0200] "GET / HTTP/2.0" 200 25443 "-" "Mozilla/5.0 (Linux; Android 6.0; Nexus 5 Build/MRA58N) AppleWebKit/537.36 (KHTML, like Gecko) Chrome/60.0.2285.1509 Mobile Safari/537.36"
65.108.235.243 - - [06/Jun/2026:18:47:49 +0200] "GET /assistenza-indesit-scandiano/ HTTP/1.1" 200 24759 "-" "WP Fastest Cache Preload Bot"
65.108.235.243 - - [06/Jun/2026:18:47:50 +0200] "GET /assistenza-lavastoviglie-scandiano/ HTTP/1.1" 200 25271 "-" "WP Fastest Cache Preload Bot"
124.89.195.5 - - [06/Jun/2026:18:47:51 +0200] "GET /wp-content/plugins/complianz-gdpr-premium/assets/css/cookieblocker.min.css?ver=1780326507 HTTP/2.0" 200 615 "https://reggio-emilia.elettroservicegroup.it/" "Mozilla/5.0 (Linux; Android 6.0; Nexus 5 Build/MRA58N) AppleWebKit/537.36 (KHTML, like Gecko) Chrome/60.0.2285.1509 Mobile Safari/537.36"
65.108.235.243 - - [06/Jun/2026:18:47:50 +0200] "GET /assistenza-lavastoviglie-santilario-denza/ HTTP/1.1" 200 25348 "-" "WP Fastest Cache Preload Bot"
124.89.195.5 - - [06/Jun/2026:18:47:51 +0200] "GET /wp-content/plugins/elementor/assets/lib/animations/styles/bounceIn.min.css?ver=4.1.1 HTTP/2.0" 200 186 "https://reggio-emilia.elettroservicegroup.it/" "Mozilla/5.0 (Linux; Android 6.0; Nexus 5 Build/MRA58N) AppleWebKit/537.36 (KHTML, like Gecko) Chrome/60.0.2285.1509 Mobile Safari/537.36"
124.89.195.5 - - [06/Jun/2026:18:47:51 +0200] "GET /wp-content/plugins/header-footer-elementor/assets/css/header-footer-elementor.css?ver=2.8.8 HTTP/2.0" 200 260 "https://reggio-emilia.elettroservicegroup.it/" "Mozilla/5.0 (Linux; Android 6.0; Nexus 5 Build/MRA58N) AppleWebKit/537.36 (KHTML, like Gecko) Chrome/60.0.2285.1509 Mobile Safari/537.36"
124.89.195.5 - - [06/Jun/2026:18:47:51 +0200] "GET /wp-content/plugins/elementor/assets/css/widget-heading.min.css?ver=4.1.1 HTTP/2.0" 200 127 "https://reggio-emilia.elettroservicegroup.it/" "Mozilla/5.0 (Linux; Android 6.0; Nexus 5 Build/MRA58N) AppleWebKit/537.36 (KHTML, like Gecko) Chrome/60.0.2285.1509 Mobile Safari/537.36"
124.89.195.5 - - [06/Jun/2026:18:47:51 +0200] "GET /wp-content/plugins/elementor/assets/css/widget-image.min.css?ver=4.1.1 HTTP/2.0" 200 96 "https://reggio-emilia.elettroservicegroup.it/" "Mozilla/5.0 (Linux; Android 6.0; Nexus 5 Build/MRA58N) AppleWebKit/537.36 (KHTML, like Gecko) Chrome/60.0.2285.1509 Mobile Safari/537.36"
124.89.195.5 - - [06/Jun/2026:18:47:51 +0200] "GET /wp-content/uploads/elementor/css/post-14366.css?ver=1780586500 HTTP/2.0" 200 302 "https://reggio-emilia.elettroservicegroup.it/" "Mozilla/5.0 (Linux; Android 6.0; Nexus 5 Build/MRA58N) AppleWebKit/537.36 (KHTML, like Gecko) Chrome/60.0.2285.1509 Mobile Safari/537.36"
124.89.195.5 - - [06/Jun/2026:18:47:51 +0200] "GET /wp-content/uploads/elementor/css/post-14227.css?ver=1780595901 HTTP/2.0" 200 2362 "https://reggio-emilia.elettroservicegroup.it/" "Mozilla/5.0 (Linux; Android 6.0; Nexus 5 Build/MRA58N) AppleWebKit/537.36 (KHTML, like Gecko) Chrome/60.0.2285.1509 Mobile Safari/537.36"
124.89.195.5 - - [06/Jun/2026:18:47:51 +0200] "GET /wp-content/plugins/elementor/assets/css/widget-icon-list.min.css?ver=3.24.3 HTTP/2.0" 200 928 "https://reggio-emilia.elettroservicegroup.it/" "Mozilla/5.0 (Linux; Android 6.0; Nexus 5 Build/MRA58N) AppleWebKit/537.36 (KHTML, like Gecko) Chrome/60.0.2285.1509 Mobile Safari/537.36"
124.89.195.5 - - [06/Jun/2026:18:47:51 +0200] "GET /wp-content/themes/generatepress/assets/css/main.min.css?ver=3.6.1 HTTP/2.0" 200 4410 "https://reggio-emilia.elettroservicegroup.it/" "Mozilla/5.0 (Linux; Android 6.0; Nexus 5 Build/MRA58N) AppleWebKit/537.36 (KHTML, like Gecko) Chrome/60.0.2285.1509 Mobile Safari/537.36"
124.89.195.5 - - [06/Jun/2026:18:47:51 +0200] "GET /wp-content/plugins/elementor/assets/lib/eicons/css/elementor-icons.min.css?ver=5.34.0 HTTP/2.0" 200 4115 "https://reggio-emilia.elettroservicegroup.it/" "Mozilla/5.0 (Linux; Android 6.0; Nexus 5 Build/MRA58N) AppleWebKit/537.36 (KHTML, like Gecko) Chrome/60.0.2285.1509 Mobile Safari/537.36"
124.89.195.5 - - [06/Jun/2026:18:47:51 +0200] "GET /wp-content/plugins/elementor/assets/css/frontend.min.css?ver=4.1.1 HTTP/2.0" 200 6618 "https://reggio-emilia.elettroservicegroup.it/" "Mozilla/5.0 (Linux; Android 6.0; Nexus 5 Build/MRA58N) AppleWebKit/537.36 (KHTML, like Gecko) Chrome/60.0.2285.1509 Mobile Safari/537.36"
124.89.195.5 - - [06/Jun/2026:18:47:51 +0200] "GET /wp-content/plugins/elementor/assets/lib/font-awesome/css/all.min.css?ver=4.1.1 HTTP/2.0" 200 12402 "https://reggio-emilia.elettroservicegroup.it/" "Mozilla/5.0 (Linux; Android 6.0; Nexus 5 Build/MRA58N) AppleWebKit/537.36 (KHTML, like Gecko) Chrome/60.0.2285.1509 Mobile Safari/537.36"
65.108.235.243 - - [06/Jun/2026:18:47:51 +0200] "GET /assistenza-indesit-santilario-denza/ HTTP/1.1" 200 24831 "-" "WP Fastest Cache Preload Bot"
124.89.195.5 - - [06/Jun/2026:18:47:52 +0200] "GET /wp-content/uploads/2021/10/cropped-cropped-cropped-logo_white_background.png HTTP/2.0" 206 500 "https://reggio-emilia.elettroservicegroup.it/" "Mozilla/5.0 (Linux; Android 6.0; Nexus 5 Build/MRA58N) AppleWebKit/537.36 (KHTML, like Gecko) Chrome/60.0.2285.1509 Mobile Safari/537.36"
124.89.195.5 - - [06/Jun/2026:18:47:52 +0200] "GET /wp-content/plugins/elementor/assets/lib/font-awesome/css/brands.css?ver=5.15.3 HTTP/2.0" 200 298 "https://reggio-emilia.elettroservicegroup.it/" "Mozilla/5.0 (Linux; Android 6.0; Nexus 5 Build/MRA58N) AppleWebKit/537.36 (KHTML, like Gecko) Chrome/60.0.2285.1509 Mobile Safari/537.36"
124.89.195.5 - - [06/Jun/2026:18:47:52 +0200] "GET /wp-content/plugins/gp-premium/menu-plus/functions/css/navigation-branding-flex.min.css?ver=2.5.5 HTTP/2.0" 200 542 "https://reggio-emilia.elettroservicegroup.it/" "Mozilla/5.0 (Linux; Android 6.0; Nexus 5 Build/MRA58N) AppleWebKit/537.36 (KHTML, like Gecko) Chrome/60.0.2285.1509 Mobile Safari/537.36"
124.89.195.5 - - [06/Jun/2026:18:47:52 +0200] "GET /wp-content/plugins/elementor/assets/lib/font-awesome/css/solid.css?ver=5.15.3 HTTP/2.0" 200 299 "https://reggio-emilia.elettroservicegroup.it/" "Mozilla/5.0 (Linux; Android 6.0; Nexus 5 Build/MRA58N) AppleWebKit/537.36 (KHTML, like Gecko) Chrome/60.0.2285.1509 Mobile Safari/537.36"
124.89.195.5 - - [06/Jun/2026:18:47:52 +0200] "GET /wp-content/uploads/elementor/google-fonts/css/robotoslab.css?ver=1742255003 HTTP/2.0" 200 721 "https://reggio-emilia.elettroservicegroup.it/" "Mozilla/5.0 (Linux; Android 6.0; Nexus 5 Build/MRA58N) AppleWebKit/537.36 (KHTML, like Gecko) Chrome/60.0.2285.1509 Mobile Safari/537.36"
124.89.195.5 - - [06/Jun/2026:18:47:52 +0200] "GET /wp-includes/js/jquery/jquery-migrate.min.js?ver=3.4.1 HTTP/2.0" 200 4685 "https://reggio-emilia.elettroservicegroup.it/" "Mozilla/5.0 (Linux; Android 6.0; Nexus 5 Build/MRA58N) AppleWebKit/537.36 (KHTML, like Gecko) Chrome/60.0.2285.1509 Mobile Safari/537.36"
124.89.195.5 - - [06/Jun/2026:18:47:52 +0200] "GET /wp-content/plugins/elementor/assets/lib/font-awesome/css/fontawesome.css?ver=5.15.3 HTTP/2.0" 200 12535 "https://reggio-emilia.elettroservicegroup.it/" "Mozilla/5.0 (Linux; Android 6.0; Nexus 5 Build/MRA58N) AppleWebKit/537.36 (KHTML, like Gecko) Chrome/60.0.2285.1509 Mobile Safari/537.36"
124.89.195.5 - - [06/Jun/2026:18:47:52 +0200] "GET /wp-includes/js/jquery/jquery.min.js?ver=3.7.1 HTTP/2.0" 200 29769 "https://reggio-emilia.elettroservicegroup.it/" "Mozilla/5.0 (Linux; Android 6.0; Nexus 5 Build/MRA58N) AppleWebKit/537.36 (KHTML, like Gecko) Chrome/60.0.2285.1509 Mobile Safari/537.36"
124.89.195.5 - - [06/Jun/2026:18:47:54 +0200] "GET /wp-content/plugins/elementor/assets/js/webpack.runtime.min.js?ver=4.1.1 HTTP/2.0" 200 2340 "https://reggio-emilia.elettroservicegroup.it/" "Mozilla/5.0 (Linux; Android 6.0; Nexus 5 Build/MRA58N) AppleWebKit/537.36 (KHTML, like Gecko) Chrome/60.0.2285.1509 Mobile Safari/537.36"
124.89.195.5 - - [06/Jun/2026:18:47:54 +0200] "GET /wp-content/plugins/gp-premium/menu-plus/functions/js/sticky.min.js?ver=2.5.5 HTTP/2.0" 200 2670 "https://reggio-emilia.elettroservicegroup.it/" "Mozilla/5.0 (Linux; Android 6.0; Nexus 5 Build/MRA58N) AppleWebKit/537.36 (KHTML, like Gecko) Chrome/60.0.2285.1509 Mobile Safari/537.36"
124.89.195.5 - - [06/Jun/2026:18:47:58 +0200] "GET /wp-content/uploads/2022/01/TECNICO-ELETTRODOMESTICI-1.jpg HTTP/2.0" 206 500 "https://reggio-emilia.elettroservicegroup.it/" "Mozilla/5.0 (Linux; Android 6.0; Nexus 5 Build/MRA58N) AppleWebKit/537.36 (KHTML, like Gecko) Chrome/60.0.2285.1509 Mobile Safari/537.36"
124.89.195.5 - - [06/Jun/2026:18:47:58 +0200] "GET /wp-includes/js/jquery/ui/core.min.js?ver=1.13.3 HTTP/2.0" 200 6820 "https://reggio-emilia.elettroservicegroup.it/" "Mozilla/5.0 (Linux; Android 6.0; Nexus 5 Build/MRA58N) AppleWebKit/537.36 (KHTML, like Gecko) Chrome/60.0.2285.1509 Mobile Safari/537.36"
124.89.195.5 - - [06/Jun/2026:18:47:58 +0200] "GET /wp-content/plugins/elementor/assets/js/frontend.min.js?ver=4.1.1 HTTP/2.0" 200 10140 "https://reggio-emilia.elettroservicegroup.it/" "Mozilla/5.0 (Linux; Android 6.0; Nexus 5 Build/MRA58N) AppleWebKit/537.36 (KHTML, like Gecko) Chrome/60.0.2285.1509 Mobile Safari/537.36"
124.89.195.5 - - [06/Jun/2026:18:47:58 +0200] "GET /wp-content/plugins/elementor/assets/js/frontend-modules.min.js?ver=4.1.1 HTTP/2.0" 200 15454 "https://reggio-emilia.elettroservicegroup.it/" "Mozilla/5.0 (Linux; Android 6.0; Nexus 5 Build/MRA58N) AppleWebKit/537.36 (KHTML, like Gecko) Chrome/60.0.2285.1509 Mobile Safari/537.36"
124.89.195.5 - - [06/Jun/2026:18:47:59 +0200] "GET /wp-content/plugins/complianz-gdpr-premium/cookiebanner/js/complianz.min.js?ver=1780326507 HTTP/2.0" 200 10708 "https://reggio-emilia.elettroservicegroup.it/" "Mozilla/5.0 (Linux; Android 6.0; Nexus 5 Build/MRA58N) AppleWebKit/537.36 (KHTML, like Gecko) Chrome/60.0.2285.1509 Mobile Safari/537.36"
124.89.195.5 - - [06/Jun/2026:18:47:59 +0200] "GET /wp-content/uploads/2021/10/asko-e1634463631713-768x506.jpg HTTP/2.0" 206 500 "https://reggio-emilia.elettroservicegroup.it/" "Mozilla/5.0 (Linux; Android 6.0; Nexus 5 Build/MRA58N) AppleWebKit/537.36 (KHTML, like Gecko) Chrome/60.0.2285.1509 Mobile Safari/537.36"
124.89.195.5 - - [06/Jun/2026:18:47:59 +0200] "GET /wp-content/uploads/2021/10/Frigorifero-combinato-e1634459015932-768x502.jpg HTTP/2.0" 206 500 "https://reggio-emilia.elettroservicegroup.it/" "Mozilla/5.0 (Linux; Android 6.0; Nexus 5 Build/MRA58N) AppleWebKit/537.36 (KHTML, like Gecko) Chrome/60.0.2285.1509 Mobile Safari/537.36"
124.89.195.5 - - [06/Jun/2026:18:47:59 +0200] "GET /wp-content/uploads/2022/01/LAVATRICE-2.webp HTTP/2.0" 206 500 "https://reggio-emilia.elettroservicegroup.it/" "Mozilla/5.0 (Linux; Android 6.0; Nexus 5 Build/MRA58N) AppleWebKit/537.36 (KHTML, like Gecko) Chrome/60.0.2285.1509 Mobile Safari/537.36"
124.89.195.5 - - [06/Jun/2026:18:47:59 +0200] "GET /wp-content/uploads/2022/01/copertina-Riparazione_Lavastoviglie-.jpg HTTP/2.0" 206 500 "https://reggio-emilia.elettroservicegroup.it/" "Mozilla/5.0 (Linux; Android 6.0; Nexus 5 Build/MRA58N) AppleWebKit/537.36 (KHTML, like Gecko) Chrome/60.0.2285.1509 Mobile Safari/537.36"
124.89.195.5 - - [06/Jun/2026:18:48:03 +0200] "GET /wp-content/uploads/2021/10/forno-c-768x512.jpg HTTP/2.0" 206 500 "https://reggio-emilia.elettroservicegroup.it/" "Mozilla/5.0 (Linux; Android 6.0; Nexus 5 Build/MRA58N) AppleWebKit/537.36 (KHTML, like Gecko) Chrome/60.0.2285.1509 Mobile Safari/537.36"
124.89.195.5 - - [06/Jun/2026:18:48:03 +0200] "GET /wp-content/uploads/2021/10/condizionatore-bonus-768x512.jpg HTTP/2.0" 206 500 "https://reggio-emilia.elettroservicegroup.it/" "Mozilla/5.0 (Linux; Android 6.0; Nexus 5 Build/MRA58N) AppleWebKit/537.36 (KHTML, like Gecko) Chrome/60.0.2285.1509 Mobile Safari/537.36"
124.89.195.5 - - [06/Jun/2026:18:48:05 +0200] "GET /wp-json/complianz/v1/banner?lang=it&locale=it_IT&token=qyhvs HTTP/2.0" 200 84 "https://reggio-emilia.elettroservicegroup.it/" "Mozilla/5.0 (Linux; Android 6.0; Nexus 5 Build/MRA58N) AppleWebKit/537.36 (KHTML, like Gecko) Chrome/60.0.2285.1509 Mobile Safari/537.36"
124.89.195.5 - - [06/Jun/2026:18:48:05 +0200] "GET /wp-content/plugins/elementor/assets/js/shared-frontend-handlers.03caa53373b56d3bab67.bundle.min.js HTTP/2.0" 200 2515 "https://reggio-emilia.elettroservicegroup.it/" "Mozilla/5.0 (Linux; Android 6.0; Nexus 5 Build/MRA58N) AppleWebKit/537.36 (KHTML, like Gecko) Chrome/60.0.2285.1509 Mobile Safari/537.36"
65.108.235.243 - - [06/Jun/2026:18:48:06 +0200] "POST /wp-cron.php?doing_wp_cron=1780764486.0712420940399169921875 HTTP/1.1" 200 1 "-" "WordPress/7.0; https://reggio-emilia.elettroservicegroup.it"
124.89.195.5 - - [06/Jun/2026:18:48:05 +0200] "GET /wp-json/complianz/v1/cookie_data HTTP/2.0" 200 82 "https://reggio-emilia.elettroservicegroup.it/" "Mozilla/5.0 (Linux; Android 6.0; Nexus 5 Build/MRA58N) AppleWebKit/537.36 (KHTML, like Gecko) Chrome/60.0.2285.1509 Mobile Safari/537.36"
65.108.235.243 - - [06/Jun/2026:19:23:40 +0200] "POST /wp-cron.php?doing_wp_cron=1780766620.6144380569458007812500 HTTP/1.1" 200 1 "-" "WordPress/7.0; https://reggio-emilia.elettroservicegroup.it"
52.80.244.126 - - [06/Jun/2026:19:23:38 +0200] "GET /assistenza-miele-reggio-emilia/ HTTP/2.0" 200 24934 "-" "Mozilla/5.0 (Linux; Android 6.0; Nexus 5 Build/MRA58N) AppleWebKit/537.36 (KHTML, like Gecko) Chrome/44.0.7578.1002 Mobile Safari/537.36"
52.80.244.126 - - [06/Jun/2026:19:23:41 +0200] "GET /wp-content/plugins/complianz-gdpr-premium/assets/css/cookieblocker.min.css?ver=1780326507 HTTP/2.0" 200 615 "https://reggio-emilia.elettroservicegroup.it/assistenza-miele-reggio-emilia/" "Mozilla/5.0 (Linux; Android 6.0; Nexus 5 Build/MRA58N) AppleWebKit/537.36 (KHTML, like Gecko) Chrome/44.0.7578.1002 Mobile Safari/537.36"
52.80.244.126 - - [06/Jun/2026:19:23:41 +0200] "GET /wp-content/plugins/elementor/assets/lib/animations/styles/bounceIn.min.css?ver=4.1.1 HTTP/2.0" 200 186 "https://reggio-emilia.elettroservicegroup.it/assistenza-miele-reggio-emilia/" "Mozilla/5.0 (Linux; Android 6.0; Nexus 5 Build/MRA58N) AppleWebKit/537.36 (KHTML, like Gecko) Chrome/44.0.7578.1002 Mobile Safari/537.36"
52.80.244.126 - - [06/Jun/2026:19:23:41 +0200] "GET /wp-content/plugins/header-footer-elementor/assets/css/header-footer-elementor.css?ver=2.8.8 HTTP/2.0" 200 260 "https://reggio-emilia.elettroservicegroup.it/assistenza-miele-reggio-emilia/" "Mozilla/5.0 (Linux; Android 6.0; Nexus 5 Build/MRA58N) AppleWebKit/537.36 (KHTML, like Gecko) Chrome/44.0.7578.1002 Mobile Safari/537.36"
52.80.244.126 - - [06/Jun/2026:19:23:41 +0200] "GET /wp-content/uploads/elementor/css/post-14146.css?ver=1780586498 HTTP/2.0" 200 428 "https://reggio-emilia.elettroservicegroup.it/assistenza-miele-reggio-emilia/" "Mozilla/5.0 (Linux; Android 6.0; Nexus 5 Build/MRA58N) AppleWebKit/537.36 (KHTML, like Gecko) Chrome/44.0.7578.1002 Mobile Safari/537.36"
52.80.244.126 - - [06/Jun/2026:19:23:41 +0200] "GET /wp-content/plugins/elementor/assets/css/widget-spacer.min.css?ver=4.1.1 HTTP/2.0" 200 287 "https://reggio-emilia.elettroservicegroup.it/assistenza-miele-reggio-emilia/" "Mozilla/5.0 (Linux; Android 6.0; Nexus 5 Build/MRA58N) AppleWebKit/537.36 (KHTML, like Gecko) Chrome/44.0.7578.1002 Mobile Safari/537.36"
52.80.244.126 - - [06/Jun/2026:19:23:41 +0200] "GET /wp-content/plugins/elementor/assets/css/widget-heading.min.css?ver=4.1.1 HTTP/2.0" 200 127 "https://reggio-emilia.elettroservicegroup.it/assistenza-miele-reggio-emilia/" "Mozilla/5.0 (Linux; Android 6.0; Nexus 5 Build/MRA58N) AppleWebKit/537.36 (KHTML, like Gecko) Chrome/44.0.7578.1002 Mobile Safari/537.36"
52.80.244.126 - - [06/Jun/2026:19:23:41 +0200] "GET /wp-content/plugins/elementor/assets/lib/font-awesome/css/v4-shims.min.css?ver=4.1.1 HTTP/2.0" 200 3986 "https://reggio-emilia.elettroservicegroup.it/assistenza-miele-reggio-emilia/" "Mozilla/5.0 (Linux; Android 6.0; Nexus 5 Build/MRA58N) AppleWebKit/537.36 (KHTML, like Gecko) Chrome/44.0.7578.1002 Mobile Safari/537.36"
52.80.244.126 - - [06/Jun/2026:19:23:41 +0200] "GET /wp-content/plugins/elementor/assets/css/frontend.min.css?ver=4.1.1 HTTP/2.0" 200 6618 "https://reggio-emilia.elettroservicegroup.it/assistenza-miele-reggio-emilia/" "Mozilla/5.0 (Linux; Android 6.0; Nexus 5 Build/MRA58N) AppleWebKit/537.36 (KHTML, like Gecko) Chrome/44.0.7578.1002 Mobile Safari/537.36"
52.80.244.126 - - [06/Jun/2026:19:23:41 +0200] "GET /wp-content/plugins/elementor/assets/lib/font-awesome/css/all.min.css?ver=4.1.1 HTTP/2.0" 200 12402 "https://reggio-emilia.elettroservicegroup.it/assistenza-miele-reggio-emilia/" "Mozilla/5.0 (Linux; Android 6.0; Nexus 5 Build/MRA58N) AppleWebKit/537.36 (KHTML, like Gecko) Chrome/44.0.7578.1002 Mobile Safari/537.36"
65.108.235.243 - - [06/Jun/2026:19:23:41 +0200] "GET /assistenza-lavastoviglie-guastalla/ HTTP/1.1" 200 25269 "-" "WP Fastest Cache Preload Bot"
52.80.244.126 - - [06/Jun/2026:19:23:41 +0200] "GET /wp-content/uploads/elementor/css/post-14366.css?ver=1780586500 HTTP/2.0" 200 302 "https://reggio-emilia.elettroservicegroup.it/assistenza-miele-reggio-emilia/" "Mozilla/5.0 (Linux; Android 6.0; Nexus 5 Build/MRA58N) AppleWebKit/537.36 (KHTML, like Gecko) Chrome/44.0.7578.1002 Mobile Safari/537.36"
52.80.244.126 - - [06/Jun/2026:19:23:41 +0200] "GET /wp-content/uploads/2021/10/cropped-cropped-cropped-logo_white_background.png HTTP/2.0" 206 500 "https://reggio-emilia.elettroservicegroup.it/assistenza-miele-reggio-emilia/" "Mozilla/5.0 (Linux; Android 6.0; Nexus 5 Build/MRA58N) AppleWebKit/537.36 (KHTML, like Gecko) Chrome/44.0.7578.1002 Mobile Safari/537.36"
52.80.244.126 - - [06/Jun/2026:19:23:41 +0200] "GET /wp-content/plugins/elementor/assets/css/widget-icon-list.min.css?ver=3.24.3 HTTP/2.0" 200 928 "https://reggio-emilia.elettroservicegroup.it/assistenza-miele-reggio-emilia/" "Mozilla/5.0 (Linux; Android 6.0; Nexus 5 Build/MRA58N) AppleWebKit/537.36 (KHTML, like Gecko) Chrome/44.0.7578.1002 Mobile Safari/537.36"
52.80.244.126 - - [06/Jun/2026:19:23:41 +0200] "GET /wp-content/plugins/elementor/assets/lib/font-awesome/css/brands.css?ver=5.15.3 HTTP/2.0" 200 298 "https://reggio-emilia.elettroservicegroup.it/assistenza-miele-reggio-emilia/" "Mozilla/5.0 (Linux; Android 6.0; Nexus 5 Build/MRA58N) AppleWebKit/537.36 (KHTML, like Gecko) Chrome/44.0.7578.1002 Mobile Safari/537.36"
52.80.244.126 - - [06/Jun/2026:19:23:41 +0200] "GET /wp-content/uploads/elementor/google-fonts/css/robotoslab.css?ver=1742255003 HTTP/2.0" 200 721 "https://reggio-emilia.elettroservicegroup.it/assistenza-miele-reggio-emilia/" "Mozilla/5.0 (Linux; Android 6.0; Nexus 5 Build/MRA58N) AppleWebKit/537.36 (KHTML, like Gecko) Chrome/44.0.7578.1002 Mobile Safari/537.36"
52.80.244.126 - - [06/Jun/2026:19:23:41 +0200] "GET /wp-includes/js/jquery/jquery-migrate.min.js?ver=3.4.1 HTTP/2.0" 200 4685 "https://reggio-emilia.elettroservicegroup.it/assistenza-miele-reggio-emilia/" "Mozilla/5.0 (Linux; Android 6.0; Nexus 5 Build/MRA58N) AppleWebKit/537.36 (KHTML, like Gecko) Chrome/44.0.7578.1002 Mobile Safari/537.36"
52.80.244.126 - - [06/Jun/2026:19:23:41 +0200] "GET /wp-content/uploads/elementor/css/post-17816.css?ver=1780601598 HTTP/2.0" 200 2185 "https://reggio-emilia.elettroservicegroup.it/assistenza-miele-reggio-emilia/" "Mozilla/5.0 (Linux; Android 6.0; Nexus 5 Build/MRA58N) AppleWebKit/537.36 (KHTML, like Gecko) Chrome/44.0.7578.1002 Mobile Safari/537.36"
52.80.244.126 - - [06/Jun/2026:19:23:41 +0200] "GET /wp-content/plugins/elementor/assets/lib/font-awesome/css/fontawesome.css?ver=5.15.3 HTTP/2.0" 200 12535 "https://reggio-emilia.elettroservicegroup.it/assistenza-miele-reggio-emilia/" "Mozilla/5.0 (Linux; Android 6.0; Nexus 5 Build/MRA58N) AppleWebKit/537.36 (KHTML, like Gecko) Chrome/44.0.7578.1002 Mobile Safari/537.36"
52.80.244.126 - - [06/Jun/2026:19:23:41 +0200] "GET /wp-includes/js/jquery/jquery.min.js?ver=3.7.1 HTTP/2.0" 200 29769 "https://reggio-emilia.elettroservicegroup.it/assistenza-miele-reggio-emilia/" "Mozilla/5.0 (Linux; Android 6.0; Nexus 5 Build/MRA58N) AppleWebKit/537.36 (KHTML, like Gecko) Chrome/44.0.7578.1002 Mobile Safari/537.36"
65.108.235.243 - - [06/Jun/2026:19:23:41 +0200] "GET /assistenza-lavastoviglie-correggio/ HTTP/1.1" 200 25267 "-" "WP Fastest Cache Preload Bot"
52.80.244.126 - - [06/Jun/2026:19:23:42 +0200] "GET /wp-content/themes/generatepress/assets/js/menu.min.js?ver=3.6.1 HTTP/2.0" 200 1688 "https://reggio-emilia.elettroservicegroup.it/assistenza-miele-reggio-emilia/" "Mozilla/5.0 (Linux; Android 6.0; Nexus 5 Build/MRA58N) AppleWebKit/537.36 (KHTML, like Gecko) Chrome/44.0.7578.1002 Mobile Safari/537.36"
52.80.244.126 - - [06/Jun/2026:19:23:42 +0200] "GET /wp-content/plugins/elementor/assets/js/frontend-modules.min.js?ver=4.1.1 HTTP/2.0" 200 15454 "https://reggio-emilia.elettroservicegroup.it/assistenza-miele-reggio-emilia/" "Mozilla/5.0 (Linux; Android 6.0; Nexus 5 Build/MRA58N) AppleWebKit/537.36 (KHTML, like Gecko) Chrome/44.0.7578.1002 Mobile Safari/537.36"
65.108.235.243 - - [06/Jun/2026:19:23:42 +0200] "GET /assistenza-indesit-guastalla/ HTTP/1.1" 200 24763 "-" "WP Fastest Cache Preload Bot"
52.80.244.126 - - [06/Jun/2026:19:23:43 +0200] "GET /wp-content/uploads/2022/08/COPERTINA-1-768x384.png HTTP/2.0" 206 500 "https://reggio-emilia.elettroservicegroup.it/assistenza-miele-reggio-emilia/" "Mozilla/5.0 (Linux; Android 6.0; Nexus 5 Build/MRA58N) AppleWebKit/537.36 (KHTML, like Gecko) Chrome/44.0.7578.1002 Mobile Safari/537.36"
52.80.244.126 - - [06/Jun/2026:19:23:43 +0200] "GET /wp-content/uploads/2022/08/copertina-Riparazione_Lavastoviglie-1-1.jpg HTTP/2.0" 206 500 "https://reggio-emilia.elettroservicegroup.it/assistenza-miele-reggio-emilia/" "Mozilla/5.0 (Linux; Android 6.0; Nexus 5 Build/MRA58N) AppleWebKit/537.36 (KHTML, like Gecko) Chrome/44.0.7578.1002 Mobile Safari/537.36"
52.80.244.126 - - [06/Jun/2026:19:23:43 +0200] "GET /wp-content/uploads/2022/01/ASCIUGATRICE-TECNIC.jpg HTTP/2.0" 206 500 "https://reggio-emilia.elettroservicegroup.it/assistenza-miele-reggio-emilia/" "Mozilla/5.0 (Linux; Android 6.0; Nexus 5 Build/MRA58N) AppleWebKit/537.36 (KHTML, like Gecko) Chrome/44.0.7578.1002 Mobile Safari/537.36"
65.108.235.243 - - [06/Jun/2026:19:23:43 +0200] "GET /assistenza-lavastoviglie-reggio-emilia/ HTTP/1.1" 200 25214 "-" "WP Fastest Cache Preload Bot"
52.80.244.126 - - [06/Jun/2026:19:23:43 +0200] "GET /wp-content/plugins/elementor/assets/js/shared-frontend-handlers.03caa53373b56d3bab67.bundle.min.js HTTP/2.0" 200 2515 "https://reggio-emilia.elettroservicegroup.it/assistenza-miele-reggio-emilia/" "Mozilla/5.0 (Linux; Android 6.0; Nexus 5 Build/MRA58N) AppleWebKit/537.36 (KHTML, like Gecko) Chrome/44.0.7578.1002 Mobile Safari/537.36"
52.80.244.126 - - [06/Jun/2026:19:23:43 +0200] "GET /wp-json/complianz/v1/banner?lang=it&locale=it_IT&token=lqdmg HTTP/2.0" 200 84 "https://reggio-emilia.elettroservicegroup.it/assistenza-miele-reggio-emilia/" "Mozilla/5.0 (Linux; Android 6.0; Nexus 5 Build/MRA58N) AppleWebKit/537.36 (KHTML, like Gecko) Chrome/44.0.7578.1002 Mobile Safari/537.36"
52.80.244.126 - - [06/Jun/2026:19:23:44 +0200] "GET /wp-content/uploads/complianz/css/banner-1-optin.css?v=511 HTTP/2.0" 200 2622 "https://reggio-emilia.elettroservicegroup.it/assistenza-miele-reggio-emilia/" "Mozilla/5.0 (Linux; Android 6.0; Nexus 5 Build/MRA58N) AppleWebKit/537.36 (KHTML, like Gecko) Chrome/44.0.7578.1002 Mobile Safari/537.36"
52.80.244.126 - - [06/Jun/2026:19:23:44 +0200] "GET /wp-json/complianz/v1/cookie_data HTTP/2.0" 200 82 "https://reggio-emilia.elettroservicegroup.it/assistenza-miele-reggio-emilia/" "Mozilla/5.0 (Linux; Android 6.0; Nexus 5 Build/MRA58N) AppleWebKit/537.36 (KHTML, like Gecko) Chrome/44.0.7578.1002 Mobile Safari/537.36"
65.108.235.243 - - [06/Jun/2026:19:41:52 +0200] "POST /wp-cron.php?doing_wp_cron=1780767712.4308040142059326171875 HTTP/1.1" 200 1 "-" "WordPress/7.0; https://reggio-emilia.elettroservicegroup.it"
176.65.139.229 - - [06/Jun/2026:19:41:50 +0200] "GET / HTTP/1.1" 301 - "-" "Mozilla/5.0 (Windows NT 10.0; Win64; x64) AppleWebKit/537.36 (KHTML, like Gecko) Chrome/147.0.0.0 Safari/537.36"
176.65.139.233 - - [06/Jun/2026:19:41:52 +0200] "GET / HTTP/1.1" 415 171269 "-" "Mozilla/5.0 (Windows NT 10.0; Win64; x64) AppleWebKit/537.36 (KHTML, like Gecko) Chrome/147.0.0.0 Safari/537.36"
65.108.235.243 - - [06/Jun/2026:19:41:52 +0200] "GET /assistenza-indesit-correggio/ HTTP/1.1" 200 24759 "-" "WP Fastest Cache Preload Bot"
65.108.235.243 - - [06/Jun/2026:19:41:55 +0200] "GET /assistenza-indesit-reggio-emilia/ HTTP/1.1" 200 24747 "-" "WP Fastest Cache Preload Bot"
65.108.235.243 - - [06/Jun/2026:19:41:57 +0200] "GET /assistenza-candy-rubiera/ HTTP/1.1" 200 24777 "-" "WP Fastest Cache Preload Bot"
65.108.235.243 - - [06/Jun/2026:19:41:58 +0200] "GET /assistenza-candy-scandiano/ HTTP/1.1" 200 24780 "-" "WP Fastest Cache Preload Bot"
65.108.235.243 - - [06/Jun/2026:19:56:06 +0200] "POST /wp-cron.php?doing_wp_cron=1780768566.5712800025939941406250 HTTP/1.1" 200 1 "-" "WordPress/7.0; https://reggio-emilia.elettroservicegroup.it"
17.241.219.219 - - [06/Jun/2026:19:56:03 +0200] "GET /robots.txt HTTP/2.0" 200 134 "-" "Mozilla/5.0 (Macintosh; Intel Mac OS X 10_15_7) AppleWebKit/605.1.15 (KHTML, like Gecko) Version/17.4 Safari/605.1.15 (Applebot/0.1; +http://www.apple.com/go/applebot)"
17.241.219.219 - - [06/Jun/2026:19:56:06 +0200] "GET /?attachment_id=16082 HTTP/2.0" 200 20259 "-" "Mozilla/5.0 (Macintosh; Intel Mac OS X 10_15_7) AppleWebKit/605.1.15 (KHTML, like Gecko) Version/17.4 Safari/605.1.15 (Applebot/0.1; +http://www.apple.com/go/applebot)"
65.108.235.243 - - [06/Jun/2026:19:56:09 +0200] "GET /assistenza-candy-santilario-denza/ HTTP/1.1" 200 24795 "-" "WP Fastest Cache Preload Bot"
65.108.235.243 - - [06/Jun/2026:19:56:11 +0200] "GET /assistenza-candy-guastalla/ HTTP/1.1" 200 24727 "-" "WP Fastest Cache Preload Bot"
65.108.235.243 - - [06/Jun/2026:19:56:14 +0200] "GET /assistenza-candy-correggio/ HTTP/1.1" 200 24731 "-" "WP Fastest Cache Preload Bot"
65.108.235.243 - - [06/Jun/2026:19:56:16 +0200] "GET /assistenza-candy-reggio-emilia/ HTTP/1.1" 200 24725 "-" "WP Fastest Cache Preload Bot"
17.241.219.115 - - [06/Jun/2026:20:03:20 +0200] "GET /wp-content/plugins/elementor/assets/css/frontend.min.css?ver=4.1.1 HTTP/2.0" 200 6618 "https://reggio-emilia.elettroservicegroup.it/?attachment_id=16082" "Mozilla/5.0 (Macintosh; Intel Mac OS X 10_15_7) AppleWebKit/605.1.15 (KHTML, like Gecko) Version/17.4 Safari/605.1.15 (Applebot/0.1; +http://www.apple.com/go/applebot)"
17.241.219.115 - - [06/Jun/2026:20:03:20 +0200] "GET /wp-includes/css/dist/block-library/style.min.css?ver=7.0 HTTP/2.0" 200 15998 "https://reggio-emilia.elettroservicegroup.it/?attachment_id=16082" "Mozilla/5.0 (Macintosh; Intel Mac OS X 10_15_7) AppleWebKit/605.1.15 (KHTML, like Gecko) Version/17.4 Safari/605.1.15 (Applebot/0.1; +http://www.apple.com/go/applebot)"
17.241.219.115 - - [06/Jun/2026:20:03:21 +0200] "GET /wp-content/plugins/complianz-gdpr-premium/assets/css/cookieblocker.min.css?ver=1780326507 HTTP/2.0" 200 615 "https://reggio-emilia.elettroservicegroup.it/?attachment_id=16082" "Mozilla/5.0 (Macintosh; Intel Mac OS X 10_15_7) AppleWebKit/605.1.15 (KHTML, like Gecko) Version/17.4 Safari/605.1.15 (Applebot/0.1; +http://www.apple.com/go/applebot)"
17.241.219.115 - - [06/Jun/2026:20:03:22 +0200] "GET /wp-content/plugins/header-footer-elementor/assets/css/header-footer-elementor.css?ver=2.8.8 HTTP/2.0" 200 260 "https://reggio-emilia.elettroservicegroup.it/?attachment_id=16082" "Mozilla/5.0 (Macintosh; Intel Mac OS X 10_15_7) AppleWebKit/605.1.15 (KHTML, like Gecko) Version/17.4 Safari/605.1.15 (Applebot/0.1; +http://www.apple.com/go/applebot)"
17.241.219.115 - - [06/Jun/2026:20:03:22 +0200] "GET /wp-content/plugins/header-footer-elementor/inc/widgets-css/frontend.css?ver=2.8.8 HTTP/2.0" 200 8711 "https://reggio-emilia.elettroservicegroup.it/?attachment_id=16082" "Mozilla/5.0 (Macintosh; Intel Mac OS X 10_15_7) AppleWebKit/605.1.15 (KHTML, like Gecko) Version/17.4 Safari/605.1.15 (Applebot/0.1; +http://www.apple.com/go/applebot)"
17.241.219.115 - - [06/Jun/2026:20:03:23 +0200] "GET /wp-content/plugins/all-in-one-seo-pack/dist/Lite/assets/css/table-of-contents/global.e90f6d47.css?ver=4.9.7.2 HTTP/2.0" 200 420 "https://reggio-emilia.elettroservicegroup.it/?attachment_id=16082" "Mozilla/5.0 (Macintosh; Intel Mac OS X 10_15_7) AppleWebKit/605.1.15 (KHTML, like Gecko) Version/17.4 Safari/605.1.15 (Applebot/0.1; +http://www.apple.com/go/applebot)"
17.241.219.115 - - [06/Jun/2026:20:03:24 +0200] "GET /wp-content/uploads/elementor/css/post-14146.css?ver=1780586498 HTTP/2.0" 200 428 "https://reggio-emilia.elettroservicegroup.it/?attachment_id=16082" "Mozilla/5.0 (Macintosh; Intel Mac OS X 10_15_7) AppleWebKit/605.1.15 (KHTML, like Gecko) Version/17.4 Safari/605.1.15 (Applebot/0.1; +http://www.apple.com/go/applebot)"
17.241.219.115 - - [06/Jun/2026:20:03:25 +0200] "GET /wp-content/plugins/elementor/assets/lib/font-awesome/css/all.min.css?ver=4.1.1 HTTP/2.0" 200 12402 "https://reggio-emilia.elettroservicegroup.it/?attachment_id=16082" "Mozilla/5.0 (Macintosh; Intel Mac OS X 10_15_7) AppleWebKit/605.1.15 (KHTML, like Gecko) Version/17.4 Safari/605.1.15 (Applebot/0.1; +http://www.apple.com/go/applebot)"
17.241.219.115 - - [06/Jun/2026:20:03:26 +0200] "GET /wp-content/plugins/elementor/assets/lib/font-awesome/css/v4-shims.min.css?ver=4.1.1 HTTP/2.0" 200 3986 "https://reggio-emilia.elettroservicegroup.it/?attachment_id=16082" "Mozilla/5.0 (Macintosh; Intel Mac OS X 10_15_7) AppleWebKit/605.1.15 (KHTML, like Gecko) Version/17.4 Safari/605.1.15 (Applebot/0.1; +http://www.apple.com/go/applebot)"
17.241.219.115 - - [06/Jun/2026:20:03:26 +0200] "GET /wp-content/uploads/elementor/css/post-14366.css?ver=1780586500 HTTP/2.0" 200 302 "https://reggio-emilia.elettroservicegroup.it/?attachment_id=16082" "Mozilla/5.0 (Macintosh; Intel Mac OS X 10_15_7) AppleWebKit/605.1.15 (KHTML, like Gecko) Version/17.4 Safari/605.1.15 (Applebot/0.1; +http://www.apple.com/go/applebot)"
17.241.219.115 - - [06/Jun/2026:20:03:27 +0200] "GET /wp-content/themes/generatepress/assets/css/components/comments.min.css?ver=3.6.1 HTTP/2.0" 200 488 "https://reggio-emilia.elettroservicegroup.it/?attachment_id=16082" "Mozilla/5.0 (Macintosh; Intel Mac OS X 10_15_7) AppleWebKit/605.1.15 (KHTML, like Gecko) Version/17.4 Safari/605.1.15 (Applebot/0.1; +http://www.apple.com/go/applebot)"
17.241.219.115 - - [06/Jun/2026:20:03:28 +0200] "GET /wp-content/themes/generatepress/assets/css/main.min.css?ver=3.6.1 HTTP/2.0" 200 4410 "https://reggio-emilia.elettroservicegroup.it/?attachment_id=16082" "Mozilla/5.0 (Macintosh; Intel Mac OS X 10_15_7) AppleWebKit/605.1.15 (KHTML, like Gecko) Version/17.4 Safari/605.1.15 (Applebot/0.1; +http://www.apple.com/go/applebot)"
17.241.219.115 - - [06/Jun/2026:20:03:29 +0200] "GET /wp-content/plugins/elementor/assets/lib/eicons/css/elementor-icons.min.css?ver=5.34.0 HTTP/2.0" 200 4115 "https://reggio-emilia.elettroservicegroup.it/?attachment_id=16082" "Mozilla/5.0 (Macintosh; Intel Mac OS X 10_15_7) AppleWebKit/605.1.15 (KHTML, like Gecko) Version/17.4 Safari/605.1.15 (Applebot/0.1; +http://www.apple.com/go/applebot)"
17.241.219.115 - - [06/Jun/2026:20:03:29 +0200] "GET /wp-content/plugins/elementor/assets/css/widget-icon-list.min.css?ver=3.24.3 HTTP/2.0" 200 928 "https://reggio-emilia.elettroservicegroup.it/?attachment_id=16082" "Mozilla/5.0 (Macintosh; Intel Mac OS X 10_15_7) AppleWebKit/605.1.15 (KHTML, like Gecko) Version/17.4 Safari/605.1.15 (Applebot/0.1; +http://www.apple.com/go/applebot)"
17.241.219.115 - - [06/Jun/2026:20:03:30 +0200] "GET /wp-content/plugins/elementor/assets/css/widget-social-icons.min.css?ver=3.24.0 HTTP/2.0" 200 1039 "https://reggio-emilia.elettroservicegroup.it/?attachment_id=16082" "Mozilla/5.0 (Macintosh; Intel Mac OS X 10_15_7) AppleWebKit/605.1.15 (KHTML, like Gecko) Version/17.4 Safari/605.1.15 (Applebot/0.1; +http://www.apple.com/go/applebot)"
17.241.219.115 - - [06/Jun/2026:20:03:31 +0200] "GET /wp-content/plugins/elementor/assets/lib/font-awesome/css/brands.css?ver=5.15.3 HTTP/2.0" 200 298 "https://reggio-emilia.elettroservicegroup.it/?attachment_id=16082" "Mozilla/5.0 (Macintosh; Intel Mac OS X 10_15_7) AppleWebKit/605.1.15 (KHTML, like Gecko) Version/17.4 Safari/605.1.15 (Applebot/0.1; +http://www.apple.com/go/applebot)"
17.241.219.115 - - [06/Jun/2026:20:03:32 +0200] "GET /wp-content/plugins/elementor/assets/lib/font-awesome/css/fontawesome.css?ver=5.15.3 HTTP/2.0" 200 12535 "https://reggio-emilia.elettroservicegroup.it/?attachment_id=16082" "Mozilla/5.0 (Macintosh; Intel Mac OS X 10_15_7) AppleWebKit/605.1.15 (KHTML, like Gecko) Version/17.4 Safari/605.1.15 (Applebot/0.1; +http://www.apple.com/go/applebot)"
17.241.219.115 - - [06/Jun/2026:20:03:33 +0200] "GET /wp-content/plugins/elementor/assets/lib/font-awesome/css/solid.css?ver=5.15.3 HTTP/2.0" 200 299 "https://reggio-emilia.elettroservicegroup.it/?attachment_id=16082" "Mozilla/5.0 (Macintosh; Intel Mac OS X 10_15_7) AppleWebKit/605.1.15 (KHTML, like Gecko) Version/17.4 Safari/605.1.15 (Applebot/0.1; +http://www.apple.com/go/applebot)"
17.241.219.115 - - [06/Jun/2026:20:03:33 +0200] "GET /wp-content/plugins/gp-premium/menu-plus/functions/css/navigation-branding-flex.min.css?ver=2.5.5 HTTP/2.0" 200 542 "https://reggio-emilia.elettroservicegroup.it/?attachment_id=16082" "Mozilla/5.0 (Macintosh; Intel Mac OS X 10_15_7) AppleWebKit/605.1.15 (KHTML, like Gecko) Version/17.4 Safari/605.1.15 (Applebot/0.1; +http://www.apple.com/go/applebot)"
17.241.219.115 - - [06/Jun/2026:20:03:34 +0200] "GET /wp-content/uploads/elementor/google-fonts/css/roboto.css?ver=1742255001 HTTP/2.0" 200 1890 "https://reggio-emilia.elettroservicegroup.it/?attachment_id=16082" "Mozilla/5.0 (Macintosh; Intel Mac OS X 10_15_7) AppleWebKit/605.1.15 (KHTML, like Gecko) Version/17.4 Safari/605.1.15 (Applebot/0.1; +http://www.apple.com/go/applebot)"
17.241.219.115 - - [06/Jun/2026:20:03:35 +0200] "GET /wp-content/uploads/elementor/google-fonts/css/robotoslab.css?ver=1742255003 HTTP/2.0" 200 721 "https://reggio-emilia.elettroservicegroup.it/?attachment_id=16082" "Mozilla/5.0 (Macintosh; Intel Mac OS X 10_15_7) AppleWebKit/605.1.15 (KHTML, like Gecko) Version/17.4 Safari/605.1.15 (Applebot/0.1; +http://www.apple.com/go/applebot)"
17.241.219.115 - - [06/Jun/2026:20:03:36 +0200] "GET /wp-includes/js/jquery/jquery.min.js?ver=3.7.1 HTTP/2.0" 200 29769 "https://reggio-emilia.elettroservicegroup.it/?attachment_id=16082" "Mozilla/5.0 (Macintosh; Intel Mac OS X 10_15_7) AppleWebKit/605.1.15 (KHTML, like Gecko) Version/17.4 Safari/605.1.15 (Applebot/0.1; +http://www.apple.com/go/applebot)"
