17.241.219.115 - - [06/Jun/2026:20:03:36 +0200] "GET /wp-content/plugins/elementor/assets/lib/font-awesome/js/v4-shims.min.js?ver=4.1.1 HTTP/2.0" 200 4043 "https://reggio-emilia.elettroservicegroup.it/?attachment_id=16082" "Mozilla/5.0 (Macintosh; Intel Mac OS X 10_15_7) AppleWebKit/605.1.15 (KHTML, like Gecko) Version/17.4 Safari/605.1.15 (Applebot/0.1; +http://www.apple.com/go/applebot)"
17.241.219.115 - - [06/Jun/2026:20:03:37 +0200] "GET /wp-includes/js/jquery/jquery-migrate.min.js?ver=3.4.1 HTTP/2.0" 200 4685 "https://reggio-emilia.elettroservicegroup.it/?attachment_id=16082" "Mozilla/5.0 (Macintosh; Intel Mac OS X 10_15_7) AppleWebKit/605.1.15 (KHTML, like Gecko) Version/17.4 Safari/605.1.15 (Applebot/0.1; +http://www.apple.com/go/applebot)"
17.241.219.115 - - [06/Jun/2026:20:03:38 +0200] "GET /wp-content/plugins/gp-premium/menu-plus/functions/js/sticky.min.js?ver=2.5.5 HTTP/2.0" 200 2670 "https://reggio-emilia.elettroservicegroup.it/?attachment_id=16082" "Mozilla/5.0 (Macintosh; Intel Mac OS X 10_15_7) AppleWebKit/605.1.15 (KHTML, like Gecko) Version/17.4 Safari/605.1.15 (Applebot/0.1; +http://www.apple.com/go/applebot)"
17.241.219.115 - - [06/Jun/2026:20:03:39 +0200] "GET /wp-content/themes/generatepress/assets/js/menu.min.js?ver=3.6.1 HTTP/2.0" 200 1688 "https://reggio-emilia.elettroservicegroup.it/?attachment_id=16082" "Mozilla/5.0 (Macintosh; Intel Mac OS X 10_15_7) AppleWebKit/605.1.15 (KHTML, like Gecko) Version/17.4 Safari/605.1.15 (Applebot/0.1; +http://www.apple.com/go/applebot)"
17.241.219.115 - - [06/Jun/2026:20:03:40 +0200] "GET /wp-content/themes/generatepress/assets/js/back-to-top.min.js?ver=3.6.1 HTTP/2.0" 200 336 "https://reggio-emilia.elettroservicegroup.it/?attachment_id=16082" "Mozilla/5.0 (Macintosh; Intel Mac OS X 10_15_7) AppleWebKit/605.1.15 (KHTML, like Gecko) Version/17.4 Safari/605.1.15 (Applebot/0.1; +http://www.apple.com/go/applebot)"
17.241.219.115 - - [06/Jun/2026:20:03:40 +0200] "GET /wp-content/plugins/complianz-gdpr-premium/cookiebanner/js/complianz.min.js?ver=1780326507 HTTP/2.0" 200 10708 "https://reggio-emilia.elettroservicegroup.it/?attachment_id=16082" "Mozilla/5.0 (Macintosh; Intel Mac OS X 10_15_7) AppleWebKit/605.1.15 (KHTML, like Gecko) Version/17.4 Safari/605.1.15 (Applebot/0.1; +http://www.apple.com/go/applebot)"
17.241.219.115 - - [06/Jun/2026:20:03:41 +0200] "GET /wp-content/plugins/elementor/assets/js/webpack.runtime.min.js?ver=4.1.1 HTTP/2.0" 200 2340 "https://reggio-emilia.elettroservicegroup.it/?attachment_id=16082" "Mozilla/5.0 (Macintosh; Intel Mac OS X 10_15_7) AppleWebKit/605.1.15 (KHTML, like Gecko) Version/17.4 Safari/605.1.15 (Applebot/0.1; +http://www.apple.com/go/applebot)"
17.241.219.115 - - [06/Jun/2026:20:03:42 +0200] "GET /wp-content/plugins/elementor/assets/js/frontend-modules.min.js?ver=4.1.1 HTTP/2.0" 200 15454 "https://reggio-emilia.elettroservicegroup.it/?attachment_id=16082" "Mozilla/5.0 (Macintosh; Intel Mac OS X 10_15_7) AppleWebKit/605.1.15 (KHTML, like Gecko) Version/17.4 Safari/605.1.15 (Applebot/0.1; +http://www.apple.com/go/applebot)"
17.241.219.115 - - [06/Jun/2026:20:03:43 +0200] "GET /wp-includes/js/jquery/ui/core.min.js?ver=1.13.3 HTTP/2.0" 200 6820 "https://reggio-emilia.elettroservicegroup.it/?attachment_id=16082" "Mozilla/5.0 (Macintosh; Intel Mac OS X 10_15_7) AppleWebKit/605.1.15 (KHTML, like Gecko) Version/17.4 Safari/605.1.15 (Applebot/0.1; +http://www.apple.com/go/applebot)"
17.241.219.115 - - [06/Jun/2026:20:03:44 +0200] "GET /wp-content/plugins/elementor/assets/js/frontend.min.js?ver=4.1.1 HTTP/2.0" 200 10140 "https://reggio-emilia.elettroservicegroup.it/?attachment_id=16082" "Mozilla/5.0 (Macintosh; Intel Mac OS X 10_15_7) AppleWebKit/605.1.15 (KHTML, like Gecko) Version/17.4 Safari/605.1.15 (Applebot/0.1; +http://www.apple.com/go/applebot)"
17.241.219.115 - - [06/Jun/2026:20:03:44 +0200] "GET /wp-content/plugins/google-analytics-for-wordpress/assets/js/frontend-gtag.min.js?ver=10.2.2 HTTP/2.0" 200 3075 "https://reggio-emilia.elettroservicegroup.it/?attachment_id=16082" "Mozilla/5.0 (Macintosh; Intel Mac OS X 10_15_7) AppleWebKit/605.1.15 (KHTML, like Gecko) Version/17.4 Safari/605.1.15 (Applebot/0.1; +http://www.apple.com/go/applebot)"
17.241.219.115 - - [06/Jun/2026:20:03:45 +0200] "GET /wp-includes/js/comment-reply.min.js?ver=7.0 HTTP/2.0" 200 1248 "https://reggio-emilia.elettroservicegroup.it/?attachment_id=16082" "Mozilla/5.0 (Macintosh; Intel Mac OS X 10_15_7) AppleWebKit/605.1.15 (KHTML, like Gecko) Version/17.4 Safari/605.1.15 (Applebot/0.1; +http://www.apple.com/go/applebot)"
17.241.219.115 - - [06/Jun/2026:20:03:47 +0200] "GET /wp-content/plugins/elementor/assets/js/397f2d183c19202777d6.bundle.min.js HTTP/2.0" 200 8477 "https://reggio-emilia.elettroservicegroup.it/?attachment_id=16082" "Mozilla/5.0 (Macintosh; Intel Mac OS X 10_15_7) AppleWebKit/605.1.15 (KHTML, like Gecko) Version/17.4 Safari/605.1.15 (Applebot/0.1; +http://www.apple.com/go/applebot)"
17.241.219.115 - - [06/Jun/2026:20:03:47 +0200] "GET /wp-content/plugins/elementor/assets/lib/dialog/dialog.min.js?ver=4.9.3 HTTP/2.0" 200 3595 "https://reggio-emilia.elettroservicegroup.it/?attachment_id=16082" "Mozilla/5.0 (Macintosh; Intel Mac OS X 10_15_7) AppleWebKit/605.1.15 (KHTML, like Gecko) Version/17.4 Safari/605.1.15 (Applebot/0.1; +http://www.apple.com/go/applebot)"
17.241.219.115 - - [06/Jun/2026:20:03:48 +0200] "GET /wp-content/plugins/elementor/assets/js/lightbox.570c05c5a283cfb6b223.bundle.min.js HTTP/2.0" 200 9102 "https://reggio-emilia.elettroservicegroup.it/?attachment_id=16082" "Mozilla/5.0 (Macintosh; Intel Mac OS X 10_15_7) AppleWebKit/605.1.15 (KHTML, like Gecko) Version/17.4 Safari/605.1.15 (Applebot/0.1; +http://www.apple.com/go/applebot)"
17.241.219.115 - - [06/Jun/2026:20:03:49 +0200] "GET /wp-content/plugins/elementor/assets/css/conditionals/dialog.min.css?ver=4.1.1 HTTP/2.0" 200 1428 "https://reggio-emilia.elettroservicegroup.it/?attachment_id=16082" "Mozilla/5.0 (Macintosh; Intel Mac OS X 10_15_7) AppleWebKit/605.1.15 (KHTML, like Gecko) Version/17.4 Safari/605.1.15 (Applebot/0.1; +http://www.apple.com/go/applebot)"
65.108.235.243 - - [06/Jun/2026:20:03:52 +0200] "POST /wp-cron.php?doing_wp_cron=1780769032.4136939048767089843750 HTTP/1.1" 200 1 "-" "WordPress/7.0; https://reggio-emilia.elettroservicegroup.it"
17.241.219.115 - - [06/Jun/2026:20:03:46 +0200] "GET /wp-json/complianz/v1/banner?lang=it&locale=it_IT&token=gzxtw HTTP/2.0" 200 84 "https://reggio-emilia.elettroservicegroup.it/?attachment_id=16082" "Mozilla/5.0 (Macintosh; Intel Mac OS X 10_15_7) AppleWebKit/605.1.15 (KHTML, like Gecko) Version/17.4 Safari/605.1.15 (Applebot/0.1; +http://www.apple.com/go/applebot)"
65.108.235.243 - - [06/Jun/2026:20:03:52 +0200] "GET /assistenza-bosch-rubiera/ HTTP/1.1" 200 24664 "-" "WP Fastest Cache Preload Bot"
65.108.235.243 - - [06/Jun/2026:20:03:53 +0200] "GET /assistenza-bosch-scandiano/ HTTP/1.1" 200 24665 "-" "WP Fastest Cache Preload Bot"
65.108.235.243 - - [06/Jun/2026:20:03:53 +0200] "GET /assistenza-bosch-santilario-denza/ HTTP/1.1" 200 24734 "-" "WP Fastest Cache Preload Bot"
65.108.235.243 - - [06/Jun/2026:20:03:54 +0200] "GET /assistenza-bosch-guastalla/ HTTP/1.1" 200 24663 "-" "WP Fastest Cache Preload Bot"
17.241.219.55 - - [06/Jun/2026:20:05:20 +0200] "GET /wp-content/plugins/elementor/assets/lib/share-link/share-link.min.js?ver=4.1.1 HTTP/2.0" 200 1077 "https://reggio-emilia.elettroservicegroup.it/?attachment_id=16082" "Mozilla/5.0 (Macintosh; Intel Mac OS X 10_15_7) AppleWebKit/605.1.15 (KHTML, like Gecko) Version/17.4 Safari/605.1.15 (Applebot/0.1; +http://www.apple.com/go/applebot)"
17.241.219.55 - - [06/Jun/2026:20:05:21 +0200] "GET /wp-content/plugins/elementor/assets/css/conditionals/lightbox.min.css?ver=4.1.1 HTTP/2.0" 200 1760 "https://reggio-emilia.elettroservicegroup.it/?attachment_id=16082" "Mozilla/5.0 (Macintosh; Intel Mac OS X 10_15_7) AppleWebKit/605.1.15 (KHTML, like Gecko) Version/17.4 Safari/605.1.15 (Applebot/0.1; +http://www.apple.com/go/applebot)"
17.241.219.55 - - [06/Jun/2026:20:05:22 +0200] "GET /wp-content/plugins/elementor/assets/lib/swiper/v8/css/swiper.min.css?ver=8.4.5 HTTP/2.0" 200 4251 "https://reggio-emilia.elettroservicegroup.it/?attachment_id=16082" "Mozilla/5.0 (Macintosh; Intel Mac OS X 10_15_7) AppleWebKit/605.1.15 (KHTML, like Gecko) Version/17.4 Safari/605.1.15 (Applebot/0.1; +http://www.apple.com/go/applebot)"
65.108.235.243 - - [06/Jun/2026:20:05:22 +0200] "POST /wp-cron.php?doing_wp_cron=1780769122.3636050224304199218750 HTTP/1.1" 200 1 "-" "WordPress/7.0; https://reggio-emilia.elettroservicegroup.it"
17.241.219.55 - - [06/Jun/2026:20:05:20 +0200] "GET /wp-json/complianz/v1/banner?lang=it&locale=it_IT&token=qyzqu HTTP/2.0" 200 84 "https://reggio-emilia.elettroservicegroup.it/?attachment_id=16082" "Mozilla/5.0 (Macintosh; Intel Mac OS X 10_15_7) AppleWebKit/605.1.15 (KHTML, like Gecko) Version/17.4 Safari/605.1.15 (Applebot/0.1; +http://www.apple.com/go/applebot)"
17.241.219.55 - - [06/Jun/2026:20:05:23 +0200] "GET /wp-content/plugins/elementor/assets/js/section-frontend-handlers.d85ab872da118940910d.bundle.min.js HTTP/2.0" 200 230 "https://reggio-emilia.elettroservicegroup.it/?attachment_id=16082" "Mozilla/5.0 (Macintosh; Intel Mac OS X 10_15_7) AppleWebKit/605.1.15 (KHTML, like Gecko) Version/17.4 Safari/605.1.15 (Applebot/0.1; +http://www.apple.com/go/applebot)"
17.241.219.55 - - [06/Jun/2026:20:05:23 +0200] "GET /wp-content/plugins/elementor/assets/js/shared-frontend-handlers.03caa53373b56d3bab67.bundle.min.js HTTP/2.0" 200 2515 "https://reggio-emilia.elettroservicegroup.it/?attachment_id=16082" "Mozilla/5.0 (Macintosh; Intel Mac OS X 10_15_7) AppleWebKit/605.1.15 (KHTML, like Gecko) Version/17.4 Safari/605.1.15 (Applebot/0.1; +http://www.apple.com/go/applebot)"
17.241.219.55 - - [06/Jun/2026:20:05:24 +0200] "GET /wp-content/plugins/elementor/assets/js/text-editor.45609661e409413f1cef.bundle.min.js HTTP/2.0" 200 592 "https://reggio-emilia.elettroservicegroup.it/?attachment_id=16082" "Mozilla/5.0 (Macintosh; Intel Mac OS X 10_15_7) AppleWebKit/605.1.15 (KHTML, like Gecko) Version/17.4 Safari/605.1.15 (Applebot/0.1; +http://www.apple.com/go/applebot)"
17.241.219.55 - - [06/Jun/2026:20:05:25 +0200] "GET /wp-content/uploads/complianz/css/banner-1-optin.css?v=511 HTTP/2.0" 200 2622 "https://reggio-emilia.elettroservicegroup.it/?attachment_id=16082" "Mozilla/5.0 (Macintosh; Intel Mac OS X 10_15_7) AppleWebKit/605.1.15 (KHTML, like Gecko) Version/17.4 Safari/605.1.15 (Applebot/0.1; +http://www.apple.com/go/applebot)"
65.108.235.243 - - [06/Jun/2026:20:05:26 +0200] "POST /wp-cron.php?doing_wp_cron=1780769126.3057420253753662109375 HTTP/1.1" 200 1 "-" "WordPress/7.0; https://reggio-emilia.elettroservicegroup.it"
17.241.219.55 - - [06/Jun/2026:20:05:26 +0200] "GET /wp-json/complianz/v1/cookie_data HTTP/2.0" 200 82 "https://reggio-emilia.elettroservicegroup.it/?attachment_id=16082" "Mozilla/5.0 (Macintosh; Intel Mac OS X 10_15_7) AppleWebKit/605.1.15 (KHTML, like Gecko) Version/17.4 Safari/605.1.15 (Applebot/0.1; +http://www.apple.com/go/applebot)"
114.119.141.228 - - [06/Jun/2026:20:17:26 +0200] "GET /wp-content/uploads/2021/12/lavastoviglie2-1-300x200.jpg HTTP/1.1" 200 19455 "https://reggio-emilia.elettroservicegroup.it/wp-content/uploads/2021/12/lavastoviglie2-1-300x200.jpg" "Mozilla/5.0 (Linux; Android 7.0;) AppleWebKit/537.36 (HTML, like Gecko) Mobile Safari/537.36 (compatible; PetalBot;+https://webmaster.petalsearch.com/site/petalbot)"
65.108.235.243 - - [06/Jun/2026:20:18:52 +0200] "POST /wp-cron.php?doing_wp_cron=1780769932.0152759552001953125000 HTTP/1.1" 200 1 "-" "WordPress/7.0; https://reggio-emilia.elettroservicegroup.it"
114.119.154.115 - - [06/Jun/2026:20:18:49 +0200] "GET /wie-attraktiv-ist-die-bonusstruktur-fur-vielspieler-bei-spinsy-casino/ HTTP/1.1" 404 17834 "https://reggio-emilia.elettroservicegroup.it/wie-attraktiv-ist-die-bonusstruktur-fur-vielspieler-bei-spinsy-casino/" "Mozilla/5.0 (Linux; Android 7.0;) AppleWebKit/537.36 (HTML, like Gecko) Mobile Safari/537.36 (compatible; PetalBot;+https://webmaster.petalsearch.com/site/petalbot)"
65.108.235.243 - - [06/Jun/2026:20:18:52 +0200] "GET /assistenza-bosch-correggio/ HTTP/1.1" 200 24665 "-" "WP Fastest Cache Preload Bot"
65.108.235.243 - - [06/Jun/2026:20:18:53 +0200] "GET /assistenza-bosch-reggio-emilia/ HTTP/1.1" 200 24658 "-" "WP Fastest Cache Preload Bot"
65.108.235.243 - - [06/Jun/2026:20:18:53 +0200] "GET /assistenza-ariston-rubiera/ HTTP/1.1" 200 24813 "-" "WP Fastest Cache Preload Bot"
65.108.235.243 - - [06/Jun/2026:20:18:53 +0200] "GET /assistenza-ariston-scandiano/ HTTP/1.1" 200 24782 "-" "WP Fastest Cache Preload Bot"
114.119.148.161 - - [06/Jun/2026:20:20:13 +0200] "GET /logo_white_background/ HTTP/1.1" 200 11846 "https://reggio-emilia.elettroservicegroup.it/logo_white_background/" "Mozilla/5.0 (Linux; Android 7.0;) AppleWebKit/537.36 (HTML, like Gecko) Mobile Safari/537.36 (compatible; PetalBot;+https://webmaster.petalsearch.com/site/petalbot)"
65.108.235.243 - - [06/Jun/2026:20:21:37 +0200] "POST /wp-cron.php?doing_wp_cron=1780770097.6124050617218017578125 HTTP/1.1" 200 1 "-" "WordPress/7.0; https://reggio-emilia.elettroservicegroup.it"
114.119.141.228 - - [06/Jun/2026:20:21:35 +0200] "GET /ignis-png/ HTTP/1.1" 404 17785 "https://reggio-emilia.elettroservicegroup.it/ignis-png/" "Mozilla/5.0 (Linux; Android 7.0;) AppleWebKit/537.36 (HTML, like Gecko) Mobile Safari/537.36 (compatible; PetalBot;+https://webmaster.petalsearch.com/site/petalbot)"
65.108.235.243 - - [06/Jun/2026:20:21:38 +0200] "GET /assistenza-ariston-santilario-denza/ HTTP/1.1" 200 24839 "-" "WP Fastest Cache Preload Bot"
65.108.235.243 - - [06/Jun/2026:20:21:38 +0200] "GET /assistenza-ariston-guastalla/ HTTP/1.1" 200 24878 "-" "WP Fastest Cache Preload Bot"
65.108.235.243 - - [06/Jun/2026:20:21:39 +0200] "GET /assistenza-ariston-correggio/ HTTP/1.1" 200 24810 "-" "WP Fastest Cache Preload Bot"
65.108.235.243 - - [06/Jun/2026:20:21:39 +0200] "GET /assistenza-ariston-reggio-emilia/ HTTP/1.1" 200 24778 "-" "WP Fastest Cache Preload Bot"
65.108.235.243 - - [06/Jun/2026:20:23:02 +0200] "POST /wp-cron.php?doing_wp_cron=1780770182.5638110637664794921875 HTTP/1.1" 200 1 "-" "WordPress/7.0; https://reggio-emilia.elettroservicegroup.it"
114.119.137.153 - - [06/Jun/2026:20:23:00 +0200] "GET /home-copertina-2/ HTTP/1.1" 200 18881 "https://reggio-emilia.elettroservicegroup.it/home-copertina-2/" "Mozilla/5.0 (Linux; Android 7.0;) AppleWebKit/537.36 (HTML, like Gecko) Mobile Safari/537.36 (compatible; PetalBot;+https://webmaster.petalsearch.com/site/petalbot)"
65.108.235.243 - - [06/Jun/2026:20:24:25 +0200] "POST /wp-cron.php?doing_wp_cron=1780770265.7599151134490966796875 HTTP/1.1" 200 1 "-" "WordPress/7.0; https://reggio-emilia.elettroservicegroup.it"
114.119.132.207 - - [06/Jun/2026:20:24:24 +0200] "GET /entdecke-das-spieleruniversum-von-royal-coala-casino-mit-allen-facetten/ HTTP/1.1" 404 17838 "https://reggio-emilia.elettroservicegroup.it/" "Mozilla/5.0 (Linux; Android 7.0;) AppleWebKit/537.36 (HTML, like Gecko) Mobile Safari/537.36 (compatible; PetalBot;+https://webmaster.petalsearch.com/site/petalbot)"
114.119.148.161 - - [06/Jun/2026:20:25:46 +0200] "GET /dozen-spins-casino-fair-play-und-transparenz-im-uberblick/ HTTP/1.1" 200 11867 "https://reggio-emilia.elettroservicegroup.it/dozen-spins-casino-fair-play-und-transparenz-im-uberblick/" "Mozilla/5.0 (Linux; Android 7.0;) AppleWebKit/537.36 (HTML, like Gecko) Mobile Safari/537.36 (compatible; PetalBot;+https://webmaster.petalsearch.com/site/petalbot)"
114.119.148.161 - - [06/Jun/2026:20:27:10 +0200] "GET /die-besten-simsino-freispiele-und-wie-man-sie-bekommt/ HTTP/1.1" 200 11811 "https://reggio-emilia.elettroservicegroup.it/spinbetter-casino-anmeldung-und-verifizierung-was-ist-zu-beachten/" "Mozilla/5.0 (Linux; Android 7.0;) AppleWebKit/537.36 (HTML, like Gecko) Mobile Safari/537.36 (compatible; PetalBot;+https://webmaster.petalsearch.com/site/petalbot)"
65.108.235.243 - - [06/Jun/2026:20:28:43 +0200] "POST /wp-cron.php?doing_wp_cron=1780770523.4644699096679687500000 HTTP/1.1" 200 1 "-" "WordPress/7.0; https://reggio-emilia.elettroservicegroup.it"
114.119.137.98 - - [06/Jun/2026:20:28:34 +0200] "GET /cosmo-auszahlungsdauer-im-aktuellen-check-wie-schnell-sind-auszahlungen-wirklich/ HTTP/1.1" 404 17963 "https://reggio-emilia.elettroservicegroup.it/cosmo-auszahlungsdauer-im-aktuellen-check-wie-schnell-sind-auszahlungen-wirklich/" "Mozilla/5.0 (Linux; Android 7.0;) AppleWebKit/537.36 (HTML, like Gecko) Mobile Safari/537.36 (compatible; PetalBot;+https://webmaster.petalsearch.com/site/petalbot)"
65.108.235.243 - - [06/Jun/2026:20:28:44 +0200] "GET /assistenza-aeg-rubiera/ HTTP/1.1" 200 24734 "-" "WP Fastest Cache Preload Bot"
65.108.235.243 - - [06/Jun/2026:20:28:45 +0200] "GET /assistenza-aeg-scandiano/ HTTP/1.1" 200 24761 "-" "WP Fastest Cache Preload Bot"
65.108.235.243 - - [06/Jun/2026:20:28:48 +0200] "GET /assistenza-aeg-santilario-denza/ HTTP/1.1" 200 24797 "-" "WP Fastest Cache Preload Bot"
65.108.235.243 - - [06/Jun/2026:20:28:50 +0200] "GET /assistenza-aeg-guastalla/ HTTP/1.1" 200 24853 "-" "WP Fastest Cache Preload Bot"
114.119.148.161 - - [06/Jun/2026:20:29:57 +0200] "GET /copertina-riparazione_lavastoviglie-jpg HTTP/1.1" 200 11840 "https://reggio-emilia.elettroservicegroup.it/copertina-riparazione_lavastoviglie-jpg" "Mozilla/5.0 (Linux; Android 7.0;) AppleWebKit/537.36 (HTML, like Gecko) Mobile Safari/537.36 (compatible; PetalBot;+https://webmaster.petalsearch.com/site/petalbot)"
65.108.235.243 - - [06/Jun/2026:20:31:21 +0200] "POST /wp-cron.php?doing_wp_cron=1780770681.8872189521789550781250 HTTP/1.1" 200 1 "-" "WordPress/7.0; https://reggio-emilia.elettroservicegroup.it"
114.119.132.207 - - [06/Jun/2026:20:31:20 +0200] "GET /copertina-11 HTTP/1.1" 301 1 "https://reggio-emilia.elettroservicegroup.it/copertina-11" "Mozilla/5.0 (Linux; Android 7.0;) AppleWebKit/537.36 (HTML, like Gecko) Mobile Safari/537.36 (compatible; PetalBot;+https://webmaster.petalsearch.com/site/petalbot)"
65.108.235.243 - - [06/Jun/2026:20:31:22 +0200] "GET /assistenza-aeg-correggio/ HTTP/1.1" 200 24663 "-" "WP Fastest Cache Preload Bot"
114.119.132.207 - - [06/Jun/2026:20:31:22 +0200] "GET /copertina-11/ HTTP/1.1" 200 19030 "https://reggio-emilia.elettroservicegroup.it/copertina-11" "Mozilla/5.0 (Linux; Android 7.0;) AppleWebKit/537.36 (HTML, like Gecko) Mobile Safari/537.36 (compatible; PetalBot;+https://webmaster.petalsearch.com/site/petalbot)"
65.108.235.243 - - [06/Jun/2026:20:31:22 +0200] "GET /assistenza-aeg-reggio-emilia/ HTTP/1.1" 200 24743 "-" "WP Fastest Cache Preload Bot"
65.108.235.243 - - [06/Jun/2026:20:31:23 +0200] "GET /cookie-policy/ HTTP/1.1" 200 19438 "-" "WP Fastest Cache Preload Bot"
65.108.235.243 - - [06/Jun/2026:20:31:23 +0200] "GET /termini-e-condizioni/ HTTP/1.1" 200 19105 "-" "WP Fastest Cache Preload Bot"
65.108.235.243 - - [06/Jun/2026:20:32:45 +0200] "POST /wp-cron.php?doing_wp_cron=1780770765.7946529388427734375000 HTTP/1.1" 200 1 "-" "WordPress/7.0; https://reggio-emilia.elettroservicegroup.it"
114.119.137.98 - - [06/Jun/2026:20:32:44 +0200] "GET /condizionatore-bonus-jpg/ HTTP/1.1" 404 17915 "https://reggio-emilia.elettroservicegroup.it/condizionatore-bonus-jpg/" "Mozilla/5.0 (Linux; Android 7.0;) AppleWebKit/537.36 (HTML, like Gecko) Mobile Safari/537.36 (compatible; PetalBot;+https://webmaster.petalsearch.com/site/petalbot)"
114.119.148.161 - - [06/Jun/2026:20:34:08 +0200] "GET /category/uncategorized/ HTTP/1.1" 200 11894 "https://reggio-emilia.elettroservicegroup.it/oceanspin-einzahlungsmethoden-im-detail-analysiert/" "Mozilla/5.0 (Linux; Android 7.0;) AppleWebKit/537.36 (HTML, like Gecko) Mobile Safari/537.36 (compatible; PetalBot;+https://webmaster.petalsearch.com/site/petalbot)"
65.108.235.243 - - [06/Jun/2026:20:35:33 +0200] "POST /wp-cron.php?doing_wp_cron=1780770933.7718980312347412109375 HTTP/1.1" 200 1 "-" "WordPress/7.0; https://reggio-emilia.elettroservicegroup.it"
114.119.141.228 - - [06/Jun/2026:20:35:32 +0200] "GET /assistenza-whirlpool-guastalla HTTP/1.1" 301 1 "https://reggio-emilia.elettroservicegroup.it/assistenza-whirlpool-guastalla" "Mozilla/5.0 (Linux; Android 7.0;) AppleWebKit/537.36 (HTML, like Gecko) Mobile Safari/537.36 (compatible; PetalBot;+https://webmaster.petalsearch.com/site/petalbot)"
114.119.141.228 - - [06/Jun/2026:20:35:34 +0200] "GET /assistenza-whirlpool-guastalla/ HTTP/1.1" 200 25081 "https://reggio-emilia.elettroservicegroup.it/assistenza-whirlpool-guastalla" "Mozilla/5.0 (Linux; Android 7.0;) AppleWebKit/537.36 (HTML, like Gecko) Mobile Safari/537.36 (compatible; PetalBot;+https://webmaster.petalsearch.com/site/petalbot)"
114.119.148.161 - - [06/Jun/2026:20:36:54 +0200] "GET /assistenza-siemens-santilario-denza/ HTTP/1.1" 200 11890 "https://reggio-emilia.elettroservicegroup.it/assistenza-siemens-santilario-denza" "Mozilla/5.0 (Linux; Android 7.0;) AppleWebKit/537.36 (HTML, like Gecko) Mobile Safari/537.36 (compatible; PetalBot;+https://webmaster.petalsearch.com/site/petalbot)"
65.108.235.243 - - [06/Jun/2026:20:38:20 +0200] "POST /wp-cron.php?doing_wp_cron=1780771100.1156260967254638671875 HTTP/1.1" 200 1 "-" "WordPress/7.0; https://reggio-emilia.elettroservicegroup.it"
114.119.138.37 - - [06/Jun/2026:20:38:18 +0200] "GET /assistenza-lavatrici-whirlpool-scandiano/ HTTP/1.1" 200 25142 "https://reggio-emilia.elettroservicegroup.it/assistenza-lavatrici-whirlpool-scandiano" "Mozilla/5.0 (Linux; Android 7.0;) AppleWebKit/537.36 (HTML, like Gecko) Mobile Safari/537.36 (compatible; PetalBot;+https://webmaster.petalsearch.com/site/petalbot)"
65.108.235.243 - - [06/Jun/2026:20:38:20 +0200] "GET /cookie-policy-ue/ HTTP/1.1" 200 20687 "-" "WP Fastest Cache Preload Bot"
65.108.235.243 - - [06/Jun/2026:20:38:20 +0200] "GET /informativa-privacy/ HTTP/1.1" 200 21253 "-" "WP Fastest Cache Preload Bot"
65.108.235.243 - - [06/Jun/2026:20:38:21 +0200] "GET /assistenza-condizionatori-reggio-emilia/ HTTP/1.1" 200 22166 "-" "WP Fastest Cache Preload Bot"
65.108.235.243 - - [06/Jun/2026:20:38:21 +0200] "GET /assistenza-forni-elettrici-reggio-emilia/ HTTP/1.1" 200 23055 "-" "WP Fastest Cache Preload Bot"
198.235.24.249 - - [06/Jun/2026:20:39:14 +0200] "GET / HTTP/1.1" 301 - "-" "Hello from Palo Alto Networks, find out more about our scans in https://docs-cortex.paloaltonetworks.com/r/1/Cortex-Xpanse/Scanning-activity"
65.108.235.243 - - [06/Jun/2026:20:39:44 +0200] "POST /wp-cron.php?doing_wp_cron=1780771184.2759239673614501953125 HTTP/1.1" 200 1 "-" "WordPress/7.0; https://reggio-emilia.elettroservicegroup.it"
114.119.130.67 - - [06/Jun/2026:20:39:42 +0200] "GET /assistenza-lavatrici-smeg-scandiano/ HTTP/1.1" 200 25002 "https://reggio-emilia.elettroservicegroup.it/assistenza-lavatrici-smeg-scandiano" "Mozilla/5.0 (Linux; Android 7.0;) AppleWebKit/537.36 (HTML, like Gecko) Mobile Safari/537.36 (compatible; PetalBot;+https://webmaster.petalsearch.com/site/petalbot)"
65.108.235.243 - - [06/Jun/2026:20:41:08 +0200] "POST /wp-cron.php?doing_wp_cron=1780771268.9761579036712646484375 HTTP/1.1" 200 1 "-" "WordPress/7.0; https://reggio-emilia.elettroservicegroup.it"
114.119.132.207 - - [06/Jun/2026:20:41:07 +0200] "GET /assistenza-lavatrici-rex-electrolux-rubiera/ HTTP/1.1" 200 24989 "https://reggio-emilia.elettroservicegroup.it/assistenza-lavatrici-rex-electrolux-rubiera/" "Mozilla/5.0 (Linux; Android 7.0;) AppleWebKit/537.36 (HTML, like Gecko) Mobile Safari/537.36 (compatible; PetalBot;+https://webmaster.petalsearch.com/site/petalbot)"
65.108.235.243 - - [06/Jun/2026:20:41:09 +0200] "GET /assistenza-frigoriferi-reggio-emilia/ HTTP/1.1" 200 22871 "-" "WP Fastest Cache Preload Bot"
65.108.235.243 - - [06/Jun/2026:20:41:09 +0200] "GET /assistenza-lavastoviglie/ HTTP/1.1" 200 22888 "-" "WP Fastest Cache Preload Bot"
65.108.235.243 - - [06/Jun/2026:20:41:10 +0200] "GET /assistenza-asciugatrici-reggio-emilia/ HTTP/1.1" 200 22859 "-" "WP Fastest Cache Preload Bot"
65.108.235.243 - - [06/Jun/2026:20:41:10 +0200] "GET /assistenza-lavatrici/ HTTP/1.1" 200 22934 "-" "WP Fastest Cache Preload Bot"
65.108.235.243 - - [06/Jun/2026:20:42:35 +0200] "POST /wp-cron.php?doing_wp_cron=1780771355.6794459819793701171875 HTTP/1.1" 200 1 "-" "WordPress/7.0; https://reggio-emilia.elettroservicegroup.it"
114.119.141.228 - - [06/Jun/2026:20:42:28 +0200] "GET /assistenza-lavastoviglie-whirlpool-reggio-emilia/ HTTP/1.1" 200 24908 "https://reggio-emilia.elettroservicegroup.it/assistenza-lavastoviglie-whirlpool-reggio-emilia/" "Mozilla/5.0 (Linux; Android 7.0;) AppleWebKit/537.36 (HTML, like Gecko) Mobile Safari/537.36 (compatible; PetalBot;+https://webmaster.petalsearch.com/site/petalbot)"
65.108.235.243 - - [06/Jun/2026:20:43:53 +0200] "POST /wp-cron.php?doing_wp_cron=1780771433.3407180309295654296875 HTTP/1.1" 200 1 "-" "WordPress/7.0; https://reggio-emilia.elettroservicegroup.it"
114.119.130.67 - - [06/Jun/2026:20:43:51 +0200] "GET /assistenza-lavastoviglie-whirlpool-guastalla HTTP/1.1" 301 1 "https://reggio-emilia.elettroservicegroup.it/assistenza-lavastoviglie-whirlpool-guastalla" "Mozilla/5.0 (Linux; Android 7.0;) AppleWebKit/537.36 (HTML, like Gecko) Mobile Safari/537.36 (compatible; PetalBot;+https://webmaster.petalsearch.com/site/petalbot)"
114.119.130.67 - - [06/Jun/2026:20:43:53 +0200] "GET /assistenza-lavastoviglie-whirlpool-guastalla/ HTTP/1.1" 200 24927 "https://reggio-emilia.elettroservicegroup.it/assistenza-lavastoviglie-whirlpool-guastalla" "Mozilla/5.0 (Linux; Android 7.0;) AppleWebKit/537.36 (HTML, like Gecko) Mobile Safari/537.36 (compatible; PetalBot;+https://webmaster.petalsearch.com/site/petalbot)"
65.108.235.243 - - [06/Jun/2026:20:45:17 +0200] "POST /wp-cron.php?doing_wp_cron=1780771517.2057740688323974609375 HTTP/1.1" 200 1 "-" "WordPress/7.0; https://reggio-emilia.elettroservicegroup.it"
114.119.137.153 - - [06/Jun/2026:20:45:15 +0200] "GET /assistenza-lavastoviglie-whirlpool-correggio HTTP/1.1" 301 1 "https://reggio-emilia.elettroservicegroup.it/assistenza-lavastoviglie-whirlpool-correggio" "Mozilla/5.0 (Linux; Android 7.0;) AppleWebKit/537.36 (HTML, like Gecko) Mobile Safari/537.36 (compatible; PetalBot;+https://webmaster.petalsearch.com/site/petalbot)"
114.119.137.153 - - [06/Jun/2026:20:45:18 +0200] "GET /assistenza-lavastoviglie-whirlpool-correggio/ HTTP/1.1" 200 24919 "https://reggio-emilia.elettroservicegroup.it/assistenza-lavastoviglie-whirlpool-correggio" "Mozilla/5.0 (Linux; Android 7.0;) AppleWebKit/537.36 (HTML, like Gecko) Mobile Safari/537.36 (compatible; PetalBot;+https://webmaster.petalsearch.com/site/petalbot)"
65.108.235.243 - - [06/Jun/2026:20:46:41 +0200] "POST /wp-cron.php?doing_wp_cron=1780771601.4744169712066650390625 HTTP/1.1" 200 1 "-" "WordPress/7.0; https://reggio-emilia.elettroservicegroup.it"
114.119.141.228 - - [06/Jun/2026:20:46:39 +0200] "GET /assistenza-lavastoviglie-smeg-reggio-emilia/ HTTP/1.1" 200 24893 "https://reggio-emilia.elettroservicegroup.it/assistenza-lavastoviglie-smeg-reggio-emilia" "Mozilla/5.0 (Linux; Android 7.0;) AppleWebKit/537.36 (HTML, like Gecko) Mobile Safari/537.36 (compatible; PetalBot;+https://webmaster.petalsearch.com/site/petalbot)"
65.108.235.243 - - [06/Jun/2026:20:46:41 +0200] "GET / HTTP/1.1" 200 25240 "-" "WP Fastest Cache Preload Bot"
65.108.235.243 - - [06/Jun/2026:20:48:09 +0200] "POST /wp-cron.php?doing_wp_cron=1780771689.5586409568786621093750 HTTP/1.1" 200 1 "-" "WordPress/7.0; https://reggio-emilia.elettroservicegroup.it"
114.119.130.67 - - [06/Jun/2026:20:48:02 +0200] "GET /assistenza-lavastoviglie-indesit-reggio-emilia HTTP/1.1" 301 1 "https://reggio-emilia.elettroservicegroup.it/assistenza-lavastoviglie-indesit-reggio-emilia" "Mozilla/5.0 (Linux; Android 7.0;) AppleWebKit/537.36 (HTML, like Gecko) Mobile Safari/537.36 (compatible; PetalBot;+https://webmaster.petalsearch.com/site/petalbot)"
114.119.130.67 - - [06/Jun/2026:20:48:10 +0200] "GET /assistenza-lavastoviglie-indesit-reggio-emilia/ HTTP/1.1" 200 24918 "https://reggio-emilia.elettroservicegroup.it/assistenza-lavastoviglie-indesit-reggio-emilia" "Mozilla/5.0 (Linux; Android 7.0;) AppleWebKit/537.36 (HTML, like Gecko) Mobile Safari/537.36 (compatible; PetalBot;+https://webmaster.petalsearch.com/site/petalbot)"
114.119.148.161 - - [06/Jun/2026:20:49:27 +0200] "GET /assistenza-lavastoviglie-indesit-guastalla HTTP/1.1" 200 11809 "https://reggio-emilia.elettroservicegroup.it/assistenza-lavastoviglie-indesit-guastalla" "Mozilla/5.0 (Linux; Android 7.0;) AppleWebKit/537.36 (HTML, like Gecko) Mobile Safari/537.36 (compatible; PetalBot;+https://webmaster.petalsearch.com/site/petalbot)"
65.108.235.243 - - [06/Jun/2026:20:50:51 +0200] "POST /wp-cron.php?doing_wp_cron=1780771851.3215289115905761718750 HTTP/1.1" 200 1 "-" "WordPress/7.0; https://reggio-emilia.elettroservicegroup.it"
114.119.138.37 - - [06/Jun/2026:20:50:49 +0200] "GET /assistenza-lavastoviglie-guastalla HTTP/1.1" 301 1 "https://reggio-emilia.elettroservicegroup.it/assistenza-lavastoviglie-guastalla" "Mozilla/5.0 (Linux; Android 7.0;) AppleWebKit/537.36 (HTML, like Gecko) Mobile Safari/537.36 (compatible; PetalBot;+https://webmaster.petalsearch.com/site/petalbot)"
114.119.138.37 - - [06/Jun/2026:20:50:51 +0200] "GET /assistenza-lavastoviglie-guastalla/ HTTP/1.1" 200 25461 "https://reggio-emilia.elettroservicegroup.it/assistenza-lavastoviglie-guastalla" "Mozilla/5.0 (Linux; Android 7.0;) AppleWebKit/537.36 (HTML, like Gecko) Mobile Safari/537.36 (compatible; PetalBot;+https://webmaster.petalsearch.com/site/petalbot)"
162.120.188.9 - - [06/Jun/2026:20:52:21 +0200] "GET / HTTP/2.0" 200 25219 "https://www.google.com/" "Mozilla/5.0 (Windows NT 10.0; Win64; x64) AppleWebKit/537.36 (KHTML, like Gecko) Chrome/148.0.0.0 Safari/537.36"
95.250.92.140 - - [06/Jun/2026:20:52:21 +0200] "GET /wp-content/uploads/elementor/css/post-14146.css?ver=1780586498 HTTP/2.0" 200 428 "https://reggio-emilia.elettroservicegroup.it/" "Mozilla/5.0 (Windows NT 10.0; Win64; x64) AppleWebKit/537.36 (KHTML, like Gecko) Chrome/148.0.0.0 Safari/537.36"
95.250.92.140 - - [06/Jun/2026:20:52:21 +0200] "GET /wp-content/cache/wpfc-minified/ky0w1tys/4lapt.css HTTP/2.0" 200 418 "https://reggio-emilia.elettroservicegroup.it/" "Mozilla/5.0 (Windows NT 10.0; Win64; x64) AppleWebKit/537.36 (KHTML, like Gecko) Chrome/148.0.0.0 Safari/537.36"
95.250.92.140 - - [06/Jun/2026:20:52:21 +0200] "GET /wp-content/uploads/elementor/css/post-14227.css?ver=1780595901 HTTP/2.0" 200 2362 "https://reggio-emilia.elettroservicegroup.it/" "Mozilla/5.0 (Windows NT 10.0; Win64; x64) AppleWebKit/537.36 (KHTML, like Gecko) Chrome/148.0.0.0 Safari/537.36"
95.250.92.140 - - [06/Jun/2026:20:52:21 +0200] "GET /wp-content/cache/wpfc-minified/kwp9n0f5/4laq4.css HTTP/2.0" 200 7263 "https://reggio-emilia.elettroservicegroup.it/" "Mozilla/5.0 (Windows NT 10.0; Win64; x64) AppleWebKit/537.36 (KHTML, like Gecko) Chrome/148.0.0.0 Safari/537.36"
95.250.92.140 - - [06/Jun/2026:20:52:21 +0200] "GET /wp-content/cache/wpfc-minified/l9m140dq/4lapt.css HTTP/2.0" 200 7521 "https://reggio-emilia.elettroservicegroup.it/" "Mozilla/5.0 (Windows NT 10.0; Win64; x64) AppleWebKit/537.36 (KHTML, like Gecko) Chrome/148.0.0.0 Safari/537.36"
95.250.92.140 - - [06/Jun/2026:20:52:21 +0200] "GET /wp-content/uploads/elementor/css/post-14366.css?ver=1780586500 HTTP/2.0" 200 302 "https://reggio-emilia.elettroservicegroup.it/" "Mozilla/5.0 (Windows NT 10.0; Win64; x64) AppleWebKit/537.36 (KHTML, like Gecko) Chrome/148.0.0.0 Safari/537.36"
95.250.92.140 - - [06/Jun/2026:20:52:21 +0200] "GET /wp-content/cache/wpfc-minified/m8ydgnxm/4lapt.css HTTP/2.0" 200 4410 "https://reggio-emilia.elettroservicegroup.it/" "Mozilla/5.0 (Windows NT 10.0; Win64; x64) AppleWebKit/537.36 (KHTML, like Gecko) Chrome/148.0.0.0 Safari/537.36"
95.250.92.140 - - [06/Jun/2026:20:52:21 +0200] "GET /wp-content/cache/wpfc-minified/kqcp3zx3/4laq5.css HTTP/2.0" 200 16443 "https://reggio-emilia.elettroservicegroup.it/" "Mozilla/5.0 (Windows NT 10.0; Win64; x64) AppleWebKit/537.36 (KHTML, like Gecko) Chrome/148.0.0.0 Safari/537.36"
95.250.92.140 - - [06/Jun/2026:20:52:21 +0200] "GET /wp-content/cache/wpfc-minified/8tnr6p1l/4lapt.css HTTP/2.0" 200 2043 "https://reggio-emilia.elettroservicegroup.it/" "Mozilla/5.0 (Windows NT 10.0; Win64; x64) AppleWebKit/537.36 (KHTML, like Gecko) Chrome/148.0.0.0 Safari/537.36"
95.250.92.140 - - [06/Jun/2026:20:52:21 +0200] "GET /wp-content/cache/wpfc-minified/2bi5m9ld/4laq4.js HTTP/2.0" 200 8754 "https://reggio-emilia.elettroservicegroup.it/" "Mozilla/5.0 (Windows NT 10.0; Win64; x64) AppleWebKit/537.36 (KHTML, like Gecko) Chrome/148.0.0.0 Safari/537.36"
95.250.92.140 - - [06/Jun/2026:20:52:21 +0200] "GET /wp-content/uploads/2021/10/cropped-cropped-cropped-logo_white_background.png HTTP/2.0" 200 26788 "https://reggio-emilia.elettroservicegroup.it/" "Mozilla/5.0 (Windows NT 10.0; Win64; x64) AppleWebKit/537.36 (KHTML, like Gecko) Chrome/148.0.0.0 Safari/537.36"
95.250.92.140 - - [06/Jun/2026:20:52:21 +0200] "GET /wp-content/cache/wpfc-minified/g52dp1tu/4lapt.css HTTP/2.0" 200 19034 "https://reggio-emilia.elettroservicegroup.it/" "Mozilla/5.0 (Windows NT 10.0; Win64; x64) AppleWebKit/537.36 (KHTML, like Gecko) Chrome/148.0.0.0 Safari/537.36"
95.250.92.140 - - [06/Jun/2026:20:52:21 +0200] "GET /wp-content/cache/wpfc-minified/lnwln415/4lapt.js HTTP/2.0" 200 32852 "https://reggio-emilia.elettroservicegroup.it/" "Mozilla/5.0 (Windows NT 10.0; Win64; x64) AppleWebKit/537.36 (KHTML, like Gecko) Chrome/148.0.0.0 Safari/537.36"
95.250.92.140 - - [06/Jun/2026:20:52:21 +0200] "GET /wp-content/uploads/2021/10/cropped-logo_white_background.png HTTP/2.0" 200 15855 "https://reggio-emilia.elettroservicegroup.it/" "Mozilla/5.0 (Windows NT 10.0; Win64; x64) AppleWebKit/537.36 (KHTML, like Gecko) Chrome/148.0.0.0 Safari/537.36"
95.250.92.140 - - [06/Jun/2026:20:52:21 +0200] "GET /wp-content/plugins/gp-premium/menu-plus/functions/js/sticky.min.js?ver=2.5.5 HTTP/2.0" 200 2670 "https://reggio-emilia.elettroservicegroup.it/" "Mozilla/5.0 (Windows NT 10.0; Win64; x64) AppleWebKit/537.36 (KHTML, like Gecko) Chrome/148.0.0.0 Safari/537.36"
95.250.92.140 - - [06/Jun/2026:20:52:21 +0200] "GET /wp-content/plugins/elementor/assets/js/webpack.runtime.min.js?ver=4.1.1 HTTP/2.0" 200 2340 "https://reggio-emilia.elettroservicegroup.it/" "Mozilla/5.0 (Windows NT 10.0; Win64; x64) AppleWebKit/537.36 (KHTML, like Gecko) Chrome/148.0.0.0 Safari/537.36"
95.250.92.140 - - [06/Jun/2026:20:52:21 +0200] "GET /wp-content/themes/generatepress/assets/js/menu.min.js?ver=3.6.1 HTTP/2.0" 200 1688 "https://reggio-emilia.elettroservicegroup.it/" "Mozilla/5.0 (Windows NT 10.0; Win64; x64) AppleWebKit/537.36 (KHTML, like Gecko) Chrome/148.0.0.0 Safari/537.36"
95.250.92.140 - - [06/Jun/2026:20:52:21 +0200] "GET /wp-content/plugins/elementor/assets/js/frontend-modules.min.js?ver=4.1.1 HTTP/2.0" 200 15454 "https://reggio-emilia.elettroservicegroup.it/" "Mozilla/5.0 (Windows NT 10.0; Win64; x64) AppleWebKit/537.36 (KHTML, like Gecko) Chrome/148.0.0.0 Safari/537.36"
95.250.92.140 - - [06/Jun/2026:20:52:21 +0200] "GET /wp-content/themes/generatepress/assets/js/back-to-top.min.js?ver=3.6.1 HTTP/2.0" 200 336 "https://reggio-emilia.elettroservicegroup.it/" "Mozilla/5.0 (Windows NT 10.0; Win64; x64) AppleWebKit/537.36 (KHTML, like Gecko) Chrome/148.0.0.0 Safari/537.36"
95.250.92.140 - - [06/Jun/2026:20:52:21 +0200] "GET /wp-includes/js/jquery/ui/core.min.js?ver=1.13.3 HTTP/2.0" 200 6820 "https://reggio-emilia.elettroservicegroup.it/" "Mozilla/5.0 (Windows NT 10.0; Win64; x64) AppleWebKit/537.36 (KHTML, like Gecko) Chrome/148.0.0.0 Safari/537.36"
95.250.92.140 - - [06/Jun/2026:20:52:21 +0200] "GET /wp-content/plugins/complianz-gdpr-premium/cookiebanner/js/complianz.min.js?ver=1780326507 HTTP/2.0" 200 10708 "https://reggio-emilia.elettroservicegroup.it/" "Mozilla/5.0 (Windows NT 10.0; Win64; x64) AppleWebKit/537.36 (KHTML, like Gecko) Chrome/148.0.0.0 Safari/537.36"
95.250.92.140 - - [06/Jun/2026:20:52:21 +0200] "GET /wp-content/plugins/elementor/assets/js/frontend.min.js?ver=4.1.1 HTTP/2.0" 200 10140 "https://reggio-emilia.elettroservicegroup.it/" "Mozilla/5.0 (Windows NT 10.0; Win64; x64) AppleWebKit/537.36 (KHTML, like Gecko) Chrome/148.0.0.0 Safari/537.36"
95.250.92.140 - - [06/Jun/2026:20:52:21 +0200] "GET /wp-content/uploads/2022/01/TECNICO-ELETTRODOMESTICI.jpg HTTP/2.0" 200 73506 "https://reggio-emilia.elettroservicegroup.it/wp-content/uploads/elementor/css/post-14227.css?ver=1780595901" "Mozilla/5.0 (Windows NT 10.0; Win64; x64) AppleWebKit/537.36 (KHTML, like Gecko) Chrome/148.0.0.0 Safari/537.36"
95.250.92.140 - - [06/Jun/2026:20:52:21 +0200] "GET /wp-content/uploads/2022/01/TECNICO-ELETTRODOMESTICI-1.jpg HTTP/2.0" 200 23089 "https://reggio-emilia.elettroservicegroup.it/" "Mozilla/5.0 (Windows NT 10.0; Win64; x64) AppleWebKit/537.36 (KHTML, like Gecko) Chrome/148.0.0.0 Safari/537.36"
95.250.92.140 - - [06/Jun/2026:20:52:21 +0200] "GET /wp-content/uploads/2021/10/HOME-COPERTINA.jpg HTTP/2.0" 200 63550 "https://reggio-emilia.elettroservicegroup.it/wp-content/uploads/elementor/css/post-14227.css?ver=1780595901" "Mozilla/5.0 (Windows NT 10.0; Win64; x64) AppleWebKit/537.36 (KHTML, like Gecko) Chrome/148.0.0.0 Safari/537.36"
95.250.92.140 - - [06/Jun/2026:20:52:21 +0200] "GET /wp-content/uploads/2021/10/asko-e1634463631713-1024x675.jpg HTTP/2.0" 200 80013 "https://reggio-emilia.elettroservicegroup.it/" "Mozilla/5.0 (Windows NT 10.0; Win64; x64) AppleWebKit/537.36 (KHTML, like Gecko) Chrome/148.0.0.0 Safari/537.36"
95.250.92.140 - - [06/Jun/2026:20:52:21 +0200] "GET /wp-content/uploads/2022/01/copertina-Riparazione_Lavastoviglie-.jpg HTTP/2.0" 200 35425 "https://reggio-emilia.elettroservicegroup.it/" "Mozilla/5.0 (Windows NT 10.0; Win64; x64) AppleWebKit/537.36 (KHTML, like Gecko) Chrome/148.0.0.0 Safari/537.36"
95.250.92.140 - - [06/Jun/2026:20:52:21 +0200] "GET /wp-content/uploads/2021/10/forno-c-1024x682.jpg HTTP/2.0" 200 77272 "https://reggio-emilia.elettroservicegroup.it/" "Mozilla/5.0 (Windows NT 10.0; Win64; x64) AppleWebKit/537.36 (KHTML, like Gecko) Chrome/148.0.0.0 Safari/537.36"
95.250.92.140 - - [06/Jun/2026:20:52:21 +0200] "GET /wp-content/uploads/elementor/google-fonts/fonts/roboto-kfo7cnqeu92fr1me7ksn66agldtyluama3yuba.woff2 HTTP/2.0" 200 40132 "https://reggio-emilia.elettroservicegroup.it/wp-content/cache/wpfc-minified/8tnr6p1l/4lapt.css" "Mozilla/5.0 (Windows NT 10.0; Win64; x64) AppleWebKit/537.36 (KHTML, like Gecko) Chrome/148.0.0.0 Safari/537.36"
95.250.92.140 - - [06/Jun/2026:20:52:21 +0200] "GET /wp-content/uploads/2022/01/LAVATRICE-2.webp HTTP/2.0" 200 48056 "https://reggio-emilia.elettroservicegroup.it/" "Mozilla/5.0 (Windows NT 10.0; Win64; x64) AppleWebKit/537.36 (KHTML, like Gecko) Chrome/148.0.0.0 Safari/537.36"
95.250.92.140 - - [06/Jun/2026:20:52:21 +0200] "GET /wp-content/uploads/2021/10/condizionatore-bonus-1024x683.jpg HTTP/2.0" 200 52525 "https://reggio-emilia.elettroservicegroup.it/" "Mozilla/5.0 (Windows NT 10.0; Win64; x64) AppleWebKit/537.36 (KHTML, like Gecko) Chrome/148.0.0.0 Safari/537.36"
95.250.92.140 - - [06/Jun/2026:20:52:21 +0200] "GET /wp-content/uploads/2021/10/Frigorifero-combinato-e1634459015932.jpg HTTP/2.0" 200 79096 "https://reggio-emilia.elettroservicegroup.it/" "Mozilla/5.0 (Windows NT 10.0; Win64; x64) AppleWebKit/537.36 (KHTML, like Gecko) Chrome/148.0.0.0 Safari/537.36"
95.250.92.140 - - [06/Jun/2026:20:52:21 +0200] "GET /wp-content/plugins/elementor/assets/js/text-editor.45609661e409413f1cef.bundle.min.js HTTP/2.0" 200 592 "https://reggio-emilia.elettroservicegroup.it/" "Mozilla/5.0 (Windows NT 10.0; Win64; x64) AppleWebKit/537.36 (KHTML, like Gecko) Chrome/148.0.0.0 Safari/537.36"
95.250.92.140 - - [06/Jun/2026:20:52:21 +0200] "GET /wp-content/plugins/elementor/assets/js/section-frontend-handlers.d85ab872da118940910d.bundle.min.js HTTP/2.0" 200 230 "https://reggio-emilia.elettroservicegroup.it/" "Mozilla/5.0 (Windows NT 10.0; Win64; x64) AppleWebKit/537.36 (KHTML, like Gecko) Chrome/148.0.0.0 Safari/537.36"
95.250.92.140 - - [06/Jun/2026:20:52:21 +0200] "GET /wp-content/plugins/elementor/assets/js/shared-frontend-handlers.03caa53373b56d3bab67.bundle.min.js HTTP/2.0" 200 2515 "https://reggio-emilia.elettroservicegroup.it/" "Mozilla/5.0 (Windows NT 10.0; Win64; x64) AppleWebKit/537.36 (KHTML, like Gecko) Chrome/148.0.0.0 Safari/537.36"
95.250.92.140 - - [06/Jun/2026:20:52:21 +0200] "GET /wp-content/uploads/2021/10/cropped-cropped-cropped-cropped-logo_white_background-32x32.png HTTP/2.0" 200 1181 "https://reggio-emilia.elettroservicegroup.it/" "Mozilla/5.0 (Windows NT 10.0; Win64; x64) AppleWebKit/537.36 (KHTML, like Gecko) Chrome/148.0.0.0 Safari/537.36"
95.250.92.140 - - [06/Jun/2026:20:52:21 +0200] "GET /wp-json/complianz/v1/banner?lang=it&locale=it_IT&token=mbbvl HTTP/2.0" 200 84 "https://reggio-emilia.elettroservicegroup.it/" "Mozilla/5.0 (Windows NT 10.0; Win64; x64) AppleWebKit/537.36 (KHTML, like Gecko) Chrome/148.0.0.0 Safari/537.36"
95.250.92.140 - - [06/Jun/2026:20:52:23 +0200] "GET /wp-content/uploads/complianz/css/banner-1-optin.css?v=511 HTTP/2.0" 200 2622 "https://reggio-emilia.elettroservicegroup.it/" "Mozilla/5.0 (Windows NT 10.0; Win64; x64) AppleWebKit/537.36 (KHTML, like Gecko) Chrome/148.0.0.0 Safari/537.36"
65.108.235.243 - - [06/Jun/2026:20:52:23 +0200] "POST /wp-cron.php?doing_wp_cron=1780771943.2546470165252685546875 HTTP/1.1" 200 1 "-" "WordPress/7.0; https://reggio-emilia.elettroservicegroup.it"
65.108.235.243 - - [06/Jun/2026:20:52:23 +0200] "POST /wp-cron.php?doing_wp_cron=1780771943.2541439533233642578125 HTTP/1.1" 200 1 "-" "WordPress/7.0; https://reggio-emilia.elettroservicegroup.it"
66.249.93.232 - - [06/Jun/2026:20:52:20 +0200] "GET /.well-known/traffic-advice HTTP/1.1" 404 17933 "-" "Chrome Privacy Preserving Prefetch Proxy"
114.119.154.115 - - [06/Jun/2026:20:52:13 +0200] "GET /assistenza-lavastoviglie-bosch-scandiano/ HTTP/1.1" 200 24906 "https://reggio-emilia.elettroservicegroup.it/assistenza-lavastoviglie-bosch-scandiano/" "Mozilla/5.0 (Linux; Android 7.0;) AppleWebKit/537.36 (HTML, like Gecko) Mobile Safari/537.36 (compatible; PetalBot;+https://webmaster.petalsearch.com/site/petalbot)"
95.250.92.140 - - [06/Jun/2026:20:52:24 +0200] "GET /wp-content/uploads/2022/01/tecnico-elettro-3.jpg HTTP/2.0" 200 59916 "https://reggio-emilia.elettroservicegroup.it/" "Mozilla/5.0 (Windows NT 10.0; Win64; x64) AppleWebKit/537.36 (KHTML, like Gecko) Chrome/148.0.0.0 Safari/537.36"
95.250.92.140 - - [06/Jun/2026:20:52:23 +0200] "GET /wp-json/complianz/v1/cookie_data HTTP/2.0" 200 82 "https://reggio-emilia.elettroservicegroup.it/" "Mozilla/5.0 (Windows NT 10.0; Win64; x64) AppleWebKit/537.36 (KHTML, like Gecko) Chrome/148.0.0.0 Safari/537.36"
95.250.92.140 - - [06/Jun/2026:20:52:24 +0200] "GET /wp-content/uploads/2021/10/TECNICO-FRIGO-2.jpg HTTP/2.0" 200 43428 "https://reggio-emilia.elettroservicegroup.it/" "Mozilla/5.0 (Windows NT 10.0; Win64; x64) AppleWebKit/537.36 (KHTML, like Gecko) Chrome/148.0.0.0 Safari/537.36"
95.250.92.140 - - [06/Jun/2026:20:52:26 +0200] "GET /wp-content/uploads/2022/01/elett6-2-300x172.jpg HTTP/2.0" 200 8632 "https://reggio-emilia.elettroservicegroup.it/" "Mozilla/5.0 (Windows NT 10.0; Win64; x64) AppleWebKit/537.36 (KHTML, like Gecko) Chrome/148.0.0.0 Safari/537.36"
95.250.92.140 - - [06/Jun/2026:20:52:25 +0200] "POST /wp-json/complianz/v1/track HTTP/2.0" 200 20 "https://reggio-emilia.elettroservicegroup.it/" "Mozilla/5.0 (Windows NT 10.0; Win64; x64) AppleWebKit/537.36 (KHTML, like Gecko) Chrome/148.0.0.0 Safari/537.36"
95.250.92.140 - - [06/Jun/2026:20:52:27 +0200] "GET /assistenza-asciugatrici/ HTTP/2.0" 301 1 "https://reggio-emilia.elettroservicegroup.it/" "Mozilla/5.0 (Windows NT 10.0; Win64; x64) AppleWebKit/537.36 (KHTML, like Gecko) Chrome/148.0.0.0 Safari/537.36"
95.250.92.140 - - [06/Jun/2026:20:52:28 +0200] "GET /assistenza-asciugatrici-reggio-emilia/ HTTP/2.0" 200 22836 "https://reggio-emilia.elettroservicegroup.it/" "Mozilla/5.0 (Windows NT 10.0; Win64; x64) AppleWebKit/537.36 (KHTML, like Gecko) Chrome/148.0.0.0 Safari/537.36"
95.250.92.140 - - [06/Jun/2026:20:52:28 +0200] "GET /wp-content/uploads/elementor/css/post-15285.css?ver=1780595385 HTTP/2.0" 200 1967 "https://reggio-emilia.elettroservicegroup.it/assistenza-asciugatrici-reggio-emilia/" "Mozilla/5.0 (Windows NT 10.0; Win64; x64) AppleWebKit/537.36 (KHTML, like Gecko) Chrome/148.0.0.0 Safari/537.36"
95.250.92.140 - - [06/Jun/2026:20:52:28 +0200] "GET /wp-content/cache/wpfc-minified/3kc3wt3/4oxhy.css HTTP/2.0" 200 16442 "https://reggio-emilia.elettroservicegroup.it/assistenza-asciugatrici-reggio-emilia/" "Mozilla/5.0 (Windows NT 10.0; Win64; x64) AppleWebKit/537.36 (KHTML, like Gecko) Chrome/148.0.0.0 Safari/537.36"
95.250.92.140 - - [06/Jun/2026:20:52:28 +0200] "GET /wp-content/uploads/2021/10/copertina-washing-machine-2668472_1920.jpg HTTP/2.0" 200 469929 "https://reggio-emilia.elettroservicegroup.it/wp-content/uploads/elementor/css/post-15285.css?ver=1780595385" "Mozilla/5.0 (Windows NT 10.0; Win64; x64) AppleWebKit/537.36 (KHTML, like Gecko) Chrome/148.0.0.0 Safari/537.36"
95.250.92.140 - - [06/Jun/2026:20:52:28 +0200] "GET /wp-content/uploads/2021/10/TECNICO-ELETTRODOMESTICI-1.jpg HTTP/2.0" 200 23089 "https://reggio-emilia.elettroservicegroup.it/assistenza-asciugatrici-reggio-emilia/" "Mozilla/5.0 (Windows NT 10.0; Win64; x64) AppleWebKit/537.36 (KHTML, like Gecko) Chrome/148.0.0.0 Safari/537.36"
95.250.92.140 - - [06/Jun/2026:20:52:28 +0200] "GET /wp-content/uploads/2021/10/TECNIC-LAVATRICE-768x432.jpg HTTP/2.0" 200 49781 "https://reggio-emilia.elettroservicegroup.it/assistenza-asciugatrici-reggio-emilia/" "Mozilla/5.0 (Windows NT 10.0; Win64; x64) AppleWebKit/537.36 (KHTML, like Gecko) Chrome/148.0.0.0 Safari/537.36"
95.250.92.140 - - [06/Jun/2026:20:52:40 +0200] "GET / HTTP/2.0" 200 25219 "https://www.google.com/" "Mozilla/5.0 (Windows NT 10.0; Win64; x64) AppleWebKit/537.36 (KHTML, like Gecko) Chrome/148.0.0.0 Safari/537.36"
65.108.235.243 - - [06/Jun/2026:20:53:39 +0200] "POST /wp-cron.php?doing_wp_cron=1780772019.5077280998229980468750 HTTP/1.1" 200 1 "-" "WordPress/7.0; https://reggio-emilia.elettroservicegroup.it"
114.119.132.207 - - [06/Jun/2026:20:53:36 +0200] "GET /assistenza-lavastoviglie-bosch-scandiano HTTP/1.1" 301 1 "https://reggio-emilia.elettroservicegroup.it/assistenza-lavastoviglie-bosch-scandiano" "Mozilla/5.0 (Linux; Android 7.0;) AppleWebKit/537.36 (HTML, like Gecko) Mobile Safari/537.36 (compatible; PetalBot;+https://webmaster.petalsearch.com/site/petalbot)"
114.119.132.207 - - [06/Jun/2026:20:53:40 +0200] "GET /assistenza-lavastoviglie-bosch-scandiano/ HTTP/1.1" 200 24915 "https://reggio-emilia.elettroservicegroup.it/assistenza-lavastoviglie-bosch-scandiano" "Mozilla/5.0 (Linux; Android 7.0;) AppleWebKit/537.36 (HTML, like Gecko) Mobile Safari/537.36 (compatible; PetalBot;+https://webmaster.petalsearch.com/site/petalbot)"
65.108.235.243 - - [06/Jun/2026:20:55:01 +0200] "POST /wp-cron.php?doing_wp_cron=1780772101.4133160114288330078125 HTTP/1.1" 200 1 "-" "WordPress/7.0; https://reggio-emilia.elettroservicegroup.it"
114.119.137.153 - - [06/Jun/2026:20:54:59 +0200] "GET /assistenza-lavastoviglie-bosch-guastalla HTTP/1.1" 301 1 "https://reggio-emilia.elettroservicegroup.it/assistenza-lavastoviglie-bosch-guastalla" "Mozilla/5.0 (Linux; Android 7.0;) AppleWebKit/537.36 (HTML, like Gecko) Mobile Safari/537.36 (compatible; PetalBot;+https://webmaster.petalsearch.com/site/petalbot)"
114.119.137.153 - - [06/Jun/2026:20:55:02 +0200] "GET /assistenza-lavastoviglie-bosch-guastalla/ HTTP/1.1" 200 24915 "https://reggio-emilia.elettroservicegroup.it/assistenza-lavastoviglie-bosch-guastalla" "Mozilla/5.0 (Linux; Android 7.0;) AppleWebKit/537.36 (HTML, like Gecko) Mobile Safari/537.36 (compatible; PetalBot;+https://webmaster.petalsearch.com/site/petalbot)"
65.108.235.243 - - [06/Jun/2026:20:56:24 +0200] "POST /wp-cron.php?doing_wp_cron=1780772184.9362940788269042968750 HTTP/1.1" 200 1 "-" "WordPress/7.0; https://reggio-emilia.elettroservicegroup.it"
114.119.137.153 - - [06/Jun/2026:20:56:23 +0200] "GET /assistenza-lavastoviglie-ariston-scandiano HTTP/1.1" 301 1 "https://reggio-emilia.elettroservicegroup.it/assistenza-lavastoviglie-ariston-scandiano" "Mozilla/5.0 (Linux; Android 7.0;) AppleWebKit/537.36 (HTML, like Gecko) Mobile Safari/537.36 (compatible; PetalBot;+https://webmaster.petalsearch.com/site/petalbot)"
114.119.137.153 - - [06/Jun/2026:20:56:25 +0200] "GET /assistenza-lavastoviglie-ariston-scandiano/ HTTP/1.1" 200 24941 "https://reggio-emilia.elettroservicegroup.it/assistenza-lavastoviglie-ariston-scandiano" "Mozilla/5.0 (Linux; Android 7.0;) AppleWebKit/537.36 (HTML, like Gecko) Mobile Safari/537.36 (compatible; PetalBot;+https://webmaster.petalsearch.com/site/petalbot)"
65.108.235.243 - - [06/Jun/2026:20:56:26 +0200] "GET /dichiarazione-sulla-privacy-ue/ HTTP/1.1" 200 21127 "-" "WP Fastest Cache Preload Bot"
65.108.235.243 - - [06/Jun/2026:20:56:28 +0200] "GET /imprint/ HTTP/1.1" 200 18624 "-" "WP Fastest Cache Preload Bot"
65.108.235.243 - - [06/Jun/2026:20:56:32 +0200] "GET /assistenza-whirlpool-rubiera/ HTTP/1.1" 200 24871 "-" "WP Fastest Cache Preload Bot"
65.108.235.243 - - [06/Jun/2026:20:56:33 +0200] "GET /assistenza-whirlpool-scandiano/ HTTP/1.1" 200 24789 "-" "WP Fastest Cache Preload Bot"
65.108.235.243 - - [06/Jun/2026:20:56:35 +0200] "GET / HTTP/1.1" 200 25239 "-" "WP Fastest Cache Preload Bot"
65.108.235.243 - - [06/Jun/2026:20:57:48 +0200] "POST /wp-cron.php?doing_wp_cron=1780772268.4302260875701904296875 HTTP/1.1" 200 1 "-" "WordPress/7.0; https://reggio-emilia.elettroservicegroup.it"
114.119.132.207 - - [06/Jun/2026:20:57:46 +0200] "GET /assistenza-lavastoviglie-ariston-rubiera HTTP/1.1" 301 1 "https://reggio-emilia.elettroservicegroup.it/assistenza-lavastoviglie-ariston-rubiera" "Mozilla/5.0 (Linux; Android 7.0;) AppleWebKit/537.36 (HTML, like Gecko) Mobile Safari/537.36 (compatible; PetalBot;+https://webmaster.petalsearch.com/site/petalbot)"
