176.65.139.229 - - [06/Jun/2026:19:41:30 +0200] "GET / HTTP/1.1" 415 158180 "-" "Mozilla/5.0 (Windows NT 10.0; Win64; x64) AppleWebKit/537.36 (KHTML, like Gecko) Chrome/147.0.0.0 Safari/537.36"
65.108.235.243 - - [06/Jun/2026:19:41:32 +0200] "GET /cookie-policy/ HTTP/1.1" 200 17914 "-" "WP Fastest Cache Preload Bot"
65.108.235.243 - - [06/Jun/2026:19:41:33 +0200] "GET /termini-e-condizioni/ HTTP/1.1" 200 17468 "-" "WP Fastest Cache Preload Bot"
65.108.235.243 - - [06/Jun/2026:19:41:34 +0200] "GET /cookie-policy-ue/ HTTP/1.1" 200 19439 "-" "WP Fastest Cache Preload Bot"
65.108.235.243 - - [06/Jun/2026:19:41:34 +0200] "GET /informativa-privacy/ HTTP/1.1" 200 19714 "-" "WP Fastest Cache Preload Bot"
43.131.23.154 - - [06/Jun/2026:19:54:22 +0200] "GET /?p=16889 HTTP/1.1" 200 11811 "-" "Mozilla/5.0 (iPhone; CPU iPhone OS 13_2_3 like Mac OS X) AppleWebKit/605.1.15 (KHTML, like Gecko) Version/13.0.3 Mobile/15E148 Safari/604.1"
43.130.3.120 - - [06/Jun/2026:20:04:06 +0200] "GET /assistenza-siemens-piacenza/ HTTP/1.1" 200 23780 "-" "Mozilla/5.0 (iPhone; CPU iPhone OS 13_2_3 like Mac OS X) AppleWebKit/605.1.15 (KHTML, like Gecko) Version/13.0.3 Mobile/15E148 Safari/604.1"
65.108.235.243 - - [06/Jun/2026:20:09:47 +0200] "POST /wp-cron.php?doing_wp_cron=1780769387.2962689399719238281250 HTTP/1.1" 200 1 "-" "WordPress/7.0; https://piacenza.elettroservicegroup.it"
162.62.213.165 - - [06/Jun/2026:20:09:45 +0200] "GET /wp-json/oembed/1.0/embed?url=https%3A%2F%2Fpiacenza.elettroservicegroup.it%2Fassistenza-ariston-piacenza%2F HTTP/1.1" 200 2259 "-" "Mozilla/5.0 (iPhone; CPU iPhone OS 13_2_3 like Mac OS X) AppleWebKit/605.1.15 (KHTML, like Gecko) Version/13.0.3 Mobile/15E148 Safari/604.1"
65.108.235.243 - - [06/Jun/2026:20:09:47 +0200] "GET /assistenza-frigoriferi/ HTTP/1.1" 200 19780 "-" "WP Fastest Cache Preload Bot"
65.108.235.243 - - [06/Jun/2026:20:09:48 +0200] "GET /assistenza-lavastoviglie/ HTTP/1.1" 200 19838 "-" "WP Fastest Cache Preload Bot"
65.108.235.243 - - [06/Jun/2026:20:09:49 +0200] "GET /assistenza-asciugatrici/ HTTP/1.1" 200 19592 "-" "WP Fastest Cache Preload Bot"
65.108.235.243 - - [06/Jun/2026:20:09:50 +0200] "GET /assistenza-lavatrici/ HTTP/1.1" 200 19337 "-" "WP Fastest Cache Preload Bot"
170.247.223.180 - - [06/Jun/2026:20:19:23 +0200] "POST /xmlrpc.php HTTP/1.1" 403 52 "-" "Python-xmlrpc/3.10"
65.108.235.243 - - [06/Jun/2026:20:19:26 +0200] "GET / HTTP/1.1" 200 21714 "-" "WP Fastest Cache Preload Bot"
170.247.223.180 - - [06/Jun/2026:20:19:26 +0200] "GET /wp-login.php HTTP/1.1" 200 3565 "-" "Mozilla/5.0 (Macintosh; Intel Mac OS X 10_12_6) AppleWebKit/603.3.8 (KHTML, like Gecko) Version/10.1.2 Safari/603.3.8"
170.247.223.180 - - [06/Jun/2026:20:19:27 +0200] "GET /wp-login.php HTTP/1.1" 200 3565 "-" "Mozilla/5.0 (Macintosh; Intel Mac OS X 10_12_6) AppleWebKit/603.3.8 (KHTML, like Gecko) Version/10.1.2 Safari/603.3.8"
170.247.223.180 - - [06/Jun/2026:20:19:28 +0200] "GET /wp-admin/post-new.php HTTP/1.1" 302 - "-" "Mozilla/5.0 (Macintosh; Intel Mac OS X 10_12_6) AppleWebKit/603.3.8 (KHTML, like Gecko) Version/10.1.2 Safari/603.3.8"
170.247.223.180 - - [06/Jun/2026:20:19:29 +0200] "GET /wp-login.php?redirect_to=https%3A%2F%2Fpiacenza.elettroservicegroup.it%2Fwp-admin%2Fpost-new.php&reauth=1 HTTP/1.1" 200 3569 "-" "Mozilla/5.0 (Macintosh; Intel Mac OS X 10_12_6) AppleWebKit/603.3.8 (KHTML, like Gecko) Version/10.1.2 Safari/603.3.8"
43.156.204.134 - - [06/Jun/2026:20:32:12 +0200] "GET /assistenza-bosch-piacenza/ HTTP/1.1" 200 23614 "-" "Mozilla/5.0 (iPhone; CPU iPhone OS 13_2_3 like Mac OS X) AppleWebKit/605.1.15 (KHTML, like Gecko) Version/13.0.3 Mobile/15E148 Safari/604.1"
65.108.235.243 - - [06/Jun/2026:20:50:09 +0200] "POST /wp-cron.php?doing_wp_cron=1780771809.7846670150756835937500 HTTP/1.1" 200 1 "-" "WordPress/7.0; https://piacenza.elettroservicegroup.it"
17.241.227.47 - - [06/Jun/2026:20:50:08 +0200] "GET /robots.txt HTTP/2.0" 200 132 "-" "Mozilla/5.0 (Macintosh; Intel Mac OS X 10_15_7) AppleWebKit/605.1.15 (KHTML, like Gecko) Version/17.4 Safari/605.1.15 (Applebot/0.1; +http://www.apple.com/go/applebot)"
17.241.227.47 - - [06/Jun/2026:20:50:10 +0200] "GET /elett3-2/ HTTP/2.0" 200 18337 "-" "Mozilla/5.0 (Macintosh; Intel Mac OS X 10_15_7) AppleWebKit/605.1.15 (KHTML, like Gecko) Version/17.4 Safari/605.1.15 (Applebot/0.1; +http://www.apple.com/go/applebot)"
17.241.75.92 - - [06/Jun/2026:20:50:20 +0200] "GET /wp-content/cache/wpfc-minified/qha2vzve/4bjdx.css HTTP/2.0" 200 11336 "https://piacenza.elettroservicegroup.it/elett3-2/" "Mozilla/5.0 (Macintosh; Intel Mac OS X 10_15_7) AppleWebKit/605.1.15 (KHTML, like Gecko) Version/17.4 Safari/605.1.15 (Applebot/0.1; +http://www.apple.com/go/applebot)"
17.241.75.92 - - [06/Jun/2026:20:50:20 +0200] "GET /wp-content/cache/wpfc-minified/32rneldi/4dre1.css HTTP/2.0" 200 15849 "https://piacenza.elettroservicegroup.it/elett3-2/" "Mozilla/5.0 (Macintosh; Intel Mac OS X 10_15_7) AppleWebKit/605.1.15 (KHTML, like Gecko) Version/17.4 Safari/605.1.15 (Applebot/0.1; +http://www.apple.com/go/applebot)"
17.241.75.92 - - [06/Jun/2026:20:50:21 +0200] "GET /wp-content/cache/wpfc-minified/jno40hfd/4dre1.css HTTP/2.0" 200 23329 "https://piacenza.elettroservicegroup.it/elett3-2/" "Mozilla/5.0 (Macintosh; Intel Mac OS X 10_15_7) AppleWebKit/605.1.15 (KHTML, like Gecko) Version/17.4 Safari/605.1.15 (Applebot/0.1; +http://www.apple.com/go/applebot)"
17.241.75.92 - - [06/Jun/2026:20:50:22 +0200] "GET /wp-content/cache/wpfc-minified/98f2uwim/4bjdx.css HTTP/2.0" 200 418 "https://piacenza.elettroservicegroup.it/elett3-2/" "Mozilla/5.0 (Macintosh; Intel Mac OS X 10_15_7) AppleWebKit/605.1.15 (KHTML, like Gecko) Version/17.4 Safari/605.1.15 (Applebot/0.1; +http://www.apple.com/go/applebot)"
17.241.75.92 - - [06/Jun/2026:20:50:22 +0200] "GET /wp-content/uploads/elementor/css/post-14146.css?ver=1780585543 HTTP/2.0" 200 428 "https://piacenza.elettroservicegroup.it/elett3-2/" "Mozilla/5.0 (Macintosh; Intel Mac OS X 10_15_7) AppleWebKit/605.1.15 (KHTML, like Gecko) Version/17.4 Safari/605.1.15 (Applebot/0.1; +http://www.apple.com/go/applebot)"
17.241.75.92 - - [06/Jun/2026:20:50:23 +0200] "GET /wp-content/uploads/elementor/css/post-14366.css?ver=1780585544 HTTP/2.0" 200 302 "https://piacenza.elettroservicegroup.it/elett3-2/" "Mozilla/5.0 (Macintosh; Intel Mac OS X 10_15_7) AppleWebKit/605.1.15 (KHTML, like Gecko) Version/17.4 Safari/605.1.15 (Applebot/0.1; +http://www.apple.com/go/applebot)"
17.241.75.92 - - [06/Jun/2026:20:50:24 +0200] "GET /wp-content/cache/wpfc-minified/e6ekqzwv/7qout.css HTTP/2.0" 200 4741 "https://piacenza.elettroservicegroup.it/elett3-2/" "Mozilla/5.0 (Macintosh; Intel Mac OS X 10_15_7) AppleWebKit/605.1.15 (KHTML, like Gecko) Version/17.4 Safari/605.1.15 (Applebot/0.1; +http://www.apple.com/go/applebot)"
17.241.75.92 - - [06/Jun/2026:20:50:25 +0200] "GET /wp-content/cache/wpfc-minified/30gnld0u/4bjdx.css HTTP/2.0" 200 19026 "https://piacenza.elettroservicegroup.it/elett3-2/" "Mozilla/5.0 (Macintosh; Intel Mac OS X 10_15_7) AppleWebKit/605.1.15 (KHTML, like Gecko) Version/17.4 Safari/605.1.15 (Applebot/0.1; +http://www.apple.com/go/applebot)"
17.241.75.92 - - [06/Jun/2026:20:50:25 +0200] "GET /wp-content/cache/wpfc-minified/kmqim6e1/4bjow.css HTTP/2.0" 200 2040 "https://piacenza.elettroservicegroup.it/elett3-2/" "Mozilla/5.0 (Macintosh; Intel Mac OS X 10_15_7) AppleWebKit/605.1.15 (KHTML, like Gecko) Version/17.4 Safari/605.1.15 (Applebot/0.1; +http://www.apple.com/go/applebot)"
17.241.75.92 - - [06/Jun/2026:20:50:26 +0200] "GET /wp-content/cache/wpfc-minified/1e78wxqt/4bjdx.js HTTP/2.0" 200 37592 "https://piacenza.elettroservicegroup.it/elett3-2/" "Mozilla/5.0 (Macintosh; Intel Mac OS X 10_15_7) AppleWebKit/605.1.15 (KHTML, like Gecko) Version/17.4 Safari/605.1.15 (Applebot/0.1; +http://www.apple.com/go/applebot)"
17.241.75.92 - - [06/Jun/2026:20:50:27 +0200] "GET /wp-content/plugins/gp-premium/menu-plus/functions/js/sticky.min.js?ver=2.5.5 HTTP/2.0" 200 2670 "https://piacenza.elettroservicegroup.it/elett3-2/" "Mozilla/5.0 (Macintosh; Intel Mac OS X 10_15_7) AppleWebKit/605.1.15 (KHTML, like Gecko) Version/17.4 Safari/605.1.15 (Applebot/0.1; +http://www.apple.com/go/applebot)"
17.241.75.92 - - [06/Jun/2026:20:50:28 +0200] "GET /wp-content/themes/generatepress/assets/js/menu.min.js?ver=3.6.1 HTTP/2.0" 200 1688 "https://piacenza.elettroservicegroup.it/elett3-2/" "Mozilla/5.0 (Macintosh; Intel Mac OS X 10_15_7) AppleWebKit/605.1.15 (KHTML, like Gecko) Version/17.4 Safari/605.1.15 (Applebot/0.1; +http://www.apple.com/go/applebot)"
17.241.75.92 - - [06/Jun/2026:20:50:28 +0200] "GET /wp-content/themes/generatepress/assets/js/back-to-top.min.js?ver=3.6.1 HTTP/2.0" 200 336 "https://piacenza.elettroservicegroup.it/elett3-2/" "Mozilla/5.0 (Macintosh; Intel Mac OS X 10_15_7) AppleWebKit/605.1.15 (KHTML, like Gecko) Version/17.4 Safari/605.1.15 (Applebot/0.1; +http://www.apple.com/go/applebot)"
17.241.75.92 - - [06/Jun/2026:20:50:29 +0200] "GET /wp-content/plugins/complianz-gdpr-premium/cookiebanner/js/complianz.min.js?ver=1780326249 HTTP/2.0" 200 10708 "https://piacenza.elettroservicegroup.it/elett3-2/" "Mozilla/5.0 (Macintosh; Intel Mac OS X 10_15_7) AppleWebKit/605.1.15 (KHTML, like Gecko) Version/17.4 Safari/605.1.15 (Applebot/0.1; +http://www.apple.com/go/applebot)"
17.241.75.92 - - [06/Jun/2026:20:50:30 +0200] "GET /wp-content/plugins/elementor/assets/js/webpack.runtime.min.js?ver=4.1.1 HTTP/2.0" 200 2340 "https://piacenza.elettroservicegroup.it/elett3-2/" "Mozilla/5.0 (Macintosh; Intel Mac OS X 10_15_7) AppleWebKit/605.1.15 (KHTML, like Gecko) Version/17.4 Safari/605.1.15 (Applebot/0.1; +http://www.apple.com/go/applebot)"
17.241.75.92 - - [06/Jun/2026:20:50:31 +0200] "GET /wp-content/plugins/elementor/assets/js/frontend-modules.min.js?ver=4.1.1 HTTP/2.0" 200 15454 "https://piacenza.elettroservicegroup.it/elett3-2/" "Mozilla/5.0 (Macintosh; Intel Mac OS X 10_15_7) AppleWebKit/605.1.15 (KHTML, like Gecko) Version/17.4 Safari/605.1.15 (Applebot/0.1; +http://www.apple.com/go/applebot)"
17.241.75.92 - - [06/Jun/2026:20:50:31 +0200] "GET /wp-includes/js/jquery/ui/core.min.js?ver=1.13.3 HTTP/2.0" 200 6820 "https://piacenza.elettroservicegroup.it/elett3-2/" "Mozilla/5.0 (Macintosh; Intel Mac OS X 10_15_7) AppleWebKit/605.1.15 (KHTML, like Gecko) Version/17.4 Safari/605.1.15 (Applebot/0.1; +http://www.apple.com/go/applebot)"
17.241.75.92 - - [06/Jun/2026:20:50:32 +0200] "GET /wp-content/plugins/elementor/assets/js/frontend.min.js?ver=4.1.1 HTTP/2.0" 200 10140 "https://piacenza.elettroservicegroup.it/elett3-2/" "Mozilla/5.0 (Macintosh; Intel Mac OS X 10_15_7) AppleWebKit/605.1.15 (KHTML, like Gecko) Version/17.4 Safari/605.1.15 (Applebot/0.1; +http://www.apple.com/go/applebot)"
17.241.75.92 - - [06/Jun/2026:20:50:33 +0200] "GET /wp-includes/js/comment-reply.min.js?ver=7.0 HTTP/2.0" 200 1248 "https://piacenza.elettroservicegroup.it/elett3-2/" "Mozilla/5.0 (Macintosh; Intel Mac OS X 10_15_7) AppleWebKit/605.1.15 (KHTML, like Gecko) Version/17.4 Safari/605.1.15 (Applebot/0.1; +http://www.apple.com/go/applebot)"
65.108.235.243 - - [06/Jun/2026:20:50:34 +0200] "POST /wp-cron.php?doing_wp_cron=1780771834.1919579505920410156250 HTTP/1.1" 200 1 "-" "WordPress/7.0; https://piacenza.elettroservicegroup.it"
17.241.75.92 - - [06/Jun/2026:20:50:33 +0200] "GET /wp-json/complianz/v1/banner?lang=it&locale=it_IT&token=aoicm HTTP/2.0" 200 84 "https://piacenza.elettroservicegroup.it/elett3-2/" "Mozilla/5.0 (Macintosh; Intel Mac OS X 10_15_7) AppleWebKit/605.1.15 (KHTML, like Gecko) Version/17.4 Safari/605.1.15 (Applebot/0.1; +http://www.apple.com/go/applebot)"
17.241.75.92 - - [06/Jun/2026:20:50:34 +0200] "GET /wp-content/plugins/elementor/assets/js/397f2d183c19202777d6.bundle.min.js HTTP/2.0" 200 8477 "https://piacenza.elettroservicegroup.it/elett3-2/" "Mozilla/5.0 (Macintosh; Intel Mac OS X 10_15_7) AppleWebKit/605.1.15 (KHTML, like Gecko) Version/17.4 Safari/605.1.15 (Applebot/0.1; +http://www.apple.com/go/applebot)"
17.241.75.92 - - [06/Jun/2026:20:50:35 +0200] "GET /wp-content/plugins/elementor/assets/js/lightbox.570c05c5a283cfb6b223.bundle.min.js HTTP/2.0" 200 9102 "https://piacenza.elettroservicegroup.it/elett3-2/" "Mozilla/5.0 (Macintosh; Intel Mac OS X 10_15_7) AppleWebKit/605.1.15 (KHTML, like Gecko) Version/17.4 Safari/605.1.15 (Applebot/0.1; +http://www.apple.com/go/applebot)"
17.241.75.92 - - [06/Jun/2026:20:50:36 +0200] "GET /wp-content/plugins/elementor/assets/lib/dialog/dialog.min.js?ver=4.9.3 HTTP/2.0" 200 3595 "https://piacenza.elettroservicegroup.it/elett3-2/" "Mozilla/5.0 (Macintosh; Intel Mac OS X 10_15_7) AppleWebKit/605.1.15 (KHTML, like Gecko) Version/17.4 Safari/605.1.15 (Applebot/0.1; +http://www.apple.com/go/applebot)"
17.241.75.92 - - [06/Jun/2026:20:50:36 +0200] "GET /wp-content/plugins/elementor/assets/css/conditionals/dialog.min.css?ver=4.1.1 HTTP/2.0" 200 1428 "https://piacenza.elettroservicegroup.it/elett3-2/" "Mozilla/5.0 (Macintosh; Intel Mac OS X 10_15_7) AppleWebKit/605.1.15 (KHTML, like Gecko) Version/17.4 Safari/605.1.15 (Applebot/0.1; +http://www.apple.com/go/applebot)"
17.241.75.92 - - [06/Jun/2026:20:50:37 +0200] "GET /wp-content/plugins/elementor/assets/lib/share-link/share-link.min.js?ver=4.1.1 HTTP/2.0" 200 1077 "https://piacenza.elettroservicegroup.it/elett3-2/" "Mozilla/5.0 (Macintosh; Intel Mac OS X 10_15_7) AppleWebKit/605.1.15 (KHTML, like Gecko) Version/17.4 Safari/605.1.15 (Applebot/0.1; +http://www.apple.com/go/applebot)"
17.241.75.92 - - [06/Jun/2026:20:50:38 +0200] "GET /wp-content/plugins/elementor/assets/lib/swiper/v8/css/swiper.min.css?ver=8.4.5 HTTP/2.0" 200 4251 "https://piacenza.elettroservicegroup.it/elett3-2/" "Mozilla/5.0 (Macintosh; Intel Mac OS X 10_15_7) AppleWebKit/605.1.15 (KHTML, like Gecko) Version/17.4 Safari/605.1.15 (Applebot/0.1; +http://www.apple.com/go/applebot)"
17.241.75.92 - - [06/Jun/2026:20:50:39 +0200] "GET /wp-content/plugins/elementor/assets/css/conditionals/lightbox.min.css?ver=4.1.1 HTTP/2.0" 200 1760 "https://piacenza.elettroservicegroup.it/elett3-2/" "Mozilla/5.0 (Macintosh; Intel Mac OS X 10_15_7) AppleWebKit/605.1.15 (KHTML, like Gecko) Version/17.4 Safari/605.1.15 (Applebot/0.1; +http://www.apple.com/go/applebot)"
17.241.75.92 - - [06/Jun/2026:20:50:39 +0200] "GET /wp-content/plugins/elementor/assets/js/section-frontend-handlers.d85ab872da118940910d.bundle.min.js HTTP/2.0" 200 230 "https://piacenza.elettroservicegroup.it/elett3-2/" "Mozilla/5.0 (Macintosh; Intel Mac OS X 10_15_7) AppleWebKit/605.1.15 (KHTML, like Gecko) Version/17.4 Safari/605.1.15 (Applebot/0.1; +http://www.apple.com/go/applebot)"
17.241.75.92 - - [06/Jun/2026:20:50:40 +0200] "GET /wp-content/plugins/elementor/assets/js/shared-frontend-handlers.03caa53373b56d3bab67.bundle.min.js HTTP/2.0" 200 2515 "https://piacenza.elettroservicegroup.it/elett3-2/" "Mozilla/5.0 (Macintosh; Intel Mac OS X 10_15_7) AppleWebKit/605.1.15 (KHTML, like Gecko) Version/17.4 Safari/605.1.15 (Applebot/0.1; +http://www.apple.com/go/applebot)"
17.241.75.92 - - [06/Jun/2026:20:50:41 +0200] "GET /wp-content/plugins/elementor/assets/js/text-editor.45609661e409413f1cef.bundle.min.js HTTP/2.0" 200 592 "https://piacenza.elettroservicegroup.it/elett3-2/" "Mozilla/5.0 (Macintosh; Intel Mac OS X 10_15_7) AppleWebKit/605.1.15 (KHTML, like Gecko) Version/17.4 Safari/605.1.15 (Applebot/0.1; +http://www.apple.com/go/applebot)"
17.241.75.92 - - [06/Jun/2026:20:50:42 +0200] "GET /wp-content/uploads/complianz/css/banner-1-optin.css?v=40 HTTP/2.0" 200 2617 "https://piacenza.elettroservicegroup.it/elett3-2/" "Mozilla/5.0 (Macintosh; Intel Mac OS X 10_15_7) AppleWebKit/605.1.15 (KHTML, like Gecko) Version/17.4 Safari/605.1.15 (Applebot/0.1; +http://www.apple.com/go/applebot)"
17.241.75.92 - - [06/Jun/2026:20:50:42 +0200] "GET /wp-json/complianz/v1/cookie_data HTTP/2.0" 200 69 "https://piacenza.elettroservicegroup.it/elett3-2/" "Mozilla/5.0 (Macintosh; Intel Mac OS X 10_15_7) AppleWebKit/605.1.15 (KHTML, like Gecko) Version/17.4 Safari/605.1.15 (Applebot/0.1; +http://www.apple.com/go/applebot)"
170.106.197.109 - - [06/Jun/2026:20:53:07 +0200] "GET /assistenza-miele-piacenza/ HTTP/1.1" 200 23796 "-" "Mozilla/5.0 (iPhone; CPU iPhone OS 13_2_3 like Mac OS X) AppleWebKit/605.1.15 (KHTML, like Gecko) Version/13.0.3 Mobile/15E148 Safari/604.1"
150.109.21.93 - - [06/Jun/2026:21:00:42 +0200] "GET /assistenza-candy-piacenza/ HTTP/1.1" 200 23620 "-" "Mozilla/5.0 (iPhone; CPU iPhone OS 13_2_3 like Mac OS X) AppleWebKit/605.1.15 (KHTML, like Gecko) Version/13.0.3 Mobile/15E148 Safari/604.1"
114.119.132.207 - - [06/Jun/2026:21:25:37 +0200] "GET /wp-content/uploads/2022/01/elettro6-5-638x1024-1-187x300.jpg HTTP/1.1" 200 3086 "https://piacenza.elettroservicegroup.it/wp-content/uploads/2022/01/elettro6-5-638x1024-1-187x300.jpg" "Mozilla/5.0 (Linux; Android 7.0;) AppleWebKit/537.36 (HTML, like Gecko) Mobile Safari/537.36 (compatible; PetalBot;+https://webmaster.petalsearch.com/site/petalbot)"
65.108.235.243 - - [06/Jun/2026:21:27:03 +0200] "POST /wp-cron.php?doing_wp_cron=1780774023.2246699333190917968750 HTTP/1.1" 200 1 "-" "WordPress/7.0; https://piacenza.elettroservicegroup.it"
114.119.154.115 - - [06/Jun/2026:21:27:01 +0200] "GET /tecnico-elettro-1 HTTP/1.1" 301 1 "https://piacenza.elettroservicegroup.it/tecnico-elettro-1" "Mozilla/5.0 (Linux; Android 7.0;) AppleWebKit/537.36 (HTML, like Gecko) Mobile Safari/537.36 (compatible; PetalBot;+https://webmaster.petalsearch.com/site/petalbot)"
114.119.154.115 - - [06/Jun/2026:21:27:03 +0200] "GET /tecnico-elettro-1/ HTTP/1.1" 200 17077 "https://piacenza.elettroservicegroup.it/tecnico-elettro-1" "Mozilla/5.0 (Linux; Android 7.0;) AppleWebKit/537.36 (HTML, like Gecko) Mobile Safari/537.36 (compatible; PetalBot;+https://webmaster.petalsearch.com/site/petalbot)"
65.108.235.243 - - [06/Jun/2026:21:27:03 +0200] "GET /imprint/ HTTP/1.1" 200 17080 "-" "WP Fastest Cache Preload Bot"
65.108.235.243 - - [06/Jun/2026:21:27:03 +0200] "GET /dichiarazione-sulla-privacy-ue/ HTTP/1.1" 200 19574 "-" "WP Fastest Cache Preload Bot"
65.108.235.243 - - [06/Jun/2026:21:27:04 +0200] "GET /assistenza-whirlpool-piacenza/ HTTP/1.1" 200 21745 "-" "WP Fastest Cache Preload Bot"
65.108.235.243 - - [06/Jun/2026:21:27:06 +0200] "GET /assistenza-smeg-piacenza/ HTTP/1.1" 200 21693 "-" "WP Fastest Cache Preload Bot"
65.108.235.243 - - [06/Jun/2026:21:27:08 +0200] "GET / HTTP/1.1" 200 21714 "-" "WP Fastest Cache Preload Bot"
65.108.235.243 - - [06/Jun/2026:21:28:26 +0200] "POST /wp-cron.php?doing_wp_cron=1780774106.3167669773101806640625 HTTP/1.1" 200 1 "-" "WordPress/7.0; https://piacenza.elettroservicegroup.it"
114.119.137.98 - - [06/Jun/2026:21:28:24 +0200] "GET /tecnic-lavatrice-2-2 HTTP/1.1" 301 1 "https://piacenza.elettroservicegroup.it/tecnic-lavatrice-2-2" "Mozilla/5.0 (Linux; Android 7.0;) AppleWebKit/537.36 (HTML, like Gecko) Mobile Safari/537.36 (compatible; PetalBot;+https://webmaster.petalsearch.com/site/petalbot)"
114.119.137.98 - - [06/Jun/2026:21:28:27 +0200] "GET /tecnic-lavatrice-2-2/ HTTP/1.1" 200 17076 "https://piacenza.elettroservicegroup.it/tecnic-lavatrice-2-2" "Mozilla/5.0 (Linux; Android 7.0;) AppleWebKit/537.36 (HTML, like Gecko) Mobile Safari/537.36 (compatible; PetalBot;+https://webmaster.petalsearch.com/site/petalbot)"
65.108.235.243 - - [06/Jun/2026:21:29:50 +0200] "POST /wp-cron.php?doing_wp_cron=1780774190.0631849765777587890625 HTTP/1.1" 200 1 "-" "WordPress/7.0; https://piacenza.elettroservicegroup.it"
114.119.141.228 - - [06/Jun/2026:21:29:48 +0200] "GET /roobet-casino-fiabilite-securite-et-licence-expliquees-clairement/ HTTP/1.1" 404 16187 "https://piacenza.elettroservicegroup.it/roobet-casino-fiabilite-securite-et-licence-expliquees-clairement/" "Mozilla/5.0 (Linux; Android 7.0;) AppleWebKit/537.36 (HTML, like Gecko) Mobile Safari/537.36 (compatible; PetalBot;+https://webmaster.petalsearch.com/site/petalbot)"
65.108.235.243 - - [06/Jun/2026:21:29:50 +0200] "GET /imprint/ HTTP/1.1" 200 17087 "-" "WP Fastest Cache Preload Bot"
65.108.235.243 - - [06/Jun/2026:21:29:50 +0200] "GET /dichiarazione-sulla-privacy-ue/ HTTP/1.1" 200 19578 "-" "WP Fastest Cache Preload Bot"
65.108.235.243 - - [06/Jun/2026:21:29:51 +0200] "GET /assistenza-whirlpool-piacenza/ HTTP/1.1" 200 21745 "-" "WP Fastest Cache Preload Bot"
65.108.235.243 - - [06/Jun/2026:21:29:51 +0200] "GET /assistenza-smeg-piacenza/ HTTP/1.1" 200 21692 "-" "WP Fastest Cache Preload Bot"
65.108.235.243 - - [06/Jun/2026:21:31:13 +0200] "POST /wp-cron.php?doing_wp_cron=1780774273.2877640724182128906250 HTTP/1.1" 200 1 "-" "WordPress/7.0; https://piacenza.elettroservicegroup.it"
114.119.138.37 - - [06/Jun/2026:21:31:11 +0200] "GET /reliable-local-tradesman-2/ HTTP/1.1" 200 17084 "https://piacenza.elettroservicegroup.it/reliable-local-tradesman-2" "Mozilla/5.0 (Linux; Android 7.0;) AppleWebKit/537.36 (HTML, like Gecko) Mobile Safari/537.36 (compatible; PetalBot;+https://webmaster.petalsearch.com/site/petalbot)"
45.145.118.67 - - [06/Jun/2026:21:32:03 +0200] "POST /xmlrpc.php HTTP/1.1" 403 52 "-" "Python-xmlrpc/3.10"
45.145.118.67 - - [06/Jun/2026:21:32:06 +0200] "GET /wp-login.php HTTP/1.1" 200 3565 "-" "Mozilla/5.0 (Macintosh; Intel Mac OS X 10_12_6) AppleWebKit/603.3.8 (KHTML, like Gecko) Version/10.1.2 Safari/603.3.8"
45.145.118.67 - - [06/Jun/2026:21:32:07 +0200] "GET /wp-login.php HTTP/1.1" 200 3565 "-" "Mozilla/5.0 (Macintosh; Intel Mac OS X 10_12_6) AppleWebKit/603.3.8 (KHTML, like Gecko) Version/10.1.2 Safari/603.3.8"
45.145.118.67 - - [06/Jun/2026:21:32:07 +0200] "GET /wp-admin/post-new.php HTTP/1.1" 302 - "-" "Mozilla/5.0 (Macintosh; Intel Mac OS X 10_12_6) AppleWebKit/603.3.8 (KHTML, like Gecko) Version/10.1.2 Safari/603.3.8"
45.145.118.67 - - [06/Jun/2026:21:32:08 +0200] "GET /wp-login.php?redirect_to=https%3A%2F%2Fpiacenza.elettroservicegroup.it%2Fwp-admin%2Fpost-new.php&reauth=1 HTTP/1.1" 200 3569 "-" "Mozilla/5.0 (Macintosh; Intel Mac OS X 10_12_6) AppleWebKit/603.3.8 (KHTML, like Gecko) Version/10.1.2 Safari/603.3.8"
114.119.148.161 - - [06/Jun/2026:21:32:34 +0200] "GET /modalita-di-pagamento-su-unique-casino-spiegate-per-utenti-italiani/ HTTP/1.1" 200 11867 "https://piacenza.elettroservicegroup.it/comparativa-entre-locowin-casino-y-otras-plataformas-de-juego/" "Mozilla/5.0 (Linux; Android 7.0;) AppleWebKit/537.36 (HTML, like Gecko) Mobile Safari/537.36 (compatible; PetalBot;+https://webmaster.petalsearch.com/site/petalbot)"
65.108.235.243 - - [06/Jun/2026:21:33:59 +0200] "POST /wp-cron.php?doing_wp_cron=1780774439.6781079769134521484375 HTTP/1.1" 200 1 "-" "WordPress/7.0; https://piacenza.elettroservicegroup.it"
114.119.132.207 - - [06/Jun/2026:21:33:57 +0200] "GET /marche-768x424/ HTTP/1.1" 200 17070 "https://piacenza.elettroservicegroup.it/marche-768x424" "Mozilla/5.0 (Linux; Android 7.0;) AppleWebKit/537.36 (HTML, like Gecko) Mobile Safari/537.36 (compatible; PetalBot;+https://webmaster.petalsearch.com/site/petalbot)"
65.108.235.243 - - [06/Jun/2026:21:35:23 +0200] "POST /wp-cron.php?doing_wp_cron=1780774523.7058820724487304687500 HTTP/1.1" 200 1 "-" "WordPress/7.0; https://piacenza.elettroservicegroup.it"
114.119.130.67 - - [06/Jun/2026:21:35:22 +0200] "GET /lavatrice11 HTTP/1.1" 301 1 "https://piacenza.elettroservicegroup.it/lavatrice11" "Mozilla/5.0 (Linux; Android 7.0;) AppleWebKit/537.36 (HTML, like Gecko) Mobile Safari/537.36 (compatible; PetalBot;+https://webmaster.petalsearch.com/site/petalbot)"
114.119.130.67 - - [06/Jun/2026:21:35:24 +0200] "GET /lavatrice11/ HTTP/1.1" 200 17023 "https://piacenza.elettroservicegroup.it/lavatrice11" "Mozilla/5.0 (Linux; Android 7.0;) AppleWebKit/537.36 (HTML, like Gecko) Mobile Safari/537.36 (compatible; PetalBot;+https://webmaster.petalsearch.com/site/petalbot)"
65.108.235.243 - - [06/Jun/2026:21:35:24 +0200] "GET /assistenza-siemens-piacenza/ HTTP/1.1" 200 21875 "-" "WP Fastest Cache Preload Bot"
65.108.235.243 - - [06/Jun/2026:21:35:24 +0200] "GET /assistenza-rex-electrolux-piacenza/ HTTP/1.1" 200 21736 "-" "WP Fastest Cache Preload Bot"
65.108.235.243 - - [06/Jun/2026:21:35:24 +0200] "GET /assistenza-miele-piacenza/ HTTP/1.1" 200 21978 "-" "WP Fastest Cache Preload Bot"
65.108.235.243 - - [06/Jun/2026:21:35:25 +0200] "GET /assistenza-lavatrici-whirlpool-piacenza/ HTTP/1.1" 200 21849 "-" "WP Fastest Cache Preload Bot"
114.119.137.153 - - [06/Jun/2026:21:36:45 +0200] "GET /lavatrice-5-2/ HTTP/1.1" 200 17072 "https://piacenza.elettroservicegroup.it/lavatrice-5-2" "Mozilla/5.0 (Linux; Android 7.0;) AppleWebKit/537.36 (HTML, like Gecko) Mobile Safari/537.36 (compatible; PetalBot;+https://webmaster.petalsearch.com/site/petalbot)"
65.108.235.243 - - [06/Jun/2026:21:38:09 +0200] "POST /wp-cron.php?doing_wp_cron=1780774689.7962129116058349609375 HTTP/1.1" 200 1 "-" "WordPress/7.0; https://piacenza.elettroservicegroup.it"
114.119.130.67 - - [06/Jun/2026:21:38:08 +0200] "GET /jakie-sa-zasady-rejestracji-w-mostbet-w-porownaniu-do-innych-platform/ HTTP/1.1" 404 16195 "https://piacenza.elettroservicegroup.it/jakie-sa-zasady-rejestracji-w-mostbet-w-porownaniu-do-innych-platform/" "Mozilla/5.0 (Linux; Android 7.0;) AppleWebKit/537.36 (HTML, like Gecko) Mobile Safari/537.36 (compatible; PetalBot;+https://webmaster.petalsearch.com/site/petalbot)"
65.108.235.243 - - [06/Jun/2026:21:39:33 +0200] "POST /wp-cron.php?doing_wp_cron=1780774773.2673809528350830078125 HTTP/1.1" 200 1 "-" "WordPress/7.0; https://piacenza.elettroservicegroup.it"
114.119.141.228 - - [06/Jun/2026:21:39:31 +0200] "GET /indesit-logo-768x260 HTTP/1.1" 404 16148 "https://piacenza.elettroservicegroup.it/indesit-logo-768x260" "Mozilla/5.0 (Linux; Android 7.0;) AppleWebKit/537.36 (HTML, like Gecko) Mobile Safari/537.36 (compatible; PetalBot;+https://webmaster.petalsearch.com/site/petalbot)"
65.108.235.243 - - [06/Jun/2026:21:40:56 +0200] "POST /wp-cron.php?doing_wp_cron=1780774856.5191259384155273437500 HTTP/1.1" 200 1 "-" "WordPress/7.0; https://piacenza.elettroservicegroup.it"
114.119.130.67 - - [06/Jun/2026:21:40:54 +0200] "GET /ignis-png/ HTTP/1.1" 404 16141 "https://piacenza.elettroservicegroup.it/ignis-png" "Mozilla/5.0 (Linux; Android 7.0;) AppleWebKit/537.36 (HTML, like Gecko) Mobile Safari/537.36 (compatible; PetalBot;+https://webmaster.petalsearch.com/site/petalbot)"
65.108.235.243 - - [06/Jun/2026:21:40:56 +0200] "GET /assistenza-lavatrici-smeg-piacenza/ HTTP/1.1" 200 21597 "-" "WP Fastest Cache Preload Bot"
65.108.235.243 - - [06/Jun/2026:21:40:57 +0200] "GET /assistenza-lavatrici-rex-electrolux-piacenza/ HTTP/1.1" 200 21564 "-" "WP Fastest Cache Preload Bot"
65.108.235.243 - - [06/Jun/2026:21:40:57 +0200] "GET /assistenza-lavatrici-indesit-piacenza/ HTTP/1.1" 200 21589 "-" "WP Fastest Cache Preload Bot"
65.108.235.243 - - [06/Jun/2026:21:40:58 +0200] "GET /assistenza-lavatrici-bosch-piacenza/ HTTP/1.1" 200 21639 "-" "WP Fastest Cache Preload Bot"
65.108.235.243 - - [06/Jun/2026:21:42:20 +0200] "POST /wp-cron.php?doing_wp_cron=1780774940.2314970493316650390625 HTTP/1.1" 200 1 "-" "WordPress/7.0; https://piacenza.elettroservicegroup.it"
114.119.130.67 - - [06/Jun/2026:21:42:18 +0200] "GET /forno-c-2/ HTTP/1.1" 200 17094 "https://piacenza.elettroservicegroup.it/forno-c-2" "Mozilla/5.0 (Linux; Android 7.0;) AppleWebKit/537.36 (HTML, like Gecko) Mobile Safari/537.36 (compatible; PetalBot;+https://webmaster.petalsearch.com/site/petalbot)"
65.108.235.243 - - [06/Jun/2026:21:43:44 +0200] "POST /wp-cron.php?doing_wp_cron=1780775024.6073629856109619140625 HTTP/1.1" 200 1 "-" "WordPress/7.0; https://piacenza.elettroservicegroup.it"
114.119.137.98 - - [06/Jun/2026:21:43:42 +0200] "GET /elettro4-1-768x301 HTTP/1.1" 301 1 "https://piacenza.elettroservicegroup.it/elettro4-1-768x301" "Mozilla/5.0 (Linux; Android 7.0;) AppleWebKit/537.36 (HTML, like Gecko) Mobile Safari/537.36 (compatible; PetalBot;+https://webmaster.petalsearch.com/site/petalbot)"
114.119.137.98 - - [06/Jun/2026:21:43:45 +0200] "GET /elettro4-1-768x301/ HTTP/1.1" 200 17091 "https://piacenza.elettroservicegroup.it/elettro4-1-768x301" "Mozilla/5.0 (Linux; Android 7.0;) AppleWebKit/537.36 (HTML, like Gecko) Mobile Safari/537.36 (compatible; PetalBot;+https://webmaster.petalsearch.com/site/petalbot)"
65.108.235.243 - - [06/Jun/2026:21:45:07 +0200] "POST /wp-cron.php?doing_wp_cron=1780775107.7735300064086914062500 HTTP/1.1" 200 1 "-" "WordPress/7.0; https://piacenza.elettroservicegroup.it"
114.119.137.153 - - [06/Jun/2026:21:45:05 +0200] "GET /elett6-1-768x440 HTTP/1.1" 301 1 "https://piacenza.elettroservicegroup.it/elett6-1-768x440" "Mozilla/5.0 (Linux; Android 7.0;) AppleWebKit/537.36 (HTML, like Gecko) Mobile Safari/537.36 (compatible; PetalBot;+https://webmaster.petalsearch.com/site/petalbot)"
65.108.235.243 - - [06/Jun/2026:21:45:08 +0200] "GET /assistenza-lavatrici-ariston-piacenza/ HTTP/1.1" 200 21657 "-" "WP Fastest Cache Preload Bot"
114.119.137.153 - - [06/Jun/2026:21:45:08 +0200] "GET /elett6-1-768x440/ HTTP/1.1" 200 17092 "https://piacenza.elettroservicegroup.it/elett6-1-768x440" "Mozilla/5.0 (Linux; Android 7.0;) AppleWebKit/537.36 (HTML, like Gecko) Mobile Safari/537.36 (compatible; PetalBot;+https://webmaster.petalsearch.com/site/petalbot)"
65.108.235.243 - - [06/Jun/2026:21:45:08 +0200] "GET /assistenza-lavatrici-aeg-piacenza/ HTTP/1.1" 200 21657 "-" "WP Fastest Cache Preload Bot"
65.108.235.243 - - [06/Jun/2026:21:45:09 +0200] "GET /assistenza-lavatrici-piacenza/ HTTP/1.1" 200 21908 "-" "WP Fastest Cache Preload Bot"
65.108.235.243 - - [06/Jun/2026:21:45:10 +0200] "GET /assistenza-lavastoviglie-whirlpool-piacenza/ HTTP/1.1" 200 21606 "-" "WP Fastest Cache Preload Bot"
65.108.235.243 - - [06/Jun/2026:21:46:31 +0200] "POST /wp-cron.php?doing_wp_cron=1780775191.0168740749359130859375 HTTP/1.1" 200 1 "-" "WordPress/7.0; https://piacenza.elettroservicegroup.it"
114.119.137.98 - - [06/Jun/2026:21:46:29 +0200] "GET /comment-modifier-ses-informations-personnelles-sur-nv-casino-sans-probleme/ HTTP/1.1" 404 16183 "https://piacenza.elettroservicegroup.it/posido-casino-quels-sont-les-jeux-live-streaming-les-plus-populaires/" "Mozilla/5.0 (Linux; Android 7.0;) AppleWebKit/537.36 (HTML, like Gecko) Mobile Safari/537.36 (compatible; PetalBot;+https://webmaster.petalsearch.com/site/petalbot)"
65.108.235.243 - - [06/Jun/2026:21:47:55 +0200] "POST /wp-cron.php?doing_wp_cron=1780775275.6763930320739746093750 HTTP/1.1" 200 1 "-" "WordPress/7.0; https://piacenza.elettroservicegroup.it"
114.119.138.37 - - [06/Jun/2026:21:47:53 +0200] "GET /bosch-e1641294896834-1024x330 HTTP/1.1" 404 16158 "https://piacenza.elettroservicegroup.it/bosch-e1641294896834-1024x330" "Mozilla/5.0 (Linux; Android 7.0;) AppleWebKit/537.36 (HTML, like Gecko) Mobile Safari/537.36 (compatible; PetalBot;+https://webmaster.petalsearch.com/site/petalbot)"
65.108.235.243 - - [06/Jun/2026:21:49:22 +0200] "POST /wp-cron.php?doing_wp_cron=1780775362.1743218898773193359375 HTTP/1.1" 200 1 "-" "WordPress/7.0; https://piacenza.elettroservicegroup.it"
114.119.132.207 - - [06/Jun/2026:21:49:16 +0200] "GET /bizzo-casino-es-adecuado-para-principiantes-interesado-en-la-usabilidad/ HTTP/1.1" 404 16189 "https://piacenza.elettroservicegroup.it/quels-sont-les-delais-moyens-de-paiement-sur-gxmble-casino/" "Mozilla/5.0 (Linux; Android 7.0;) AppleWebKit/537.36 (HTML, like Gecko) Mobile Safari/537.36 (compatible; PetalBot;+https://webmaster.petalsearch.com/site/petalbot)"
65.108.235.243 - - [06/Jun/2026:21:50:41 +0200] "POST /wp-cron.php?doing_wp_cron=1780775441.6167759895324707031250 HTTP/1.1" 200 1 "-" "WordPress/7.0; https://piacenza.elettroservicegroup.it"
114.119.138.37 - - [06/Jun/2026:21:50:40 +0200] "GET /author/andrea/ HTTP/1.1" 200 16300 "https://piacenza.elettroservicegroup.it/author/andrea/" "Mozilla/5.0 (Linux; Android 7.0;) AppleWebKit/537.36 (HTML, like Gecko) Mobile Safari/537.36 (compatible; PetalBot;+https://webmaster.petalsearch.com/site/petalbot)"
65.108.235.243 - - [06/Jun/2026:21:50:41 +0200] "GET /assistenza-lavastoviglie-smeg-piacenza/ HTTP/1.1" 200 21552 "-" "WP Fastest Cache Preload Bot"
65.108.235.243 - - [06/Jun/2026:21:50:42 +0200] "GET /assistenza-lavastoviglie-rex-electrolux-piacenza/ HTTP/1.1" 200 21516 "-" "WP Fastest Cache Preload Bot"
65.108.235.243 - - [06/Jun/2026:21:50:42 +0200] "GET /assistenza-lavastoviglie-indesit-piacenza/ HTTP/1.1" 200 22016 "-" "WP Fastest Cache Preload Bot"
65.108.235.243 - - [06/Jun/2026:21:50:43 +0200] "GET /assistenza-lavastoviglie-bosch-piacenza/ HTTP/1.1" 200 22038 "-" "WP Fastest Cache Preload Bot"
65.108.235.243 - - [06/Jun/2026:21:52:04 +0200] "POST /wp-cron.php?doing_wp_cron=1780775524.3322510719299316406250 HTTP/1.1" 200 1 "-" "WordPress/7.0; https://piacenza.elettroservicegroup.it"
114.119.138.37 - - [06/Jun/2026:21:52:02 +0200] "GET /assistenza-whirlpool-piacenza HTTP/1.1" 301 1 "https://piacenza.elettroservicegroup.it/tecnico-elettro-1" "Mozilla/5.0 (Linux; Android 7.0;) AppleWebKit/537.36 (HTML, like Gecko) Mobile Safari/537.36 (compatible; PetalBot;+https://webmaster.petalsearch.com/site/petalbot)"
114.119.138.37 - - [06/Jun/2026:21:52:04 +0200] "GET /assistenza-whirlpool-piacenza/ HTTP/1.1" 200 21723 "https://piacenza.elettroservicegroup.it/tecnico-elettro-1" "Mozilla/5.0 (Linux; Android 7.0;) AppleWebKit/537.36 (HTML, like Gecko) Mobile Safari/537.36 (compatible; PetalBot;+https://webmaster.petalsearch.com/site/petalbot)"
65.108.235.243 - - [06/Jun/2026:21:53:28 +0200] "POST /wp-cron.php?doing_wp_cron=1780775608.4274690151214599609375 HTTP/1.1" 200 1 "-" "WordPress/7.0; https://piacenza.elettroservicegroup.it"
114.119.154.115 - - [06/Jun/2026:21:53:26 +0200] "GET /assistenza-siemens-firenzuola-darda HTTP/1.1" 404 16155 "https://piacenza.elettroservicegroup.it/assistenza-siemens-firenzuola-darda" "Mozilla/5.0 (Linux; Android 7.0;) AppleWebKit/537.36 (HTML, like Gecko) Mobile Safari/537.36 (compatible; PetalBot;+https://webmaster.petalsearch.com/site/petalbot)"
65.108.235.243 - - [06/Jun/2026:21:53:29 +0200] "POST /wp-admin/admin-ajax.php?action=wordfence_testAjax HTTP/1.1" 200 16 "-" "WordPress/7.0; https://piacenza.elettroservicegroup.it"
65.108.235.243 - - [06/Jun/2026:21:53:29 +0200] "GET /wp-admin/admin-ajax.php?action=wordfence_doScan&isFork=0&scanMode=quick&cronKey=a5fdb22ffb3b3cf40694d150dd49458c&signature=542fe166726ea776c1b8f53106be672a2dd33708f48bf66ca984dfe782ce79c3 HTTP/1.1" 200 1 "-" "WordPress/7.0; https://piacenza.elettroservicegroup.it"
65.108.235.243 - - [06/Jun/2026:21:54:51 +0200] "POST /wp-cron.php?doing_wp_cron=1780775691.9212999343872070312500 HTTP/1.1" 200 1 "-" "WordPress/7.0; https://piacenza.elettroservicegroup.it"
114.119.141.228 - - [06/Jun/2026:21:54:50 +0200] "GET /assistenza-rex-electrolux-firenzuola-darda/ HTTP/1.1" 404 16157 "https://piacenza.elettroservicegroup.it/assistenza-rex-electrolux-firenzuola-darda/" "Mozilla/5.0 (Linux; Android 7.0;) AppleWebKit/537.36 (HTML, like Gecko) Mobile Safari/537.36 (compatible; PetalBot;+https://webmaster.petalsearch.com/site/petalbot)"
65.108.235.243 - - [06/Jun/2026:21:54:52 +0200] "GET /assistenza-lavastoviglie-ariston-piacenza/ HTTP/1.1" 200 21969 "-" "WP Fastest Cache Preload Bot"
65.108.235.243 - - [06/Jun/2026:21:54:52 +0200] "GET /assistenza-lavastoviglie-aeg-piacenza/ HTTP/1.1" 200 22032 "-" "WP Fastest Cache Preload Bot"
65.108.235.243 - - [06/Jun/2026:21:54:53 +0200] "GET /assistenza-lavastoviglie-piacenza/ HTTP/1.1" 200 21645 "-" "WP Fastest Cache Preload Bot"
65.108.235.243 - - [06/Jun/2026:21:54:53 +0200] "GET /assistenza-indesit-piacenza/ HTTP/1.1" 200 21688 "-" "WP Fastest Cache Preload Bot"
65.108.235.243 - - [06/Jun/2026:21:56:16 +0200] "POST /wp-cron.php?doing_wp_cron=1780775776.1226339340209960937500 HTTP/1.1" 200 1 "-" "WordPress/7.0; https://piacenza.elettroservicegroup.it"
114.119.141.228 - - [06/Jun/2026:21:56:13 +0200] "GET /assistenza-lavatrici-whirlpool-castelvetro-piacentino HTTP/1.1" 404 16168 "https://piacenza.elettroservicegroup.it/assistenza-lavatrici-whirlpool-castelvetro-piacentino" "Mozilla/5.0 (Linux; Android 7.0;) AppleWebKit/537.36 (HTML, like Gecko) Mobile Safari/537.36 (compatible; PetalBot;+https://webmaster.petalsearch.com/site/petalbot)"
114.119.148.161 - - [06/Jun/2026:21:57:37 +0200] "GET /assistenza-lavatrici-rex-electrolux-piacenza HTTP/1.1" 200 11801 "https://piacenza.elettroservicegroup.it/assistenza-lavatrici-rex-electrolux-piacenza" "Mozilla/5.0 (Linux; Android 7.0;) AppleWebKit/537.36 (HTML, like Gecko) Mobile Safari/537.36 (compatible; PetalBot;+https://webmaster.petalsearch.com/site/petalbot)"
65.108.235.243 - - [06/Jun/2026:21:59:02 +0200] "POST /wp-cron.php?doing_wp_cron=1780775942.7269480228424072265625 HTTP/1.1" 200 1 "-" "WordPress/7.0; https://piacenza.elettroservicegroup.it"
114.119.138.37 - - [06/Jun/2026:21:59:00 +0200] "GET /assistenza-lavatrici-rex-electrolux-firenzuola-darda/ HTTP/1.1" 404 16165 "https://piacenza.elettroservicegroup.it/assistenza-lavatrici-rex-electrolux-firenzuola-darda" "Mozilla/5.0 (Linux; Android 7.0;) AppleWebKit/537.36 (HTML, like Gecko) Mobile Safari/537.36 (compatible; PetalBot;+https://webmaster.petalsearch.com/site/petalbot)"