65.108.235.243 - - [06/Jun/2026:14:02:57 +0200] "POST /wp-cron.php?doing_wp_cron=1780747377.0851750373840332031250 HTTP/1.1" 200 1 "-" "WordPress/7.0; https://piacenza.elettroservicegroup.it"
91.245.236.104 - - [06/Jun/2026:14:02:55 +0200] "GET /wp-login.php HTTP/1.1" 200 3565 "-" "Mozilla/5.0 (Macintosh; Intel Mac OS X 14_7_4) AppleWebKit/605.1.15 (KHTML, like Gecko) Version/18.3 Safari/605.1.15"
65.108.235.243 - - [06/Jun/2026:14:02:57 +0200] "GET /assistenza-lavatrici-ariston-piacenza/ HTTP/1.1" 200 21656 "-" "WP Fastest Cache Preload Bot"
91.245.236.104 - - [06/Jun/2026:14:02:58 +0200] "GET /wp-login.php HTTP/1.1" 200 3565 "-" "Mozilla/5.0 (Macintosh; Intel Mac OS X 14_7_4) AppleWebKit/605.1.15 (KHTML, like Gecko) Version/18.3 Safari/605.1.15"
65.108.235.243 - - [06/Jun/2026:14:02:57 +0200] "GET /assistenza-lavatrici-aeg-piacenza/ HTTP/1.1" 200 21656 "-" "WP Fastest Cache Preload Bot"
65.108.235.243 - - [06/Jun/2026:14:02:58 +0200] "GET /assistenza-lavatrici-piacenza/ HTTP/1.1" 200 21907 "-" "WP Fastest Cache Preload Bot"
91.245.236.104 - - [06/Jun/2026:14:02:58 +0200] "GET /wp-login.php HTTP/1.1" 200 3565 "-" "Mozilla/5.0 (Macintosh; Intel Mac OS X 14_7_4) AppleWebKit/605.1.15 (KHTML, like Gecko) Version/18.3 Safari/605.1.15"
65.108.235.243 - - [06/Jun/2026:14:02:58 +0200] "GET /assistenza-lavastoviglie-whirlpool-piacenza/ HTTP/1.1" 200 21605 "-" "WP Fastest Cache Preload Bot"
91.245.236.104 - - [06/Jun/2026:14:03:00 +0200] "GET /wp-login.php HTTP/1.1" 200 3565 "-" "Mozilla/5.0 (Macintosh; Intel Mac OS X 14_7_4) AppleWebKit/605.1.15 (KHTML, like Gecko) Version/18.3 Safari/605.1.15"
91.245.236.104 - - [06/Jun/2026:14:03:01 +0200] "POST /wp-login.php HTTP/1.1" 200 3707 "-" "Mozilla/5.0 (Macintosh; Intel Mac OS X 14_7_4) AppleWebKit/605.1.15 (KHTML, like Gecko) Version/18.3 Safari/605.1.15"
91.245.236.104 - - [06/Jun/2026:14:03:02 +0200] "POST /wp-login.php HTTP/1.1" 200 3707 "-" "Mozilla/5.0 (Macintosh; Intel Mac OS X 14_7_4) AppleWebKit/605.1.15 (KHTML, like Gecko) Version/18.3 Safari/605.1.15"
91.245.236.104 - - [06/Jun/2026:14:03:03 +0200] "GET /wp-admin/user-new.php HTTP/1.1" 302 - "https://piacenza.elettroservicegroup.it/wp-admin/" "Mozilla/5.0 (Windows NT 10.0; Win64; x64) AppleWebKit/537.36 (KHTML, like Gecko) Chrome/130.0.0.0 YaBrowser/24.12.0.0 Safari/537.36"
91.245.236.104 - - [06/Jun/2026:14:03:04 +0200] "GET /wp-login.php?redirect_to=https://piacenza.elettroservicegroup.it/wp-admin/user-new.php&reauth=1 HTTP/1.1" 200 3568 "https://piacenza.elettroservicegroup.it/wp-admin/" "Mozilla/5.0 (Windows NT 10.0; Win64; x64) AppleWebKit/537.36 (KHTML, like Gecko) Chrome/130.0.0.0 YaBrowser/24.12.0.0 Safari/537.36"
91.245.236.104 - - [06/Jun/2026:14:03:05 +0200] "GET /xmlrpc.php HTTP/1.1" 403 52 "-" "Mozilla/5.0 (Macintosh; Intel Mac OS X 14_7_4) AppleWebKit/605.1.15 (KHTML, like Gecko) Version/18.3 Safari/605.1.15"
91.245.236.104 - - [06/Jun/2026:14:03:05 +0200] "GET /wp-admin/post-new.php HTTP/1.1" 302 - "-" "Mozilla/5.0 (Macintosh; Intel Mac OS X 14_7_4) AppleWebKit/605.1.15 (KHTML, like Gecko) Version/18.3 Safari/605.1.15"
91.245.236.104 - - [06/Jun/2026:14:03:07 +0200] "GET /wp-login.php?redirect_to=https://piacenza.elettroservicegroup.it/wp-admin/post-new.php&reauth=1 HTTP/1.1" 200 3569 "-" "Mozilla/5.0 (Macintosh; Intel Mac OS X 14_7_4) AppleWebKit/605.1.15 (KHTML, like Gecko) Version/18.3 Safari/605.1.15"
91.245.236.104 - - [06/Jun/2026:14:03:08 +0200] "POST /wp-admin/post.php HTTP/1.1" 302 - "-" "Mozilla/5.0 (Macintosh; Intel Mac OS X 14_7_4) AppleWebKit/605.1.15 (KHTML, like Gecko) Version/18.3 Safari/605.1.15"
91.245.236.104 - - [06/Jun/2026:14:03:09 +0200] "GET /wp-login.php?redirect_to=https://piacenza.elettroservicegroup.it/wp-admin/post.php&reauth=1 HTTP/1.1" 200 3565 "-" "Mozilla/5.0 (Macintosh; Intel Mac OS X 14_7_4) AppleWebKit/605.1.15 (KHTML, like Gecko) Version/18.3 Safari/605.1.15"
91.245.236.104 - - [06/Jun/2026:14:03:10 +0200] "GET /wp-json/wp/v2/posts/None HTTP/1.1" 404 136 "-" "Mozilla/5.0 (Macintosh; Intel Mac OS X 14_7_4) AppleWebKit/605.1.15 (KHTML, like Gecko) Version/18.3 Safari/605.1.15"
65.108.235.243 - - [06/Jun/2026:14:24:54 +0200] "POST /wp-cron.php?doing_wp_cron=1780748694.1553139686584472656250 HTTP/1.1" 200 1 "-" "WordPress/7.0; https://piacenza.elettroservicegroup.it"
45.148.234.203 - - [06/Jun/2026:14:24:52 +0200] "GET /wp-login.php HTTP/1.1" 200 3565 "-" "Mozilla/5.0 (Macintosh; Intel Mac OS X 14_7_4) AppleWebKit/605.1.15 (KHTML, like Gecko) Version/18.3 Safari/605.1.15"
45.148.234.203 - - [06/Jun/2026:14:24:54 +0200] "GET /wp-login.php HTTP/1.1" 200 3565 "-" "Mozilla/5.0 (Macintosh; Intel Mac OS X 14_7_4) AppleWebKit/605.1.15 (KHTML, like Gecko) Version/18.3 Safari/605.1.15"
65.108.235.243 - - [06/Jun/2026:14:24:55 +0200] "GET /assistenza-lavastoviglie-smeg-piacenza/ HTTP/1.1" 200 21552 "-" "WP Fastest Cache Preload Bot"
45.148.234.203 - - [06/Jun/2026:14:24:55 +0200] "GET /wp-login.php HTTP/1.1" 200 3565 "-" "Mozilla/5.0 (Macintosh; Intel Mac OS X 14_7_4) AppleWebKit/605.1.15 (KHTML, like Gecko) Version/18.3 Safari/605.1.15"
65.108.235.243 - - [06/Jun/2026:14:24:55 +0200] "GET /assistenza-lavastoviglie-rex-electrolux-piacenza/ HTTP/1.1" 200 21515 "-" "WP Fastest Cache Preload Bot"
45.148.234.203 - - [06/Jun/2026:14:24:56 +0200] "GET /wp-login.php HTTP/1.1" 200 3565 "-" "Mozilla/5.0 (Macintosh; Intel Mac OS X 14_7_4) AppleWebKit/605.1.15 (KHTML, like Gecko) Version/18.3 Safari/605.1.15"
65.108.235.243 - - [06/Jun/2026:14:24:56 +0200] "GET /assistenza-lavastoviglie-indesit-piacenza/ HTTP/1.1" 200 22017 "-" "WP Fastest Cache Preload Bot"
65.108.235.243 - - [06/Jun/2026:14:24:56 +0200] "GET /assistenza-lavastoviglie-bosch-piacenza/ HTTP/1.1" 200 22038 "-" "WP Fastest Cache Preload Bot"
45.148.234.203 - - [06/Jun/2026:14:24:57 +0200] "POST /wp-login.php HTTP/1.1" 200 3707 "-" "Mozilla/5.0 (Macintosh; Intel Mac OS X 14_7_4) AppleWebKit/605.1.15 (KHTML, like Gecko) Version/18.3 Safari/605.1.15"
45.148.234.203 - - [06/Jun/2026:14:24:58 +0200] "POST /wp-login.php HTTP/1.1" 200 3707 "-" "Mozilla/5.0 (Macintosh; Intel Mac OS X 14_7_4) AppleWebKit/605.1.15 (KHTML, like Gecko) Version/18.3 Safari/605.1.15"
45.148.234.203 - - [06/Jun/2026:14:24:59 +0200] "GET /wp-admin/user-new.php HTTP/1.1" 302 - "https://piacenza.elettroservicegroup.it/wp-admin/" "Mozilla/5.0 (Windows NT 10.0; Win64; x64) AppleWebKit/537.36 (KHTML, like Gecko) Chrome/130.0.0.0 YaBrowser/24.12.0.0 Safari/537.36"
45.148.234.203 - - [06/Jun/2026:14:25:00 +0200] "GET /wp-login.php?redirect_to=https://piacenza.elettroservicegroup.it/wp-admin/user-new.php&reauth=1 HTTP/1.1" 200 3568 "https://piacenza.elettroservicegroup.it/wp-admin/" "Mozilla/5.0 (Windows NT 10.0; Win64; x64) AppleWebKit/537.36 (KHTML, like Gecko) Chrome/130.0.0.0 YaBrowser/24.12.0.0 Safari/537.36"
45.148.234.203 - - [06/Jun/2026:14:25:00 +0200] "GET /xmlrpc.php HTTP/1.1" 403 52 "-" "Mozilla/5.0 (Macintosh; Intel Mac OS X 14_7_4) AppleWebKit/605.1.15 (KHTML, like Gecko) Version/18.3 Safari/605.1.15"
45.148.234.203 - - [06/Jun/2026:14:25:01 +0200] "GET /wp-admin/post-new.php HTTP/1.1" 302 - "-" "Mozilla/5.0 (Macintosh; Intel Mac OS X 14_7_4) AppleWebKit/605.1.15 (KHTML, like Gecko) Version/18.3 Safari/605.1.15"
45.148.234.203 - - [06/Jun/2026:14:25:02 +0200] "GET /wp-login.php?redirect_to=https://piacenza.elettroservicegroup.it/wp-admin/post-new.php&reauth=1 HTTP/1.1" 200 3569 "-" "Mozilla/5.0 (Macintosh; Intel Mac OS X 14_7_4) AppleWebKit/605.1.15 (KHTML, like Gecko) Version/18.3 Safari/605.1.15"
45.148.234.203 - - [06/Jun/2026:14:25:03 +0200] "POST /wp-admin/post.php HTTP/1.1" 302 - "-" "Mozilla/5.0 (Macintosh; Intel Mac OS X 14_7_4) AppleWebKit/605.1.15 (KHTML, like Gecko) Version/18.3 Safari/605.1.15"
45.148.234.203 - - [06/Jun/2026:14:25:03 +0200] "GET /wp-login.php?redirect_to=https://piacenza.elettroservicegroup.it/wp-admin/post.php&reauth=1 HTTP/1.1" 200 3565 "-" "Mozilla/5.0 (Macintosh; Intel Mac OS X 14_7_4) AppleWebKit/605.1.15 (KHTML, like Gecko) Version/18.3 Safari/605.1.15"
45.148.234.203 - - [06/Jun/2026:14:25:04 +0200] "GET /wp-json/wp/v2/posts/None HTTP/1.1" 404 136 "-" "Mozilla/5.0 (Macintosh; Intel Mac OS X 14_7_4) AppleWebKit/605.1.15 (KHTML, like Gecko) Version/18.3 Safari/605.1.15"
65.108.235.243 - - [06/Jun/2026:14:57:20 +0200] "POST /wp-cron.php?doing_wp_cron=1780750640.3970379829406738281250 HTTP/1.1" 200 1 "-" "WordPress/7.0; https://piacenza.elettroservicegroup.it"
47.128.23.238 - - [06/Jun/2026:14:57:18 +0200] "GET /robots.txt HTTP/1.1" 403 195 "-" "Mozilla/5.0 (Linux; Android 5.0) AppleWebKit/537.36 (KHTML, like Gecko) Mobile Safari/537.36 (compatible; Bytespider; spider-feedback@bytedance.com)"
65.108.235.243 - - [06/Jun/2026:14:57:21 +0200] "GET /assistenza-lavastoviglie-ariston-piacenza/ HTTP/1.1" 200 21969 "-" "WP Fastest Cache Preload Bot"
65.108.235.243 - - [06/Jun/2026:14:57:21 +0200] "GET /assistenza-lavastoviglie-aeg-piacenza/ HTTP/1.1" 200 22032 "-" "WP Fastest Cache Preload Bot"
65.108.235.243 - - [06/Jun/2026:14:57:22 +0200] "GET /assistenza-lavastoviglie-piacenza/ HTTP/1.1" 200 21645 "-" "WP Fastest Cache Preload Bot"
65.108.235.243 - - [06/Jun/2026:14:57:22 +0200] "GET /assistenza-indesit-piacenza/ HTTP/1.1" 200 21688 "-" "WP Fastest Cache Preload Bot"
65.108.235.243 - - [06/Jun/2026:14:57:47 +0200] "POST /wp-cron.php?doing_wp_cron=1780750667.1852869987487792968750 HTTP/1.1" 200 1 "-" "WordPress/7.0; https://piacenza.elettroservicegroup.it"
173.252.83.114 - - [06/Jun/2026:14:57:46 +0200] "GET /robots.txt HTTP/2.0" 200 - "-" "facebookexternalhit/1.1 (+http://www.facebook.com/externalhit_uatext.php)"
173.252.83.113 - - [06/Jun/2026:14:57:47 +0200] "GET /robots.txt HTTP/2.0" 200 195 "-" "facebookexternalhit/1.1 (+http://www.facebook.com/externalhit_uatext.php)"
207.46.13.126 - - [06/Jun/2026:15:02:03 +0200] "GET /assistenza-whirlpool-piacenza/ HTTP/2.0" 200 21723 "-" "Mozilla/5.0 AppleWebKit/537.36 (KHTML, like Gecko; compatible; bingbot/2.0; +http://www.bing.com/bingbot.htm) Chrome/116.0.1938.76 Safari/537.36"
65.108.235.243 - - [06/Jun/2026:15:12:30 +0200] "GET /assistenza-candy-piacenza/ HTTP/1.1" 200 21786 "-" "WP Fastest Cache Preload Bot"
65.108.235.243 - - [06/Jun/2026:15:12:31 +0200] "GET /assistenza-bosch-piacenza/ HTTP/1.1" 200 21787 "-" "WP Fastest Cache Preload Bot"
65.108.235.243 - - [06/Jun/2026:15:12:31 +0200] "GET /assistenza-ariston-piacenza/ HTTP/1.1" 200 21773 "-" "WP Fastest Cache Preload Bot"
65.108.235.243 - - [06/Jun/2026:15:12:31 +0200] "GET /assistenza-aeg-piacenza/ HTTP/1.1" 200 21780 "-" "WP Fastest Cache Preload Bot"
162.120.188.15 - - [06/Jun/2026:15:39:03 +0200] "GET /assistenza-lavastoviglie-smeg-piacenza/ HTTP/2.0" 200 21530 "https://www.google.com/" "Mozilla/5.0 (Windows NT 10.0; Win64; x64) AppleWebKit/537.36 (KHTML, like Gecko) Chrome/148.0.0.0 Safari/537.36"
65.108.235.243 - - [06/Jun/2026:15:39:06 +0200] "POST /wp-cron.php?doing_wp_cron=1780753146.3133440017700195312500 HTTP/1.1" 200 1 "-" "WordPress/7.0; https://piacenza.elettroservicegroup.it"
142.250.32.3 - - [06/Jun/2026:15:39:03 +0200] "GET /.well-known/traffic-advice HTTP/1.1" 404 16177 "-" "Chrome Privacy Preserving Prefetch Proxy"
65.108.235.243 - - [06/Jun/2026:15:39:06 +0200] "GET /cookie-policy/ HTTP/1.1" 200 17914 "-" "WP Fastest Cache Preload Bot"
65.108.235.243 - - [06/Jun/2026:15:39:07 +0200] "GET /termini-e-condizioni/ HTTP/1.1" 200 17468 "-" "WP Fastest Cache Preload Bot"
65.108.235.243 - - [06/Jun/2026:15:39:07 +0200] "GET /cookie-policy-ue/ HTTP/1.1" 200 19430 "-" "WP Fastest Cache Preload Bot"
65.108.235.243 - - [06/Jun/2026:15:39:08 +0200] "GET /informativa-privacy/ HTTP/1.1" 200 19714 "-" "WP Fastest Cache Preload Bot"
65.108.235.243 - - [06/Jun/2026:16:02:53 +0200] "GET /assistenza-frigoriferi/ HTTP/1.1" 200 19781 "-" "WP Fastest Cache Preload Bot"
65.108.235.243 - - [06/Jun/2026:16:02:54 +0200] "GET /assistenza-lavastoviglie/ HTTP/1.1" 200 19837 "-" "WP Fastest Cache Preload Bot"
159.89.202.103 - - [06/Jun/2026:16:02:54 +0200] "GET / HTTP/1.1" 301 - "-" "Mozilla/5.0 (Windows NT 10.0; Win64; x64; rv:149.0) Gecko/20100101 Firefox/149.0"
65.108.235.243 - - [06/Jun/2026:16:02:54 +0200] "GET /assistenza-asciugatrici/ HTTP/1.1" 200 19592 "-" "WP Fastest Cache Preload Bot"
65.108.235.243 - - [06/Jun/2026:16:02:55 +0200] "GET /assistenza-lavatrici/ HTTP/1.1" 200 19336 "-" "WP Fastest Cache Preload Bot"
79.55.54.157 - - [06/Jun/2026:16:13:00 +0200] "GET / HTTP/2.0" 421 362 "https://elettroservicegroup.it/" "Mozilla/5.0 (Windows NT 10.0; Win64; x64) AppleWebKit/537.36 (KHTML, like Gecko) Chrome/148.0.0.0 Safari/537.36"
65.108.235.243 - - [06/Jun/2026:16:13:02 +0200] "POST /wp-cron.php?doing_wp_cron=1780755182.0037930011749267578125 HTTP/1.1" 200 1 "-" "WordPress/7.0; https://piacenza.elettroservicegroup.it"
79.55.54.157 - - [06/Jun/2026:16:13:00 +0200] "GET / HTTP/2.0" 200 21768 "https://elettroservicegroup.it/" "Mozilla/5.0 (Windows NT 10.0; Win64; x64) AppleWebKit/537.36 (KHTML, like Gecko) Chrome/148.0.0.0 Safari/537.36"
79.55.54.157 - - [06/Jun/2026:16:13:02 +0200] "GET /wp-content/plugins/complianz-gdpr-premium/assets/css/cookieblocker.min.css?ver=1780326249 HTTP/2.0" 200 615 "https://piacenza.elettroservicegroup.it/" "Mozilla/5.0 (Windows NT 10.0; Win64; x64) AppleWebKit/537.36 (KHTML, like Gecko) Chrome/148.0.0.0 Safari/537.36"
79.55.54.157 - - [06/Jun/2026:16:13:02 +0200] "GET /wp-content/uploads/elementor/css/post-14146.css?ver=1780585543 HTTP/2.0" 200 428 "https://piacenza.elettroservicegroup.it/" "Mozilla/5.0 (Windows NT 10.0; Win64; x64) AppleWebKit/537.36 (KHTML, like Gecko) Chrome/148.0.0.0 Safari/537.36"
79.55.54.157 - - [06/Jun/2026:16:13:02 +0200] "GET /wp-content/uploads/elementor/css/post-14366.css?ver=1780585544 HTTP/2.0" 200 302 "https://piacenza.elettroservicegroup.it/" "Mozilla/5.0 (Windows NT 10.0; Win64; x64) AppleWebKit/537.36 (KHTML, like Gecko) Chrome/148.0.0.0 Safari/537.36"
79.55.54.157 - - [06/Jun/2026:16:13:02 +0200] "GET /wp-content/uploads/elementor/css/post-14227.css?ver=1780589263 HTTP/2.0" 200 2273 "https://piacenza.elettroservicegroup.it/" "Mozilla/5.0 (Windows NT 10.0; Win64; x64) AppleWebKit/537.36 (KHTML, like Gecko) Chrome/148.0.0.0 Safari/537.36"
79.55.54.157 - - [06/Jun/2026:16:13:02 +0200] "GET /wp-content/plugins/complianz-gdpr-premium/cookiebanner/js/complianz.min.js?ver=1780326249 HTTP/2.0" 200 10708 "https://piacenza.elettroservicegroup.it/" "Mozilla/5.0 (Windows NT 10.0; Win64; x64) AppleWebKit/537.36 (KHTML, like Gecko) Chrome/148.0.0.0 Safari/537.36"
79.55.54.157 - - [06/Jun/2026:16:13:02 +0200] "GET /wp-json/complianz/v1/banner?lang=it&locale=it_IT&token=oekbp HTTP/2.0" 200 84 "https://piacenza.elettroservicegroup.it/" "Mozilla/5.0 (Windows NT 10.0; Win64; x64) AppleWebKit/537.36 (KHTML, like Gecko) Chrome/148.0.0.0 Safari/537.36"
65.108.235.243 - - [06/Jun/2026:16:13:02 +0200] "GET / HTTP/1.1" 200 21714 "-" "WP Fastest Cache Preload Bot"
79.55.54.157 - - [06/Jun/2026:16:13:03 +0200] "GET /wp-json/complianz/v1/cookie_data HTTP/2.0" 200 69 "https://piacenza.elettroservicegroup.it/" "Mozilla/5.0 (Windows NT 10.0; Win64; x64) AppleWebKit/537.36 (KHTML, like Gecko) Chrome/148.0.0.0 Safari/537.36"
79.55.54.157 - - [06/Jun/2026:16:13:04 +0200] "POST /wp-json/complianz/v1/track HTTP/2.0" 200 20 "https://piacenza.elettroservicegroup.it/" "Mozilla/5.0 (Windows NT 10.0; Win64; x64) AppleWebKit/537.36 (KHTML, like Gecko) Chrome/148.0.0.0 Safari/537.36"
79.55.54.157 - - [06/Jun/2026:16:13:07 +0200] "GET /assistenza-lavatrici-piacenza HTTP/2.0" 301 1 "https://piacenza.elettroservicegroup.it/" "Mozilla/5.0 (Windows NT 10.0; Win64; x64) AppleWebKit/537.36 (KHTML, like Gecko) Chrome/148.0.0.0 Safari/537.36"
79.55.54.157 - - [06/Jun/2026:16:13:07 +0200] "GET /assistenza-lavatrici-piacenza/ HTTP/2.0" 200 21944 "https://piacenza.elettroservicegroup.it/" "Mozilla/5.0 (Windows NT 10.0; Win64; x64) AppleWebKit/537.36 (KHTML, like Gecko) Chrome/148.0.0.0 Safari/537.36"
79.55.54.157 - - [06/Jun/2026:16:13:08 +0200] "GET /wp-content/uploads/elementor/css/post-16936.css?ver=1780587115 HTTP/2.0" 200 2200 "https://piacenza.elettroservicegroup.it/assistenza-lavatrici-piacenza/" "Mozilla/5.0 (Windows NT 10.0; Win64; x64) AppleWebKit/537.36 (KHTML, like Gecko) Chrome/148.0.0.0 Safari/537.36"
79.55.54.157 - - [06/Jun/2026:16:13:10 +0200] "GET /assistenza-aeg-piacenza/ HTTP/2.0" 200 21814 "https://piacenza.elettroservicegroup.it/assistenza-lavatrici-piacenza/" "Mozilla/5.0 (Windows NT 10.0; Win64; x64) AppleWebKit/537.36 (KHTML, like Gecko) Chrome/148.0.0.0 Safari/537.36"
79.55.54.157 - - [06/Jun/2026:16:13:11 +0200] "GET /wp-content/uploads/elementor/css/post-16885.css?ver=1780587911 HTTP/2.0" 200 2011 "https://piacenza.elettroservicegroup.it/assistenza-aeg-piacenza/" "Mozilla/5.0 (Windows NT 10.0; Win64; x64) AppleWebKit/537.36 (KHTML, like Gecko) Chrome/148.0.0.0 Safari/537.36"
79.55.54.157 - - [06/Jun/2026:16:13:13 +0200] "GET /assistenza-candy-piacenza/ HTTP/2.0" 200 21822 "https://piacenza.elettroservicegroup.it/assistenza-aeg-piacenza/" "Mozilla/5.0 (Windows NT 10.0; Win64; x64) AppleWebKit/537.36 (KHTML, like Gecko) Chrome/148.0.0.0 Safari/537.36"
79.55.54.157 - - [06/Jun/2026:16:13:13 +0200] "GET /wp-content/uploads/elementor/css/post-16897.css?ver=1780587902 HTTP/2.0" 200 1996 "https://piacenza.elettroservicegroup.it/assistenza-candy-piacenza/" "Mozilla/5.0 (Windows NT 10.0; Win64; x64) AppleWebKit/537.36 (KHTML, like Gecko) Chrome/148.0.0.0 Safari/537.36"
79.55.54.157 - - [06/Jun/2026:16:13:13 +0200] "GET /wp-content/uploads/2022/01/COPERTINA-4.png HTTP/2.0" 200 238875 "https://piacenza.elettroservicegroup.it/wp-content/uploads/elementor/css/post-16897.css?ver=1780587902" "Mozilla/5.0 (Windows NT 10.0; Win64; x64) AppleWebKit/537.36 (KHTML, like Gecko) Chrome/148.0.0.0 Safari/537.36"
79.55.54.157 - - [06/Jun/2026:16:13:16 +0200] "GET /wp-content/uploads/2022/01/COPERTINA-4-768x384.png HTTP/2.0" 200 165615 "https://piacenza.elettroservicegroup.it/assistenza-candy-piacenza/" "Mozilla/5.0 (Windows NT 10.0; Win64; x64) AppleWebKit/537.36 (KHTML, like Gecko) Chrome/148.0.0.0 Safari/537.36"
139.59.160.10 - - [06/Jun/2026:16:22:47 +0200] "GET / HTTP/1.1" 301 - "-" "Mozilla/5.0 (Windows NT 10.0; Win64; x64; rv:149.0) Gecko/20100101 Firefox/149.0"
143.208.123.230 - - [06/Jun/2026:16:35:39 +0200] "GET / HTTP/2.0" 200 21692 "-" "Mozilla/5.0 (Macintosh; Intel Mac OS X 10_14_0) AppleWebKit/537.36 (KHTML, like Gecko) Chrome/47.0.8489.1916 Safari/537.36"
143.208.123.230 - - [06/Jun/2026:16:35:41 +0200] "GET /wp-content/cache/wpfc-minified/98f2uwim/4bjdx.css HTTP/2.0" 200 418 "https://piacenza.elettroservicegroup.it/" "Mozilla/5.0 (Macintosh; Intel Mac OS X 10_14_0) AppleWebKit/537.36 (KHTML, like Gecko) Chrome/47.0.8489.1916 Safari/537.36"
143.208.123.230 - - [06/Jun/2026:16:35:41 +0200] "GET /wp-content/uploads/elementor/css/post-14146.css?ver=1780585543 HTTP/2.0" 200 428 "https://piacenza.elettroservicegroup.it/" "Mozilla/5.0 (Macintosh; Intel Mac OS X 10_14_0) AppleWebKit/537.36 (KHTML, like Gecko) Chrome/47.0.8489.1916 Safari/537.36"
143.208.123.230 - - [06/Jun/2026:16:35:41 +0200] "GET /wp-content/uploads/elementor/css/post-14227.css?ver=1780589263 HTTP/2.0" 200 2273 "https://piacenza.elettroservicegroup.it/" "Mozilla/5.0 (Macintosh; Intel Mac OS X 10_14_0) AppleWebKit/537.36 (KHTML, like Gecko) Chrome/47.0.8489.1916 Safari/537.36"
143.208.123.230 - - [06/Jun/2026:16:35:41 +0200] "GET /wp-content/cache/wpfc-minified/lkeozi6d/4bjdx.css HTTP/2.0" 200 7521 "https://piacenza.elettroservicegroup.it/" "Mozilla/5.0 (Macintosh; Intel Mac OS X 10_14_0) AppleWebKit/537.36 (KHTML, like Gecko) Chrome/47.0.8489.1916 Safari/537.36"
143.208.123.230 - - [06/Jun/2026:16:35:41 +0200] "GET /wp-content/cache/wpfc-minified/qha2vzve/4bjdx.css HTTP/2.0" 200 11336 "https://piacenza.elettroservicegroup.it/" "Mozilla/5.0 (Macintosh; Intel Mac OS X 10_14_0) AppleWebKit/537.36 (KHTML, like Gecko) Chrome/47.0.8489.1916 Safari/537.36"
143.208.123.230 - - [06/Jun/2026:16:35:41 +0200] "GET /wp-content/uploads/elementor/css/post-14366.css?ver=1780585544 HTTP/2.0" 200 302 "https://piacenza.elettroservicegroup.it/" "Mozilla/5.0 (Macintosh; Intel Mac OS X 10_14_0) AppleWebKit/537.36 (KHTML, like Gecko) Chrome/47.0.8489.1916 Safari/537.36"
143.208.123.230 - - [06/Jun/2026:16:35:41 +0200] "GET /wp-content/cache/wpfc-minified/eujroqks/4bjdx.css HTTP/2.0" 200 16488 "https://piacenza.elettroservicegroup.it/" "Mozilla/5.0 (Macintosh; Intel Mac OS X 10_14_0) AppleWebKit/537.36 (KHTML, like Gecko) Chrome/47.0.8489.1916 Safari/537.36"
143.208.123.230 - - [06/Jun/2026:16:35:41 +0200] "GET /wp-content/cache/wpfc-minified/9h35mpo4/4bjdx.css HTTP/2.0" 200 4410 "https://piacenza.elettroservicegroup.it/" "Mozilla/5.0 (Macintosh; Intel Mac OS X 10_14_0) AppleWebKit/537.36 (KHTML, like Gecko) Chrome/47.0.8489.1916 Safari/537.36"
143.208.123.230 - - [06/Jun/2026:16:35:41 +0200] "GET /wp-content/cache/wpfc-minified/6ykfum2g/4bjdx.css HTTP/2.0" 200 14492 "https://piacenza.elettroservicegroup.it/" "Mozilla/5.0 (Macintosh; Intel Mac OS X 10_14_0) AppleWebKit/537.36 (KHTML, like Gecko) Chrome/47.0.8489.1916 Safari/537.36"
143.208.123.230 - - [06/Jun/2026:16:35:41 +0200] "GET /wp-content/cache/wpfc-minified/30gnld0u/4bjdx.css HTTP/2.0" 200 19026 "https://piacenza.elettroservicegroup.it/" "Mozilla/5.0 (Macintosh; Intel Mac OS X 10_14_0) AppleWebKit/537.36 (KHTML, like Gecko) Chrome/47.0.8489.1916 Safari/537.36"
143.208.123.230 - - [06/Jun/2026:16:35:41 +0200] "GET /wp-content/uploads/2021/10/cropped-cropped-cropped-logo_white_background.png HTTP/2.0" 206 500 "https://piacenza.elettroservicegroup.it/" "Mozilla/5.0 (Macintosh; Intel Mac OS X 10_14_0) AppleWebKit/537.36 (KHTML, like Gecko) Chrome/47.0.8489.1916 Safari/537.36"
143.208.123.230 - - [06/Jun/2026:16:35:41 +0200] "GET /wp-content/cache/wpfc-minified/1e78wxqt/4bjdx.js HTTP/2.0" 200 37592 "https://piacenza.elettroservicegroup.it/" "Mozilla/5.0 (Macintosh; Intel Mac OS X 10_14_0) AppleWebKit/537.36 (KHTML, like Gecko) Chrome/47.0.8489.1916 Safari/537.36"
143.208.123.230 - - [06/Jun/2026:16:35:42 +0200] "GET /wp-content/uploads/2022/01/TECNICO-ELETTRODOMESTICI-2.jpg HTTP/2.0" 206 500 "https://piacenza.elettroservicegroup.it/" "Mozilla/5.0 (Macintosh; Intel Mac OS X 10_14_0) AppleWebKit/537.36 (KHTML, like Gecko) Chrome/47.0.8489.1916 Safari/537.36"
143.208.123.230 - - [06/Jun/2026:16:35:42 +0200] "GET /wp-content/plugins/gp-premium/menu-plus/functions/js/sticky.min.js?ver=2.5.5 HTTP/2.0" 200 2670 "https://piacenza.elettroservicegroup.it/" "Mozilla/5.0 (Macintosh; Intel Mac OS X 10_14_0) AppleWebKit/537.36 (KHTML, like Gecko) Chrome/47.0.8489.1916 Safari/537.36"
143.208.123.230 - - [06/Jun/2026:16:35:43 +0200] "GET /wp-content/plugins/elementor/assets/js/webpack.runtime.min.js?ver=4.1.1 HTTP/2.0" 200 2340 "https://piacenza.elettroservicegroup.it/" "Mozilla/5.0 (Macintosh; Intel Mac OS X 10_14_0) AppleWebKit/537.36 (KHTML, like Gecko) Chrome/47.0.8489.1916 Safari/537.36"
143.208.123.230 - - [06/Jun/2026:16:35:43 +0200] "GET /wp-includes/js/jquery/ui/core.min.js?ver=1.13.3 HTTP/2.0" 200 6820 "https://piacenza.elettroservicegroup.it/" "Mozilla/5.0 (Macintosh; Intel Mac OS X 10_14_0) AppleWebKit/537.36 (KHTML, like Gecko) Chrome/47.0.8489.1916 Safari/537.36"
143.208.123.230 - - [06/Jun/2026:16:35:43 +0200] "GET /wp-content/plugins/elementor/assets/js/frontend.min.js?ver=4.1.1 HTTP/2.0" 200 10140 "https://piacenza.elettroservicegroup.it/" "Mozilla/5.0 (Macintosh; Intel Mac OS X 10_14_0) AppleWebKit/537.36 (KHTML, like Gecko) Chrome/47.0.8489.1916 Safari/537.36"
143.208.123.230 - - [06/Jun/2026:16:35:43 +0200] "GET /wp-content/plugins/elementor/assets/js/frontend-modules.min.js?ver=4.1.1 HTTP/2.0" 200 15454 "https://piacenza.elettroservicegroup.it/" "Mozilla/5.0 (Macintosh; Intel Mac OS X 10_14_0) AppleWebKit/537.36 (KHTML, like Gecko) Chrome/47.0.8489.1916 Safari/537.36"
143.208.123.230 - - [06/Jun/2026:16:35:43 +0200] "GET /wp-content/uploads/2022/01/TECNICO-ELETTRODOMESTICI-1.jpg HTTP/2.0" 206 500 "https://piacenza.elettroservicegroup.it/wp-content/uploads/elementor/css/post-14227.css?ver=1780589263" "Mozilla/5.0 (Macintosh; Intel Mac OS X 10_14_0) AppleWebKit/537.36 (KHTML, like Gecko) Chrome/47.0.8489.1916 Safari/537.36"
143.208.123.230 - - [06/Jun/2026:16:35:43 +0200] "GET /wp-content/uploads/2021/10/HOME-COPERTINA.jpg HTTP/2.0" 206 500 "https://piacenza.elettroservicegroup.it/wp-content/uploads/elementor/css/post-14227.css?ver=1780589263" "Mozilla/5.0 (Macintosh; Intel Mac OS X 10_14_0) AppleWebKit/537.36 (KHTML, like Gecko) Chrome/47.0.8489.1916 Safari/537.36"
143.208.123.230 - - [06/Jun/2026:16:35:43 +0200] "GET /wp-content/themes/generatepress/assets/js/back-to-top.min.js?ver=3.6.1 HTTP/2.0" 200 336 "https://piacenza.elettroservicegroup.it/" "Mozilla/5.0 (Macintosh; Intel Mac OS X 10_14_0) AppleWebKit/537.36 (KHTML, like Gecko) Chrome/47.0.8489.1916 Safari/537.36"
143.208.123.230 - - [06/Jun/2026:16:35:43 +0200] "GET /wp-content/themes/generatepress/assets/js/menu.min.js?ver=3.6.1 HTTP/2.0" 200 1688 "https://piacenza.elettroservicegroup.it/" "Mozilla/5.0 (Macintosh; Intel Mac OS X 10_14_0) AppleWebKit/537.36 (KHTML, like Gecko) Chrome/47.0.8489.1916 Safari/537.36"
143.208.123.230 - - [06/Jun/2026:16:35:44 +0200] "GET /wp-content/uploads/2022/01/TECNICO-ELETTRODOMESTICI-1.jpg HTTP/2.0" 304 - "https://piacenza.elettroservicegroup.it/wp-content/uploads/elementor/css/post-14227.css?ver=1780589263" "Mozilla/5.0 (Macintosh; Intel Mac OS X 10_14_0) AppleWebKit/537.36 (KHTML, like Gecko) Chrome/47.0.8489.1916 Safari/537.36"
143.208.123.230 - - [06/Jun/2026:16:35:44 +0200] "GET /wp-content/uploads/2022/01/copertina-Riparazione_Lavastoviglie-1-12.jpg HTTP/2.0" 206 500 "https://piacenza.elettroservicegroup.it/" "Mozilla/5.0 (Macintosh; Intel Mac OS X 10_14_0) AppleWebKit/537.36 (KHTML, like Gecko) Chrome/47.0.8489.1916 Safari/537.36"
143.208.123.230 - - [06/Jun/2026:16:35:44 +0200] "GET /wp-content/uploads/2022/01/TECNICO-ELETTRODOMESTICI-2.jpg HTTP/2.0" 304 - "https://piacenza.elettroservicegroup.it/" "Mozilla/5.0 (Macintosh; Intel Mac OS X 10_14_0) AppleWebKit/537.36 (KHTML, like Gecko) Chrome/47.0.8489.1916 Safari/537.36"
143.208.123.230 - - [06/Jun/2026:16:35:44 +0200] "GET /wp-content/uploads/2021/10/asko-e1634463631713-1024x675.jpg HTTP/2.0" 206 500 "https://piacenza.elettroservicegroup.it/" "Mozilla/5.0 (Macintosh; Intel Mac OS X 10_14_0) AppleWebKit/537.36 (KHTML, like Gecko) Chrome/47.0.8489.1916 Safari/537.36"
143.208.123.230 - - [06/Jun/2026:16:35:44 +0200] "GET /wp-content/uploads/2021/10/copertina-washing-machine-2668472_1920-1024x683.jpg HTTP/2.0" 206 500 "https://piacenza.elettroservicegroup.it/" "Mozilla/5.0 (Macintosh; Intel Mac OS X 10_14_0) AppleWebKit/537.36 (KHTML, like Gecko) Chrome/47.0.8489.1916 Safari/537.36"
143.208.123.230 - - [06/Jun/2026:16:35:44 +0200] "GET /wp-content/uploads/2022/01/forno-c-1024x682.jpg HTTP/2.0" 206 500 "https://piacenza.elettroservicegroup.it/" "Mozilla/5.0 (Macintosh; Intel Mac OS X 10_14_0) AppleWebKit/537.36 (KHTML, like Gecko) Chrome/47.0.8489.1916 Safari/537.36"
143.208.123.230 - - [06/Jun/2026:16:35:44 +0200] "GET /wp-content/uploads/2021/11/Frigorifero-combinato.jpg HTTP/2.0" 206 500 "https://piacenza.elettroservicegroup.it/" "Mozilla/5.0 (Macintosh; Intel Mac OS X 10_14_0) AppleWebKit/537.36 (KHTML, like Gecko) Chrome/47.0.8489.1916 Safari/537.36"
143.208.123.230 - - [06/Jun/2026:16:35:44 +0200] "GET /wp-content/plugins/complianz-gdpr-premium/cookiebanner/js/complianz.min.js?ver=1780326249 HTTP/2.0" 200 10708 "https://piacenza.elettroservicegroup.it/" "Mozilla/5.0 (Macintosh; Intel Mac OS X 10_14_0) AppleWebKit/537.36 (KHTML, like Gecko) Chrome/47.0.8489.1916 Safari/537.36"
143.208.123.230 - - [06/Jun/2026:16:35:44 +0200] "GET /wp-content/uploads/2022/01/TECNICO-ELETTRODOMESTICI-1.jpg HTTP/2.0" 206 23710 "https://piacenza.elettroservicegroup.it/wp-content/uploads/elementor/css/post-14227.css?ver=1780589263" "Mozilla/5.0 (Macintosh; Intel Mac OS X 10_14_0) AppleWebKit/537.36 (KHTML, like Gecko) Chrome/47.0.8489.1916 Safari/537.36"
143.208.123.230 - - [06/Jun/2026:16:35:45 +0200] "GET /wp-content/uploads/2022/01/TECNICO-ELETTRODOMESTICI-2.jpg HTTP/2.0" 206 23710 "https://piacenza.elettroservicegroup.it/" "Mozilla/5.0 (Macintosh; Intel Mac OS X 10_14_0) AppleWebKit/537.36 (KHTML, like Gecko) Chrome/47.0.8489.1916 Safari/537.36"
143.208.123.230 - - [06/Jun/2026:16:35:45 +0200] "GET /wp-content/uploads/2022/01/tecnico-elettro-3-300x200.jpg HTTP/2.0" 206 500 "https://piacenza.elettroservicegroup.it/" "Mozilla/5.0 (Macintosh; Intel Mac OS X 10_14_0) AppleWebKit/537.36 (KHTML, like Gecko) Chrome/47.0.8489.1916 Safari/537.36"
143.208.123.230 - - [06/Jun/2026:16:35:45 +0200] "GET /wp-content/uploads/2022/01/TECNICO-FRIGO-2-1-300x197.jpg HTTP/2.0" 206 500 "https://piacenza.elettroservicegroup.it/" "Mozilla/5.0 (Macintosh; Intel Mac OS X 10_14_0) AppleWebKit/537.36 (KHTML, like Gecko) Chrome/47.0.8489.1916 Safari/537.36"
143.208.123.230 - - [06/Jun/2026:16:35:45 +0200] "GET /wp-content/plugins/elementor/assets/js/section-frontend-handlers.d85ab872da118940910d.bundle.min.js HTTP/2.0" 200 230 "https://piacenza.elettroservicegroup.it/" "Mozilla/5.0 (Macintosh; Intel Mac OS X 10_14_0) AppleWebKit/537.36 (KHTML, like Gecko) Chrome/47.0.8489.1916 Safari/537.36"
143.208.123.230 - - [06/Jun/2026:16:35:45 +0200] "GET /wp-content/plugins/elementor/assets/js/shared-frontend-handlers.03caa53373b56d3bab67.bundle.min.js HTTP/2.0" 200 2515 "https://piacenza.elettroservicegroup.it/" "Mozilla/5.0 (Macintosh; Intel Mac OS X 10_14_0) AppleWebKit/537.36 (KHTML, like Gecko) Chrome/47.0.8489.1916 Safari/537.36"
143.208.123.230 - - [06/Jun/2026:16:35:46 +0200] "GET /wp-content/plugins/elementor/assets/js/text-editor.45609661e409413f1cef.bundle.min.js HTTP/2.0" 200 592 "https://piacenza.elettroservicegroup.it/" "Mozilla/5.0 (Macintosh; Intel Mac OS X 10_14_0) AppleWebKit/537.36 (KHTML, like Gecko) Chrome/47.0.8489.1916 Safari/537.36"
65.108.235.243 - - [06/Jun/2026:16:35:49 +0200] "POST /wp-cron.php?doing_wp_cron=1780756549.3762609958648681640625 HTTP/1.1" 200 1 "-" "WordPress/7.0; https://piacenza.elettroservicegroup.it"
143.208.123.230 - - [06/Jun/2026:16:35:45 +0200] "GET /wp-json/complianz/v1/banner?lang=it&locale=it_IT&token=zhhdu HTTP/2.0" 200 84 "https://piacenza.elettroservicegroup.it/" "Mozilla/5.0 (Macintosh; Intel Mac OS X 10_14_0) AppleWebKit/537.36 (KHTML, like Gecko) Chrome/47.0.8489.1916 Safari/537.36"
65.108.235.243 - - [06/Jun/2026:16:35:49 +0200] "GET /imprint/ HTTP/1.1" 200 17079 "-" "WP Fastest Cache Preload Bot"
65.108.235.243 - - [06/Jun/2026:16:35:50 +0200] "GET /dichiarazione-sulla-privacy-ue/ HTTP/1.1" 200 19579 "-" "WP Fastest Cache Preload Bot"
65.108.235.243 - - [06/Jun/2026:16:35:51 +0200] "GET /assistenza-whirlpool-piacenza/ HTTP/1.1" 200 21745 "-" "WP Fastest Cache Preload Bot"
65.108.235.243 - - [06/Jun/2026:16:35:51 +0200] "GET /assistenza-smeg-piacenza/ HTTP/1.1" 200 21692 "-" "WP Fastest Cache Preload Bot"
65.108.235.243 - - [06/Jun/2026:16:35:52 +0200] "GET / HTTP/1.1" 200 21714 "-" "WP Fastest Cache Preload Bot"
47.128.111.13 - - [06/Jun/2026:16:36:16 +0200] "GET /robots.txt HTTP/2.0" 200 132 "-" "Go-http-client/2.0"
65.108.235.243 - - [06/Jun/2026:16:38:28 +0200] "POST /wp-cron.php?doing_wp_cron=1780756708.7294049263000488281250 HTTP/1.1" 200 1 "-" "WordPress/7.0; https://piacenza.elettroservicegroup.it"
160.250.132.165 - - [06/Jun/2026:16:38:27 +0200] "GET /wp-login.php HTTP/1.1" 302 - "-" "python-requests/2.33.1"
160.250.132.165 - - [06/Jun/2026:16:38:30 +0200] "GET /wp-login.php HTTP/1.1" 302 - "-" "python-requests/2.33.1"
160.250.132.165 - - [06/Jun/2026:16:38:32 +0200] "GET /wp-login.php HTTP/1.1" 302 - "-" "python-requests/2.33.1"
160.250.132.165 - - [06/Jun/2026:16:38:35 +0200] "GET /wp-login.php HTTP/1.1" 302 - "-" "python-requests/2.33.1"
160.250.132.165 - - [06/Jun/2026:16:38:38 +0200] "GET /wp-login.php HTTP/1.1" 302 - "-" "python-requests/2.33.1"
160.250.132.165 - - [06/Jun/2026:16:38:40 +0200] "GET /wp-login.php HTTP/1.1" 302 - "-" "python-requests/2.33.1"
160.250.132.165 - - [06/Jun/2026:16:38:43 +0200] "GET /wp-login.php HTTP/1.1" 302 - "-" "python-requests/2.33.1"
160.250.132.165 - - [06/Jun/2026:16:38:46 +0200] "GET /wp-login.php HTTP/1.1" 302 - "-" "python-requests/2.33.1"
160.250.132.165 - - [06/Jun/2026:16:38:48 +0200] "GET /wp-login.php HTTP/1.1" 302 - "-" "python-requests/2.33.1"
160.250.132.165 - - [06/Jun/2026:16:38:51 +0200] "GET /wp-login.php HTTP/1.1" 302 - "-" "python-requests/2.33.1"
160.250.132.165 - - [06/Jun/2026:16:38:54 +0200] "GET /wp-login.php HTTP/1.1" 302 - "-" "python-requests/2.33.1"
160.250.132.165 - - [06/Jun/2026:16:38:57 +0200] "GET /wp-login.php HTTP/1.1" 302 - "-" "python-requests/2.33.1"
160.250.132.165 - - [06/Jun/2026:16:38:59 +0200] "GET /wp-login.php HTTP/1.1" 302 - "-" "python-requests/2.33.1"
160.250.132.165 - - [06/Jun/2026:16:39:02 +0200] "GET /wp-login.php HTTP/1.1" 302 - "-" "python-requests/2.33.1"
160.250.132.165 - - [06/Jun/2026:16:39:05 +0200] "GET /wp-login.php HTTP/1.1" 302 - "-" "python-requests/2.33.1"
160.250.132.165 - - [06/Jun/2026:16:39:09 +0200] "GET /wp-login.php HTTP/1.1" 302 - "-" "python-requests/2.33.1"
160.250.132.165 - - [06/Jun/2026:16:39:13 +0200] "GET /wp-login.php HTTP/1.1" 302 - "-" "python-requests/2.33.1"
160.250.132.165 - - [06/Jun/2026:16:39:16 +0200] "GET /wp-login.php HTTP/1.1" 302 - "-" "python-requests/2.33.1"
160.250.132.165 - - [06/Jun/2026:16:39:19 +0200] "GET /wp-login.php HTTP/1.1" 302 - "-" "python-requests/2.33.1"
160.250.132.165 - - [06/Jun/2026:16:39:21 +0200] "GET /wp-login.php HTTP/1.1" 302 - "-" "python-requests/2.33.1"
160.250.132.165 - - [06/Jun/2026:16:39:24 +0200] "GET /wp-login.php HTTP/1.1" 302 - "-" "python-requests/2.33.1"
65.108.235.243 - - [06/Jun/2026:16:39:27 +0200] "POST /wp-cron.php?doing_wp_cron=1780756767.4077639579772949218750 HTTP/1.1" 200 1 "-" "WordPress/7.0; https://piacenza.elettroservicegroup.it"
160.250.132.165 - - [06/Jun/2026:16:39:27 +0200] "GET /wp-login.php HTTP/1.1" 302 - "-" "python-requests/2.33.1"
160.250.132.165 - - [06/Jun/2026:16:39:29 +0200] "GET /wp-login.php HTTP/1.1" 302 - "-" "python-requests/2.33.1"
160.250.132.165 - - [06/Jun/2026:16:39:32 +0200] "GET /wp-login.php HTTP/1.1" 302 - "-" "python-requests/2.33.1"
65.108.235.243 - - [06/Jun/2026:16:39:35 +0200] "POST /wp-cron.php?doing_wp_cron=1780756775.3726940155029296875000 HTTP/1.1" 200 1 "-" "WordPress/7.0; https://piacenza.elettroservicegroup.it"
160.250.132.165 - - [06/Jun/2026:16:39:35 +0200] "GET /wp-login.php HTTP/1.1" 302 - "-" "python-requests/2.33.1"
65.108.235.243 - - [06/Jun/2026:16:39:35 +0200] "GET /imprint/ HTTP/1.1" 200 17087 "-" "WP Fastest Cache Preload Bot"
65.108.235.243 - - [06/Jun/2026:16:39:36 +0200] "GET /dichiarazione-sulla-privacy-ue/ HTTP/1.1" 200 19576 "-" "WP Fastest Cache Preload Bot"
65.108.235.243 - - [06/Jun/2026:16:39:36 +0200] "GET /assistenza-whirlpool-piacenza/ HTTP/1.1" 200 21745 "-" "WP Fastest Cache Preload Bot"
65.108.235.243 - - [06/Jun/2026:16:39:37 +0200] "GET /assistenza-smeg-piacenza/ HTTP/1.1" 200 21692 "-" "WP Fastest Cache Preload Bot"
160.250.132.165 - - [06/Jun/2026:16:39:37 +0200] "GET /wp-login.php HTTP/1.1" 302 - "-" "python-requests/2.33.1"
160.250.132.165 - - [06/Jun/2026:16:39:40 +0200] "GET /wp-login.php HTTP/1.1" 302 - "-" "python-requests/2.33.1"
160.250.132.165 - - [06/Jun/2026:16:39:43 +0200] "GET /wp-login.php HTTP/1.1" 302 - "-" "python-requests/2.33.1"
160.250.132.165 - - [06/Jun/2026:16:39:45 +0200] "GET /wp-login.php HTTP/1.1" 302 - "-" "python-requests/2.33.1"
160.250.132.165 - - [06/Jun/2026:16:39:48 +0200] "GET /wp-login.php HTTP/1.1" 302 - "-" "python-requests/2.33.1"
160.250.132.165 - - [06/Jun/2026:16:39:51 +0200] "GET /wp-login.php HTTP/1.1" 302 - "-" "python-requests/2.33.1"
47.128.111.111 - - [06/Jun/2026:16:40:15 +0200] "GET / HTTP/2.0" 200 21692 "-" "Mozilla/5.0 (Linux; Android 5.0) AppleWebKit/537.36 (KHTML, like Gecko) Mobile Safari/537.36 (compatible; TikTokSpider; ttspider-feedback@tiktok.com)"
47.128.111.111 - - [06/Jun/2026:16:40:15 +0200] "GET /wp-content/cache/wpfc-minified/lkeozi6d/4bjdx.css HTTP/2.0" 200 7521 "https://piacenza.elettroservicegroup.it/" "Mozilla/5.0 (Linux; Android 5.0) AppleWebKit/537.36 (KHTML, like Gecko) Mobile Safari/537.36 (compatible; TikTokSpider; ttspider-feedback@tiktok.com)"
47.128.111.111 - - [06/Jun/2026:16:40:15 +0200] "GET /wp-content/uploads/2022/01/TECNICO-ELETTRODOMESTICI-2.jpg HTTP/2.0" 206 500 "https://piacenza.elettroservicegroup.it/" "Mozilla/5.0 (Linux; Android 5.0) AppleWebKit/537.36 (KHTML, like Gecko) Mobile Safari/537.36 (compatible; TikTokSpider; ttspider-feedback@tiktok.com)"
47.128.111.111 - - [06/Jun/2026:16:40:15 +0200] "GET /wp-content/cache/wpfc-minified/98f2uwim/4bjdx.css HTTP/2.0" 200 418 "https://piacenza.elettroservicegroup.it/" "Mozilla/5.0 (Linux; Android 5.0) AppleWebKit/537.36 (KHTML, like Gecko) Mobile Safari/537.36 (compatible; TikTokSpider; ttspider-feedback@tiktok.com)"
47.128.111.111 - - [06/Jun/2026:16:40:15 +0200] "GET /wp-content/uploads/elementor/css/post-14146.css?ver=1780585543 HTTP/2.0" 200 428 "https://piacenza.elettroservicegroup.it/" "Mozilla/5.0 (Linux; Android 5.0) AppleWebKit/537.36 (KHTML, like Gecko) Mobile Safari/537.36 (compatible; TikTokSpider; ttspider-feedback@tiktok.com)"
47.128.111.111 - - [06/Jun/2026:16:40:15 +0200] "GET /wp-content/uploads/elementor/css/post-14366.css?ver=1780585544 HTTP/2.0" 200 302 "https://piacenza.elettroservicegroup.it/" "Mozilla/5.0 (Linux; Android 5.0) AppleWebKit/537.36 (KHTML, like Gecko) Mobile Safari/537.36 (compatible; TikTokSpider; ttspider-feedback@tiktok.com)"
47.128.111.111 - - [06/Jun/2026:16:40:15 +0200] "GET /wp-content/uploads/2021/10/cropped-cropped-cropped-logo_white_background.png HTTP/2.0" 206 500 "https://piacenza.elettroservicegroup.it/" "Mozilla/5.0 (Linux; Android 5.0) AppleWebKit/537.36 (KHTML, like Gecko) Mobile Safari/537.36 (compatible; TikTokSpider; ttspider-feedback@tiktok.com)"
47.128.111.111 - - [06/Jun/2026:16:40:15 +0200] "GET /wp-content/uploads/elementor/css/post-14227.css?ver=1780589263 HTTP/2.0" 200 2273 "https://piacenza.elettroservicegroup.it/" "Mozilla/5.0 (Linux; Android 5.0) AppleWebKit/537.36 (KHTML, like Gecko) Mobile Safari/537.36 (compatible; TikTokSpider; ttspider-feedback@tiktok.com)"
47.128.111.111 - - [06/Jun/2026:16:40:15 +0200] "GET /wp-content/cache/wpfc-minified/9h35mpo4/4bjdx.css HTTP/2.0" 200 4410 "https://piacenza.elettroservicegroup.it/" "Mozilla/5.0 (Linux; Android 5.0) AppleWebKit/537.36 (KHTML, like Gecko) Mobile Safari/537.36 (compatible; TikTokSpider; ttspider-feedback@tiktok.com)"
47.128.111.111 - - [06/Jun/2026:16:40:15 +0200] "GET /wp-content/cache/wpfc-minified/qha2vzve/4bjdx.css HTTP/2.0" 200 11336 "https://piacenza.elettroservicegroup.it/" "Mozilla/5.0 (Linux; Android 5.0) AppleWebKit/537.36 (KHTML, like Gecko) Mobile Safari/537.36 (compatible; TikTokSpider; ttspider-feedback@tiktok.com)"
47.128.111.111 - - [06/Jun/2026:16:40:15 +0200] "GET /wp-content/cache/wpfc-minified/30gnld0u/4bjdx.css HTTP/2.0" 200 19026 "https://piacenza.elettroservicegroup.it/" "Mozilla/5.0 (Linux; Android 5.0) AppleWebKit/537.36 (KHTML, like Gecko) Mobile Safari/537.36 (compatible; TikTokSpider; ttspider-feedback@tiktok.com)"
47.128.111.111 - - [06/Jun/2026:16:40:15 +0200] "GET /wp-content/cache/wpfc-minified/eujroqks/4bjdx.css HTTP/2.0" 200 16488 "https://piacenza.elettroservicegroup.it/" "Mozilla/5.0 (Linux; Android 5.0) AppleWebKit/537.36 (KHTML, like Gecko) Mobile Safari/537.36 (compatible; TikTokSpider; ttspider-feedback@tiktok.com)"
47.128.111.111 - - [06/Jun/2026:16:40:15 +0200] "GET /wp-content/cache/wpfc-minified/6ykfum2g/4bjdx.css HTTP/2.0" 200 14492 "https://piacenza.elettroservicegroup.it/" "Mozilla/5.0 (Linux; Android 5.0) AppleWebKit/537.36 (KHTML, like Gecko) Mobile Safari/537.36 (compatible; TikTokSpider; ttspider-feedback@tiktok.com)"
47.128.111.111 - - [06/Jun/2026:16:40:15 +0200] "GET /wp-content/uploads/2022/01/TECNICO-ELETTRODOMESTICI-2.jpg HTTP/2.0" 304 - "https://piacenza.elettroservicegroup.it/" "Mozilla/5.0 (Linux; Android 5.0) AppleWebKit/537.36 (KHTML, like Gecko) Mobile Safari/537.36 (compatible; TikTokSpider; ttspider-feedback@tiktok.com)"
47.128.111.111 - - [06/Jun/2026:16:40:16 +0200] "GET /wp-content/uploads/2022/01/copertina-Riparazione_Lavastoviglie-1-12.jpg HTTP/2.0" 206 500 "https://piacenza.elettroservicegroup.it/" "Mozilla/5.0 (Linux; Android 5.0) AppleWebKit/537.36 (KHTML, like Gecko) Mobile Safari/537.36 (compatible; TikTokSpider; ttspider-feedback@tiktok.com)"
47.128.111.111 - - [06/Jun/2026:16:40:16 +0200] "GET /wp-content/uploads/2022/01/TECNICO-ELETTRODOMESTICI-2.jpg HTTP/2.0" 206 23710 "https://piacenza.elettroservicegroup.it/" "Mozilla/5.0 (Linux; Android 5.0) AppleWebKit/537.36 (KHTML, like Gecko) Mobile Safari/537.36 (compatible; TikTokSpider; ttspider-feedback@tiktok.com)"
47.128.111.111 - - [06/Jun/2026:16:40:16 +0200] "GET /wp-content/uploads/2021/10/copertina-washing-machine-2668472_1920-768x512.jpg HTTP/2.0" 206 500 "https://piacenza.elettroservicegroup.it/" "Mozilla/5.0 (Linux; Android 5.0) AppleWebKit/537.36 (KHTML, like Gecko) Mobile Safari/537.36 (compatible; TikTokSpider; ttspider-feedback@tiktok.com)"
47.128.111.111 - - [06/Jun/2026:16:40:16 +0200] "GET /wp-content/uploads/2021/10/asko-e1634463631713-768x506.jpg HTTP/2.0" 206 500 "https://piacenza.elettroservicegroup.it/" "Mozilla/5.0 (Linux; Android 5.0) AppleWebKit/537.36 (KHTML, like Gecko) Mobile Safari/537.36 (compatible; TikTokSpider; ttspider-feedback@tiktok.com)"
47.128.111.111 - - [06/Jun/2026:16:40:16 +0200] "GET /wp-content/uploads/2021/11/Frigorifero-combinato-768x560.jpg HTTP/2.0" 206 500 "https://piacenza.elettroservicegroup.it/" "Mozilla/5.0 (Linux; Android 5.0) AppleWebKit/537.36 (KHTML, like Gecko) Mobile Safari/537.36 (compatible; TikTokSpider; ttspider-feedback@tiktok.com)"
47.128.111.111 - - [06/Jun/2026:16:40:16 +0200] "GET /wp-content/uploads/2022/01/forno-c-768x512.jpg HTTP/2.0" 206 500 "https://piacenza.elettroservicegroup.it/" "Mozilla/5.0 (Linux; Android 5.0) AppleWebKit/537.36 (KHTML, like Gecko) Mobile Safari/537.36 (compatible; TikTokSpider; ttspider-feedback@tiktok.com)"
47.128.111.111 - - [06/Jun/2026:16:40:16 +0200] "GET /wp-content/uploads/2022/01/TECNICO-FRIGO-2-1-300x197.jpg HTTP/2.0" 206 500 "https://piacenza.elettroservicegroup.it/" "Mozilla/5.0 (Linux; Android 5.0) AppleWebKit/537.36 (KHTML, like Gecko) Mobile Safari/537.36 (compatible; TikTokSpider; ttspider-feedback@tiktok.com)"
167.172.42.39 - - [06/Jun/2026:16:57:54 +0200] "GET / HTTP/1.1" 200 23593 "-" "Mozilla/5.0 (Windows NT 10.0; Win64; x64; rv:149.0) Gecko/20100101 Firefox/149.0"
65.108.235.243 - - [06/Jun/2026:16:57:54 +0200] "GET /assistenza-siemens-piacenza/ HTTP/1.1" 200 21875 "-" "WP Fastest Cache Preload Bot"
65.108.235.243 - - [06/Jun/2026:16:57:54 +0200] "GET /assistenza-rex-electrolux-piacenza/ HTTP/1.1" 200 21736 "-" "WP Fastest Cache Preload Bot"
65.108.235.243 - - [06/Jun/2026:16:57:55 +0200] "GET /assistenza-miele-piacenza/ HTTP/1.1" 200 21978 "-" "WP Fastest Cache Preload Bot"
65.108.235.243 - - [06/Jun/2026:16:57:56 +0200] "GET /assistenza-lavatrici-whirlpool-piacenza/ HTTP/1.1" 200 21849 "-" "WP Fastest Cache Preload Bot"
44.223.193.255 - - [06/Jun/2026:17:06:30 +0200] "GET /robots.txt HTTP/1.1" 200 11800 "-" "Mozilla/5.0 AppleWebKit/537.36 (KHTML, like Gecko; compatible; Amazonbot/0.1; +https://developer.amazon.com/support/amazonbot) Chrome/119.0.6045.214 Safari/537.36"
23.21.175.228 - - [06/Jun/2026:17:06:33 +0200] "GET / HTTP/1.1" 403 158180 "-" "Mozilla/5.0 AppleWebKit/537.36 (KHTML, like Gecko; compatible; Amazonbot/0.1; +https://developer.amazon.com/support/amazonbot) Chrome/119.0.6045.214 Safari/537.36"
35.168.101.164 - - [06/Jun/2026:17:08:39 +0200] "HEAD / HTTP/1.1" 200 - "-" "Mozilla/5.0 AppleWebKit/605.1.15 (KHTML, like Gecko) Chrome/139.0.0.0 Safari/605.1.15"
65.108.235.243 - - [06/Jun/2026:17:19:29 +0200] "POST /wp-cron.php?doing_wp_cron=1780759169.7377870082855224609375 HTTP/1.1" 200 1 "-" "WordPress/7.0; https://piacenza.elettroservicegroup.it"
169.197.88.115 - - [06/Jun/2026:17:19:28 +0200] "GET /blog-verify HTTP/2.0" 301 - "-" "Mozilla/5.0 (Macintosh; Intel Mac OS X 10_15_7) AppleWebKit/537.36 (KHTML, like Gecko) Chrome/148.0.0.0 Safari/537.36"
65.108.235.243 - - [06/Jun/2026:17:19:30 +0200] "GET /assistenza-lavatrici-smeg-piacenza/ HTTP/1.1" 200 21597 "-" "WP Fastest Cache Preload Bot"
65.108.235.243 - - [06/Jun/2026:17:19:30 +0200] "GET /assistenza-lavatrici-rex-electrolux-piacenza/ HTTP/1.1" 200 21565 "-" "WP Fastest Cache Preload Bot"
65.108.235.243 - - [06/Jun/2026:17:19:30 +0200] "GET /assistenza-lavatrici-indesit-piacenza/ HTTP/1.1" 200 21589 "-" "WP Fastest Cache Preload Bot"
65.108.235.243 - - [06/Jun/2026:17:19:31 +0200] "GET /assistenza-lavatrici-bosch-piacenza/ HTTP/1.1" 200 21640 "-" "WP Fastest Cache Preload Bot"
169.197.88.115 - - [06/Jun/2026:17:19:31 +0200] "GET /blog-verify HTTP/2.0" 404 83941 "-" "Mozilla/5.0 (Macintosh; Intel Mac OS X 10_15_7) AppleWebKit/537.36 (KHTML, like Gecko) Chrome/148.0.0.0 Safari/537.36"
147.182.159.78 - - [06/Jun/2026:17:21:40 +0200] "GET / HTTP/1.1" 200 23593 "-" "Mozilla/5.0 (Windows NT 10.0; Win64; x64; rv:149.0) Gecko/20100101 Firefox/149.0"
65.108.235.243 - - [06/Jun/2026:17:21:39 +0200] "GET /assistenza-lavatrici-ariston-piacenza/ HTTP/1.1" 200 21656 "-" "WP Fastest Cache Preload Bot"
65.108.235.243 - - [06/Jun/2026:17:21:40 +0200] "GET /assistenza-lavatrici-aeg-piacenza/ HTTP/1.1" 200 21656 "-" "WP Fastest Cache Preload Bot"
65.108.235.243 - - [06/Jun/2026:17:21:40 +0200] "GET /assistenza-lavatrici-piacenza/ HTTP/1.1" 200 21908 "-" "WP Fastest Cache Preload Bot"
65.108.235.243 - - [06/Jun/2026:17:21:41 +0200] "GET /assistenza-lavastoviglie-whirlpool-piacenza/ HTTP/1.1" 200 21605 "-" "WP Fastest Cache Preload Bot"
65.108.235.243 - - [06/Jun/2026:17:27:13 +0200] "POST /wp-cron.php?doing_wp_cron=1780759633.1718499660491943359375 HTTP/1.1" 200 1 "-" "WordPress/7.0; https://piacenza.elettroservicegroup.it"
169.197.88.115 - - [06/Jun/2026:17:27:11 +0200] "GET /?wmo_hc=k7Hx9mQp2wRt HTTP/2.0" 301 - "-" "Mozilla/5.0 (X11; Linux x86_64) AppleWebKit/537.36 (KHTML, like Gecko) Chrome/148.0.0.0 Safari/537.36"
65.108.235.243 - - [06/Jun/2026:17:27:13 +0200] "GET /assistenza-lavastoviglie-smeg-piacenza/ HTTP/1.1" 200 21552 "-" "WP Fastest Cache Preload Bot"
65.108.235.243 - - [06/Jun/2026:17:27:13 +0200] "GET /assistenza-lavastoviglie-rex-electrolux-piacenza/ HTTP/1.1" 200 21516 "-" "WP Fastest Cache Preload Bot"
65.108.235.243 - - [06/Jun/2026:17:27:14 +0200] "GET /assistenza-lavastoviglie-indesit-piacenza/ HTTP/1.1" 200 22017 "-" "WP Fastest Cache Preload Bot"
169.197.88.115 - - [06/Jun/2026:17:27:13 +0200] "GET /?wmo_hc=k7Hx9mQp2wRt HTTP/2.0" 200 162030 "-" "Mozilla/5.0 (X11; Linux x86_64) AppleWebKit/537.36 (KHTML, like Gecko) Chrome/148.0.0.0 Safari/537.36"
65.108.235.243 - - [06/Jun/2026:17:27:15 +0200] "GET /assistenza-lavastoviglie-bosch-piacenza/ HTTP/1.1" 200 22037 "-" "WP Fastest Cache Preload Bot"
65.108.235.243 - - [06/Jun/2026:18:16:29 +0200] "GET /assistenza-lavastoviglie-ariston-piacenza/ HTTP/1.1" 200 21969 "-" "WP Fastest Cache Preload Bot"
65.108.235.243 - - [06/Jun/2026:18:16:29 +0200] "GET /assistenza-lavastoviglie-aeg-piacenza/ HTTP/1.1" 200 22032 "-" "WP Fastest Cache Preload Bot"
65.108.235.243 - - [06/Jun/2026:18:16:30 +0200] "GET /assistenza-lavastoviglie-piacenza/ HTTP/1.1" 200 21644 "-" "WP Fastest Cache Preload Bot"
43.128.67.187 - - [06/Jun/2026:18:16:30 +0200] "GET / HTTP/1.1" 200 23593 "http://piacenza.elettroservicegroup.it" "Mozilla/5.0 (iPhone; CPU iPhone OS 13_2_3 like Mac OS X) AppleWebKit/605.1.15 (KHTML, like Gecko) Version/13.0.3 Mobile/15E148 Safari/604.1"
65.108.235.243 - - [06/Jun/2026:18:16:30 +0200] "GET /assistenza-indesit-piacenza/ HTTP/1.1" 200 21688 "-" "WP Fastest Cache Preload Bot"
144.172.114.11 - - [06/Jun/2026:18:35:49 +0200] "GET / HTTP/1.1" 200 11731 "-" "Go-http-client/1.1"
43.166.226.57 - - [06/Jun/2026:19:11:47 +0200] "GET /assistenza-ariston-piacenza/ HTTP/1.1" 200 23542 "-" "Mozilla/5.0 (iPhone; CPU iPhone OS 13_2_3 like Mac OS X) AppleWebKit/605.1.15 (KHTML, like Gecko) Version/13.0.3 Mobile/15E148 Safari/604.1"
65.108.235.243 - - [06/Jun/2026:19:22:05 +0200] "POST /wp-cron.php?doing_wp_cron=1780766525.5625550746917724609375 HTTP/1.1" 200 1 "-" "WordPress/7.0; https://piacenza.elettroservicegroup.it"
43.133.54.83 - - [06/Jun/2026:19:22:03 +0200] "GET /comments/feed/ HTTP/1.1" 200 439 "-" "Mozilla/5.0 (iPhone; CPU iPhone OS 13_2_3 like Mac OS X) AppleWebKit/605.1.15 (KHTML, like Gecko) Version/13.0.3 Mobile/15E148 Safari/604.1"
65.108.235.243 - - [06/Jun/2026:19:22:06 +0200] "GET /assistenza-candy-piacenza/ HTTP/1.1" 200 21786 "-" "WP Fastest Cache Preload Bot"
65.108.235.243 - - [06/Jun/2026:19:22:06 +0200] "GET /assistenza-bosch-piacenza/ HTTP/1.1" 200 21788 "-" "WP Fastest Cache Preload Bot"
65.108.235.243 - - [06/Jun/2026:19:22:06 +0200] "GET /assistenza-ariston-piacenza/ HTTP/1.1" 200 21774 "-" "WP Fastest Cache Preload Bot"
65.108.235.243 - - [06/Jun/2026:19:22:07 +0200] "GET /assistenza-aeg-piacenza/ HTTP/1.1" 200 21780 "-" "WP Fastest Cache Preload Bot"
52.80.113.168 - - [06/Jun/2026:19:27:38 +0200] "GET /wp-content/uploads/2021/10/sfondo-aeg.jpg HTTP/2.0" 200 13643 "-" "Mozilla/5.0 (iPhone; CPU iPhone OS 11_0 like Mac OS X) AppleWebKit/537.36 (KHTML, like Gecko) Chrome/60.0.8207.1954 Mobile Safari/537.36"
65.108.235.243 - - [06/Jun/2026:19:41:30 +0200] "POST /wp-cron.php?doing_wp_cron=1780767690.3594489097595214843750 HTTP/1.1" 200 1 "-" "WordPress/7.0; https://piacenza.elettroservicegroup.it"
176.65.139.237 - - [06/Jun/2026:19:41:20 +0200] "GET / HTTP/1.1" 301 - "-" "Mozilla/5.0 (Windows NT 10.0; Win64; x64) AppleWebKit/537.36 (KHTML, like Gecko) Chrome/147.0.0.0 Safari/537.36"
