114.119.137.153 - - [09/Jun/2026:18:33:03 +0200] "GET /assistenza-lavatrici/lavastoviglie-2 HTTP/1.1" 301 1 "https://reggio-emilia.elettroservicegroup.it/assistenza-lavatrici/lavastoviglie-2" "Mozilla/5.0 (Linux; Android 7.0;) AppleWebKit/537.36 (HTML, like Gecko) Mobile Safari/537.36 (compatible; PetalBot;+https://webmaster.petalsearch.com/site/petalbot)"
114.119.137.153 - - [09/Jun/2026:18:33:06 +0200] "GET /assistenza-lavatrici/lavastoviglie-2/ HTTP/1.1" 200 18922 "https://reggio-emilia.elettroservicegroup.it/assistenza-lavatrici/lavastoviglie-2" "Mozilla/5.0 (Linux; Android 7.0;) AppleWebKit/537.36 (HTML, like Gecko) Mobile Safari/537.36 (compatible; PetalBot;+https://webmaster.petalsearch.com/site/petalbot)"
65.108.235.243 - - [09/Jun/2026:18:34:31 +0200] "POST /wp-cron.php?doing_wp_cron=1781022871.3430368900299072265625 HTTP/1.1" 200 1 "-" "WordPress/7.0; https://reggio-emilia.elettroservicegroup.it"
114.119.137.98 - - [09/Jun/2026:18:34:26 +0200] "GET /assistenza-lavatrici/frigorifero-americano HTTP/1.1" 301 1 "https://reggio-emilia.elettroservicegroup.it/assistenza-lavatrici/frigorifero-americano" "Mozilla/5.0 (Linux; Android 7.0;) AppleWebKit/537.36 (HTML, like Gecko) Mobile Safari/537.36 (compatible; PetalBot;+https://webmaster.petalsearch.com/site/petalbot)"
114.119.137.98 - - [09/Jun/2026:18:34:32 +0200] "GET /assistenza-lavatrici/frigorifero-americano/ HTTP/1.1" 200 18984 "https://reggio-emilia.elettroservicegroup.it/assistenza-lavatrici/frigorifero-americano" "Mozilla/5.0 (Linux; Android 7.0;) AppleWebKit/537.36 (HTML, like Gecko) Mobile Safari/537.36 (compatible; PetalBot;+https://webmaster.petalsearch.com/site/petalbot)"
65.108.235.243 - - [09/Jun/2026:18:35:53 +0200] "POST /wp-cron.php?doing_wp_cron=1781022953.8412120342254638671875 HTTP/1.1" 200 1 "-" "WordPress/7.0; https://reggio-emilia.elettroservicegroup.it"
114.119.138.37 - - [09/Jun/2026:18:35:52 +0200] "GET /assistenza-lavatrici-whirlpool-santilario-denza HTTP/1.1" 301 1 "https://reggio-emilia.elettroservicegroup.it/assistenza-lavatrici-whirlpool-santilario-denza" "Mozilla/5.0 (Linux; Android 7.0;) AppleWebKit/537.36 (HTML, like Gecko) Mobile Safari/537.36 (compatible; PetalBot;+https://webmaster.petalsearch.com/site/petalbot)"
65.108.235.243 - - [09/Jun/2026:18:35:54 +0200] "GET /assistenza-lavatrici-smeg-santilario-denza/ HTTP/1.1" 200 24871 "-" "WP Fastest Cache Preload Bot"
65.108.235.243 - - [09/Jun/2026:18:35:54 +0200] "GET /assistenza-lavatrici-smeg-guastalla/ HTTP/1.1" 200 24782 "-" "WP Fastest Cache Preload Bot"
65.108.235.243 - - [09/Jun/2026:18:35:55 +0200] "GET /assistenza-lavatrici-smeg-correggio/ HTTP/1.1" 200 24780 "-" "WP Fastest Cache Preload Bot"
114.119.138.37 - - [09/Jun/2026:18:35:55 +0200] "GET /assistenza-lavatrici-whirlpool-santilario-denza/ HTTP/1.1" 200 25225 "https://reggio-emilia.elettroservicegroup.it/assistenza-lavatrici-whirlpool-santilario-denza" "Mozilla/5.0 (Linux; Android 7.0;) AppleWebKit/537.36 (HTML, like Gecko) Mobile Safari/537.36 (compatible; PetalBot;+https://webmaster.petalsearch.com/site/petalbot)"
65.108.235.243 - - [09/Jun/2026:18:35:56 +0200] "GET /assistenza-lavatrici-smeg-reggio-emilia/ HTTP/1.1" 200 24788 "-" "WP Fastest Cache Preload Bot"
65.108.235.243 - - [09/Jun/2026:18:37:17 +0200] "POST /wp-cron.php?doing_wp_cron=1781023037.3530519008636474609375 HTTP/1.1" 200 1 "-" "WordPress/7.0; https://reggio-emilia.elettroservicegroup.it"
114.119.137.98 - - [09/Jun/2026:18:37:14 +0200] "GET /assistenza-lavatrici-whirlpool-reggio-emilia/ HTTP/1.1" 200 25135 "https://reggio-emilia.elettroservicegroup.it/assistenza-lavatrici-whirlpool-reggio-emilia/" "Mozilla/5.0 (Linux; Android 7.0;) AppleWebKit/537.36 (HTML, like Gecko) Mobile Safari/537.36 (compatible; PetalBot;+https://webmaster.petalsearch.com/site/petalbot)"
65.108.235.243 - - [09/Jun/2026:18:38:40 +0200] "POST /wp-cron.php?doing_wp_cron=1781023119.9875121116638183593750 HTTP/1.1" 200 1 "-" "WordPress/7.0; https://reggio-emilia.elettroservicegroup.it"
114.119.137.98 - - [09/Jun/2026:18:38:38 +0200] "GET /assistenza-lavatrici-rubiera/ HTTP/1.1" 200 25604 "https://reggio-emilia.elettroservicegroup.it/assistenza-lavatrici-rubiera" "Mozilla/5.0 (Linux; Android 7.0;) AppleWebKit/537.36 (HTML, like Gecko) Mobile Safari/537.36 (compatible; PetalBot;+https://webmaster.petalsearch.com/site/petalbot)"
65.108.235.243 - - [09/Jun/2026:18:40:04 +0200] "POST /wp-cron.php?doing_wp_cron=1781023204.8331320285797119140625 HTTP/1.1" 200 1 "-" "WordPress/7.0; https://reggio-emilia.elettroservicegroup.it"
114.119.154.115 - - [09/Jun/2026:18:40:02 +0200] "GET /assistenza-lavatrici-rex-electrolux-scandiano HTTP/1.1" 301 1 "https://reggio-emilia.elettroservicegroup.it/assistenza-lavatrici-rex-electrolux-scandiano" "Mozilla/5.0 (Linux; Android 7.0;) AppleWebKit/537.36 (HTML, like Gecko) Mobile Safari/537.36 (compatible; PetalBot;+https://webmaster.petalsearch.com/site/petalbot)"
114.119.154.115 - - [09/Jun/2026:18:40:06 +0200] "GET /assistenza-lavatrici-rex-electrolux-scandiano/ HTTP/1.1" 200 24996 "https://reggio-emilia.elettroservicegroup.it/assistenza-lavatrici-rex-electrolux-scandiano" "Mozilla/5.0 (Linux; Android 7.0;) AppleWebKit/537.36 (HTML, like Gecko) Mobile Safari/537.36 (compatible; PetalBot;+https://webmaster.petalsearch.com/site/petalbot)"
65.108.235.243 - - [09/Jun/2026:18:41:27 +0200] "POST /wp-cron.php?doing_wp_cron=1781023287.0636920928955078125000 HTTP/1.1" 200 1 "-" "WordPress/7.0; https://reggio-emilia.elettroservicegroup.it"
114.119.141.228 - - [09/Jun/2026:18:41:25 +0200] "GET /assistenza-lavatrici-rex-electrolux-santilario-denza HTTP/1.1" 301 1 "https://reggio-emilia.elettroservicegroup.it/assistenza-lavatrici-rex-electrolux-santilario-denza" "Mozilla/5.0 (Linux; Android 7.0;) AppleWebKit/537.36 (HTML, like Gecko) Mobile Safari/537.36 (compatible; PetalBot;+https://webmaster.petalsearch.com/site/petalbot)"
65.108.235.243 - - [09/Jun/2026:18:41:27 +0200] "GET /assistenza-lavatrici-rex-electrolux-correggio/ HTTP/1.1" 200 24791 "-" "WP Fastest Cache Preload Bot"
65.108.235.243 - - [09/Jun/2026:18:41:28 +0200] "GET /assistenza-lavatrici-rex-electrolux-reggio-emilia/ HTTP/1.1" 200 24790 "-" "WP Fastest Cache Preload Bot"
114.119.141.228 - - [09/Jun/2026:18:41:29 +0200] "GET /assistenza-lavatrici-rex-electrolux-santilario-denza/ HTTP/1.1" 200 25077 "https://reggio-emilia.elettroservicegroup.it/assistenza-lavatrici-rex-electrolux-santilario-denza" "Mozilla/5.0 (Linux; Android 7.0;) AppleWebKit/537.36 (HTML, like Gecko) Mobile Safari/537.36 (compatible; PetalBot;+https://webmaster.petalsearch.com/site/petalbot)"
65.108.235.243 - - [09/Jun/2026:18:41:29 +0200] "GET /assistenza-lavatrici-indesit-rubiera/ HTTP/1.1" 200 24678 "-" "WP Fastest Cache Preload Bot"
65.108.235.243 - - [09/Jun/2026:18:41:29 +0200] "GET /assistenza-lavatrici-indesit-scandiano/ HTTP/1.1" 200 24680 "-" "WP Fastest Cache Preload Bot"
65.108.235.243 - - [09/Jun/2026:18:42:57 +0200] "POST /wp-cron.php?doing_wp_cron=1781023377.1462380886077880859375 HTTP/1.1" 200 1 "-" "WordPress/7.0; https://reggio-emilia.elettroservicegroup.it"
114.119.137.98 - - [09/Jun/2026:18:42:48 +0200] "GET /assistenza-lavatrici-rex-electrolux-rubiera HTTP/1.1" 301 1 "https://reggio-emilia.elettroservicegroup.it/assistenza-lavatrici-rex-electrolux-rubiera" "Mozilla/5.0 (Linux; Android 7.0;) AppleWebKit/537.36 (HTML, like Gecko) Mobile Safari/537.36 (compatible; PetalBot;+https://webmaster.petalsearch.com/site/petalbot)"
114.119.137.98 - - [09/Jun/2026:18:42:58 +0200] "GET /assistenza-lavatrici-rex-electrolux-rubiera/ HTTP/1.1" 200 24998 "https://reggio-emilia.elettroservicegroup.it/assistenza-lavatrici-rex-electrolux-rubiera" "Mozilla/5.0 (Linux; Android 7.0;) AppleWebKit/537.36 (HTML, like Gecko) Mobile Safari/537.36 (compatible; PetalBot;+https://webmaster.petalsearch.com/site/petalbot)"
65.108.235.243 - - [09/Jun/2026:18:44:19 +0200] "POST /wp-cron.php?doing_wp_cron=1781023459.5398669242858886718750 HTTP/1.1" 200 1 "-" "WordPress/7.0; https://reggio-emilia.elettroservicegroup.it"
114.119.138.37 - - [09/Jun/2026:18:44:12 +0200] "GET /assistenza-lavatrici-rex-electrolux-reggio-emilia HTTP/1.1" 301 1 "https://reggio-emilia.elettroservicegroup.it/assistenza-lavatrici-rex-electrolux-reggio-emilia" "Mozilla/5.0 (Linux; Android 7.0;) AppleWebKit/537.36 (HTML, like Gecko) Mobile Safari/537.36 (compatible; PetalBot;+https://webmaster.petalsearch.com/site/petalbot)"
114.119.138.37 - - [09/Jun/2026:18:44:21 +0200] "GET /assistenza-lavatrici-rex-electrolux-reggio-emilia/ HTTP/1.1" 200 24997 "https://reggio-emilia.elettroservicegroup.it/assistenza-lavatrici-rex-electrolux-reggio-emilia" "Mozilla/5.0 (Linux; Android 7.0;) AppleWebKit/537.36 (HTML, like Gecko) Mobile Safari/537.36 (compatible; PetalBot;+https://webmaster.petalsearch.com/site/petalbot)"
103.74.176.253 - - [09/Jun/2026:18:44:31 +0200] "GET /assistenza-miele-reggio-emilia/ HTTP/2.0" 200 24935 "https://www.bing.it/" "Mozilla/5.0 (Linux; Android 10; K) AppleWebKit/537.36 (KHTML, like Gecko) Chrome/125.0.0.0 Mobile Safari/537.36 EdgA/125.0.0.0"
47.128.111.132 - - [09/Jun/2026:18:45:08 +0200] "GET /assistenza-miele-reggio-emilia/ HTTP/2.0" 200 24935 "-" "Mozilla/5.0 (Linux; Android 5.0) AppleWebKit/537.36 (KHTML, like Gecko) Mobile Safari/537.36 (compatible; TikTokSpider; ttspider-feedback@tiktok.com)"
65.108.235.243 - - [09/Jun/2026:18:47:52 +0200] "GET /assistenza-lavatrici-indesit-santilario-denza/ HTTP/1.1" 200 24755 "-" "WP Fastest Cache Preload Bot"
65.108.235.243 - - [09/Jun/2026:18:47:54 +0200] "GET /assistenza-lavatrici-indesit-guastalla/ HTTP/1.1" 200 24681 "-" "WP Fastest Cache Preload Bot"
65.108.235.243 - - [09/Jun/2026:18:47:57 +0200] "GET /assistenza-lavatrici-indesit-correggio/ HTTP/1.1" 200 24684 "-" "WP Fastest Cache Preload Bot"
65.108.235.243 - - [09/Jun/2026:18:48:00 +0200] "GET /assistenza-lavatrici-indesit-reggio-emilia/ HTTP/1.1" 200 24679 "-" "WP Fastest Cache Preload Bot"
162.120.188.13 - - [09/Jun/2026:18:49:09 +0200] "GET /assistenza-rex-electrolux-reggio-emilia/ HTTP/2.0" 200 24796 "https://www.google.com/" "Mozilla/5.0 (Windows NT 10.0; Win64; x64) AppleWebKit/537.36 (KHTML, like Gecko) Chrome/149.0.0.0 Safari/537.36"
193.186.4.22 - - [09/Jun/2026:18:49:22 +0200] "GET /assistenza-rex-electrolux-reggio-emilia/ HTTP/2.0" 200 24796 "https://www.google.com/" "Mozilla/5.0 (Windows NT 10.0; Win64; x64) AppleWebKit/537.36 (KHTML, like Gecko) Chrome/149.0.0.0 Safari/537.36"
162.120.188.141 - - [09/Jun/2026:18:49:41 +0200] "GET /assistenza-rex-electrolux-reggio-emilia/ HTTP/2.0" 200 24796 "https://www.google.com/" "Mozilla/5.0 (Windows NT 10.0; Win64; x64) AppleWebKit/537.36 (KHTML, like Gecko) Chrome/149.0.0.0 Safari/537.36"
65.108.235.243 - - [09/Jun/2026:18:50:11 +0200] "POST /wp-cron.php?doing_wp_cron=1781023811.3311989307403564453125 HTTP/1.1" 200 1 "-" "WordPress/7.0; https://reggio-emilia.elettroservicegroup.it"
47.128.111.14 - - [09/Jun/2026:18:50:09 +0200] "GET / HTTP/2.0" 200 25445 "-" "Mozilla/5.0 (Linux; Android 5.0) AppleWebKit/537.36 (KHTML, like Gecko) Mobile Safari/537.36 (compatible; TikTokSpider; ttspider-feedback@tiktok.com)"
65.108.235.243 - - [09/Jun/2026:18:52:05 +0200] "POST /wp-cron.php?doing_wp_cron=1781023925.2183020114898681640625 HTTP/1.1" 200 1 "-" "WordPress/7.0; https://reggio-emilia.elettroservicegroup.it"
66.249.70.201 - - [09/Jun/2026:18:52:03 +0200] "GET /sitemap.xml HTTP/1.1" 200 336 "-" "Mozilla/5.0 (compatible; Googlebot/2.1; +http://www.google.com/bot.html)"
65.108.235.243 - - [09/Jun/2026:18:52:05 +0200] "GET /assistenza-lavatrici-bosch-rubiera/ HTTP/1.1" 200 24823 "-" "WP Fastest Cache Preload Bot"
65.108.235.243 - - [09/Jun/2026:18:52:06 +0200] "GET /assistenza-lavatrici-bosch-scandiano/ HTTP/1.1" 200 24826 "-" "WP Fastest Cache Preload Bot"
65.108.235.243 - - [09/Jun/2026:18:52:07 +0200] "GET /assistenza-lavatrici-bosch-santilario-denza/ HTTP/1.1" 200 24895 "-" "WP Fastest Cache Preload Bot"
65.108.235.243 - - [09/Jun/2026:18:52:09 +0200] "GET /assistenza-lavatrici-bosch-guastalla/ HTTP/1.1" 200 24823 "-" "WP Fastest Cache Preload Bot"
65.108.235.243 - - [09/Jun/2026:18:53:12 +0200] "POST /wp-cron.php?doing_wp_cron=1781023992.0768098831176757812500 HTTP/1.1" 200 1 "-" "WordPress/7.0; https://reggio-emilia.elettroservicegroup.it"
216.73.216.213 - - [09/Jun/2026:18:53:10 +0200] "GET /robots.txt HTTP/2.0" 200 110 "-" "Mozilla/5.0 AppleWebKit/537.36 (KHTML, like Gecko; compatible; ClaudeBot/1.0; +claudebot@anthropic.com)"
65.108.235.243 - - [09/Jun/2026:18:53:41 +0200] "POST /wp-cron.php?doing_wp_cron=1781024021.6094479560852050781250 HTTP/1.1" 200 1 "-" "WordPress/7.0; https://reggio-emilia.elettroservicegroup.it"
216.73.216.213 - - [09/Jun/2026:18:53:41 +0200] "GET /sitemap.xml HTTP/2.0" 200 336 "-" "Mozilla/5.0 AppleWebKit/537.36 (KHTML, like Gecko; compatible; ClaudeBot/1.0; +claudebot@anthropic.com)"
34.74.129.152 - - [09/Jun/2026:19:00:51 +0200] "GET / HTTP/2.0" 200 25209 "-" "Mozilla/5.0 (X11; Linux x86_64) AppleWebKit/537.36 (KHTML, like Gecko) Chrome/149.0.0.0 Safari/537.36 PTST/260602.124101"
34.74.129.152 - - [09/Jun/2026:19:00:51 +0200] "GET /wp-content/cache/wpfc-minified/ky0w1tys/4ow6.css HTTP/2.0" 200 418 "https://reggio-emilia.elettroservicegroup.it/" "Mozilla/5.0 (X11; Linux x86_64) AppleWebKit/537.36 (KHTML, like Gecko) Chrome/149.0.0.0 Safari/537.36 PTST/260602.124101"
34.74.129.152 - - [09/Jun/2026:19:00:51 +0200] "GET /wp-content/cache/wpfc-minified/l9m140dq/4ow6.css HTTP/2.0" 200 7521 "https://reggio-emilia.elettroservicegroup.it/" "Mozilla/5.0 (X11; Linux x86_64) AppleWebKit/537.36 (KHTML, like Gecko) Chrome/149.0.0.0 Safari/537.36 PTST/260602.124101"
34.74.129.152 - - [09/Jun/2026:19:00:51 +0200] "GET /wp-content/uploads/elementor/css/post-14146.css?ver=1781017744 HTTP/2.0" 200 428 "https://reggio-emilia.elettroservicegroup.it/" "Mozilla/5.0 (X11; Linux x86_64) AppleWebKit/537.36 (KHTML, like Gecko) Chrome/149.0.0.0 Safari/537.36 PTST/260602.124101"
34.74.129.152 - - [09/Jun/2026:19:00:51 +0200] "GET /wp-content/cache/wpfc-minified/kwp9n0f5/4ow8.css HTTP/2.0" 200 7263 "https://reggio-emilia.elettroservicegroup.it/" "Mozilla/5.0 (X11; Linux x86_64) AppleWebKit/537.36 (KHTML, like Gecko) Chrome/149.0.0.0 Safari/537.36 PTST/260602.124101"
34.74.129.152 - - [09/Jun/2026:19:00:51 +0200] "GET /wp-content/uploads/elementor/css/post-14227.css?ver=1781017744 HTTP/2.0" 200 2362 "https://reggio-emilia.elettroservicegroup.it/" "Mozilla/5.0 (X11; Linux x86_64) AppleWebKit/537.36 (KHTML, like Gecko) Chrome/149.0.0.0 Safari/537.36 PTST/260602.124101"
34.74.129.152 - - [09/Jun/2026:19:00:51 +0200] "GET /wp-content/uploads/elementor/css/post-14366.css?ver=1781017744 HTTP/2.0" 200 302 "https://reggio-emilia.elettroservicegroup.it/" "Mozilla/5.0 (X11; Linux x86_64) AppleWebKit/537.36 (KHTML, like Gecko) Chrome/149.0.0.0 Safari/537.36 PTST/260602.124101"
34.74.129.152 - - [09/Jun/2026:19:00:51 +0200] "GET /wp-content/cache/wpfc-minified/kqcp3zx3/4ow8.css HTTP/2.0" 200 16443 "https://reggio-emilia.elettroservicegroup.it/" "Mozilla/5.0 (X11; Linux x86_64) AppleWebKit/537.36 (KHTML, like Gecko) Chrome/149.0.0.0 Safari/537.36 PTST/260602.124101"
34.74.129.152 - - [09/Jun/2026:19:00:51 +0200] "GET /wp-content/cache/wpfc-minified/m8ydgnxm/4ow6.css HTTP/2.0" 200 4410 "https://reggio-emilia.elettroservicegroup.it/" "Mozilla/5.0 (X11; Linux x86_64) AppleWebKit/537.36 (KHTML, like Gecko) Chrome/149.0.0.0 Safari/537.36 PTST/260602.124101"
34.74.129.152 - - [09/Jun/2026:19:00:51 +0200] "GET /wp-content/cache/wpfc-minified/8tnr6p1l/4ow6.css HTTP/2.0" 200 2043 "https://reggio-emilia.elettroservicegroup.it/" "Mozilla/5.0 (X11; Linux x86_64) AppleWebKit/537.36 (KHTML, like Gecko) Chrome/149.0.0.0 Safari/537.36 PTST/260602.124101"
34.74.129.152 - - [09/Jun/2026:19:00:51 +0200] "GET /wp-content/cache/wpfc-minified/g52dp1tu/4ow6.css HTTP/2.0" 200 19034 "https://reggio-emilia.elettroservicegroup.it/" "Mozilla/5.0 (X11; Linux x86_64) AppleWebKit/537.36 (KHTML, like Gecko) Chrome/149.0.0.0 Safari/537.36 PTST/260602.124101"
34.74.129.152 - - [09/Jun/2026:19:00:51 +0200] "GET /wp-content/uploads/2021/10/cropped-cropped-cropped-logo_white_background.png HTTP/2.0" 200 26788 "https://reggio-emilia.elettroservicegroup.it/" "Mozilla/5.0 (X11; Linux x86_64) AppleWebKit/537.36 (KHTML, like Gecko) Chrome/149.0.0.0 Safari/537.36 PTST/260602.124101"
34.74.129.152 - - [09/Jun/2026:19:00:51 +0200] "GET /wp-content/uploads/2021/10/cropped-logo_white_background.png HTTP/2.0" 200 15855 "https://reggio-emilia.elettroservicegroup.it/" "Mozilla/5.0 (X11; Linux x86_64) AppleWebKit/537.36 (KHTML, like Gecko) Chrome/149.0.0.0 Safari/537.36 PTST/260602.124101"
34.74.129.152 - - [09/Jun/2026:19:00:51 +0200] "GET /wp-content/plugins/gp-premium/menu-plus/functions/js/sticky.min.js?ver=2.5.5 HTTP/2.0" 200 2670 "https://reggio-emilia.elettroservicegroup.it/" "Mozilla/5.0 (X11; Linux x86_64) AppleWebKit/537.36 (KHTML, like Gecko) Chrome/149.0.0.0 Safari/537.36 PTST/260602.124101"
34.74.129.152 - - [09/Jun/2026:19:00:51 +0200] "GET /wp-content/cache/wpfc-minified/fcucmk0p/4ow8.js HTTP/2.0" 200 8755 "https://reggio-emilia.elettroservicegroup.it/" "Mozilla/5.0 (X11; Linux x86_64) AppleWebKit/537.36 (KHTML, like Gecko) Chrome/149.0.0.0 Safari/537.36 PTST/260602.124101"
34.74.129.152 - - [09/Jun/2026:19:00:51 +0200] "GET /wp-content/cache/wpfc-minified/lnwln415/4ow6.js HTTP/2.0" 200 32852 "https://reggio-emilia.elettroservicegroup.it/" "Mozilla/5.0 (X11; Linux x86_64) AppleWebKit/537.36 (KHTML, like Gecko) Chrome/149.0.0.0 Safari/537.36 PTST/260602.124101"
34.74.129.152 - - [09/Jun/2026:19:00:52 +0200] "GET /wp-content/plugins/elementor/assets/js/webpack.runtime.min.js?ver=4.1.2 HTTP/2.0" 200 2340 "https://reggio-emilia.elettroservicegroup.it/" "Mozilla/5.0 (X11; Linux x86_64) AppleWebKit/537.36 (KHTML, like Gecko) Chrome/149.0.0.0 Safari/537.36 PTST/260602.124101"
34.74.129.152 - - [09/Jun/2026:19:00:52 +0200] "GET /wp-content/plugins/elementor/assets/js/frontend-modules.min.js?ver=4.1.2 HTTP/2.0" 200 15454 "https://reggio-emilia.elettroservicegroup.it/" "Mozilla/5.0 (X11; Linux x86_64) AppleWebKit/537.36 (KHTML, like Gecko) Chrome/149.0.0.0 Safari/537.36 PTST/260602.124101"
34.74.129.152 - - [09/Jun/2026:19:00:52 +0200] "GET /wp-content/themes/generatepress/assets/js/menu.min.js?ver=3.6.1 HTTP/2.0" 200 1688 "https://reggio-emilia.elettroservicegroup.it/" "Mozilla/5.0 (X11; Linux x86_64) AppleWebKit/537.36 (KHTML, like Gecko) Chrome/149.0.0.0 Safari/537.36 PTST/260602.124101"
34.74.129.152 - - [09/Jun/2026:19:00:52 +0200] "GET /wp-content/themes/generatepress/assets/js/back-to-top.min.js?ver=3.6.1 HTTP/2.0" 200 336 "https://reggio-emilia.elettroservicegroup.it/" "Mozilla/5.0 (X11; Linux x86_64) AppleWebKit/537.36 (KHTML, like Gecko) Chrome/149.0.0.0 Safari/537.36 PTST/260602.124101"
34.74.129.152 - - [09/Jun/2026:19:00:52 +0200] "GET /wp-includes/js/jquery/ui/core.min.js?ver=1.13.3 HTTP/2.0" 200 6820 "https://reggio-emilia.elettroservicegroup.it/" "Mozilla/5.0 (X11; Linux x86_64) AppleWebKit/537.36 (KHTML, like Gecko) Chrome/149.0.0.0 Safari/537.36 PTST/260602.124101"
34.74.129.152 - - [09/Jun/2026:19:00:52 +0200] "GET /wp-content/plugins/elementor/assets/js/frontend.min.js?ver=4.1.2 HTTP/2.0" 200 10140 "https://reggio-emilia.elettroservicegroup.it/" "Mozilla/5.0 (X11; Linux x86_64) AppleWebKit/537.36 (KHTML, like Gecko) Chrome/149.0.0.0 Safari/537.36 PTST/260602.124101"
34.74.129.152 - - [09/Jun/2026:19:00:52 +0200] "GET /wp-content/plugins/complianz-gdpr-premium/cookiebanner/js/complianz.min.js?ver=1780326507 HTTP/2.0" 200 10708 "https://reggio-emilia.elettroservicegroup.it/" "Mozilla/5.0 (X11; Linux x86_64) AppleWebKit/537.36 (KHTML, like Gecko) Chrome/149.0.0.0 Safari/537.36 PTST/260602.124101"
34.74.129.152 - - [09/Jun/2026:19:00:52 +0200] "GET /wp-content/uploads/2021/10/HOME-COPERTINA.jpg HTTP/2.0" 200 63550 "https://reggio-emilia.elettroservicegroup.it/wp-content/uploads/elementor/css/post-14227.css?ver=1781017744" "Mozilla/5.0 (X11; Linux x86_64) AppleWebKit/537.36 (KHTML, like Gecko) Chrome/149.0.0.0 Safari/537.36 PTST/260602.124101"
34.74.129.152 - - [09/Jun/2026:19:00:52 +0200] "GET /wp-content/uploads/2022/01/TECNICO-ELETTRODOMESTICI.jpg HTTP/2.0" 200 73506 "https://reggio-emilia.elettroservicegroup.it/wp-content/uploads/elementor/css/post-14227.css?ver=1781017744" "Mozilla/5.0 (X11; Linux x86_64) AppleWebKit/537.36 (KHTML, like Gecko) Chrome/149.0.0.0 Safari/537.36 PTST/260602.124101"
34.74.129.152 - - [09/Jun/2026:19:00:52 +0200] "GET /wp-content/uploads/2022/01/TECNICO-ELETTRODOMESTICI-1.jpg HTTP/2.0" 200 23089 "https://reggio-emilia.elettroservicegroup.it/" "Mozilla/5.0 (X11; Linux x86_64) AppleWebKit/537.36 (KHTML, like Gecko) Chrome/149.0.0.0 Safari/537.36 PTST/260602.124101"
34.74.129.152 - - [09/Jun/2026:19:00:52 +0200] "GET /wp-content/uploads/2021/10/asko-e1634463631713-1024x675.jpg HTTP/2.0" 200 80013 "https://reggio-emilia.elettroservicegroup.it/" "Mozilla/5.0 (X11; Linux x86_64) AppleWebKit/537.36 (KHTML, like Gecko) Chrome/149.0.0.0 Safari/537.36 PTST/260602.124101"
34.74.129.152 - - [09/Jun/2026:19:00:52 +0200] "GET /wp-content/uploads/elementor/google-fonts/fonts/roboto-kfo7cnqeu92fr1me7ksn66agldtyluama3yuba.woff2 HTTP/2.0" 200 40132 "https://reggio-emilia.elettroservicegroup.it/wp-content/cache/wpfc-minified/8tnr6p1l/4ow6.css" "Mozilla/5.0 (X11; Linux x86_64) AppleWebKit/537.36 (KHTML, like Gecko) Chrome/149.0.0.0 Safari/537.36 PTST/260602.124101"
34.74.129.152 - - [09/Jun/2026:19:00:52 +0200] "GET /wp-content/uploads/2022/01/copertina-Riparazione_Lavastoviglie-.jpg HTTP/2.0" 200 35425 "https://reggio-emilia.elettroservicegroup.it/" "Mozilla/5.0 (X11; Linux x86_64) AppleWebKit/537.36 (KHTML, like Gecko) Chrome/149.0.0.0 Safari/537.36 PTST/260602.124101"
34.74.129.152 - - [09/Jun/2026:19:00:52 +0200] "GET /wp-content/uploads/2022/01/LAVATRICE-2.webp HTTP/2.0" 200 48056 "https://reggio-emilia.elettroservicegroup.it/" "Mozilla/5.0 (X11; Linux x86_64) AppleWebKit/537.36 (KHTML, like Gecko) Chrome/149.0.0.0 Safari/537.36 PTST/260602.124101"
34.74.129.152 - - [09/Jun/2026:19:00:52 +0200] "GET /wp-content/uploads/2021/10/Frigorifero-combinato-e1634459015932.jpg HTTP/2.0" 200 79096 "https://reggio-emilia.elettroservicegroup.it/" "Mozilla/5.0 (X11; Linux x86_64) AppleWebKit/537.36 (KHTML, like Gecko) Chrome/149.0.0.0 Safari/537.36 PTST/260602.124101"
34.74.129.152 - - [09/Jun/2026:19:00:52 +0200] "GET /wp-content/uploads/2021/10/forno-c-1024x682.jpg HTTP/2.0" 200 77272 "https://reggio-emilia.elettroservicegroup.it/" "Mozilla/5.0 (X11; Linux x86_64) AppleWebKit/537.36 (KHTML, like Gecko) Chrome/149.0.0.0 Safari/537.36 PTST/260602.124101"
34.74.129.152 - - [09/Jun/2026:19:00:52 +0200] "GET /wp-content/uploads/2021/10/condizionatore-bonus-1024x683.jpg HTTP/2.0" 200 52525 "https://reggio-emilia.elettroservicegroup.it/" "Mozilla/5.0 (X11; Linux x86_64) AppleWebKit/537.36 (KHTML, like Gecko) Chrome/149.0.0.0 Safari/537.36 PTST/260602.124101"
34.74.129.152 - - [09/Jun/2026:19:00:52 +0200] "GET /wp-content/plugins/elementor/assets/js/section-frontend-handlers.d85ab872da118940910d.bundle.min.js HTTP/2.0" 200 230 "https://reggio-emilia.elettroservicegroup.it/" "Mozilla/5.0 (X11; Linux x86_64) AppleWebKit/537.36 (KHTML, like Gecko) Chrome/149.0.0.0 Safari/537.36 PTST/260602.124101"
34.74.129.152 - - [09/Jun/2026:19:00:52 +0200] "GET /wp-content/plugins/elementor/assets/js/shared-frontend-handlers.03caa53373b56d3bab67.bundle.min.js HTTP/2.0" 200 2515 "https://reggio-emilia.elettroservicegroup.it/" "Mozilla/5.0 (X11; Linux x86_64) AppleWebKit/537.36 (KHTML, like Gecko) Chrome/149.0.0.0 Safari/537.36 PTST/260602.124101"
34.74.129.152 - - [09/Jun/2026:19:00:52 +0200] "GET /wp-content/plugins/elementor/assets/js/text-editor.45609661e409413f1cef.bundle.min.js HTTP/2.0" 200 592 "https://reggio-emilia.elettroservicegroup.it/" "Mozilla/5.0 (X11; Linux x86_64) AppleWebKit/537.36 (KHTML, like Gecko) Chrome/149.0.0.0 Safari/537.36 PTST/260602.124101"
34.74.129.152 - - [09/Jun/2026:19:00:53 +0200] "GET /wp-content/uploads/2021/10/cropped-cropped-cropped-cropped-logo_white_background-32x32.png HTTP/2.0" 200 1181 "https://reggio-emilia.elettroservicegroup.it/" "Mozilla/5.0 (X11; Linux x86_64) AppleWebKit/537.36 (KHTML, like Gecko) Chrome/149.0.0.0 Safari/537.36 PTST/260602.124101"
65.108.235.243 - - [09/Jun/2026:19:00:54 +0200] "POST /wp-cron.php?doing_wp_cron=1781024454.5585179328918457031250 HTTP/1.1" 200 1 "-" "WordPress/7.0; https://reggio-emilia.elettroservicegroup.it"
34.74.129.152 - - [09/Jun/2026:19:00:52 +0200] "GET /wp-json/complianz/v1/banner?lang=it&locale=it_IT&token=fsmxw HTTP/2.0" 200 84 "https://reggio-emilia.elettroservicegroup.it/" "Mozilla/5.0 (X11; Linux x86_64) AppleWebKit/537.36 (KHTML, like Gecko) Chrome/149.0.0.0 Safari/537.36 PTST/260602.124101"
34.74.129.152 - - [09/Jun/2026:19:00:54 +0200] "GET /wp-content/uploads/complianz/css/banner-1-optin.css?v=511 HTTP/2.0" 200 2622 "https://reggio-emilia.elettroservicegroup.it/" "Mozilla/5.0 (X11; Linux x86_64) AppleWebKit/537.36 (KHTML, like Gecko) Chrome/149.0.0.0 Safari/537.36 PTST/260602.124101"
34.74.129.152 - - [09/Jun/2026:19:00:54 +0200] "GET /wp-json/complianz/v1/cookie_data HTTP/2.0" 200 82 "https://reggio-emilia.elettroservicegroup.it/" "Mozilla/5.0 (X11; Linux x86_64) AppleWebKit/537.36 (KHTML, like Gecko) Chrome/149.0.0.0 Safari/537.36 PTST/260602.124101"
65.108.235.243 - - [09/Jun/2026:19:00:55 +0200] "GET /assistenza-lavatrici-bosch-correggio/ HTTP/1.1" 200 24822 "-" "WP Fastest Cache Preload Bot"
65.108.235.243 - - [09/Jun/2026:19:00:58 +0200] "GET /assistenza-lavatrici-bosch-reggio-emilia/ HTTP/1.1" 200 24816 "-" "WP Fastest Cache Preload Bot"
65.108.235.243 - - [09/Jun/2026:19:01:00 +0200] "GET /assistenza-lavatrici-ariston-rubiera/ HTTP/1.1" 200 24788 "-" "WP Fastest Cache Preload Bot"
65.108.235.243 - - [09/Jun/2026:19:01:01 +0200] "GET /assistenza-lavatrici-ariston-scandiano/ HTTP/1.1" 200 24794 "-" "WP Fastest Cache Preload Bot"
34.74.129.152 - - [09/Jun/2026:19:01:04 +0200] "GET /ads.txt HTTP/2.0" 404 17935 "https://reggio-emilia.elettroservicegroup.it/" "Mozilla/5.0 (X11; Linux x86_64) AppleWebKit/537.36 (KHTML, like Gecko) Chrome/149.0.0.0 Safari/537.36 PTST/260602.124101"
34.74.129.152 - - [09/Jun/2026:19:01:04 +0200] "GET /app-ads.txt HTTP/2.0" 404 17939 "https://reggio-emilia.elettroservicegroup.it/" "Mozilla/5.0 (X11; Linux x86_64) AppleWebKit/537.36 (KHTML, like Gecko) Chrome/149.0.0.0 Safari/537.36 PTST/260602.124101"
34.74.129.152 - - [09/Jun/2026:19:01:04 +0200] "GET /sellers.json HTTP/2.0" 404 17934 "https://reggio-emilia.elettroservicegroup.it/" "Mozilla/5.0 (X11; Linux x86_64) AppleWebKit/537.36 (KHTML, like Gecko) Chrome/149.0.0.0 Safari/537.36 PTST/260602.124101"
34.74.129.152 - - [09/Jun/2026:19:01:06 +0200] "GET /.well-known/apple-app-site-association HTTP/2.0" 404 17951 "https://reggio-emilia.elettroservicegroup.it/" "Mozilla/5.0 (X11; Linux x86_64) AppleWebKit/537.36 (KHTML, like Gecko) Chrome/149.0.0.0 Safari/537.36 PTST/260602.124101"
34.74.129.152 - - [09/Jun/2026:19:01:06 +0200] "GET /.well-known/assetlinks.json HTTP/2.0" 404 17945 "https://reggio-emilia.elettroservicegroup.it/" "Mozilla/5.0 (X11; Linux x86_64) AppleWebKit/537.36 (KHTML, like Gecko) Chrome/149.0.0.0 Safari/537.36 PTST/260602.124101"
34.74.129.152 - - [09/Jun/2026:19:01:07 +0200] "GET /llms.txt HTTP/2.0" 200 6887 "https://reggio-emilia.elettroservicegroup.it/" "Mozilla/5.0 (X11; Linux x86_64) AppleWebKit/537.36 (KHTML, like Gecko) Chrome/149.0.0.0 Safari/537.36 PTST/260602.124101"
34.74.129.152 - - [09/Jun/2026:19:01:08 +0200] "GET /dsrdelete.json HTTP/2.0" 404 17936 "https://reggio-emilia.elettroservicegroup.it/" "Mozilla/5.0 (X11; Linux x86_64) AppleWebKit/537.36 (KHTML, like Gecko) Chrome/149.0.0.0 Safari/537.36 PTST/260602.124101"
34.74.129.152 - - [09/Jun/2026:19:01:09 +0200] "GET /robots.txt HTTP/2.0" 200 110 "https://reggio-emilia.elettroservicegroup.it/" "Mozilla/5.0 (X11; Linux x86_64) AppleWebKit/537.36 (KHTML, like Gecko) Chrome/149.0.0.0 Safari/537.36 PTST/260602.124101"
34.74.129.152 - - [09/Jun/2026:19:01:10 +0200] "GET /robots.txt HTTP/2.0" 200 110 "https://reggio-emilia.elettroservicegroup.it/" "Mozilla/5.0 (X11; Linux x86_64) AppleWebKit/537.36 (KHTML, like Gecko) Chrome/149.0.0.0 Safari/537.36 PTST/260602.124101"
34.74.129.152 - - [09/Jun/2026:19:01:10 +0200] "GET /.well-known/ucp HTTP/2.0" 404 17941 "https://reggio-emilia.elettroservicegroup.it/" "Mozilla/5.0 (X11; Linux x86_64) AppleWebKit/537.36 (KHTML, like Gecko) Chrome/149.0.0.0 Safari/537.36 PTST/260602.124101"
34.74.129.152 - - [09/Jun/2026:19:01:10 +0200] "GET /.well-known/resource-that-should-not-exist-whose-status-code-should-not-be-200/ HTTP/2.0" 404 17984 "https://reggio-emilia.elettroservicegroup.it/" "Mozilla/5.0 (X11; Linux x86_64) AppleWebKit/537.36 (KHTML, like Gecko) Chrome/149.0.0.0 Safari/537.36 PTST/260602.124101"
34.74.129.152 - - [09/Jun/2026:19:01:10 +0200] "GET /.well-known/webauthn HTTP/2.0" 404 17947 "https://reggio-emilia.elettroservicegroup.it/" "Mozilla/5.0 (X11; Linux x86_64) AppleWebKit/537.36 (KHTML, like Gecko) Chrome/149.0.0.0 Safari/537.36 PTST/260602.124101"
34.74.129.152 - - [09/Jun/2026:19:01:10 +0200] "GET /.well-known/passkey-endpoints HTTP/2.0" 404 17956 "https://reggio-emilia.elettroservicegroup.it/" "Mozilla/5.0 (X11; Linux x86_64) AppleWebKit/537.36 (KHTML, like Gecko) Chrome/149.0.0.0 Safari/537.36 PTST/260602.124101"
34.74.129.152 - - [09/Jun/2026:19:01:10 +0200] "GET /.well-known/privacy-sandbox-attestations.json HTTP/2.0" 404 17961 "https://reggio-emilia.elettroservicegroup.it/" "Mozilla/5.0 (X11; Linux x86_64) AppleWebKit/537.36 (KHTML, like Gecko) Chrome/149.0.0.0 Safari/537.36 PTST/260602.124101"
34.74.129.152 - - [09/Jun/2026:19:01:10 +0200] "GET /.well-known/apple-app-site-association HTTP/2.0" 404 17951 "https://reggio-emilia.elettroservicegroup.it/" "Mozilla/5.0 (X11; Linux x86_64) AppleWebKit/537.36 (KHTML, like Gecko) Chrome/149.0.0.0 Safari/537.36 PTST/260602.124101"
34.74.129.152 - - [09/Jun/2026:19:01:10 +0200] "GET /.well-known/assetlinks.json HTTP/2.0" 404 17945 "https://reggio-emilia.elettroservicegroup.it/" "Mozilla/5.0 (X11; Linux x86_64) AppleWebKit/537.36 (KHTML, like Gecko) Chrome/149.0.0.0 Safari/537.36 PTST/260602.124101"
34.74.129.152 - - [09/Jun/2026:19:01:10 +0200] "GET /.well-known/change-password HTTP/2.0" 404 17941 "https://reggio-emilia.elettroservicegroup.it/" "Mozilla/5.0 (X11; Linux x86_64) AppleWebKit/537.36 (KHTML, like Gecko) Chrome/149.0.0.0 Safari/537.36 PTST/260602.124101"
34.74.129.152 - - [09/Jun/2026:19:01:10 +0200] "GET /.well-known/gpc.json HTTP/2.0" 404 17944 "https://reggio-emilia.elettroservicegroup.it/" "Mozilla/5.0 (X11; Linux x86_64) AppleWebKit/537.36 (KHTML, like Gecko) Chrome/149.0.0.0 Safari/537.36 PTST/260602.124101"
34.74.129.152 - - [09/Jun/2026:19:01:10 +0200] "GET /.well-known/related-website-set.json HTTP/2.0" 404 17957 "https://reggio-emilia.elettroservicegroup.it/" "Mozilla/5.0 (X11; Linux x86_64) AppleWebKit/537.36 (KHTML, like Gecko) Chrome/149.0.0.0 Safari/537.36 PTST/260602.124101"
34.74.129.152 - - [09/Jun/2026:19:01:10 +0200] "GET /.well-known/security.txt HTTP/2.0" 404 17947 "https://reggio-emilia.elettroservicegroup.it/" "Mozilla/5.0 (X11; Linux x86_64) AppleWebKit/537.36 (KHTML, like Gecko) Chrome/149.0.0.0 Safari/537.36 PTST/260602.124101"
34.74.129.152 - - [09/Jun/2026:19:01:10 +0200] "GET /.well-known/web-identity HTTP/2.0" 404 17945 "https://reggio-emilia.elettroservicegroup.it/" "Mozilla/5.0 (X11; Linux x86_64) AppleWebKit/537.36 (KHTML, like Gecko) Chrome/149.0.0.0 Safari/537.36 PTST/260602.124101"
47.128.110.85 - - [09/Jun/2026:19:01:16 +0200] "GET /assistenza-miele-reggio-emilia/ HTTP/2.0" 200 24935 "-" "Mozilla/5.0 (Linux; Android 5.0) AppleWebKit/537.36 (KHTML, like Gecko) Mobile Safari/537.36 (compatible; TikTokSpider; ttspider-feedback@tiktok.com)"
34.74.129.152 - - [09/Jun/2026:19:01:26 +0200] "GET / HTTP/2.0" 200 25209 "-" "Mozilla/5.0 (X11; Linux x86_64) AppleWebKit/537.36 (KHTML like Gecko) Chrome/149.0.0.0 Safari/537.36 PTST/260602.124101"
34.74.129.152 - - [09/Jun/2026:19:01:27 +0200] "GET /wp-content/cache/wpfc-minified/ky0w1tys/4ow6.css HTTP/2.0" 200 418 "https://reggio-emilia.elettroservicegroup.it/" "Mozilla/5.0 (X11; Linux x86_64) AppleWebKit/537.36 (KHTML like Gecko) Chrome/149.0.0.0 Safari/537.36 PTST/260602.124101"
34.74.129.152 - - [09/Jun/2026:19:01:27 +0200] "GET /wp-content/uploads/elementor/css/post-14146.css?ver=1781017744 HTTP/2.0" 200 428 "https://reggio-emilia.elettroservicegroup.it/" "Mozilla/5.0 (X11; Linux x86_64) AppleWebKit/537.36 (KHTML like Gecko) Chrome/149.0.0.0 Safari/537.36 PTST/260602.124101"
34.74.129.152 - - [09/Jun/2026:19:01:27 +0200] "GET /wp-content/uploads/elementor/css/post-14227.css?ver=1781017744 HTTP/2.0" 200 2362 "https://reggio-emilia.elettroservicegroup.it/" "Mozilla/5.0 (X11; Linux x86_64) AppleWebKit/537.36 (KHTML like Gecko) Chrome/149.0.0.0 Safari/537.36 PTST/260602.124101"
34.74.129.152 - - [09/Jun/2026:19:01:27 +0200] "GET /wp-content/cache/wpfc-minified/kwp9n0f5/4ow8.css HTTP/2.0" 200 7263 "https://reggio-emilia.elettroservicegroup.it/" "Mozilla/5.0 (X11; Linux x86_64) AppleWebKit/537.36 (KHTML like Gecko) Chrome/149.0.0.0 Safari/537.36 PTST/260602.124101"
34.74.129.152 - - [09/Jun/2026:19:01:27 +0200] "GET /wp-content/cache/wpfc-minified/l9m140dq/4ow6.css HTTP/2.0" 200 7521 "https://reggio-emilia.elettroservicegroup.it/" "Mozilla/5.0 (X11; Linux x86_64) AppleWebKit/537.36 (KHTML like Gecko) Chrome/149.0.0.0 Safari/537.36 PTST/260602.124101"
34.74.129.152 - - [09/Jun/2026:19:01:27 +0200] "GET /wp-content/uploads/elementor/css/post-14366.css?ver=1781017744 HTTP/2.0" 200 302 "https://reggio-emilia.elettroservicegroup.it/" "Mozilla/5.0 (X11; Linux x86_64) AppleWebKit/537.36 (KHTML like Gecko) Chrome/149.0.0.0 Safari/537.36 PTST/260602.124101"
34.74.129.152 - - [09/Jun/2026:19:01:27 +0200] "GET /wp-content/cache/wpfc-minified/kqcp3zx3/4ow8.css HTTP/2.0" 200 16443 "https://reggio-emilia.elettroservicegroup.it/" "Mozilla/5.0 (X11; Linux x86_64) AppleWebKit/537.36 (KHTML like Gecko) Chrome/149.0.0.0 Safari/537.36 PTST/260602.124101"
34.74.129.152 - - [09/Jun/2026:19:01:27 +0200] "GET /wp-content/cache/wpfc-minified/m8ydgnxm/4ow6.css HTTP/2.0" 200 4410 "https://reggio-emilia.elettroservicegroup.it/" "Mozilla/5.0 (X11; Linux x86_64) AppleWebKit/537.36 (KHTML like Gecko) Chrome/149.0.0.0 Safari/537.36 PTST/260602.124101"
34.74.129.152 - - [09/Jun/2026:19:01:27 +0200] "GET /wp-content/cache/wpfc-minified/8tnr6p1l/4ow6.css HTTP/2.0" 200 2043 "https://reggio-emilia.elettroservicegroup.it/" "Mozilla/5.0 (X11; Linux x86_64) AppleWebKit/537.36 (KHTML like Gecko) Chrome/149.0.0.0 Safari/537.36 PTST/260602.124101"
34.74.129.152 - - [09/Jun/2026:19:01:27 +0200] "GET /wp-content/cache/wpfc-minified/g52dp1tu/4ow6.css HTTP/2.0" 200 19034 "https://reggio-emilia.elettroservicegroup.it/" "Mozilla/5.0 (X11; Linux x86_64) AppleWebKit/537.36 (KHTML like Gecko) Chrome/149.0.0.0 Safari/537.36 PTST/260602.124101"
34.74.129.152 - - [09/Jun/2026:19:01:27 +0200] "GET /wp-content/uploads/2021/10/cropped-cropped-cropped-logo_white_background.png HTTP/2.0" 200 26788 "https://reggio-emilia.elettroservicegroup.it/" "Mozilla/5.0 (X11; Linux x86_64) AppleWebKit/537.36 (KHTML like Gecko) Chrome/149.0.0.0 Safari/537.36 PTST/260602.124101"
34.74.129.152 - - [09/Jun/2026:19:01:27 +0200] "GET /wp-content/uploads/2021/10/cropped-logo_white_background.png HTTP/2.0" 200 15855 "https://reggio-emilia.elettroservicegroup.it/" "Mozilla/5.0 (X11; Linux x86_64) AppleWebKit/537.36 (KHTML like Gecko) Chrome/149.0.0.0 Safari/537.36 PTST/260602.124101"
34.74.129.152 - - [09/Jun/2026:19:01:27 +0200] "GET /wp-content/cache/wpfc-minified/lnwln415/4ow6.js HTTP/2.0" 200 32852 "https://reggio-emilia.elettroservicegroup.it/" "Mozilla/5.0 (X11; Linux x86_64) AppleWebKit/537.36 (KHTML like Gecko) Chrome/149.0.0.0 Safari/537.36 PTST/260602.124101"
34.74.129.152 - - [09/Jun/2026:19:01:27 +0200] "GET /wp-content/cache/wpfc-minified/fcucmk0p/4ow8.js HTTP/2.0" 200 8755 "https://reggio-emilia.elettroservicegroup.it/" "Mozilla/5.0 (X11; Linux x86_64) AppleWebKit/537.36 (KHTML like Gecko) Chrome/149.0.0.0 Safari/537.36 PTST/260602.124101"
34.74.129.152 - - [09/Jun/2026:19:01:27 +0200] "GET /wp-content/plugins/gp-premium/menu-plus/functions/js/sticky.min.js?ver=2.5.5 HTTP/2.0" 200 2670 "https://reggio-emilia.elettroservicegroup.it/" "Mozilla/5.0 (X11; Linux x86_64) AppleWebKit/537.36 (KHTML like Gecko) Chrome/149.0.0.0 Safari/537.36 PTST/260602.124101"
34.74.129.152 - - [09/Jun/2026:19:01:27 +0200] "GET /wp-content/plugins/elementor/assets/js/webpack.runtime.min.js?ver=4.1.2 HTTP/2.0" 200 2340 "https://reggio-emilia.elettroservicegroup.it/" "Mozilla/5.0 (X11; Linux x86_64) AppleWebKit/537.36 (KHTML like Gecko) Chrome/149.0.0.0 Safari/537.36 PTST/260602.124101"
34.74.129.152 - - [09/Jun/2026:19:01:27 +0200] "GET /wp-content/plugins/elementor/assets/js/frontend-modules.min.js?ver=4.1.2 HTTP/2.0" 200 15454 "https://reggio-emilia.elettroservicegroup.it/" "Mozilla/5.0 (X11; Linux x86_64) AppleWebKit/537.36 (KHTML like Gecko) Chrome/149.0.0.0 Safari/537.36 PTST/260602.124101"
34.74.129.152 - - [09/Jun/2026:19:01:27 +0200] "GET /wp-content/themes/generatepress/assets/js/back-to-top.min.js?ver=3.6.1 HTTP/2.0" 200 336 "https://reggio-emilia.elettroservicegroup.it/" "Mozilla/5.0 (X11; Linux x86_64) AppleWebKit/537.36 (KHTML like Gecko) Chrome/149.0.0.0 Safari/537.36 PTST/260602.124101"
34.74.129.152 - - [09/Jun/2026:19:01:27 +0200] "GET /wp-content/themes/generatepress/assets/js/menu.min.js?ver=3.6.1 HTTP/2.0" 200 1688 "https://reggio-emilia.elettroservicegroup.it/" "Mozilla/5.0 (X11; Linux x86_64) AppleWebKit/537.36 (KHTML like Gecko) Chrome/149.0.0.0 Safari/537.36 PTST/260602.124101"
34.74.129.152 - - [09/Jun/2026:19:01:27 +0200] "GET /wp-includes/js/jquery/ui/core.min.js?ver=1.13.3 HTTP/2.0" 200 6820 "https://reggio-emilia.elettroservicegroup.it/" "Mozilla/5.0 (X11; Linux x86_64) AppleWebKit/537.36 (KHTML like Gecko) Chrome/149.0.0.0 Safari/537.36 PTST/260602.124101"
34.74.129.152 - - [09/Jun/2026:19:01:27 +0200] "GET /wp-content/plugins/elementor/assets/js/frontend.min.js?ver=4.1.2 HTTP/2.0" 200 10140 "https://reggio-emilia.elettroservicegroup.it/" "Mozilla/5.0 (X11; Linux x86_64) AppleWebKit/537.36 (KHTML like Gecko) Chrome/149.0.0.0 Safari/537.36 PTST/260602.124101"
34.74.129.152 - - [09/Jun/2026:19:01:27 +0200] "GET /wp-content/plugins/complianz-gdpr-premium/cookiebanner/js/complianz.min.js?ver=1780326507 HTTP/2.0" 200 10708 "https://reggio-emilia.elettroservicegroup.it/" "Mozilla/5.0 (X11; Linux x86_64) AppleWebKit/537.36 (KHTML like Gecko) Chrome/149.0.0.0 Safari/537.36 PTST/260602.124101"
34.74.129.152 - - [09/Jun/2026:19:01:27 +0200] "GET /wp-content/uploads/2021/10/HOME-COPERTINA.jpg HTTP/2.0" 200 63550 "https://reggio-emilia.elettroservicegroup.it/wp-content/uploads/elementor/css/post-14227.css?ver=1781017744" "Mozilla/5.0 (X11; Linux x86_64) AppleWebKit/537.36 (KHTML like Gecko) Chrome/149.0.0.0 Safari/537.36 PTST/260602.124101"
34.74.129.152 - - [09/Jun/2026:19:01:27 +0200] "GET /wp-content/uploads/2022/01/TECNICO-ELETTRODOMESTICI.jpg HTTP/2.0" 200 73506 "https://reggio-emilia.elettroservicegroup.it/wp-content/uploads/elementor/css/post-14227.css?ver=1781017744" "Mozilla/5.0 (X11; Linux x86_64) AppleWebKit/537.36 (KHTML like Gecko) Chrome/149.0.0.0 Safari/537.36 PTST/260602.124101"
34.74.129.152 - - [09/Jun/2026:19:01:27 +0200] "GET /wp-content/uploads/2022/01/TECNICO-ELETTRODOMESTICI-1.jpg HTTP/2.0" 200 23089 "https://reggio-emilia.elettroservicegroup.it/" "Mozilla/5.0 (X11; Linux x86_64) AppleWebKit/537.36 (KHTML like Gecko) Chrome/149.0.0.0 Safari/537.36 PTST/260602.124101"
34.74.129.152 - - [09/Jun/2026:19:01:27 +0200] "GET /wp-content/uploads/elementor/google-fonts/fonts/roboto-kfo7cnqeu92fr1me7ksn66agldtyluama3yuba.woff2 HTTP/2.0" 200 40132 "https://reggio-emilia.elettroservicegroup.it/wp-content/cache/wpfc-minified/8tnr6p1l/4ow6.css" "Mozilla/5.0 (X11; Linux x86_64) AppleWebKit/537.36 (KHTML like Gecko) Chrome/149.0.0.0 Safari/537.36 PTST/260602.124101"
34.74.129.152 - - [09/Jun/2026:19:01:28 +0200] "GET /wp-content/uploads/2021/10/condizionatore-bonus-1024x683.jpg HTTP/2.0" 200 52525 "https://reggio-emilia.elettroservicegroup.it/" "Mozilla/5.0 (X11; Linux x86_64) AppleWebKit/537.36 (KHTML like Gecko) Chrome/149.0.0.0 Safari/537.36 PTST/260602.124101"
34.74.129.152 - - [09/Jun/2026:19:01:28 +0200] "GET /wp-content/uploads/2021/10/asko-e1634463631713-1024x675.jpg HTTP/2.0" 200 80013 "https://reggio-emilia.elettroservicegroup.it/" "Mozilla/5.0 (X11; Linux x86_64) AppleWebKit/537.36 (KHTML like Gecko) Chrome/149.0.0.0 Safari/537.36 PTST/260602.124101"
34.74.129.152 - - [09/Jun/2026:19:01:28 +0200] "GET /wp-content/uploads/2021/10/forno-c-1024x682.jpg HTTP/2.0" 200 77272 "https://reggio-emilia.elettroservicegroup.it/" "Mozilla/5.0 (X11; Linux x86_64) AppleWebKit/537.36 (KHTML like Gecko) Chrome/149.0.0.0 Safari/537.36 PTST/260602.124101"
34.74.129.152 - - [09/Jun/2026:19:01:28 +0200] "GET /wp-content/uploads/2022/01/copertina-Riparazione_Lavastoviglie-.jpg HTTP/2.0" 200 35425 "https://reggio-emilia.elettroservicegroup.it/" "Mozilla/5.0 (X11; Linux x86_64) AppleWebKit/537.36 (KHTML like Gecko) Chrome/149.0.0.0 Safari/537.36 PTST/260602.124101"
34.74.129.152 - - [09/Jun/2026:19:01:28 +0200] "GET /wp-content/uploads/2021/10/Frigorifero-combinato-e1634459015932.jpg HTTP/2.0" 200 79096 "https://reggio-emilia.elettroservicegroup.it/" "Mozilla/5.0 (X11; Linux x86_64) AppleWebKit/537.36 (KHTML like Gecko) Chrome/149.0.0.0 Safari/537.36 PTST/260602.124101"
34.74.129.152 - - [09/Jun/2026:19:01:28 +0200] "GET /wp-content/uploads/2022/01/LAVATRICE-2.webp HTTP/2.0" 200 48056 "https://reggio-emilia.elettroservicegroup.it/" "Mozilla/5.0 (X11; Linux x86_64) AppleWebKit/537.36 (KHTML like Gecko) Chrome/149.0.0.0 Safari/537.36 PTST/260602.124101"
34.74.129.152 - - [09/Jun/2026:19:01:28 +0200] "GET /wp-content/plugins/elementor/assets/js/section-frontend-handlers.d85ab872da118940910d.bundle.min.js HTTP/2.0" 200 230 "https://reggio-emilia.elettroservicegroup.it/" "Mozilla/5.0 (X11; Linux x86_64) AppleWebKit/537.36 (KHTML like Gecko) Chrome/149.0.0.0 Safari/537.36 PTST/260602.124101"
34.74.129.152 - - [09/Jun/2026:19:01:28 +0200] "GET /wp-content/plugins/elementor/assets/js/shared-frontend-handlers.03caa53373b56d3bab67.bundle.min.js HTTP/2.0" 200 2515 "https://reggio-emilia.elettroservicegroup.it/" "Mozilla/5.0 (X11; Linux x86_64) AppleWebKit/537.36 (KHTML like Gecko) Chrome/149.0.0.0 Safari/537.36 PTST/260602.124101"
34.74.129.152 - - [09/Jun/2026:19:01:28 +0200] "GET /wp-content/plugins/elementor/assets/js/text-editor.45609661e409413f1cef.bundle.min.js HTTP/2.0" 200 592 "https://reggio-emilia.elettroservicegroup.it/" "Mozilla/5.0 (X11; Linux x86_64) AppleWebKit/537.36 (KHTML like Gecko) Chrome/149.0.0.0 Safari/537.36 PTST/260602.124101"
34.74.129.152 - - [09/Jun/2026:19:01:28 +0200] "GET /wp-content/uploads/2021/10/cropped-cropped-cropped-cropped-logo_white_background-32x32.png HTTP/2.0" 200 1181 "https://reggio-emilia.elettroservicegroup.it/" "Mozilla/5.0 (X11; Linux x86_64) AppleWebKit/537.36 (KHTML like Gecko) Chrome/149.0.0.0 Safari/537.36 PTST/260602.124101"
65.108.235.243 - - [09/Jun/2026:19:01:29 +0200] "POST /wp-cron.php?doing_wp_cron=1781024489.2501089572906494140625 HTTP/1.1" 200 1 "-" "WordPress/7.0; https://reggio-emilia.elettroservicegroup.it"
34.74.129.152 - - [09/Jun/2026:19:01:28 +0200] "GET /wp-json/complianz/v1/banner?lang=it&locale=it_IT&token=ynrqq HTTP/2.0" 200 84 "https://reggio-emilia.elettroservicegroup.it/" "Mozilla/5.0 (X11; Linux x86_64) AppleWebKit/537.36 (KHTML like Gecko) Chrome/149.0.0.0 Safari/537.36 PTST/260602.124101"
34.74.129.152 - - [09/Jun/2026:19:01:29 +0200] "GET /wp-content/uploads/complianz/css/banner-1-optin.css?v=511 HTTP/2.0" 200 2622 "https://reggio-emilia.elettroservicegroup.it/" "Mozilla/5.0 (X11; Linux x86_64) AppleWebKit/537.36 (KHTML like Gecko) Chrome/149.0.0.0 Safari/537.36 PTST/260602.124101"
34.74.129.152 - - [09/Jun/2026:19:01:29 +0200] "GET /wp-json/complianz/v1/cookie_data HTTP/2.0" 200 82 "https://reggio-emilia.elettroservicegroup.it/" "Mozilla/5.0 (X11; Linux x86_64) AppleWebKit/537.36 (KHTML like Gecko) Chrome/149.0.0.0 Safari/537.36 PTST/260602.124101"
34.74.129.152 - - [09/Jun/2026:19:01:42 +0200] "GET /llms.txt HTTP/2.0" 200 6887 "-" "Mozilla/5.0 (X11; Linux x86_64) AppleWebKit/537.36 (KHTML, like Gecko) HeadlessChrome/149.0.0.0 Safari/537.36"
34.74.129.152 - - [09/Jun/2026:19:01:43 +0200] "GET /wp-content/uploads/2022/01/TECNICO-ELETTRODOMESTICI.jpg HTTP/2.0" 206 1 "https://reggio-emilia.elettroservicegroup.it/" "Mozilla/5.0 (X11; Linux x86_64) AppleWebKit/537.36 (KHTML like Gecko) Chrome/149.0.0.0 Safari/537.36 PTST/260602.124101"
34.74.129.152 - - [09/Jun/2026:19:01:44 +0200] "GET /robots.txt HTTP/2.0" 200 110 "-" "Mozilla/5.0 (X11; Linux x86_64) AppleWebKit/537.36 (KHTML, like Gecko) HeadlessChrome/149.0.0.0 Safari/537.36"
34.74.129.152 - - [09/Jun/2026:19:01:45 +0200] "GET / HTTP/2.0" 200 25209 "-" "Mozilla/5.0 (X11; Linux x86_64) AppleWebKit/537.36 (KHTML like Gecko) Chrome/149.0.0.0 Safari/537.36 PTST/260602.124101"
34.74.129.152 - - [09/Jun/2026:19:01:45 +0200] "POST /wp-json/complianz/v1/track HTTP/2.0" 200 - "https://reggio-emilia.elettroservicegroup.it/" "Mozilla/5.0 (X11; Linux x86_64) AppleWebKit/537.36 (KHTML like Gecko) Chrome/149.0.0.0 Safari/537.36 PTST/260602.124101"
65.108.235.243 - - [09/Jun/2026:19:07:13 +0200] "POST /wp-cron.php?doing_wp_cron=1781024833.1442399024963378906250 HTTP/1.1" 200 1 "-" "WordPress/7.0; https://reggio-emilia.elettroservicegroup.it"
17.241.75.183 - - [09/Jun/2026:19:07:11 +0200] "GET /robots.txt HTTP/2.0" 200 134 "-" "Mozilla/5.0 (Macintosh; Intel Mac OS X 10_15_7) AppleWebKit/605.1.15 (KHTML, like Gecko) Version/17.4 Safari/605.1.15 (Applebot/0.1; +http://www.apple.com/go/applebot)"
17.241.75.183 - - [09/Jun/2026:19:07:13 +0200] "GET /feed/?attachment_id=14150 HTTP/2.0" 200 450 "-" "Mozilla/5.0 (Macintosh; Intel Mac OS X 10_15_7) AppleWebKit/605.1.15 (KHTML, like Gecko) Version/17.4 Safari/605.1.15 (Applebot/0.1; +http://www.apple.com/go/applebot)"
65.108.235.243 - - [09/Jun/2026:19:07:13 +0200] "GET /assistenza-lavatrici-ariston-santilario-denza/ HTTP/1.1" 200 24874 "-" "WP Fastest Cache Preload Bot"
65.108.235.243 - - [09/Jun/2026:19:07:15 +0200] "GET /assistenza-lavatrici-ariston-guastalla/ HTTP/1.1" 200 24791 "-" "WP Fastest Cache Preload Bot"
65.108.235.243 - - [09/Jun/2026:19:07:19 +0200] "GET /assistenza-lavatrici-ariston-correggio/ HTTP/1.1" 200 24790 "-" "WP Fastest Cache Preload Bot"
65.108.235.243 - - [09/Jun/2026:19:07:22 +0200] "GET /assistenza-lavatrici-ariston-reggio-emilia/ HTTP/1.1" 200 24790 "-" "WP Fastest Cache Preload Bot"
65.108.235.243 - - [09/Jun/2026:19:07:31 +0200] "POST /wp-cron.php?doing_wp_cron=1781024851.9611690044403076171875 HTTP/1.1" 200 1 "-" "WordPress/7.0; https://reggio-emilia.elettroservicegroup.it"
17.241.227.28 - - [09/Jun/2026:19:07:31 +0200] "GET /feed/ HTTP/2.0" 200 571 "-" "Mozilla/5.0 (Macintosh; Intel Mac OS X 10_15_7) AppleWebKit/605.1.15 (KHTML, like Gecko) Version/17.4 Safari/605.1.15 (Applebot/0.1; +http://www.apple.com/go/applebot)"
84.37.53.161 - - [09/Jun/2026:19:08:41 +0200] "GET /assistenza-smeg-reggio-emilia/ HTTP/2.0" 200 26834 "-" "Mozilla/5.0 (Macintosh; Intel Mac OS X 10_15_7) AppleWebKit/537.36 (KHTML, like Gecko) Chrome/143.0.0.0 Safari/537.36"
92.71.67.124 - - [09/Jun/2026:19:10:14 +0200] "GET /assistenza-smeg-reggio-emilia/ HTTP/2.0" 200 24784 "-" "Mozilla/5.0 (Macintosh; Intel Mac OS X 10_15_7) AppleWebKit/537.36 (KHTML, like Gecko) Chrome/142.0.0.0 Safari/537.36"
142.147.177.171 - - [09/Jun/2026:19:10:24 +0200] "GET /assistenza-smeg-reggio-emilia/ HTTP/2.0" 200 24784 "-" "Mozilla/5.0 (Macintosh; Intel Mac OS X 10_15_7) AppleWebKit/537.36 (KHTML, like Gecko) Chrome/142.0.0.0 Safari/537.36"
156.242.102.142 - - [09/Jun/2026:19:10:44 +0200] "GET /wp-content/uploads/2022/01/TECNICO-ELETTRODOMESTICI-1.jpg HTTP/1.1" 200 23089 "-" "Mozilla/5.0 (compatible; crawler)"
68.167.77.96 - - [09/Jun/2026:19:11:14 +0200] "GET /assistenza-smeg-reggio-emilia/ HTTP/2.0" 200 24784 "-" "Mozilla/5.0 (Macintosh; Intel Mac OS X 10_15_7) AppleWebKit/537.36 (KHTML, like Gecko) Chrome/142.0.0.0 Safari/537.36"
47.128.23.242 - - [09/Jun/2026:19:19:09 +0200] "GET /dozen-spins-casino-fair-play-und-transparenz-im-uberblick/ HTTP/2.0" 200 11769 "-" "Mozilla/5.0 (Linux; Android 5.0) AppleWebKit/537.36 (KHTML, like Gecko) Mobile Safari/537.36 (compatible; Bytespider; spider-feedback@bytedance.com)"
65.108.235.243 - - [09/Jun/2026:20:11:05 +0200] "POST /wp-cron.php?doing_wp_cron=1781028665.8762750625610351562500 HTTP/1.1" 200 1 "-" "WordPress/7.0; https://reggio-emilia.elettroservicegroup.it"
151.34.27.68 - - [09/Jun/2026:20:11:04 +0200] "GET /assistenza-lavatrici-indesit-reggio-emilia/ HTTP/2.0" 200 24879 "https://www.google.com/" "Mozilla/5.0 (Linux; Android 10; K) AppleWebKit/537.36 (KHTML, like Gecko) Chrome/148.0.0.0 Mobile Safari/537.36"
151.34.27.68 - - [09/Jun/2026:20:11:06 +0200] "GET /wp-content/plugins/elementor/assets/lib/animations/styles/bounceIn.min.css?ver=4.1.2 HTTP/2.0" 200 186 "https://reggio-emilia.elettroservicegroup.it/assistenza-lavatrici-indesit-reggio-emilia/" "Mozilla/5.0 (Linux; Android 10; K) AppleWebKit/537.36 (KHTML, like Gecko) Chrome/148.0.0.0 Mobile Safari/537.36"
151.34.27.68 - - [09/Jun/2026:20:11:06 +0200] "GET /wp-content/plugins/all-in-one-seo-pack/dist/Lite/assets/css/table-of-contents/global.e90f6d47.css?ver=4.9.7.2 HTTP/2.0" 200 420 "https://reggio-emilia.elettroservicegroup.it/assistenza-lavatrici-indesit-reggio-emilia/" "Mozilla/5.0 (Linux; Android 10; K) AppleWebKit/537.36 (KHTML, like Gecko) Chrome/148.0.0.0 Mobile Safari/537.36"
