77.89.9.202 - - [09/Jun/2026:16:13:41 +0200] "GET /wp-includes/js/jquery/jquery-migrate.min.js?ver=3.4.1 HTTP/2.0" 200 4685 "https://reggio-emilia.elettroservicegroup.it/assistenza-lavastoviglie-rubiera/?gad_source=1&gad_campaignid=23800353523&gbraid=0AAAABDgs-LReKz403LH9bfQ3uxy5z2DnO&gclid=CjwKCAjw857RBhAgEiwAI-1yKFZLMpKGvB-vHifYQGRiUCbfcmnsroMD1uKzdkVMMoggeip_Sqh0CRoC7KUQAvD_BwE" "Mozilla/5.0 (Linux; Android 10; K) AppleWebKit/537.36 (KHTML, like Gecko) Chrome/148.0.0.0 Mobile Safari/537.36"
77.89.9.202 - - [09/Jun/2026:16:13:41 +0200] "GET /wp-content/uploads/2021/10/cropped-cropped-cropped-logo_white_background.png HTTP/2.0" 200 26788 "https://reggio-emilia.elettroservicegroup.it/assistenza-lavastoviglie-rubiera/?gad_source=1&gad_campaignid=23800353523&gbraid=0AAAABDgs-LReKz403LH9bfQ3uxy5z2DnO&gclid=CjwKCAjw857RBhAgEiwAI-1yKFZLMpKGvB-vHifYQGRiUCbfcmnsroMD1uKzdkVMMoggeip_Sqh0CRoC7KUQAvD_BwE" "Mozilla/5.0 (Linux; Android 10; K) AppleWebKit/537.36 (KHTML, like Gecko) Chrome/148.0.0.0 Mobile Safari/537.36"
77.89.9.202 - - [09/Jun/2026:16:13:41 +0200] "GET /wp-content/uploads/2021/10/cropped-logo_white_background.png HTTP/2.0" 200 15855 "https://reggio-emilia.elettroservicegroup.it/assistenza-lavastoviglie-rubiera/?gad_source=1&gad_campaignid=23800353523&gbraid=0AAAABDgs-LReKz403LH9bfQ3uxy5z2DnO&gclid=CjwKCAjw857RBhAgEiwAI-1yKFZLMpKGvB-vHifYQGRiUCbfcmnsroMD1uKzdkVMMoggeip_Sqh0CRoC7KUQAvD_BwE" "Mozilla/5.0 (Linux; Android 10; K) AppleWebKit/537.36 (KHTML, like Gecko) Chrome/148.0.0.0 Mobile Safari/537.36"
77.89.9.202 - - [09/Jun/2026:16:13:41 +0200] "GET /wp-content/plugins/gp-premium/menu-plus/functions/js/sticky.min.js?ver=2.5.5 HTTP/2.0" 200 2670 "https://reggio-emilia.elettroservicegroup.it/assistenza-lavastoviglie-rubiera/?gad_source=1&gad_campaignid=23800353523&gbraid=0AAAABDgs-LReKz403LH9bfQ3uxy5z2DnO&gclid=CjwKCAjw857RBhAgEiwAI-1yKFZLMpKGvB-vHifYQGRiUCbfcmnsroMD1uKzdkVMMoggeip_Sqh0CRoC7KUQAvD_BwE" "Mozilla/5.0 (Linux; Android 10; K) AppleWebKit/537.36 (KHTML, like Gecko) Chrome/148.0.0.0 Mobile Safari/537.36"
77.89.9.202 - - [09/Jun/2026:16:13:41 +0200] "GET /wp-content/plugins/elementor/assets/lib/font-awesome/css/fontawesome.css?ver=5.15.3 HTTP/2.0" 200 12535 "https://reggio-emilia.elettroservicegroup.it/assistenza-lavastoviglie-rubiera/?gad_source=1&gad_campaignid=23800353523&gbraid=0AAAABDgs-LReKz403LH9bfQ3uxy5z2DnO&gclid=CjwKCAjw857RBhAgEiwAI-1yKFZLMpKGvB-vHifYQGRiUCbfcmnsroMD1uKzdkVMMoggeip_Sqh0CRoC7KUQAvD_BwE" "Mozilla/5.0 (Linux; Android 10; K) AppleWebKit/537.36 (KHTML, like Gecko) Chrome/148.0.0.0 Mobile Safari/537.36"
77.89.9.202 - - [09/Jun/2026:16:13:41 +0200] "GET /wp-includes/js/jquery/jquery.min.js?ver=3.7.1 HTTP/2.0" 200 29769 "https://reggio-emilia.elettroservicegroup.it/assistenza-lavastoviglie-rubiera/?gad_source=1&gad_campaignid=23800353523&gbraid=0AAAABDgs-LReKz403LH9bfQ3uxy5z2DnO&gclid=CjwKCAjw857RBhAgEiwAI-1yKFZLMpKGvB-vHifYQGRiUCbfcmnsroMD1uKzdkVMMoggeip_Sqh0CRoC7KUQAvD_BwE" "Mozilla/5.0 (Linux; Android 10; K) AppleWebKit/537.36 (KHTML, like Gecko) Chrome/148.0.0.0 Mobile Safari/537.36"
77.89.9.202 - - [09/Jun/2026:16:13:41 +0200] "GET /wp-content/plugins/elementor/assets/lib/font-awesome/js/v4-shims.min.js?ver=4.1.1 HTTP/2.0" 200 4043 "https://reggio-emilia.elettroservicegroup.it/assistenza-lavastoviglie-rubiera/?gad_source=1&gad_campaignid=23800353523&gbraid=0AAAABDgs-LReKz403LH9bfQ3uxy5z2DnO&gclid=CjwKCAjw857RBhAgEiwAI-1yKFZLMpKGvB-vHifYQGRiUCbfcmnsroMD1uKzdkVMMoggeip_Sqh0CRoC7KUQAvD_BwE" "Mozilla/5.0 (Linux; Android 10; K) AppleWebKit/537.36 (KHTML, like Gecko) Chrome/148.0.0.0 Mobile Safari/537.36"
77.89.9.202 - - [09/Jun/2026:16:13:41 +0200] "GET /wp-content/plugins/elementor/assets/js/webpack.runtime.min.js?ver=4.1.1 HTTP/2.0" 200 2340 "https://reggio-emilia.elettroservicegroup.it/assistenza-lavastoviglie-rubiera/?gad_source=1&gad_campaignid=23800353523&gbraid=0AAAABDgs-LReKz403LH9bfQ3uxy5z2DnO&gclid=CjwKCAjw857RBhAgEiwAI-1yKFZLMpKGvB-vHifYQGRiUCbfcmnsroMD1uKzdkVMMoggeip_Sqh0CRoC7KUQAvD_BwE" "Mozilla/5.0 (Linux; Android 10; K) AppleWebKit/537.36 (KHTML, like Gecko) Chrome/148.0.0.0 Mobile Safari/537.36"
77.89.9.202 - - [09/Jun/2026:16:13:41 +0200] "GET /wp-content/plugins/elementor/assets/js/frontend-modules.min.js?ver=4.1.1 HTTP/2.0" 200 15454 "https://reggio-emilia.elettroservicegroup.it/assistenza-lavastoviglie-rubiera/?gad_source=1&gad_campaignid=23800353523&gbraid=0AAAABDgs-LReKz403LH9bfQ3uxy5z2DnO&gclid=CjwKCAjw857RBhAgEiwAI-1yKFZLMpKGvB-vHifYQGRiUCbfcmnsroMD1uKzdkVMMoggeip_Sqh0CRoC7KUQAvD_BwE" "Mozilla/5.0 (Linux; Android 10; K) AppleWebKit/537.36 (KHTML, like Gecko) Chrome/148.0.0.0 Mobile Safari/537.36"
77.89.9.202 - - [09/Jun/2026:16:13:41 +0200] "GET /wp-content/themes/generatepress/assets/js/back-to-top.min.js?ver=3.6.1 HTTP/2.0" 200 336 "https://reggio-emilia.elettroservicegroup.it/assistenza-lavastoviglie-rubiera/?gad_source=1&gad_campaignid=23800353523&gbraid=0AAAABDgs-LReKz403LH9bfQ3uxy5z2DnO&gclid=CjwKCAjw857RBhAgEiwAI-1yKFZLMpKGvB-vHifYQGRiUCbfcmnsroMD1uKzdkVMMoggeip_Sqh0CRoC7KUQAvD_BwE" "Mozilla/5.0 (Linux; Android 10; K) AppleWebKit/537.36 (KHTML, like Gecko) Chrome/148.0.0.0 Mobile Safari/537.36"
77.89.9.202 - - [09/Jun/2026:16:13:41 +0200] "GET /wp-content/themes/generatepress/assets/js/menu.min.js?ver=3.6.1 HTTP/2.0" 200 1688 "https://reggio-emilia.elettroservicegroup.it/assistenza-lavastoviglie-rubiera/?gad_source=1&gad_campaignid=23800353523&gbraid=0AAAABDgs-LReKz403LH9bfQ3uxy5z2DnO&gclid=CjwKCAjw857RBhAgEiwAI-1yKFZLMpKGvB-vHifYQGRiUCbfcmnsroMD1uKzdkVMMoggeip_Sqh0CRoC7KUQAvD_BwE" "Mozilla/5.0 (Linux; Android 10; K) AppleWebKit/537.36 (KHTML, like Gecko) Chrome/148.0.0.0 Mobile Safari/537.36"
77.89.9.202 - - [09/Jun/2026:16:13:41 +0200] "GET /wp-content/plugins/google-analytics-for-wordpress/assets/js/frontend-gtag.min.js?ver=10.2.2 HTTP/2.0" 200 3075 "https://reggio-emilia.elettroservicegroup.it/assistenza-lavastoviglie-rubiera/?gad_source=1&gad_campaignid=23800353523&gbraid=0AAAABDgs-LReKz403LH9bfQ3uxy5z2DnO&gclid=CjwKCAjw857RBhAgEiwAI-1yKFZLMpKGvB-vHifYQGRiUCbfcmnsroMD1uKzdkVMMoggeip_Sqh0CRoC7KUQAvD_BwE" "Mozilla/5.0 (Linux; Android 10; K) AppleWebKit/537.36 (KHTML, like Gecko) Chrome/148.0.0.0 Mobile Safari/537.36"
77.89.9.202 - - [09/Jun/2026:16:13:41 +0200] "GET /wp-includes/js/jquery/ui/core.min.js?ver=1.13.3 HTTP/2.0" 200 6820 "https://reggio-emilia.elettroservicegroup.it/assistenza-lavastoviglie-rubiera/?gad_source=1&gad_campaignid=23800353523&gbraid=0AAAABDgs-LReKz403LH9bfQ3uxy5z2DnO&gclid=CjwKCAjw857RBhAgEiwAI-1yKFZLMpKGvB-vHifYQGRiUCbfcmnsroMD1uKzdkVMMoggeip_Sqh0CRoC7KUQAvD_BwE" "Mozilla/5.0 (Linux; Android 10; K) AppleWebKit/537.36 (KHTML, like Gecko) Chrome/148.0.0.0 Mobile Safari/537.36"
77.89.9.202 - - [09/Jun/2026:16:13:41 +0200] "GET /wp-content/plugins/complianz-gdpr-premium/cookiebanner/js/complianz.min.js?ver=1780326507 HTTP/2.0" 200 10708 "https://reggio-emilia.elettroservicegroup.it/assistenza-lavastoviglie-rubiera/?gad_source=1&gad_campaignid=23800353523&gbraid=0AAAABDgs-LReKz403LH9bfQ3uxy5z2DnO&gclid=CjwKCAjw857RBhAgEiwAI-1yKFZLMpKGvB-vHifYQGRiUCbfcmnsroMD1uKzdkVMMoggeip_Sqh0CRoC7KUQAvD_BwE" "Mozilla/5.0 (Linux; Android 10; K) AppleWebKit/537.36 (KHTML, like Gecko) Chrome/148.0.0.0 Mobile Safari/537.36"
77.89.9.202 - - [09/Jun/2026:16:13:41 +0200] "GET /wp-content/plugins/elementor/assets/js/frontend.min.js?ver=4.1.1 HTTP/2.0" 200 10140 "https://reggio-emilia.elettroservicegroup.it/assistenza-lavastoviglie-rubiera/?gad_source=1&gad_campaignid=23800353523&gbraid=0AAAABDgs-LReKz403LH9bfQ3uxy5z2DnO&gclid=CjwKCAjw857RBhAgEiwAI-1yKFZLMpKGvB-vHifYQGRiUCbfcmnsroMD1uKzdkVMMoggeip_Sqh0CRoC7KUQAvD_BwE" "Mozilla/5.0 (Linux; Android 10; K) AppleWebKit/537.36 (KHTML, like Gecko) Chrome/148.0.0.0 Mobile Safari/537.36"
77.89.9.202 - - [09/Jun/2026:16:13:41 +0200] "GET /wp-content/uploads/elementor/google-fonts/fonts/roboto-kfo7cnqeu92fr1me7ksn66agldtyluama3yuba.woff2 HTTP/2.0" 200 40132 "https://reggio-emilia.elettroservicegroup.it/wp-content/uploads/elementor/google-fonts/css/roboto.css?ver=1742255001" "Mozilla/5.0 (Linux; Android 10; K) AppleWebKit/537.36 (KHTML, like Gecko) Chrome/148.0.0.0 Mobile Safari/537.36"
77.89.9.202 - - [09/Jun/2026:16:13:41 +0200] "GET /wp-content/uploads/2021/12/TECNICO-ELETTRODOMESTICI.jpg HTTP/2.0" 200 23089 "https://reggio-emilia.elettroservicegroup.it/assistenza-lavastoviglie-rubiera/?gad_source=1&gad_campaignid=23800353523&gbraid=0AAAABDgs-LReKz403LH9bfQ3uxy5z2DnO&gclid=CjwKCAjw857RBhAgEiwAI-1yKFZLMpKGvB-vHifYQGRiUCbfcmnsroMD1uKzdkVMMoggeip_Sqh0CRoC7KUQAvD_BwE" "Mozilla/5.0 (Linux; Android 10; K) AppleWebKit/537.36 (KHTML, like Gecko) Chrome/148.0.0.0 Mobile Safari/537.36"
77.89.9.202 - - [09/Jun/2026:16:13:41 +0200] "GET /wp-content/uploads/2021/12/804_lavastoviglie.jpg HTTP/2.0" 200 77999 "https://reggio-emilia.elettroservicegroup.it/assistenza-lavastoviglie-rubiera/?gad_source=1&gad_campaignid=23800353523&gbraid=0AAAABDgs-LReKz403LH9bfQ3uxy5z2DnO&gclid=CjwKCAjw857RBhAgEiwAI-1yKFZLMpKGvB-vHifYQGRiUCbfcmnsroMD1uKzdkVMMoggeip_Sqh0CRoC7KUQAvD_BwE" "Mozilla/5.0 (Linux; Android 10; K) AppleWebKit/537.36 (KHTML, like Gecko) Chrome/148.0.0.0 Mobile Safari/537.36"
77.89.9.202 - - [09/Jun/2026:16:13:41 +0200] "GET /wp-content/plugins/elementor/assets/js/section-frontend-handlers.d85ab872da118940910d.bundle.min.js HTTP/2.0" 200 230 "https://reggio-emilia.elettroservicegroup.it/assistenza-lavastoviglie-rubiera/?gad_source=1&gad_campaignid=23800353523&gbraid=0AAAABDgs-LReKz403LH9bfQ3uxy5z2DnO&gclid=CjwKCAjw857RBhAgEiwAI-1yKFZLMpKGvB-vHifYQGRiUCbfcmnsroMD1uKzdkVMMoggeip_Sqh0CRoC7KUQAvD_BwE" "Mozilla/5.0 (Linux; Android 10; K) AppleWebKit/537.36 (KHTML, like Gecko) Chrome/148.0.0.0 Mobile Safari/537.36"
77.89.9.202 - - [09/Jun/2026:16:13:41 +0200] "GET /wp-content/plugins/elementor/assets/js/shared-frontend-handlers.03caa53373b56d3bab67.bundle.min.js HTTP/2.0" 200 2515 "https://reggio-emilia.elettroservicegroup.it/assistenza-lavastoviglie-rubiera/?gad_source=1&gad_campaignid=23800353523&gbraid=0AAAABDgs-LReKz403LH9bfQ3uxy5z2DnO&gclid=CjwKCAjw857RBhAgEiwAI-1yKFZLMpKGvB-vHifYQGRiUCbfcmnsroMD1uKzdkVMMoggeip_Sqh0CRoC7KUQAvD_BwE" "Mozilla/5.0 (Linux; Android 10; K) AppleWebKit/537.36 (KHTML, like Gecko) Chrome/148.0.0.0 Mobile Safari/537.36"
77.89.9.202 - - [09/Jun/2026:16:13:41 +0200] "GET /wp-content/plugins/elementor/assets/js/text-editor.45609661e409413f1cef.bundle.min.js HTTP/2.0" 200 592 "https://reggio-emilia.elettroservicegroup.it/assistenza-lavastoviglie-rubiera/?gad_source=1&gad_campaignid=23800353523&gbraid=0AAAABDgs-LReKz403LH9bfQ3uxy5z2DnO&gclid=CjwKCAjw857RBhAgEiwAI-1yKFZLMpKGvB-vHifYQGRiUCbfcmnsroMD1uKzdkVMMoggeip_Sqh0CRoC7KUQAvD_BwE" "Mozilla/5.0 (Linux; Android 10; K) AppleWebKit/537.36 (KHTML, like Gecko) Chrome/148.0.0.0 Mobile Safari/537.36"
77.89.9.202 - - [09/Jun/2026:16:13:41 +0200] "GET /wp-content/uploads/2021/10/cropped-cropped-cropped-cropped-logo_white_background-192x192.png HTTP/2.0" 200 15729 "https://reggio-emilia.elettroservicegroup.it/assistenza-lavastoviglie-rubiera/?gad_source=1&gad_campaignid=23800353523&gbraid=0AAAABDgs-LReKz403LH9bfQ3uxy5z2DnO&gclid=CjwKCAjw857RBhAgEiwAI-1yKFZLMpKGvB-vHifYQGRiUCbfcmnsroMD1uKzdkVMMoggeip_Sqh0CRoC7KUQAvD_BwE" "Mozilla/5.0 (Linux; Android 10; K) AppleWebKit/537.36 (KHTML, like Gecko) Chrome/148.0.0.0 Mobile Safari/537.36"
77.89.9.202 - - [09/Jun/2026:16:13:41 +0200] "GET /wp-content/uploads/2021/10/cropped-cropped-cropped-cropped-logo_white_background-180x180.png HTTP/2.0" 200 16527 "https://reggio-emilia.elettroservicegroup.it/assistenza-lavastoviglie-rubiera/?gad_source=1&gad_campaignid=23800353523&gbraid=0AAAABDgs-LReKz403LH9bfQ3uxy5z2DnO&gclid=CjwKCAjw857RBhAgEiwAI-1yKFZLMpKGvB-vHifYQGRiUCbfcmnsroMD1uKzdkVMMoggeip_Sqh0CRoC7KUQAvD_BwE" "Mozilla/5.0 (Linux; Android 10; K) AppleWebKit/537.36 (KHTML, like Gecko) Chrome/148.0.0.0 Mobile Safari/537.36"
77.89.9.202 - - [09/Jun/2026:16:13:41 +0200] "GET /wp-json/complianz/v1/banner?lang=it&locale=it_IT&token=qmqcl HTTP/2.0" 200 84 "https://reggio-emilia.elettroservicegroup.it/assistenza-lavastoviglie-rubiera/?gad_source=1&gad_campaignid=23800353523&gbraid=0AAAABDgs-LReKz403LH9bfQ3uxy5z2DnO&gclid=CjwKCAjw857RBhAgEiwAI-1yKFZLMpKGvB-vHifYQGRiUCbfcmnsroMD1uKzdkVMMoggeip_Sqh0CRoC7KUQAvD_BwE" "Mozilla/5.0 (Linux; Android 10; K) AppleWebKit/537.36 (KHTML, like Gecko) Chrome/148.0.0.0 Mobile Safari/537.36"
77.89.9.202 - - [09/Jun/2026:16:13:42 +0200] "GET /wp-content/uploads/complianz/css/banner-1-optin.css?v=511 HTTP/2.0" 200 2622 "https://reggio-emilia.elettroservicegroup.it/assistenza-lavastoviglie-rubiera/?gad_source=1&gad_campaignid=23800353523&gbraid=0AAAABDgs-LReKz403LH9bfQ3uxy5z2DnO&gclid=CjwKCAjw857RBhAgEiwAI-1yKFZLMpKGvB-vHifYQGRiUCbfcmnsroMD1uKzdkVMMoggeip_Sqh0CRoC7KUQAvD_BwE" "Mozilla/5.0 (Linux; Android 10; K) AppleWebKit/537.36 (KHTML, like Gecko) Chrome/148.0.0.0 Mobile Safari/537.36"
77.89.9.202 - - [09/Jun/2026:16:13:42 +0200] "GET /wp-json/complianz/v1/cookie_data HTTP/2.0" 200 82 "https://reggio-emilia.elettroservicegroup.it/assistenza-lavastoviglie-rubiera/?gad_source=1&gad_campaignid=23800353523&gbraid=0AAAABDgs-LReKz403LH9bfQ3uxy5z2DnO&gclid=CjwKCAjw857RBhAgEiwAI-1yKFZLMpKGvB-vHifYQGRiUCbfcmnsroMD1uKzdkVMMoggeip_Sqh0CRoC7KUQAvD_BwE" "Mozilla/5.0 (Linux; Android 10; K) AppleWebKit/537.36 (KHTML, like Gecko) Chrome/148.0.0.0 Mobile Safari/537.36"
77.89.9.202 - - [09/Jun/2026:16:13:43 +0200] "POST /wp-json/complianz/v1/track HTTP/2.0" 200 20 "https://reggio-emilia.elettroservicegroup.it/assistenza-lavastoviglie-rubiera/?gad_source=1&gad_campaignid=23800353523&gbraid=0AAAABDgs-LReKz403LH9bfQ3uxy5z2DnO&gclid=CjwKCAjw857RBhAgEiwAI-1yKFZLMpKGvB-vHifYQGRiUCbfcmnsroMD1uKzdkVMMoggeip_Sqh0CRoC7KUQAvD_BwE" "Mozilla/5.0 (Linux; Android 10; K) AppleWebKit/537.36 (KHTML, like Gecko) Chrome/148.0.0.0 Mobile Safari/537.36"
77.89.9.202 - - [09/Jun/2026:16:13:44 +0200] "GET /wp-json/complianz/v1/cookie_data HTTP/2.0" 200 82 "https://reggio-emilia.elettroservicegroup.it/assistenza-lavastoviglie-rubiera/?gad_source=1&gad_campaignid=23800353523&gbraid=0AAAABDgs-LReKz403LH9bfQ3uxy5z2DnO&gclid=CjwKCAjw857RBhAgEiwAI-1yKFZLMpKGvB-vHifYQGRiUCbfcmnsroMD1uKzdkVMMoggeip_Sqh0CRoC7KUQAvD_BwE" "Mozilla/5.0 (Linux; Android 10; K) AppleWebKit/537.36 (KHTML, like Gecko) Chrome/148.0.0.0 Mobile Safari/537.36"
65.108.235.243 - - [09/Jun/2026:16:13:43 +0200] "GET /assistenza-lavastoviglie-rex-electrolux-correggio/ HTTP/1.1" 200 24668 "-" "WP Fastest Cache Preload Bot"
77.89.9.202 - - [09/Jun/2026:16:13:46 +0200] "GET /wp-content/uploads/2021/12/LAVASTOVIGLIE.jpg HTTP/2.0" 200 8879 "https://reggio-emilia.elettroservicegroup.it/assistenza-lavastoviglie-rubiera/?gad_source=1&gad_campaignid=23800353523&gbraid=0AAAABDgs-LReKz403LH9bfQ3uxy5z2DnO&gclid=CjwKCAjw857RBhAgEiwAI-1yKFZLMpKGvB-vHifYQGRiUCbfcmnsroMD1uKzdkVMMoggeip_Sqh0CRoC7KUQAvD_BwE" "Mozilla/5.0 (Linux; Android 10; K) AppleWebKit/537.36 (KHTML, like Gecko) Chrome/148.0.0.0 Mobile Safari/537.36"
65.108.235.243 - - [09/Jun/2026:16:13:46 +0200] "GET /assistenza-lavastoviglie-rex-electrolux-reggio-emilia/ HTTP/1.1" 200 24665 "-" "WP Fastest Cache Preload Bot"
65.108.235.243 - - [09/Jun/2026:16:13:47 +0200] "GET /assistenza-lavastoviglie-indesit-rubiera/ HTTP/1.1" 200 24725 "-" "WP Fastest Cache Preload Bot"
65.108.235.243 - - [09/Jun/2026:16:13:48 +0200] "GET /assistenza-lavastoviglie-indesit-scandiano/ HTTP/1.1" 200 24729 "-" "WP Fastest Cache Preload Bot"
77.89.9.202 - - [09/Jun/2026:16:13:51 +0200] "GET /wp-content/uploads/2021/12/lavastoviglie-1.jpg HTTP/2.0" 200 37763 "https://reggio-emilia.elettroservicegroup.it/assistenza-lavastoviglie-rubiera/?gad_source=1&gad_campaignid=23800353523&gbraid=0AAAABDgs-LReKz403LH9bfQ3uxy5z2DnO&gclid=CjwKCAjw857RBhAgEiwAI-1yKFZLMpKGvB-vHifYQGRiUCbfcmnsroMD1uKzdkVMMoggeip_Sqh0CRoC7KUQAvD_BwE" "Mozilla/5.0 (Linux; Android 10; K) AppleWebKit/537.36 (KHTML, like Gecko) Chrome/148.0.0.0 Mobile Safari/537.36"
77.89.9.202 - - [09/Jun/2026:16:14:00 +0200] "GET /wp-content/uploads/2022/01/elett6-2.jpg HTTP/2.0" 200 58638 "https://reggio-emilia.elettroservicegroup.it/assistenza-lavastoviglie-rubiera/?gad_source=1&gad_campaignid=23800353523&gbraid=0AAAABDgs-LReKz403LH9bfQ3uxy5z2DnO&gclid=CjwKCAjw857RBhAgEiwAI-1yKFZLMpKGvB-vHifYQGRiUCbfcmnsroMD1uKzdkVMMoggeip_Sqh0CRoC7KUQAvD_BwE" "Mozilla/5.0 (Linux; Android 10; K) AppleWebKit/537.36 (KHTML, like Gecko) Chrome/148.0.0.0 Mobile Safari/537.36"
77.89.9.202 - - [09/Jun/2026:16:14:02 +0200] "GET /wp-content/plugins/complianz-gdpr-premium/assets/images/placeholders/google-maps-minimal-1280x920.jpg HTTP/2.0" 200 55264 "https://reggio-emilia.elettroservicegroup.it/assistenza-lavastoviglie-rubiera/?gad_source=1&gad_campaignid=23800353523&gbraid=0AAAABDgs-LReKz403LH9bfQ3uxy5z2DnO&gclid=CjwKCAjw857RBhAgEiwAI-1yKFZLMpKGvB-vHifYQGRiUCbfcmnsroMD1uKzdkVMMoggeip_Sqh0CRoC7KUQAvD_BwE" "Mozilla/5.0 (Linux; Android 10; K) AppleWebKit/537.36 (KHTML, like Gecko) Chrome/148.0.0.0 Mobile Safari/537.36"
65.108.235.243 - - [09/Jun/2026:16:17:54 +0200] "POST /wp-cron.php?doing_wp_cron=1781014674.1438889503479003906250 HTTP/1.1" 200 1 "-" "WordPress/7.0; https://reggio-emilia.elettroservicegroup.it"
162.120.187.140 - - [09/Jun/2026:16:17:44 +0200] "GET /assistenza-smeg-reggio-emilia/ HTTP/2.0" 200 - "https://www.google.com/" "Mozilla/5.0 (Linux; Android 10; K) AppleWebKit/537.36 (KHTML, like Gecko) Chrome/148.0.0.0 Mobile Safari/537.36"
65.108.235.243 - - [09/Jun/2026:16:17:56 +0200] "GET /assistenza-lavastoviglie-indesit-santilario-denza/ HTTP/1.1" 200 24812 "-" "WP Fastest Cache Preload Bot"
65.108.235.243 - - [09/Jun/2026:16:17:58 +0200] "GET /assistenza-lavastoviglie-indesit-guastalla/ HTTP/1.1" 200 24727 "-" "WP Fastest Cache Preload Bot"
65.108.235.243 - - [09/Jun/2026:16:17:58 +0200] "GET /assistenza-lavastoviglie-indesit-correggio/ HTTP/1.1" 200 24729 "-" "WP Fastest Cache Preload Bot"
65.108.235.243 - - [09/Jun/2026:16:17:59 +0200] "GET /assistenza-lavastoviglie-indesit-reggio-emilia/ HTTP/1.1" 200 24723 "-" "WP Fastest Cache Preload Bot"
65.108.235.243 - - [09/Jun/2026:16:19:05 +0200] "POST /wp-cron.php?doing_wp_cron=1781014745.5681951045989990234375 HTTP/1.1" 200 1 "-" "WordPress/7.0; https://reggio-emilia.elettroservicegroup.it"
77.89.9.202 - - [09/Jun/2026:16:19:03 +0200] "GET /assistenza-lavastoviglie-rubiera/ HTTP/1.1" 200 27752 "-" "Mozilla/5.0 (Linux; Android 16;) AppleWebKit/537.36 (KHTML, like Gecko) Chrome/120.0.0.0 Mobile Safari/537.36"
77.89.9.202 - - [09/Jun/2026:16:19:09 +0200] "GET /assistenza-lavastoviglie-rubiera/ HTTP/1.1" 200 27752 "-" "Mozilla/5.0 (Linux; Android 16;) AppleWebKit/537.36 (KHTML, like Gecko) Chrome/120.0.0.0 Mobile Safari/537.36"
77.89.9.202 - - [09/Jun/2026:16:19:10 +0200] "GET /wp-content/uploads/2021/10/cropped-cropped-cropped-logo_white_background.png HTTP/1.1" 200 26788 "-" "Mozilla/5.0 (Linux; Android 16;) AppleWebKit/537.36 (KHTML, like Gecko) Chrome/120.0.0.0 Mobile Safari/537.36"
77.89.9.202 - - [09/Jun/2026:16:19:11 +0200] "GET /assistenza-lavastoviglie-rubiera HTTP/1.1" 301 - "-" "WhatsApp/2.23.20.0"
77.89.9.202 - - [09/Jun/2026:16:19:11 +0200] "GET /assistenza-lavastoviglie-rubiera/ HTTP/1.1" 200 27752 "-" "WhatsApp/2.23.20.0"
77.89.9.202 - - [09/Jun/2026:16:19:12 +0200] "GET /assistenza-lavastoviglie-rubiera/ HTTP/1.1" 200 27752 "-" "WhatsApp/2.23.20.0"
77.89.9.202 - - [09/Jun/2026:16:19:12 +0200] "GET /wp-content/uploads/2021/10/cropped-cropped-cropped-logo_white_background.png HTTP/1.1" 200 26788 "-" "WhatsApp/2.23.20.0"
77.89.9.202 - - [09/Jun/2026:16:19:12 +0200] "GET /wp-content/uploads/2021/10/cropped-cropped-cropped-cropped-logo_white_background-192x192.png HTTP/1.1" 200 15729 "-" "WhatsApp/2.23.20.0"
65.108.235.243 - - [09/Jun/2026:16:30:08 +0200] "POST /wp-cron.php?doing_wp_cron=1781015408.5744819641113281250000 HTTP/1.1" 200 1 "-" "WordPress/7.0; https://reggio-emilia.elettroservicegroup.it"
34.23.146.222 - - [09/Jun/2026:16:30:06 +0200] "GET / HTTP/2.0" 200 25445 "-" "Mozilla/5.0 (Linux; Android 8.1.0; Moto G (4)) AppleWebKit/537.36 (KHTML, like Gecko) Chrome/149.0.0.0 Mobile Safari/537.36 PTST/260602.124101"
34.23.146.222 - - [09/Jun/2026:16:30:09 +0200] "GET /wp-content/plugins/header-footer-elementor/inc/widgets-css/frontend.css?ver=2.8.8 HTTP/2.0" 200 8711 "https://reggio-emilia.elettroservicegroup.it/" "Mozilla/5.0 (Linux; Android 8.1.0; Moto G (4)) AppleWebKit/537.36 (KHTML, like Gecko) Chrome/149.0.0.0 Mobile Safari/537.36 PTST/260602.124101"
34.23.146.222 - - [09/Jun/2026:16:30:09 +0200] "GET /wp-content/plugins/elementor/assets/css/widget-spacer.min.css?ver=4.1.1 HTTP/2.0" 200 287 "https://reggio-emilia.elettroservicegroup.it/" "Mozilla/5.0 (Linux; Android 8.1.0; Moto G (4)) AppleWebKit/537.36 (KHTML, like Gecko) Chrome/149.0.0.0 Mobile Safari/537.36 PTST/260602.124101"
34.23.146.222 - - [09/Jun/2026:16:30:09 +0200] "GET /wp-content/plugins/all-in-one-seo-pack/dist/Lite/assets/css/table-of-contents/global.e90f6d47.css?ver=4.9.7.2 HTTP/2.0" 200 420 "https://reggio-emilia.elettroservicegroup.it/" "Mozilla/5.0 (Linux; Android 8.1.0; Moto G (4)) AppleWebKit/537.36 (KHTML, like Gecko) Chrome/149.0.0.0 Mobile Safari/537.36 PTST/260602.124101"
34.23.146.222 - - [09/Jun/2026:16:30:09 +0200] "GET /wp-content/plugins/complianz-gdpr-premium/assets/css/cookieblocker.min.css?ver=1780326507 HTTP/2.0" 200 615 "https://reggio-emilia.elettroservicegroup.it/" "Mozilla/5.0 (Linux; Android 8.1.0; Moto G (4)) AppleWebKit/537.36 (KHTML, like Gecko) Chrome/149.0.0.0 Mobile Safari/537.36 PTST/260602.124101"
34.23.146.222 - - [09/Jun/2026:16:30:09 +0200] "GET /wp-content/plugins/header-footer-elementor/assets/css/header-footer-elementor.css?ver=2.8.8 HTTP/2.0" 200 260 "https://reggio-emilia.elettroservicegroup.it/" "Mozilla/5.0 (Linux; Android 8.1.0; Moto G (4)) AppleWebKit/537.36 (KHTML, like Gecko) Chrome/149.0.0.0 Mobile Safari/537.36 PTST/260602.124101"
34.23.146.222 - - [09/Jun/2026:16:30:09 +0200] "GET /wp-content/uploads/elementor/css/post-14146.css?ver=1780586498 HTTP/2.0" 200 428 "https://reggio-emilia.elettroservicegroup.it/" "Mozilla/5.0 (Linux; Android 8.1.0; Moto G (4)) AppleWebKit/537.36 (KHTML, like Gecko) Chrome/149.0.0.0 Mobile Safari/537.36 PTST/260602.124101"
34.23.146.222 - - [09/Jun/2026:16:30:09 +0200] "GET /wp-content/plugins/elementor/assets/css/widget-heading.min.css?ver=4.1.1 HTTP/2.0" 200 127 "https://reggio-emilia.elettroservicegroup.it/" "Mozilla/5.0 (Linux; Android 8.1.0; Moto G (4)) AppleWebKit/537.36 (KHTML, like Gecko) Chrome/149.0.0.0 Mobile Safari/537.36 PTST/260602.124101"
34.23.146.222 - - [09/Jun/2026:16:30:09 +0200] "GET /wp-content/plugins/elementor/assets/lib/font-awesome/css/v4-shims.min.css?ver=4.1.1 HTTP/2.0" 200 3986 "https://reggio-emilia.elettroservicegroup.it/" "Mozilla/5.0 (Linux; Android 8.1.0; Moto G (4)) AppleWebKit/537.36 (KHTML, like Gecko) Chrome/149.0.0.0 Mobile Safari/537.36 PTST/260602.124101"
34.23.146.222 - - [09/Jun/2026:16:30:09 +0200] "GET /wp-content/plugins/elementor/assets/css/frontend.min.css?ver=4.1.1 HTTP/2.0" 200 6618 "https://reggio-emilia.elettroservicegroup.it/" "Mozilla/5.0 (Linux; Android 8.1.0; Moto G (4)) AppleWebKit/537.36 (KHTML, like Gecko) Chrome/149.0.0.0 Mobile Safari/537.36 PTST/260602.124101"
34.23.146.222 - - [09/Jun/2026:16:30:09 +0200] "GET /wp-content/plugins/elementor/assets/lib/font-awesome/css/all.min.css?ver=4.1.1 HTTP/2.0" 200 12402 "https://reggio-emilia.elettroservicegroup.it/" "Mozilla/5.0 (Linux; Android 8.1.0; Moto G (4)) AppleWebKit/537.36 (KHTML, like Gecko) Chrome/149.0.0.0 Mobile Safari/537.36 PTST/260602.124101"
40.77.167.53 - - [09/Jun/2026:16:30:08 +0200] "GET /sitemap.rss HTTP/2.0" 200 1464 "-" "Mozilla/5.0 AppleWebKit/537.36 (KHTML, like Gecko; compatible; bingbot/2.0; +http://www.bing.com/bingbot.htm) Chrome/116.0.1938.76 Safari/537.36"
34.23.146.222 - - [09/Jun/2026:16:30:09 +0200] "GET /wp-content/uploads/2021/10/cropped-cropped-cropped-logo_white_background.png HTTP/2.0" 200 26788 "https://reggio-emilia.elettroservicegroup.it/" "Mozilla/5.0 (Linux; Android 8.1.0; Moto G (4)) AppleWebKit/537.36 (KHTML, like Gecko) Chrome/149.0.0.0 Mobile Safari/537.36 PTST/260602.124101"
34.23.146.222 - - [09/Jun/2026:16:30:09 +0200] "GET /wp-content/plugins/elementor/assets/css/widget-image.min.css?ver=4.1.1 HTTP/2.0" 200 96 "https://reggio-emilia.elettroservicegroup.it/" "Mozilla/5.0 (Linux; Android 8.1.0; Moto G (4)) AppleWebKit/537.36 (KHTML, like Gecko) Chrome/149.0.0.0 Mobile Safari/537.36 PTST/260602.124101"
34.23.146.222 - - [09/Jun/2026:16:30:09 +0200] "GET /wp-content/plugins/elementor/assets/lib/animations/styles/bounceIn.min.css?ver=4.1.1 HTTP/2.0" 200 186 "https://reggio-emilia.elettroservicegroup.it/" "Mozilla/5.0 (Linux; Android 8.1.0; Moto G (4)) AppleWebKit/537.36 (KHTML, like Gecko) Chrome/149.0.0.0 Mobile Safari/537.36 PTST/260602.124101"
34.23.146.222 - - [09/Jun/2026:16:30:09 +0200] "GET /wp-content/plugins/elementor/assets/lib/font-awesome/css/brands.css?ver=5.15.3 HTTP/2.0" 200 298 "https://reggio-emilia.elettroservicegroup.it/" "Mozilla/5.0 (Linux; Android 8.1.0; Moto G (4)) AppleWebKit/537.36 (KHTML, like Gecko) Chrome/149.0.0.0 Mobile Safari/537.36 PTST/260602.124101"
34.23.146.222 - - [09/Jun/2026:16:30:09 +0200] "GET /wp-content/themes/generatepress/assets/css/main.min.css?ver=3.6.1 HTTP/2.0" 200 4410 "https://reggio-emilia.elettroservicegroup.it/" "Mozilla/5.0 (Linux; Android 8.1.0; Moto G (4)) AppleWebKit/537.36 (KHTML, like Gecko) Chrome/149.0.0.0 Mobile Safari/537.36 PTST/260602.124101"
34.23.146.222 - - [09/Jun/2026:16:30:09 +0200] "GET /wp-content/uploads/elementor/css/post-14227.css?ver=1780595901 HTTP/2.0" 200 2362 "https://reggio-emilia.elettroservicegroup.it/" "Mozilla/5.0 (Linux; Android 8.1.0; Moto G (4)) AppleWebKit/537.36 (KHTML, like Gecko) Chrome/149.0.0.0 Mobile Safari/537.36 PTST/260602.124101"
34.23.146.222 - - [09/Jun/2026:16:30:09 +0200] "GET /wp-content/uploads/elementor/google-fonts/css/robotoslab.css?ver=1742255003 HTTP/2.0" 200 721 "https://reggio-emilia.elettroservicegroup.it/" "Mozilla/5.0 (Linux; Android 8.1.0; Moto G (4)) AppleWebKit/537.36 (KHTML, like Gecko) Chrome/149.0.0.0 Mobile Safari/537.36 PTST/260602.124101"
34.23.146.222 - - [09/Jun/2026:16:30:09 +0200] "GET /wp-content/plugins/elementor/assets/lib/eicons/css/elementor-icons.min.css?ver=5.34.0 HTTP/2.0" 200 4115 "https://reggio-emilia.elettroservicegroup.it/" "Mozilla/5.0 (Linux; Android 8.1.0; Moto G (4)) AppleWebKit/537.36 (KHTML, like Gecko) Chrome/149.0.0.0 Mobile Safari/537.36 PTST/260602.124101"
34.23.146.222 - - [09/Jun/2026:16:30:09 +0200] "GET /wp-content/plugins/elementor/assets/lib/font-awesome/css/solid.css?ver=5.15.3 HTTP/2.0" 200 299 "https://reggio-emilia.elettroservicegroup.it/" "Mozilla/5.0 (Linux; Android 8.1.0; Moto G (4)) AppleWebKit/537.36 (KHTML, like Gecko) Chrome/149.0.0.0 Mobile Safari/537.36 PTST/260602.124101"
34.23.146.222 - - [09/Jun/2026:16:30:09 +0200] "GET /wp-content/uploads/elementor/google-fonts/css/roboto.css?ver=1742255001 HTTP/2.0" 200 1890 "https://reggio-emilia.elettroservicegroup.it/" "Mozilla/5.0 (Linux; Android 8.1.0; Moto G (4)) AppleWebKit/537.36 (KHTML, like Gecko) Chrome/149.0.0.0 Mobile Safari/537.36 PTST/260602.124101"
34.23.146.222 - - [09/Jun/2026:16:30:09 +0200] "GET /wp-content/plugins/elementor/assets/css/widget-icon-list.min.css?ver=3.24.3 HTTP/2.0" 200 928 "https://reggio-emilia.elettroservicegroup.it/" "Mozilla/5.0 (Linux; Android 8.1.0; Moto G (4)) AppleWebKit/537.36 (KHTML, like Gecko) Chrome/149.0.0.0 Mobile Safari/537.36 PTST/260602.124101"
34.23.146.222 - - [09/Jun/2026:16:30:09 +0200] "GET /wp-content/uploads/elementor/css/post-14366.css?ver=1780586500 HTTP/2.0" 200 302 "https://reggio-emilia.elettroservicegroup.it/" "Mozilla/5.0 (Linux; Android 8.1.0; Moto G (4)) AppleWebKit/537.36 (KHTML, like Gecko) Chrome/149.0.0.0 Mobile Safari/537.36 PTST/260602.124101"
34.23.146.222 - - [09/Jun/2026:16:30:09 +0200] "GET /wp-includes/js/jquery/jquery-migrate.min.js?ver=3.4.1 HTTP/2.0" 200 4685 "https://reggio-emilia.elettroservicegroup.it/" "Mozilla/5.0 (Linux; Android 8.1.0; Moto G (4)) AppleWebKit/537.36 (KHTML, like Gecko) Chrome/149.0.0.0 Mobile Safari/537.36 PTST/260602.124101"
34.23.146.222 - - [09/Jun/2026:16:30:09 +0200] "GET /wp-content/plugins/elementor/assets/lib/animations/styles/zoomIn.min.css?ver=4.1.1 HTTP/2.0" 200 87 "https://reggio-emilia.elettroservicegroup.it/" "Mozilla/5.0 (Linux; Android 8.1.0; Moto G (4)) AppleWebKit/537.36 (KHTML, like Gecko) Chrome/149.0.0.0 Mobile Safari/537.36 PTST/260602.124101"
34.23.146.222 - - [09/Jun/2026:16:30:09 +0200] "GET /wp-content/plugins/elementor/assets/css/widget-social-icons.min.css?ver=3.24.0 HTTP/2.0" 200 1039 "https://reggio-emilia.elettroservicegroup.it/" "Mozilla/5.0 (Linux; Android 8.1.0; Moto G (4)) AppleWebKit/537.36 (KHTML, like Gecko) Chrome/149.0.0.0 Mobile Safari/537.36 PTST/260602.124101"
34.23.146.222 - - [09/Jun/2026:16:30:09 +0200] "GET /wp-content/plugins/elementor/assets/lib/font-awesome/css/fontawesome.css?ver=5.15.3 HTTP/2.0" 200 12535 "https://reggio-emilia.elettroservicegroup.it/" "Mozilla/5.0 (Linux; Android 8.1.0; Moto G (4)) AppleWebKit/537.36 (KHTML, like Gecko) Chrome/149.0.0.0 Mobile Safari/537.36 PTST/260602.124101"
34.23.146.222 - - [09/Jun/2026:16:30:09 +0200] "GET /wp-content/plugins/gp-premium/menu-plus/functions/css/navigation-branding-flex.min.css?ver=2.5.5 HTTP/2.0" 200 542 "https://reggio-emilia.elettroservicegroup.it/" "Mozilla/5.0 (Linux; Android 8.1.0; Moto G (4)) AppleWebKit/537.36 (KHTML, like Gecko) Chrome/149.0.0.0 Mobile Safari/537.36 PTST/260602.124101"
34.23.146.222 - - [09/Jun/2026:16:30:09 +0200] "GET /wp-includes/js/jquery/jquery.min.js?ver=3.7.1 HTTP/2.0" 200 29769 "https://reggio-emilia.elettroservicegroup.it/" "Mozilla/5.0 (Linux; Android 8.1.0; Moto G (4)) AppleWebKit/537.36 (KHTML, like Gecko) Chrome/149.0.0.0 Mobile Safari/537.36 PTST/260602.124101"
34.23.146.222 - - [09/Jun/2026:16:30:09 +0200] "GET /wp-content/plugins/elementor/assets/lib/font-awesome/js/v4-shims.min.js?ver=4.1.1 HTTP/2.0" 200 4043 "https://reggio-emilia.elettroservicegroup.it/" "Mozilla/5.0 (Linux; Android 8.1.0; Moto G (4)) AppleWebKit/537.36 (KHTML, like Gecko) Chrome/149.0.0.0 Mobile Safari/537.36 PTST/260602.124101"
34.23.146.222 - - [09/Jun/2026:16:30:10 +0200] "GET /wp-content/uploads/2021/10/cropped-logo_white_background.png HTTP/2.0" 200 15855 "https://reggio-emilia.elettroservicegroup.it/" "Mozilla/5.0 (Linux; Android 8.1.0; Moto G (4)) AppleWebKit/537.36 (KHTML, like Gecko) Chrome/149.0.0.0 Mobile Safari/537.36 PTST/260602.124101"
34.23.146.222 - - [09/Jun/2026:16:30:10 +0200] "GET /wp-content/plugins/gp-premium/menu-plus/functions/js/sticky.min.js?ver=2.5.5 HTTP/2.0" 200 2670 "https://reggio-emilia.elettroservicegroup.it/" "Mozilla/5.0 (Linux; Android 8.1.0; Moto G (4)) AppleWebKit/537.36 (KHTML, like Gecko) Chrome/149.0.0.0 Mobile Safari/537.36 PTST/260602.124101"
34.23.146.222 - - [09/Jun/2026:16:30:10 +0200] "GET /wp-content/themes/generatepress/assets/js/back-to-top.min.js?ver=3.6.1 HTTP/2.0" 200 336 "https://reggio-emilia.elettroservicegroup.it/" "Mozilla/5.0 (Linux; Android 8.1.0; Moto G (4)) AppleWebKit/537.36 (KHTML, like Gecko) Chrome/149.0.0.0 Mobile Safari/537.36 PTST/260602.124101"
34.23.146.222 - - [09/Jun/2026:16:30:10 +0200] "GET /wp-content/themes/generatepress/assets/js/menu.min.js?ver=3.6.1 HTTP/2.0" 200 1688 "https://reggio-emilia.elettroservicegroup.it/" "Mozilla/5.0 (Linux; Android 8.1.0; Moto G (4)) AppleWebKit/537.36 (KHTML, like Gecko) Chrome/149.0.0.0 Mobile Safari/537.36 PTST/260602.124101"
34.23.146.222 - - [09/Jun/2026:16:30:10 +0200] "GET /wp-content/plugins/google-analytics-for-wordpress/assets/js/frontend-gtag.min.js?ver=10.2.2 HTTP/2.0" 200 3075 "https://reggio-emilia.elettroservicegroup.it/" "Mozilla/5.0 (Linux; Android 8.1.0; Moto G (4)) AppleWebKit/537.36 (KHTML, like Gecko) Chrome/149.0.0.0 Mobile Safari/537.36 PTST/260602.124101"
34.23.146.222 - - [09/Jun/2026:16:30:10 +0200] "GET /wp-content/plugins/elementor/assets/js/webpack.runtime.min.js?ver=4.1.1 HTTP/2.0" 200 2340 "https://reggio-emilia.elettroservicegroup.it/" "Mozilla/5.0 (Linux; Android 8.1.0; Moto G (4)) AppleWebKit/537.36 (KHTML, like Gecko) Chrome/149.0.0.0 Mobile Safari/537.36 PTST/260602.124101"
34.23.146.222 - - [09/Jun/2026:16:30:10 +0200] "GET /wp-includes/js/jquery/ui/core.min.js?ver=1.13.3 HTTP/2.0" 200 6820 "https://reggio-emilia.elettroservicegroup.it/" "Mozilla/5.0 (Linux; Android 8.1.0; Moto G (4)) AppleWebKit/537.36 (KHTML, like Gecko) Chrome/149.0.0.0 Mobile Safari/537.36 PTST/260602.124101"
34.23.146.222 - - [09/Jun/2026:16:30:10 +0200] "GET /wp-content/plugins/complianz-gdpr-premium/cookiebanner/js/complianz.min.js?ver=1780326507 HTTP/2.0" 200 10708 "https://reggio-emilia.elettroservicegroup.it/" "Mozilla/5.0 (Linux; Android 8.1.0; Moto G (4)) AppleWebKit/537.36 (KHTML, like Gecko) Chrome/149.0.0.0 Mobile Safari/537.36 PTST/260602.124101"
34.23.146.222 - - [09/Jun/2026:16:30:10 +0200] "GET /wp-content/plugins/elementor/assets/js/frontend.min.js?ver=4.1.1 HTTP/2.0" 200 10140 "https://reggio-emilia.elettroservicegroup.it/" "Mozilla/5.0 (Linux; Android 8.1.0; Moto G (4)) AppleWebKit/537.36 (KHTML, like Gecko) Chrome/149.0.0.0 Mobile Safari/537.36 PTST/260602.124101"
34.23.146.222 - - [09/Jun/2026:16:30:10 +0200] "GET /wp-content/plugins/elementor/assets/js/frontend-modules.min.js?ver=4.1.1 HTTP/2.0" 200 15454 "https://reggio-emilia.elettroservicegroup.it/" "Mozilla/5.0 (Linux; Android 8.1.0; Moto G (4)) AppleWebKit/537.36 (KHTML, like Gecko) Chrome/149.0.0.0 Mobile Safari/537.36 PTST/260602.124101"
34.23.146.222 - - [09/Jun/2026:16:30:10 +0200] "GET /wp-content/uploads/2022/01/TECNICO-ELETTRODOMESTICI-1.jpg HTTP/2.0" 200 23089 "https://reggio-emilia.elettroservicegroup.it/" "Mozilla/5.0 (Linux; Android 8.1.0; Moto G (4)) AppleWebKit/537.36 (KHTML, like Gecko) Chrome/149.0.0.0 Mobile Safari/537.36 PTST/260602.124101"
34.23.146.222 - - [09/Jun/2026:16:30:10 +0200] "GET /wp-content/uploads/2021/10/asko-e1634463631713.jpg HTTP/2.0" 200 103991 "https://reggio-emilia.elettroservicegroup.it/" "Mozilla/5.0 (Linux; Android 8.1.0; Moto G (4)) AppleWebKit/537.36 (KHTML, like Gecko) Chrome/149.0.0.0 Mobile Safari/537.36 PTST/260602.124101"
34.23.146.222 - - [09/Jun/2026:16:30:10 +0200] "GET /wp-content/uploads/2022/01/copertina-Riparazione_Lavastoviglie-.jpg HTTP/2.0" 200 35425 "https://reggio-emilia.elettroservicegroup.it/" "Mozilla/5.0 (Linux; Android 8.1.0; Moto G (4)) AppleWebKit/537.36 (KHTML, like Gecko) Chrome/149.0.0.0 Mobile Safari/537.36 PTST/260602.124101"
34.23.146.222 - - [09/Jun/2026:16:30:10 +0200] "GET /wp-content/uploads/2021/10/Frigorifero-combinato-e1634459015932.jpg HTTP/2.0" 200 79096 "https://reggio-emilia.elettroservicegroup.it/" "Mozilla/5.0 (Linux; Android 8.1.0; Moto G (4)) AppleWebKit/537.36 (KHTML, like Gecko) Chrome/149.0.0.0 Mobile Safari/537.36 PTST/260602.124101"
34.23.146.222 - - [09/Jun/2026:16:30:10 +0200] "GET /wp-content/uploads/2022/01/LAVATRICE-2.webp HTTP/2.0" 200 48056 "https://reggio-emilia.elettroservicegroup.it/" "Mozilla/5.0 (Linux; Android 8.1.0; Moto G (4)) AppleWebKit/537.36 (KHTML, like Gecko) Chrome/149.0.0.0 Mobile Safari/537.36 PTST/260602.124101"
34.23.146.222 - - [09/Jun/2026:16:30:11 +0200] "GET /wp-content/uploads/elementor/google-fonts/fonts/roboto-kfo7cnqeu92fr1me7ksn66agldtyluama3yuba.woff2 HTTP/2.0" 200 40132 "https://reggio-emilia.elettroservicegroup.it/wp-content/uploads/elementor/google-fonts/css/roboto.css?ver=1742255001" "Mozilla/5.0 (Linux; Android 8.1.0; Moto G (4)) AppleWebKit/537.36 (KHTML, like Gecko) Chrome/149.0.0.0 Mobile Safari/537.36 PTST/260602.124101"
65.108.235.243 - - [09/Jun/2026:16:30:10 +0200] "GET /assistenza-lavastoviglie-bosch-rubiera/ HTTP/1.1" 200 24724 "-" "WP Fastest Cache Preload Bot"
34.23.146.222 - - [09/Jun/2026:16:30:11 +0200] "GET /wp-content/plugins/elementor/assets/js/section-frontend-handlers.d85ab872da118940910d.bundle.min.js HTTP/2.0" 200 230 "https://reggio-emilia.elettroservicegroup.it/" "Mozilla/5.0 (Linux; Android 8.1.0; Moto G (4)) AppleWebKit/537.36 (KHTML, like Gecko) Chrome/149.0.0.0 Mobile Safari/537.36 PTST/260602.124101"
34.23.146.222 - - [09/Jun/2026:16:30:11 +0200] "GET /wp-content/plugins/elementor/assets/js/shared-frontend-handlers.03caa53373b56d3bab67.bundle.min.js HTTP/2.0" 200 2515 "https://reggio-emilia.elettroservicegroup.it/" "Mozilla/5.0 (Linux; Android 8.1.0; Moto G (4)) AppleWebKit/537.36 (KHTML, like Gecko) Chrome/149.0.0.0 Mobile Safari/537.36 PTST/260602.124101"
34.23.146.222 - - [09/Jun/2026:16:30:11 +0200] "GET /wp-content/plugins/elementor/assets/js/text-editor.45609661e409413f1cef.bundle.min.js HTTP/2.0" 200 592 "https://reggio-emilia.elettroservicegroup.it/" "Mozilla/5.0 (Linux; Android 8.1.0; Moto G (4)) AppleWebKit/537.36 (KHTML, like Gecko) Chrome/149.0.0.0 Mobile Safari/537.36 PTST/260602.124101"
34.23.146.222 - - [09/Jun/2026:16:30:12 +0200] "GET /wp-content/uploads/2021/10/cropped-cropped-cropped-cropped-logo_white_background-32x32.png HTTP/2.0" 200 1181 "https://reggio-emilia.elettroservicegroup.it/" "Mozilla/5.0 (Linux; Android 8.1.0; Moto G (4)) AppleWebKit/537.36 (KHTML, like Gecko) Chrome/149.0.0.0 Mobile Safari/537.36 PTST/260602.124101"
34.23.146.222 - - [09/Jun/2026:16:30:11 +0200] "GET /wp-json/complianz/v1/banner?lang=it&locale=it_IT&token=ctukq HTTP/2.0" 200 84 "https://reggio-emilia.elettroservicegroup.it/" "Mozilla/5.0 (Linux; Android 8.1.0; Moto G (4)) AppleWebKit/537.36 (KHTML, like Gecko) Chrome/149.0.0.0 Mobile Safari/537.36 PTST/260602.124101"
34.23.146.222 - - [09/Jun/2026:16:30:13 +0200] "GET /wp-content/uploads/complianz/css/banner-1-optin.css?v=511 HTTP/2.0" 200 - "https://reggio-emilia.elettroservicegroup.it/" "Mozilla/5.0 (Linux; Android 8.1.0; Moto G (4)) AppleWebKit/537.36 (KHTML, like Gecko) Chrome/149.0.0.0 Mobile Safari/537.36 PTST/260602.124101"
65.108.235.243 - - [09/Jun/2026:16:30:11 +0200] "GET /assistenza-lavastoviglie-bosch-scandiano/ HTTP/1.1" 200 24729 "-" "WP Fastest Cache Preload Bot"
34.23.146.222 - - [09/Jun/2026:16:30:15 +0200] "GET /wp-content/uploads/complianz/css/banner-1-optin.css?v=511 HTTP/2.0" 200 2622 "https://reggio-emilia.elettroservicegroup.it/" "Mozilla/5.0 (Linux; Android 8.1.0; Moto G (4)) AppleWebKit/537.36 (KHTML, like Gecko) Chrome/149.0.0.0 Mobile Safari/537.36 PTST/260602.124101"
65.108.235.243 - - [09/Jun/2026:16:30:15 +0200] "GET /assistenza-lavastoviglie-bosch-santilario-denza/ HTTP/1.1" 200 24814 "-" "WP Fastest Cache Preload Bot"
34.23.146.222 - - [09/Jun/2026:16:30:22 +0200] "GET /sellers.json HTTP/2.0" 404 17912 "https://reggio-emilia.elettroservicegroup.it/" "Mozilla/5.0 (Linux; Android 8.1.0; Moto G (4)) AppleWebKit/537.36 (KHTML, like Gecko) Chrome/149.0.0.0 Mobile Safari/537.36 PTST/260602.124101"
34.23.146.222 - - [09/Jun/2026:16:30:22 +0200] "GET /app-ads.txt HTTP/2.0" 404 17916 "https://reggio-emilia.elettroservicegroup.it/" "Mozilla/5.0 (Linux; Android 8.1.0; Moto G (4)) AppleWebKit/537.36 (KHTML, like Gecko) Chrome/149.0.0.0 Mobile Safari/537.36 PTST/260602.124101"
34.23.146.222 - - [09/Jun/2026:16:30:22 +0200] "GET /ads.txt HTTP/2.0" 404 17912 "https://reggio-emilia.elettroservicegroup.it/" "Mozilla/5.0 (Linux; Android 8.1.0; Moto G (4)) AppleWebKit/537.36 (KHTML, like Gecko) Chrome/149.0.0.0 Mobile Safari/537.36 PTST/260602.124101"
65.108.235.243 - - [09/Jun/2026:16:30:24 +0200] "GET /assistenza-lavastoviglie-bosch-guastalla/ HTTP/1.1" 200 24730 "-" "WP Fastest Cache Preload Bot"
34.23.146.222 - - [09/Jun/2026:16:30:30 +0200] "GET /.well-known/apple-app-site-association HTTP/2.0" 404 17932 "https://reggio-emilia.elettroservicegroup.it/" "Mozilla/5.0 (Linux; Android 8.1.0; Moto G (4)) AppleWebKit/537.36 (KHTML, like Gecko) Chrome/149.0.0.0 Mobile Safari/537.36 PTST/260602.124101"
65.108.235.243 - - [09/Jun/2026:16:30:32 +0200] "POST /wp-cron.php?doing_wp_cron=1781015431.9470129013061523437500 HTTP/1.1" 200 1 "-" "WordPress/7.0; https://reggio-emilia.elettroservicegroup.it"
34.23.146.222 - - [09/Jun/2026:16:30:30 +0200] "GET /.well-known/assetlinks.json HTTP/2.0" 404 17922 "https://reggio-emilia.elettroservicegroup.it/" "Mozilla/5.0 (Linux; Android 8.1.0; Moto G (4)) AppleWebKit/537.36 (KHTML, like Gecko) Chrome/149.0.0.0 Mobile Safari/537.36 PTST/260602.124101"
34.23.146.222 - - [09/Jun/2026:16:30:34 +0200] "GET /llms.txt HTTP/2.0" 200 6887 "https://reggio-emilia.elettroservicegroup.it/" "Mozilla/5.0 (Linux; Android 8.1.0; Moto G (4)) AppleWebKit/537.36 (KHTML, like Gecko) Chrome/149.0.0.0 Mobile Safari/537.36 PTST/260602.124101"
34.23.146.222 - - [09/Jun/2026:16:30:38 +0200] "GET /dsrdelete.json HTTP/2.0" 404 17914 "https://reggio-emilia.elettroservicegroup.it/" "Mozilla/5.0 (Linux; Android 8.1.0; Moto G (4)) AppleWebKit/537.36 (KHTML, like Gecko) Chrome/149.0.0.0 Mobile Safari/537.36 PTST/260602.124101"
34.23.146.222 - - [09/Jun/2026:16:30:42 +0200] "GET /robots.txt HTTP/2.0" 200 110 "https://reggio-emilia.elettroservicegroup.it/" "Mozilla/5.0 (Linux; Android 8.1.0; Moto G (4)) AppleWebKit/537.36 (KHTML, like Gecko) Chrome/149.0.0.0 Mobile Safari/537.36 PTST/260602.124101"
65.108.235.243 - - [09/Jun/2026:16:30:46 +0200] "POST /wp-cron.php?doing_wp_cron=1781015446.0375149250030517578125 HTTP/1.1" 200 1 "-" "WordPress/7.0; https://reggio-emilia.elettroservicegroup.it"
34.23.146.222 - - [09/Jun/2026:16:30:43 +0200] "GET /robots.txt HTTP/2.0" 200 110 "https://reggio-emilia.elettroservicegroup.it/" "Mozilla/5.0 (Linux; Android 8.1.0; Moto G (4)) AppleWebKit/537.36 (KHTML, like Gecko) Chrome/149.0.0.0 Mobile Safari/537.36 PTST/260602.124101"
34.23.146.222 - - [09/Jun/2026:16:30:43 +0200] "GET /.well-known/webauthn HTTP/2.0" 404 17926 "https://reggio-emilia.elettroservicegroup.it/" "Mozilla/5.0 (Linux; Android 8.1.0; Moto G (4)) AppleWebKit/537.36 (KHTML, like Gecko) Chrome/149.0.0.0 Mobile Safari/537.36 PTST/260602.124101"
34.23.146.222 - - [09/Jun/2026:16:30:43 +0200] "GET /.well-known/gpc.json HTTP/2.0" 404 17922 "https://reggio-emilia.elettroservicegroup.it/" "Mozilla/5.0 (Linux; Android 8.1.0; Moto G (4)) AppleWebKit/537.36 (KHTML, like Gecko) Chrome/149.0.0.0 Mobile Safari/537.36 PTST/260602.124101"
34.23.146.222 - - [09/Jun/2026:16:30:43 +0200] "GET /.well-known/change-password HTTP/2.0" 404 17919 "https://reggio-emilia.elettroservicegroup.it/" "Mozilla/5.0 (Linux; Android 8.1.0; Moto G (4)) AppleWebKit/537.36 (KHTML, like Gecko) Chrome/149.0.0.0 Mobile Safari/537.36 PTST/260602.124101"
34.23.146.222 - - [09/Jun/2026:16:30:43 +0200] "GET /.well-known/security.txt HTTP/2.0" 404 17925 "https://reggio-emilia.elettroservicegroup.it/" "Mozilla/5.0 (Linux; Android 8.1.0; Moto G (4)) AppleWebKit/537.36 (KHTML, like Gecko) Chrome/149.0.0.0 Mobile Safari/537.36 PTST/260602.124101"
34.23.146.222 - - [09/Jun/2026:16:30:43 +0200] "GET /.well-known/apple-app-site-association HTTP/2.0" 404 17932 "https://reggio-emilia.elettroservicegroup.it/" "Mozilla/5.0 (Linux; Android 8.1.0; Moto G (4)) AppleWebKit/537.36 (KHTML, like Gecko) Chrome/149.0.0.0 Mobile Safari/537.36 PTST/260602.124101"
34.23.146.222 - - [09/Jun/2026:16:30:43 +0200] "GET /.well-known/ucp HTTP/2.0" 404 17919 "https://reggio-emilia.elettroservicegroup.it/" "Mozilla/5.0 (Linux; Android 8.1.0; Moto G (4)) AppleWebKit/537.36 (KHTML, like Gecko) Chrome/149.0.0.0 Mobile Safari/537.36 PTST/260602.124101"
34.23.146.222 - - [09/Jun/2026:16:30:43 +0200] "GET /.well-known/privacy-sandbox-attestations.json HTTP/2.0" 404 17941 "https://reggio-emilia.elettroservicegroup.it/" "Mozilla/5.0 (Linux; Android 8.1.0; Moto G (4)) AppleWebKit/537.36 (KHTML, like Gecko) Chrome/149.0.0.0 Mobile Safari/537.36 PTST/260602.124101"
34.23.146.222 - - [09/Jun/2026:16:30:43 +0200] "GET /.well-known/web-identity HTTP/2.0" 404 17922 "https://reggio-emilia.elettroservicegroup.it/" "Mozilla/5.0 (Linux; Android 8.1.0; Moto G (4)) AppleWebKit/537.36 (KHTML, like Gecko) Chrome/149.0.0.0 Mobile Safari/537.36 PTST/260602.124101"
34.23.146.222 - - [09/Jun/2026:16:30:43 +0200] "GET /.well-known/passkey-endpoints HTTP/2.0" 404 17929 "https://reggio-emilia.elettroservicegroup.it/" "Mozilla/5.0 (Linux; Android 8.1.0; Moto G (4)) AppleWebKit/537.36 (KHTML, like Gecko) Chrome/149.0.0.0 Mobile Safari/537.36 PTST/260602.124101"
34.23.146.222 - - [09/Jun/2026:16:30:43 +0200] "GET /.well-known/resource-that-should-not-exist-whose-status-code-should-not-be-200/ HTTP/2.0" 404 17962 "https://reggio-emilia.elettroservicegroup.it/" "Mozilla/5.0 (Linux; Android 8.1.0; Moto G (4)) AppleWebKit/537.36 (KHTML, like Gecko) Chrome/149.0.0.0 Mobile Safari/537.36 PTST/260602.124101"
34.23.146.222 - - [09/Jun/2026:16:30:43 +0200] "GET /.well-known/related-website-set.json HTTP/2.0" 404 17932 "https://reggio-emilia.elettroservicegroup.it/" "Mozilla/5.0 (Linux; Android 8.1.0; Moto G (4)) AppleWebKit/537.36 (KHTML, like Gecko) Chrome/149.0.0.0 Mobile Safari/537.36 PTST/260602.124101"
34.23.146.222 - - [09/Jun/2026:16:30:43 +0200] "GET /.well-known/assetlinks.json HTTP/2.0" 404 17922 "https://reggio-emilia.elettroservicegroup.it/" "Mozilla/5.0 (Linux; Android 8.1.0; Moto G (4)) AppleWebKit/537.36 (KHTML, like Gecko) Chrome/149.0.0.0 Mobile Safari/537.36 PTST/260602.124101"
65.108.235.243 - - [09/Jun/2026:16:30:49 +0200] "GET /assistenza-lavastoviglie-bosch-correggio/ HTTP/1.1" 200 24726 "-" "WP Fastest Cache Preload Bot"
65.108.235.243 - - [09/Jun/2026:16:30:52 +0200] "GET /assistenza-lavastoviglie-bosch-reggio-emilia/ HTTP/1.1" 200 24723 "-" "WP Fastest Cache Preload Bot"
65.108.235.243 - - [09/Jun/2026:16:30:55 +0200] "GET /assistenza-lavastoviglie-ariston-rubiera/ HTTP/1.1" 200 24751 "-" "WP Fastest Cache Preload Bot"
65.108.235.243 - - [09/Jun/2026:16:30:57 +0200] "GET /assistenza-lavastoviglie-ariston-scandiano/ HTTP/1.1" 200 24748 "-" "WP Fastest Cache Preload Bot"
34.23.146.222 - - [09/Jun/2026:16:31:01 +0200] "GET / HTTP/2.0" 200 25445 "-" "Mozilla/5.0 (Linux; Android 8.1.0; Moto G (4)) AppleWebKit/537.36 (KHTML like Gecko) Chrome/149.0.0.0 Mobile Safari/537.36 PTST/260602.124101"
34.23.146.222 - - [09/Jun/2026:16:31:04 +0200] "GET /wp-content/plugins/all-in-one-seo-pack/dist/Lite/assets/css/table-of-contents/global.e90f6d47.css?ver=4.9.7.2 HTTP/2.0" 200 420 "https://reggio-emilia.elettroservicegroup.it/" "Mozilla/5.0 (Linux; Android 8.1.0; Moto G (4)) AppleWebKit/537.36 (KHTML like Gecko) Chrome/149.0.0.0 Mobile Safari/537.36 PTST/260602.124101"
34.23.146.222 - - [09/Jun/2026:16:31:04 +0200] "GET /wp-content/plugins/header-footer-elementor/inc/widgets-css/frontend.css?ver=2.8.8 HTTP/2.0" 200 8711 "https://reggio-emilia.elettroservicegroup.it/" "Mozilla/5.0 (Linux; Android 8.1.0; Moto G (4)) AppleWebKit/537.36 (KHTML like Gecko) Chrome/149.0.0.0 Mobile Safari/537.36 PTST/260602.124101"
34.23.146.222 - - [09/Jun/2026:16:31:04 +0200] "GET /wp-content/plugins/header-footer-elementor/assets/css/header-footer-elementor.css?ver=2.8.8 HTTP/2.0" 200 260 "https://reggio-emilia.elettroservicegroup.it/" "Mozilla/5.0 (Linux; Android 8.1.0; Moto G (4)) AppleWebKit/537.36 (KHTML like Gecko) Chrome/149.0.0.0 Mobile Safari/537.36 PTST/260602.124101"
34.23.146.222 - - [09/Jun/2026:16:31:04 +0200] "GET /wp-content/plugins/complianz-gdpr-premium/assets/css/cookieblocker.min.css?ver=1780326507 HTTP/2.0" 200 615 "https://reggio-emilia.elettroservicegroup.it/" "Mozilla/5.0 (Linux; Android 8.1.0; Moto G (4)) AppleWebKit/537.36 (KHTML like Gecko) Chrome/149.0.0.0 Mobile Safari/537.36 PTST/260602.124101"
34.23.146.222 - - [09/Jun/2026:16:31:04 +0200] "GET /wp-content/uploads/elementor/css/post-14146.css?ver=1780586498 HTTP/2.0" 200 428 "https://reggio-emilia.elettroservicegroup.it/" "Mozilla/5.0 (Linux; Android 8.1.0; Moto G (4)) AppleWebKit/537.36 (KHTML like Gecko) Chrome/149.0.0.0 Mobile Safari/537.36 PTST/260602.124101"
34.23.146.222 - - [09/Jun/2026:16:31:04 +0200] "GET /wp-content/plugins/elementor/assets/css/frontend.min.css?ver=4.1.1 HTTP/2.0" 200 6618 "https://reggio-emilia.elettroservicegroup.it/" "Mozilla/5.0 (Linux; Android 8.1.0; Moto G (4)) AppleWebKit/537.36 (KHTML like Gecko) Chrome/149.0.0.0 Mobile Safari/537.36 PTST/260602.124101"
34.23.146.222 - - [09/Jun/2026:16:31:04 +0200] "GET /wp-content/plugins/elementor/assets/lib/font-awesome/css/all.min.css?ver=4.1.1 HTTP/2.0" 200 12402 "https://reggio-emilia.elettroservicegroup.it/" "Mozilla/5.0 (Linux; Android 8.1.0; Moto G (4)) AppleWebKit/537.36 (KHTML like Gecko) Chrome/149.0.0.0 Mobile Safari/537.36 PTST/260602.124101"
34.23.146.222 - - [09/Jun/2026:16:31:04 +0200] "GET /wp-content/plugins/elementor/assets/lib/font-awesome/css/v4-shims.min.css?ver=4.1.1 HTTP/2.0" 200 3986 "https://reggio-emilia.elettroservicegroup.it/" "Mozilla/5.0 (Linux; Android 8.1.0; Moto G (4)) AppleWebKit/537.36 (KHTML like Gecko) Chrome/149.0.0.0 Mobile Safari/537.36 PTST/260602.124101"
34.23.146.222 - - [09/Jun/2026:16:31:04 +0200] "GET /wp-content/plugins/elementor/assets/css/widget-heading.min.css?ver=4.1.1 HTTP/2.0" 200 127 "https://reggio-emilia.elettroservicegroup.it/" "Mozilla/5.0 (Linux; Android 8.1.0; Moto G (4)) AppleWebKit/537.36 (KHTML like Gecko) Chrome/149.0.0.0 Mobile Safari/537.36 PTST/260602.124101"
34.23.146.222 - - [09/Jun/2026:16:31:04 +0200] "GET /wp-content/plugins/elementor/assets/css/widget-spacer.min.css?ver=4.1.1 HTTP/2.0" 200 287 "https://reggio-emilia.elettroservicegroup.it/" "Mozilla/5.0 (Linux; Android 8.1.0; Moto G (4)) AppleWebKit/537.36 (KHTML like Gecko) Chrome/149.0.0.0 Mobile Safari/537.36 PTST/260602.124101"
34.23.146.222 - - [09/Jun/2026:16:31:05 +0200] "GET /wp-content/plugins/elementor/assets/lib/animations/styles/zoomIn.min.css?ver=4.1.1 HTTP/2.0" 200 87 "https://reggio-emilia.elettroservicegroup.it/" "Mozilla/5.0 (Linux; Android 8.1.0; Moto G (4)) AppleWebKit/537.36 (KHTML like Gecko) Chrome/149.0.0.0 Mobile Safari/537.36 PTST/260602.124101"
