80.210.106.62 - - [09/Jun/2026:17:01:21 +0200] "GET /wp-content/uploads/2022/01/elettro4-4-768x301.jpg HTTP/2.0" 200 22294 "https://reggio-emilia.elettroservicegroup.it/assistenza-candy-reggio-emilia/?utm_source=chatgpt.com" "Mozilla/5.0 (Macintosh; Intel Mac OS X 10_15_7) AppleWebKit/605.1.15 (KHTML, like Gecko) Version/26.5 Safari/605.1.15"
80.210.106.62 - - [09/Jun/2026:17:01:21 +0200] "GET /wp-content/uploads/2026/05/logo.png HTTP/2.0" 200 48185 "https://reggio-emilia.elettroservicegroup.it/assistenza-candy-reggio-emilia/?utm_source=chatgpt.com" "Mozilla/5.0 (Macintosh; Intel Mac OS X 10_15_7) AppleWebKit/605.1.15 (KHTML, like Gecko) Version/26.5 Safari/605.1.15"
65.108.235.243 - - [09/Jun/2026:17:01:22 +0200] "POST /wp-cron.php?doing_wp_cron=1781017282.4158120155334472656250 HTTP/1.1" 200 1 "-" "WordPress/7.0; https://reggio-emilia.elettroservicegroup.it"
74.7.228.210 - - [09/Jun/2026:17:01:22 +0200] "GET /wp-json/oembed/1.0/embed?format=xml&url=https%3A%2F%2Freggio-emilia.elettroservicegroup.it%2Fassistenza-candy-scandiano%2F HTTP/2.0" 200 994 "https://reggio-emilia.elettroservicegroup.it/assistenza-candy-scandiano/" "Mozilla/5.0 (Macintosh; Intel Mac OS X 10_15_7) AppleWebKit/537.36 (KHTML, like Gecko) Chrome/131.0.0.0 Safari/537.36; compatible; OAI-SearchBot/1.4; +https://openai.com/searchbot"
74.7.229.157 - - [09/Jun/2026:17:01:24 +0200] "GET /?p=17712 HTTP/2.0" 415 25469 "https://reggio-emilia.elettroservicegroup.it/assistenza-candy-scandiano/" "Mozilla/5.0 (Macintosh; Intel Mac OS X 10_15_7) AppleWebKit/537.36 (KHTML, like Gecko) Chrome/131.0.0.0 Safari/537.36; compatible; OAI-SearchBot/1.4; +https://openai.com/searchbot"
80.210.106.62 - - [09/Jun/2026:17:01:25 +0200] "GET /wp-content/plugins/complianz-gdpr-premium/assets/images/placeholders/google-maps-minimal-1280x920.jpg HTTP/2.0" 200 55264 "https://reggio-emilia.elettroservicegroup.it/assistenza-candy-reggio-emilia/?utm_source=chatgpt.com" "Mozilla/5.0 (Macintosh; Intel Mac OS X 10_15_7) AppleWebKit/605.1.15 (KHTML, like Gecko) Version/26.5 Safari/605.1.15"
74.125.151.201 - - [09/Jun/2026:17:03:59 +0200] "GET /wp-content/uploads/elementor/css/post-15289.css?ver=1780592083 HTTP/1.1" 200 1794 "https://reggio-emilia.elettroservicegroup.it/assistenza-condizionatori-reggio-emilia/" "AdsBot-Google (+http://www.google.com/adsbot.html)"
65.108.235.243 - - [09/Jun/2026:17:04:01 +0200] "POST /wp-cron.php?doing_wp_cron=1781017441.8493270874023437500000 HTTP/1.1" 200 1 "-" "WordPress/7.0; https://reggio-emilia.elettroservicegroup.it"
74.125.151.200 - - [09/Jun/2026:17:04:00 +0200] "GET /wp-json/complianz/v1/banner?lang=it&locale=it_IT&token=lcps HTTP/1.1" 200 84 "https://reggio-emilia.elettroservicegroup.it/assistenza-condizionatori-reggio-emilia/" "AdsBot-Google (+http://www.google.com/adsbot.html)"
72.14.201.21 - - [09/Jun/2026:17:08:46 +0200] "GET /assistenza-smeg-reggio-emilia/ HTTP/2.0" 200 24783 "https://www.google.com/" "Mozilla/5.0 (Windows NT 10.0; Win64; x64) AppleWebKit/537.36 (KHTML, like Gecko) Chrome/149.0.0.0 Safari/537.36"
65.108.235.243 - - [09/Jun/2026:17:08:48 +0200] "POST /wp-cron.php?doing_wp_cron=1781017728.3373689651489257812500 HTTP/1.1" 200 1 "-" "WordPress/7.0; https://reggio-emilia.elettroservicegroup.it"
66.249.93.134 - - [09/Jun/2026:17:08:46 +0200] "GET /.well-known/traffic-advice HTTP/1.1" 404 17934 "-" "Chrome Privacy Preserving Prefetch Proxy"
65.108.235.243 - - [09/Jun/2026:17:09:04 +0200] "POST /wp-admin/admin-ajax.php?action=elementor_1_elementor_updater&nonce=674e7d2cb1 HTTP/1.1" 503 588 "-" "WordPress/7.0; https://reggio-emilia.elettroservicegroup.it"
65.108.235.243 - - [09/Jun/2026:17:09:04 +0200] "GET /?wp_scrape_key=36fbc5a4f6bb604ec3d0134acfc76304&wp_scrape_nonce=1781017742 HTTP/1.1" 200 25517 "-" "WordPress/7.0; https://reggio-emilia.elettroservicegroup.it"
65.108.235.243 - - [09/Jun/2026:17:09:06 +0200] "GET /dichiarazione-sulla-privacy-ue/ HTTP/1.1" 200 21108 "-" "WP Fastest Cache Preload Bot"
65.108.235.243 - - [09/Jun/2026:17:09:06 +0200] "GET /imprint/ HTTP/1.1" 200 18625 "-" "WP Fastest Cache Preload Bot"
65.108.235.243 - - [09/Jun/2026:17:09:07 +0200] "GET /assistenza-whirlpool-rubiera/ HTTP/1.1" 200 24866 "-" "WP Fastest Cache Preload Bot"
65.108.235.243 - - [09/Jun/2026:17:09:08 +0200] "GET /assistenza-whirlpool-scandiano/ HTTP/1.1" 200 24782 "-" "WP Fastest Cache Preload Bot"
65.108.235.243 - - [09/Jun/2026:17:09:08 +0200] "GET / HTTP/1.1" 200 25230 "-" "WP Fastest Cache Preload Bot"
65.108.235.243 - - [09/Jun/2026:17:09:18 +0200] "POST /wp-cron.php?doing_wp_cron=1781017758.6673800945281982421875 HTTP/1.1" 200 1 "-" "WordPress/7.0; https://reggio-emilia.elettroservicegroup.it"
216.73.216.213 - - [09/Jun/2026:17:09:18 +0200] "GET /robots.txt HTTP/2.0" 200 110 "-" "Mozilla/5.0 AppleWebKit/537.36 (KHTML, like Gecko; compatible; ClaudeBot/1.0; +claudebot@anthropic.com)"
65.108.235.243 - - [09/Jun/2026:17:15:55 +0200] "POST /wp-cron.php?doing_wp_cron=1781018155.0556910037994384765625 HTTP/1.1" 200 1 "-" "WordPress/7.0; https://reggio-emilia.elettroservicegroup.it"
46.36.125.198 - - [09/Jun/2026:17:15:52 +0200] "GET /assistenza-candy-reggio-emilia/ HTTP/2.0" 200 24957 "-" "Mozilla/5.0 (iPhone; CPU iPhone OS 18_7 like Mac OS X) AppleWebKit/605.1.15 (KHTML, like Gecko) Version/26.4 Mobile/15E148 Safari/604.1"
46.36.125.196 - - [09/Jun/2026:17:15:54 +0200] "GET /assistenza-candy-reggio-emilia/ HTTP/2.0" 200 24727 "-" "Mozilla/5.0 (Windows NT 10.0; Win64; x64) AppleWebKit/537.36 (KHTML, like Gecko) Chrome/148.0.0.0 Safari/537.36"
46.36.125.196 - - [09/Jun/2026:17:15:55 +0200] "GET /wp-content/cache/wpfc-minified/l9m140dq/4ow6.css HTTP/2.0" 200 7521 "https://reggio-emilia.elettroservicegroup.it/assistenza-candy-reggio-emilia/" "Mozilla/5.0 (Windows NT 10.0; Win64; x64) AppleWebKit/537.36 (KHTML, like Gecko) Chrome/148.0.0.0 Safari/537.36"
46.36.125.198 - - [09/Jun/2026:17:15:55 +0200] "GET /wp-content/plugins/header-footer-elementor/inc/widgets-css/frontend.css?ver=2.8.8 HTTP/2.0" 200 8711 "https://reggio-emilia.elettroservicegroup.it/assistenza-candy-reggio-emilia/" "Mozilla/5.0 (iPhone; CPU iPhone OS 18_7 like Mac OS X) AppleWebKit/605.1.15 (KHTML, like Gecko) Version/26.4 Mobile/15E148 Safari/604.1"
46.36.125.198 - - [09/Jun/2026:17:15:55 +0200] "GET /wp-content/plugins/header-footer-elementor/assets/css/header-footer-elementor.css?ver=2.8.8 HTTP/2.0" 200 260 "https://reggio-emilia.elettroservicegroup.it/assistenza-candy-reggio-emilia/" "Mozilla/5.0 (iPhone; CPU iPhone OS 18_7 like Mac OS X) AppleWebKit/605.1.15 (KHTML, like Gecko) Version/26.4 Mobile/15E148 Safari/604.1"
46.36.125.198 - - [09/Jun/2026:17:15:55 +0200] "GET /wp-content/plugins/elementor/assets/css/widget-image.min.css?ver=4.1.2 HTTP/2.0" 200 96 "https://reggio-emilia.elettroservicegroup.it/assistenza-candy-reggio-emilia/" "Mozilla/5.0 (iPhone; CPU iPhone OS 18_7 like Mac OS X) AppleWebKit/605.1.15 (KHTML, like Gecko) Version/26.4 Mobile/15E148 Safari/604.1"
46.36.125.198 - - [09/Jun/2026:17:15:55 +0200] "GET /wp-content/plugins/all-in-one-seo-pack/dist/Lite/assets/css/table-of-contents/global.e90f6d47.css?ver=4.9.7.2 HTTP/2.0" 200 420 "https://reggio-emilia.elettroservicegroup.it/assistenza-candy-reggio-emilia/" "Mozilla/5.0 (iPhone; CPU iPhone OS 18_7 like Mac OS X) AppleWebKit/605.1.15 (KHTML, like Gecko) Version/26.4 Mobile/15E148 Safari/604.1"
46.36.125.198 - - [09/Jun/2026:17:15:55 +0200] "GET /wp-content/plugins/complianz-gdpr-premium/assets/css/cookieblocker.min.css?ver=1780326507 HTTP/2.0" 200 615 "https://reggio-emilia.elettroservicegroup.it/assistenza-candy-reggio-emilia/" "Mozilla/5.0 (iPhone; CPU iPhone OS 18_7 like Mac OS X) AppleWebKit/605.1.15 (KHTML, like Gecko) Version/26.4 Mobile/15E148 Safari/604.1"
46.36.125.198 - - [09/Jun/2026:17:15:55 +0200] "GET /wp-content/uploads/elementor/css/post-14146.css?ver=1781018154 HTTP/2.0" 200 428 "https://reggio-emilia.elettroservicegroup.it/assistenza-candy-reggio-emilia/" "Mozilla/5.0 (iPhone; CPU iPhone OS 18_7 like Mac OS X) AppleWebKit/605.1.15 (KHTML, like Gecko) Version/26.4 Mobile/15E148 Safari/604.1"
46.36.125.198 - - [09/Jun/2026:17:15:55 +0200] "GET /wp-content/plugins/elementor/assets/css/widget-spacer.min.css?ver=4.1.2 HTTP/2.0" 200 287 "https://reggio-emilia.elettroservicegroup.it/assistenza-candy-reggio-emilia/" "Mozilla/5.0 (iPhone; CPU iPhone OS 18_7 like Mac OS X) AppleWebKit/605.1.15 (KHTML, like Gecko) Version/26.4 Mobile/15E148 Safari/604.1"
46.36.125.198 - - [09/Jun/2026:17:15:55 +0200] "GET /wp-content/plugins/elementor/assets/css/widget-heading.min.css?ver=4.1.2 HTTP/2.0" 200 127 "https://reggio-emilia.elettroservicegroup.it/assistenza-candy-reggio-emilia/" "Mozilla/5.0 (iPhone; CPU iPhone OS 18_7 like Mac OS X) AppleWebKit/605.1.15 (KHTML, like Gecko) Version/26.4 Mobile/15E148 Safari/604.1"
46.36.125.198 - - [09/Jun/2026:17:15:55 +0200] "GET /wp-content/plugins/elementor/assets/lib/animations/styles/bounceIn.min.css?ver=4.1.2 HTTP/2.0" 200 186 "https://reggio-emilia.elettroservicegroup.it/assistenza-candy-reggio-emilia/" "Mozilla/5.0 (iPhone; CPU iPhone OS 18_7 like Mac OS X) AppleWebKit/605.1.15 (KHTML, like Gecko) Version/26.4 Mobile/15E148 Safari/604.1"
46.36.125.198 - - [09/Jun/2026:17:15:55 +0200] "GET /wp-content/plugins/elementor/assets/lib/animations/styles/zoomIn.min.css?ver=4.1.2 HTTP/2.0" 200 87 "https://reggio-emilia.elettroservicegroup.it/assistenza-candy-reggio-emilia/" "Mozilla/5.0 (iPhone; CPU iPhone OS 18_7 like Mac OS X) AppleWebKit/605.1.15 (KHTML, like Gecko) Version/26.4 Mobile/15E148 Safari/604.1"
46.36.125.198 - - [09/Jun/2026:17:15:55 +0200] "GET /wp-content/plugins/elementor/assets/lib/font-awesome/css/v4-shims.min.css?ver=4.1.2 HTTP/2.0" 200 3986 "https://reggio-emilia.elettroservicegroup.it/assistenza-candy-reggio-emilia/" "Mozilla/5.0 (iPhone; CPU iPhone OS 18_7 like Mac OS X) AppleWebKit/605.1.15 (KHTML, like Gecko) Version/26.4 Mobile/15E148 Safari/604.1"
46.36.125.198 - - [09/Jun/2026:17:15:55 +0200] "GET /wp-content/uploads/elementor/css/post-17708.css?ver=1781018154 HTTP/2.0" 200 2177 "https://reggio-emilia.elettroservicegroup.it/assistenza-candy-reggio-emilia/" "Mozilla/5.0 (iPhone; CPU iPhone OS 18_7 like Mac OS X) AppleWebKit/605.1.15 (KHTML, like Gecko) Version/26.4 Mobile/15E148 Safari/604.1"
46.36.125.198 - - [09/Jun/2026:17:15:55 +0200] "GET /wp-content/plugins/elementor/assets/css/frontend.min.css?ver=4.1.2 HTTP/2.0" 200 6618 "https://reggio-emilia.elettroservicegroup.it/assistenza-candy-reggio-emilia/" "Mozilla/5.0 (iPhone; CPU iPhone OS 18_7 like Mac OS X) AppleWebKit/605.1.15 (KHTML, like Gecko) Version/26.4 Mobile/15E148 Safari/604.1"
46.36.125.198 - - [09/Jun/2026:17:15:55 +0200] "GET /wp-content/plugins/elementor/assets/lib/font-awesome/css/all.min.css?ver=4.1.2 HTTP/2.0" 200 12402 "https://reggio-emilia.elettroservicegroup.it/assistenza-candy-reggio-emilia/" "Mozilla/5.0 (iPhone; CPU iPhone OS 18_7 like Mac OS X) AppleWebKit/605.1.15 (KHTML, like Gecko) Version/26.4 Mobile/15E148 Safari/604.1"
46.36.125.198 - - [09/Jun/2026:17:15:55 +0200] "GET /wp-content/uploads/elementor/css/post-14366.css?ver=1781018154 HTTP/2.0" 200 302 "https://reggio-emilia.elettroservicegroup.it/assistenza-candy-reggio-emilia/" "Mozilla/5.0 (iPhone; CPU iPhone OS 18_7 like Mac OS X) AppleWebKit/605.1.15 (KHTML, like Gecko) Version/26.4 Mobile/15E148 Safari/604.1"
46.36.125.198 - - [09/Jun/2026:17:15:55 +0200] "GET /wp-content/plugins/elementor/assets/css/widget-social-icons.min.css?ver=3.24.0 HTTP/2.0" 200 1039 "https://reggio-emilia.elettroservicegroup.it/assistenza-candy-reggio-emilia/" "Mozilla/5.0 (iPhone; CPU iPhone OS 18_7 like Mac OS X) AppleWebKit/605.1.15 (KHTML, like Gecko) Version/26.4 Mobile/15E148 Safari/604.1"
46.36.125.198 - - [09/Jun/2026:17:15:55 +0200] "GET /wp-content/plugins/elementor/assets/lib/font-awesome/css/brands.css?ver=5.15.3 HTTP/2.0" 200 298 "https://reggio-emilia.elettroservicegroup.it/assistenza-candy-reggio-emilia/" "Mozilla/5.0 (iPhone; CPU iPhone OS 18_7 like Mac OS X) AppleWebKit/605.1.15 (KHTML, like Gecko) Version/26.4 Mobile/15E148 Safari/604.1"
46.36.125.198 - - [09/Jun/2026:17:15:55 +0200] "GET /wp-content/plugins/elementor/assets/lib/font-awesome/css/solid.css?ver=5.15.3 HTTP/2.0" 200 299 "https://reggio-emilia.elettroservicegroup.it/assistenza-candy-reggio-emilia/" "Mozilla/5.0 (iPhone; CPU iPhone OS 18_7 like Mac OS X) AppleWebKit/605.1.15 (KHTML, like Gecko) Version/26.4 Mobile/15E148 Safari/604.1"
46.36.125.198 - - [09/Jun/2026:17:15:55 +0200] "GET /wp-content/plugins/gp-premium/menu-plus/functions/css/navigation-branding-flex.min.css?ver=2.5.5 HTTP/2.0" 200 542 "https://reggio-emilia.elettroservicegroup.it/assistenza-candy-reggio-emilia/" "Mozilla/5.0 (iPhone; CPU iPhone OS 18_7 like Mac OS X) AppleWebKit/605.1.15 (KHTML, like Gecko) Version/26.4 Mobile/15E148 Safari/604.1"
46.36.125.198 - - [09/Jun/2026:17:15:55 +0200] "GET /wp-content/plugins/elementor/assets/css/widget-icon-list.min.css?ver=3.24.3 HTTP/2.0" 200 928 "https://reggio-emilia.elettroservicegroup.it/assistenza-candy-reggio-emilia/" "Mozilla/5.0 (iPhone; CPU iPhone OS 18_7 like Mac OS X) AppleWebKit/605.1.15 (KHTML, like Gecko) Version/26.4 Mobile/15E148 Safari/604.1"
46.36.125.198 - - [09/Jun/2026:17:15:55 +0200] "GET /wp-content/uploads/elementor/google-fonts/css/robotoslab.css?ver=1742255003 HTTP/2.0" 200 721 "https://reggio-emilia.elettroservicegroup.it/assistenza-candy-reggio-emilia/" "Mozilla/5.0 (iPhone; CPU iPhone OS 18_7 like Mac OS X) AppleWebKit/605.1.15 (KHTML, like Gecko) Version/26.4 Mobile/15E148 Safari/604.1"
46.36.125.198 - - [09/Jun/2026:17:15:55 +0200] "GET /wp-content/uploads/elementor/google-fonts/css/roboto.css?ver=1742255001 HTTP/2.0" 200 1890 "https://reggio-emilia.elettroservicegroup.it/assistenza-candy-reggio-emilia/" "Mozilla/5.0 (iPhone; CPU iPhone OS 18_7 like Mac OS X) AppleWebKit/605.1.15 (KHTML, like Gecko) Version/26.4 Mobile/15E148 Safari/604.1"
46.36.125.198 - - [09/Jun/2026:17:15:55 +0200] "GET /wp-content/themes/generatepress/assets/css/main.min.css?ver=3.6.1 HTTP/2.0" 200 4410 "https://reggio-emilia.elettroservicegroup.it/assistenza-candy-reggio-emilia/" "Mozilla/5.0 (iPhone; CPU iPhone OS 18_7 like Mac OS X) AppleWebKit/605.1.15 (KHTML, like Gecko) Version/26.4 Mobile/15E148 Safari/604.1"
46.36.125.198 - - [09/Jun/2026:17:15:55 +0200] "GET /wp-content/plugins/elementor/assets/lib/font-awesome/js/v4-shims.min.js?ver=4.1.2 HTTP/2.0" 200 4043 "https://reggio-emilia.elettroservicegroup.it/assistenza-candy-reggio-emilia/" "Mozilla/5.0 (iPhone; CPU iPhone OS 18_7 like Mac OS X) AppleWebKit/605.1.15 (KHTML, like Gecko) Version/26.4 Mobile/15E148 Safari/604.1"
46.36.125.198 - - [09/Jun/2026:17:15:55 +0200] "GET /wp-content/plugins/elementor/assets/lib/eicons/css/elementor-icons.min.css?ver=5.34.0 HTTP/2.0" 200 4115 "https://reggio-emilia.elettroservicegroup.it/assistenza-candy-reggio-emilia/" "Mozilla/5.0 (iPhone; CPU iPhone OS 18_7 like Mac OS X) AppleWebKit/605.1.15 (KHTML, like Gecko) Version/26.4 Mobile/15E148 Safari/604.1"
46.36.125.198 - - [09/Jun/2026:17:15:55 +0200] "GET /wp-content/plugins/elementor/assets/lib/font-awesome/css/fontawesome.css?ver=5.15.3 HTTP/2.0" 200 12535 "https://reggio-emilia.elettroservicegroup.it/assistenza-candy-reggio-emilia/" "Mozilla/5.0 (iPhone; CPU iPhone OS 18_7 like Mac OS X) AppleWebKit/605.1.15 (KHTML, like Gecko) Version/26.4 Mobile/15E148 Safari/604.1"
46.36.125.198 - - [09/Jun/2026:17:15:55 +0200] "GET /wp-includes/js/jquery/jquery.min.js?ver=3.7.1 HTTP/2.0" 200 29769 "https://reggio-emilia.elettroservicegroup.it/assistenza-candy-reggio-emilia/" "Mozilla/5.0 (iPhone; CPU iPhone OS 18_7 like Mac OS X) AppleWebKit/605.1.15 (KHTML, like Gecko) Version/26.4 Mobile/15E148 Safari/604.1"
46.36.125.196 - - [09/Jun/2026:17:15:55 +0200] "GET /wp-content/uploads/2021/10/cropped-cropped-cropped-logo_white_background.png HTTP/2.0" 200 26788 "https://reggio-emilia.elettroservicegroup.it/assistenza-candy-reggio-emilia/" "Mozilla/5.0 (Windows NT 10.0; Win64; x64) AppleWebKit/537.36 (KHTML, like Gecko) Chrome/148.0.0.0 Safari/537.36"
46.36.125.196 - - [09/Jun/2026:17:15:55 +0200] "GET /wp-content/uploads/2021/10/cropped-logo_white_background.png HTTP/2.0" 200 15855 "https://reggio-emilia.elettroservicegroup.it/assistenza-candy-reggio-emilia/" "Mozilla/5.0 (Windows NT 10.0; Win64; x64) AppleWebKit/537.36 (KHTML, like Gecko) Chrome/148.0.0.0 Safari/537.36"
46.36.125.196 - - [09/Jun/2026:17:15:55 +0200] "GET /wp-content/uploads/elementor/css/post-14146.css?ver=1781018154 HTTP/2.0" 200 428 "https://reggio-emilia.elettroservicegroup.it/assistenza-candy-reggio-emilia/" "Mozilla/5.0 (Windows NT 10.0; Win64; x64) AppleWebKit/537.36 (KHTML, like Gecko) Chrome/148.0.0.0 Safari/537.36"
46.36.125.196 - - [09/Jun/2026:17:15:55 +0200] "GET /wp-content/cache/wpfc-minified/ky0w1tys/4ow6.css HTTP/2.0" 200 418 "https://reggio-emilia.elettroservicegroup.it/assistenza-candy-reggio-emilia/" "Mozilla/5.0 (Windows NT 10.0; Win64; x64) AppleWebKit/537.36 (KHTML, like Gecko) Chrome/148.0.0.0 Safari/537.36"
46.36.125.196 - - [09/Jun/2026:17:15:55 +0200] "GET /wp-content/plugins/gp-premium/menu-plus/functions/js/sticky.min.js?ver=2.5.5 HTTP/2.0" 200 2670 "https://reggio-emilia.elettroservicegroup.it/assistenza-candy-reggio-emilia/" "Mozilla/5.0 (Windows NT 10.0; Win64; x64) AppleWebKit/537.36 (KHTML, like Gecko) Chrome/148.0.0.0 Safari/537.36"
46.36.125.196 - - [09/Jun/2026:17:15:55 +0200] "GET /wp-content/cache/wpfc-minified/fcucmk0p/4ow8.js HTTP/2.0" 200 8755 "https://reggio-emilia.elettroservicegroup.it/assistenza-candy-reggio-emilia/" "Mozilla/5.0 (Windows NT 10.0; Win64; x64) AppleWebKit/537.36 (KHTML, like Gecko) Chrome/148.0.0.0 Safari/537.36"
46.36.125.196 - - [09/Jun/2026:17:15:55 +0200] "GET /wp-content/cache/wpfc-minified/8tnr6p1l/4ow6.css HTTP/2.0" 200 2043 "https://reggio-emilia.elettroservicegroup.it/assistenza-candy-reggio-emilia/" "Mozilla/5.0 (Windows NT 10.0; Win64; x64) AppleWebKit/537.36 (KHTML, like Gecko) Chrome/148.0.0.0 Safari/537.36"
46.36.125.196 - - [09/Jun/2026:17:15:55 +0200] "GET /wp-content/cache/wpfc-minified/kwp9n0f5/4ow8.css HTTP/2.0" 200 7263 "https://reggio-emilia.elettroservicegroup.it/assistenza-candy-reggio-emilia/" "Mozilla/5.0 (Windows NT 10.0; Win64; x64) AppleWebKit/537.36 (KHTML, like Gecko) Chrome/148.0.0.0 Safari/537.36"
46.36.125.196 - - [09/Jun/2026:17:15:55 +0200] "GET /wp-content/cache/wpfc-minified/g52dp1tu/4ow6.css HTTP/2.0" 200 19034 "https://reggio-emilia.elettroservicegroup.it/assistenza-candy-reggio-emilia/" "Mozilla/5.0 (Windows NT 10.0; Win64; x64) AppleWebKit/537.36 (KHTML, like Gecko) Chrome/148.0.0.0 Safari/537.36"
46.36.125.196 - - [09/Jun/2026:17:15:55 +0200] "GET /wp-content/cache/wpfc-minified/kcuuuha3/4t89.css HTTP/2.0" 200 20754 "https://reggio-emilia.elettroservicegroup.it/assistenza-candy-reggio-emilia/" "Mozilla/5.0 (Windows NT 10.0; Win64; x64) AppleWebKit/537.36 (KHTML, like Gecko) Chrome/148.0.0.0 Safari/537.36"
46.36.125.198 - - [09/Jun/2026:17:15:55 +0200] "GET /wp-content/uploads/2021/10/cropped-cropped-cropped-logo_white_background.png HTTP/2.0" 200 26788 "https://reggio-emilia.elettroservicegroup.it/assistenza-candy-reggio-emilia/" "Mozilla/5.0 (iPhone; CPU iPhone OS 18_7 like Mac OS X) AppleWebKit/605.1.15 (KHTML, like Gecko) Version/26.4 Mobile/15E148 Safari/604.1"
46.36.125.198 - - [09/Jun/2026:17:15:55 +0200] "GET /wp-includes/js/jquery/jquery-migrate.min.js?ver=3.4.1 HTTP/2.0" 200 4685 "https://reggio-emilia.elettroservicegroup.it/assistenza-candy-reggio-emilia/" "Mozilla/5.0 (iPhone; CPU iPhone OS 18_7 like Mac OS X) AppleWebKit/605.1.15 (KHTML, like Gecko) Version/26.4 Mobile/15E148 Safari/604.1"
46.36.125.198 - - [09/Jun/2026:17:15:55 +0200] "GET /wp-content/uploads/2021/10/cropped-logo_white_background.png HTTP/2.0" 200 15855 "https://reggio-emilia.elettroservicegroup.it/assistenza-candy-reggio-emilia/" "Mozilla/5.0 (iPhone; CPU iPhone OS 18_7 like Mac OS X) AppleWebKit/605.1.15 (KHTML, like Gecko) Version/26.4 Mobile/15E148 Safari/604.1"
46.36.125.198 - - [09/Jun/2026:17:15:55 +0200] "GET /wp-content/plugins/gp-premium/menu-plus/functions/js/sticky.min.js?ver=2.5.5 HTTP/2.0" 200 2670 "https://reggio-emilia.elettroservicegroup.it/assistenza-candy-reggio-emilia/" "Mozilla/5.0 (iPhone; CPU iPhone OS 18_7 like Mac OS X) AppleWebKit/605.1.15 (KHTML, like Gecko) Version/26.4 Mobile/15E148 Safari/604.1"
46.36.125.196 - - [09/Jun/2026:17:15:55 +0200] "GET /wp-content/cache/wpfc-minified/lnwln415/4ow6.js HTTP/2.0" 200 32852 "https://reggio-emilia.elettroservicegroup.it/assistenza-candy-reggio-emilia/" "Mozilla/5.0 (Windows NT 10.0; Win64; x64) AppleWebKit/537.36 (KHTML, like Gecko) Chrome/148.0.0.0 Safari/537.36"
65.108.235.243 - - [09/Jun/2026:17:15:55 +0200] "GET /dichiarazione-sulla-privacy-ue/ HTTP/1.1" 200 21111 "-" "WP Fastest Cache Preload Bot"
46.36.125.196 - - [09/Jun/2026:17:15:55 +0200] "GET /wp-content/plugins/elementor/assets/js/webpack.runtime.min.js?ver=4.1.2 HTTP/2.0" 200 2340 "https://reggio-emilia.elettroservicegroup.it/assistenza-candy-reggio-emilia/" "Mozilla/5.0 (Windows NT 10.0; Win64; x64) AppleWebKit/537.36 (KHTML, like Gecko) Chrome/148.0.0.0 Safari/537.36"
46.36.125.198 - - [09/Jun/2026:17:15:56 +0200] "GET /wp-content/plugins/elementor/assets/js/webpack.runtime.min.js?ver=4.1.2 HTTP/2.0" 200 2340 "https://reggio-emilia.elettroservicegroup.it/assistenza-candy-reggio-emilia/" "Mozilla/5.0 (iPhone; CPU iPhone OS 18_7 like Mac OS X) AppleWebKit/605.1.15 (KHTML, like Gecko) Version/26.4 Mobile/15E148 Safari/604.1"
46.36.125.196 - - [09/Jun/2026:17:15:56 +0200] "GET /wp-content/plugins/elementor/assets/js/frontend-modules.min.js?ver=4.1.2 HTTP/2.0" 200 15454 "https://reggio-emilia.elettroservicegroup.it/assistenza-candy-reggio-emilia/" "Mozilla/5.0 (Windows NT 10.0; Win64; x64) AppleWebKit/537.36 (KHTML, like Gecko) Chrome/148.0.0.0 Safari/537.36"
46.36.125.198 - - [09/Jun/2026:17:15:56 +0200] "GET /wp-content/plugins/elementor/assets/js/frontend-modules.min.js?ver=4.1.2 HTTP/2.0" 200 15454 "https://reggio-emilia.elettroservicegroup.it/assistenza-candy-reggio-emilia/" "Mozilla/5.0 (iPhone; CPU iPhone OS 18_7 like Mac OS X) AppleWebKit/605.1.15 (KHTML, like Gecko) Version/26.4 Mobile/15E148 Safari/604.1"
65.108.235.243 - - [09/Jun/2026:17:15:55 +0200] "GET /imprint/ HTTP/1.1" 200 18615 "-" "WP Fastest Cache Preload Bot"
46.36.125.196 - - [09/Jun/2026:17:15:56 +0200] "GET /wp-includes/js/jquery/ui/core.min.js?ver=1.13.3 HTTP/2.0" 200 6820 "https://reggio-emilia.elettroservicegroup.it/assistenza-candy-reggio-emilia/" "Mozilla/5.0 (Windows NT 10.0; Win64; x64) AppleWebKit/537.36 (KHTML, like Gecko) Chrome/148.0.0.0 Safari/537.36"
46.36.125.198 - - [09/Jun/2026:17:15:56 +0200] "GET /wp-includes/js/jquery/ui/core.min.js?ver=1.13.3 HTTP/2.0" 200 6820 "https://reggio-emilia.elettroservicegroup.it/assistenza-candy-reggio-emilia/" "Mozilla/5.0 (iPhone; CPU iPhone OS 18_7 like Mac OS X) AppleWebKit/605.1.15 (KHTML, like Gecko) Version/26.4 Mobile/15E148 Safari/604.1"
46.36.125.196 - - [09/Jun/2026:17:15:56 +0200] "GET /wp-content/plugins/elementor/assets/js/frontend.min.js?ver=4.1.2 HTTP/2.0" 200 10140 "https://reggio-emilia.elettroservicegroup.it/assistenza-candy-reggio-emilia/" "Mozilla/5.0 (Windows NT 10.0; Win64; x64) AppleWebKit/537.36 (KHTML, like Gecko) Chrome/148.0.0.0 Safari/537.36"
46.36.125.198 - - [09/Jun/2026:17:15:56 +0200] "GET /wp-content/plugins/elementor/assets/js/frontend.min.js?ver=4.1.2 HTTP/2.0" 200 10140 "https://reggio-emilia.elettroservicegroup.it/assistenza-candy-reggio-emilia/" "Mozilla/5.0 (iPhone; CPU iPhone OS 18_7 like Mac OS X) AppleWebKit/605.1.15 (KHTML, like Gecko) Version/26.4 Mobile/15E148 Safari/604.1"
46.36.125.196 - - [09/Jun/2026:17:15:56 +0200] "GET /wp-content/themes/generatepress/assets/js/menu.min.js?ver=3.6.1 HTTP/2.0" 200 1688 "https://reggio-emilia.elettroservicegroup.it/assistenza-candy-reggio-emilia/" "Mozilla/5.0 (Windows NT 10.0; Win64; x64) AppleWebKit/537.36 (KHTML, like Gecko) Chrome/148.0.0.0 Safari/537.36"
46.36.125.198 - - [09/Jun/2026:17:15:56 +0200] "GET /wp-content/themes/generatepress/assets/js/back-to-top.min.js?ver=3.6.1 HTTP/2.0" 200 336 "https://reggio-emilia.elettroservicegroup.it/assistenza-candy-reggio-emilia/" "Mozilla/5.0 (iPhone; CPU iPhone OS 18_7 like Mac OS X) AppleWebKit/605.1.15 (KHTML, like Gecko) Version/26.4 Mobile/15E148 Safari/604.1"
46.36.125.198 - - [09/Jun/2026:17:15:56 +0200] "GET /wp-content/themes/generatepress/assets/js/menu.min.js?ver=3.6.1 HTTP/2.0" 200 1688 "https://reggio-emilia.elettroservicegroup.it/assistenza-candy-reggio-emilia/" "Mozilla/5.0 (iPhone; CPU iPhone OS 18_7 like Mac OS X) AppleWebKit/605.1.15 (KHTML, like Gecko) Version/26.4 Mobile/15E148 Safari/604.1"
46.36.125.196 - - [09/Jun/2026:17:15:56 +0200] "GET /wp-content/themes/generatepress/assets/js/back-to-top.min.js?ver=3.6.1 HTTP/2.0" 200 336 "https://reggio-emilia.elettroservicegroup.it/assistenza-candy-reggio-emilia/" "Mozilla/5.0 (Windows NT 10.0; Win64; x64) AppleWebKit/537.36 (KHTML, like Gecko) Chrome/148.0.0.0 Safari/537.36"
46.36.125.198 - - [09/Jun/2026:17:15:56 +0200] "GET /wp-content/plugins/google-analytics-for-wordpress/assets/js/frontend-gtag.min.js?ver=10.2.2 HTTP/2.0" 200 3075 "https://reggio-emilia.elettroservicegroup.it/assistenza-candy-reggio-emilia/" "Mozilla/5.0 (iPhone; CPU iPhone OS 18_7 like Mac OS X) AppleWebKit/605.1.15 (KHTML, like Gecko) Version/26.4 Mobile/15E148 Safari/604.1"
46.36.125.198 - - [09/Jun/2026:17:15:56 +0200] "GET /wp-content/plugins/complianz-gdpr-premium/cookiebanner/js/complianz.min.js?ver=1780326507 HTTP/2.0" 200 10708 "https://reggio-emilia.elettroservicegroup.it/assistenza-candy-reggio-emilia/" "Mozilla/5.0 (iPhone; CPU iPhone OS 18_7 like Mac OS X) AppleWebKit/605.1.15 (KHTML, like Gecko) Version/26.4 Mobile/15E148 Safari/604.1"
46.36.125.198 - - [09/Jun/2026:17:15:56 +0200] "GET /wp-content/uploads/2022/08/copertina-Riparazione_Lavastoviglie-1-2.jpg HTTP/2.0" 200 35425 "https://reggio-emilia.elettroservicegroup.it/assistenza-candy-reggio-emilia/" "Mozilla/5.0 (iPhone; CPU iPhone OS 18_7 like Mac OS X) AppleWebKit/605.1.15 (KHTML, like Gecko) Version/26.4 Mobile/15E148 Safari/604.1"
65.108.235.243 - - [09/Jun/2026:17:15:56 +0200] "GET /assistenza-whirlpool-rubiera/ HTTP/1.1" 200 24866 "-" "WP Fastest Cache Preload Bot"
46.36.125.198 - - [09/Jun/2026:17:15:56 +0200] "GET /wp-content/uploads/2022/08/ASCIUGATRICE-TECNIC-2.jpg HTTP/2.0" 200 40522 "https://reggio-emilia.elettroservicegroup.it/assistenza-candy-reggio-emilia/" "Mozilla/5.0 (iPhone; CPU iPhone OS 18_7 like Mac OS X) AppleWebKit/605.1.15 (KHTML, like Gecko) Version/26.4 Mobile/15E148 Safari/604.1"
46.36.125.196 - - [09/Jun/2026:17:15:56 +0200] "GET /wp-content/plugins/complianz-gdpr-premium/cookiebanner/js/complianz.min.js?ver=1780326507 HTTP/2.0" 200 10708 "https://reggio-emilia.elettroservicegroup.it/assistenza-candy-reggio-emilia/" "Mozilla/5.0 (Windows NT 10.0; Win64; x64) AppleWebKit/537.36 (KHTML, like Gecko) Chrome/148.0.0.0 Safari/537.36"
46.36.125.198 - - [09/Jun/2026:17:15:56 +0200] "GET /wp-content/uploads/elementor/google-fonts/fonts/roboto-kfo7cnqeu92fr1me7ksn66agldtyluama3yuba.woff2 HTTP/2.0" 200 40132 "https://reggio-emilia.elettroservicegroup.it/wp-content/uploads/elementor/google-fonts/css/roboto.css?ver=1742255001" "Mozilla/5.0 (iPhone; CPU iPhone OS 18_7 like Mac OS X) AppleWebKit/605.1.15 (KHTML, like Gecko) Version/26.4 Mobile/15E148 Safari/604.1"
46.36.125.198 - - [09/Jun/2026:17:15:57 +0200] "GET /wp-content/plugins/elementor/assets/js/section-frontend-handlers.d85ab872da118940910d.bundle.min.js HTTP/2.0" 200 230 "https://reggio-emilia.elettroservicegroup.it/assistenza-candy-reggio-emilia/" "Mozilla/5.0 (iPhone; CPU iPhone OS 18_7 like Mac OS X) AppleWebKit/605.1.15 (KHTML, like Gecko) Version/26.4 Mobile/15E148 Safari/604.1"
46.36.125.198 - - [09/Jun/2026:17:15:57 +0200] "GET /wp-content/plugins/elementor/assets/js/shared-frontend-handlers.03caa53373b56d3bab67.bundle.min.js HTTP/2.0" 200 2515 "https://reggio-emilia.elettroservicegroup.it/assistenza-candy-reggio-emilia/" "Mozilla/5.0 (iPhone; CPU iPhone OS 18_7 like Mac OS X) AppleWebKit/605.1.15 (KHTML, like Gecko) Version/26.4 Mobile/15E148 Safari/604.1"
46.36.125.198 - - [09/Jun/2026:17:15:57 +0200] "GET /wp-content/plugins/elementor/assets/js/text-editor.45609661e409413f1cef.bundle.min.js HTTP/2.0" 200 592 "https://reggio-emilia.elettroservicegroup.it/assistenza-candy-reggio-emilia/" "Mozilla/5.0 (iPhone; CPU iPhone OS 18_7 like Mac OS X) AppleWebKit/605.1.15 (KHTML, like Gecko) Version/26.4 Mobile/15E148 Safari/604.1"
46.36.125.198 - - [09/Jun/2026:17:15:57 +0200] "GET /wp-json/complianz/v1/banner?lang=it&locale=it_IT&token=qfjcp HTTP/2.0" 200 84 "https://reggio-emilia.elettroservicegroup.it/assistenza-candy-reggio-emilia/" "Mozilla/5.0 (iPhone; CPU iPhone OS 18_7 like Mac OS X) AppleWebKit/605.1.15 (KHTML, like Gecko) Version/26.4 Mobile/15E148 Safari/604.1"
65.108.235.243 - - [09/Jun/2026:17:15:56 +0200] "GET /assistenza-whirlpool-scandiano/ HTTP/1.1" 200 24782 "-" "WP Fastest Cache Preload Bot"
46.36.125.198 - - [09/Jun/2026:17:15:57 +0200] "GET /wp-content/uploads/complianz/css/banner-1-optin.css?v=511 HTTP/2.0" 200 2622 "https://reggio-emilia.elettroservicegroup.it/assistenza-candy-reggio-emilia/" "Mozilla/5.0 (iPhone; CPU iPhone OS 18_7 like Mac OS X) AppleWebKit/605.1.15 (KHTML, like Gecko) Version/26.4 Mobile/15E148 Safari/604.1"
46.36.125.198 - - [09/Jun/2026:17:15:57 +0200] "GET /wp-content/uploads/2021/10/cropped-cropped-cropped-cropped-logo_white_background-32x32.png HTTP/2.0" 200 1181 "https://reggio-emilia.elettroservicegroup.it/assistenza-candy-reggio-emilia/" "Mozilla/5.0 (iPhone; CPU iPhone OS 18_7 like Mac OS X) AppleWebKit/605.1.15 (KHTML, like Gecko) Version/26.4 Mobile/15E148 Safari/604.1"
46.36.125.198 - - [09/Jun/2026:17:15:57 +0200] "GET /wp-json/complianz/v1/cookie_data HTTP/2.0" 200 82 "https://reggio-emilia.elettroservicegroup.it/assistenza-candy-reggio-emilia/" "Mozilla/5.0 (iPhone; CPU iPhone OS 18_7 like Mac OS X) AppleWebKit/605.1.15 (KHTML, like Gecko) Version/26.4 Mobile/15E148 Safari/604.1"
46.36.125.196 - - [09/Jun/2026:17:15:58 +0200] "GET /wp-content/uploads/2022/08/copertina-Riparazione_Lavastoviglie-1-2.jpg HTTP/2.0" 200 35425 "https://reggio-emilia.elettroservicegroup.it/assistenza-candy-reggio-emilia/" "Mozilla/5.0 (Windows NT 10.0; Win64; x64) AppleWebKit/537.36 (KHTML, like Gecko) Chrome/148.0.0.0 Safari/537.36"
46.36.125.196 - - [09/Jun/2026:17:15:58 +0200] "GET /wp-content/uploads/2022/01/elettro4-4-768x301.jpg HTTP/2.0" 200 22294 "https://reggio-emilia.elettroservicegroup.it/assistenza-candy-reggio-emilia/" "Mozilla/5.0 (Windows NT 10.0; Win64; x64) AppleWebKit/537.36 (KHTML, like Gecko) Chrome/148.0.0.0 Safari/537.36"
46.36.125.196 - - [09/Jun/2026:17:15:58 +0200] "GET /wp-content/uploads/2022/08/ASCIUGATRICE-TECNIC-2.jpg HTTP/2.0" 200 40522 "https://reggio-emilia.elettroservicegroup.it/assistenza-candy-reggio-emilia/" "Mozilla/5.0 (Windows NT 10.0; Win64; x64) AppleWebKit/537.36 (KHTML, like Gecko) Chrome/148.0.0.0 Safari/537.36"
46.36.125.196 - - [09/Jun/2026:17:15:58 +0200] "GET /wp-content/uploads/2022/08/COPERTINA-2.png HTTP/2.0" 200 103422 "https://reggio-emilia.elettroservicegroup.it/assistenza-candy-reggio-emilia/" "Mozilla/5.0 (Windows NT 10.0; Win64; x64) AppleWebKit/537.36 (KHTML, like Gecko) Chrome/148.0.0.0 Safari/537.36"
46.36.125.196 - - [09/Jun/2026:17:15:58 +0200] "GET /wp-content/uploads/2026/05/logo.png HTTP/2.0" 200 48185 "https://reggio-emilia.elettroservicegroup.it/assistenza-candy-reggio-emilia/" "Mozilla/5.0 (Windows NT 10.0; Win64; x64) AppleWebKit/537.36 (KHTML, like Gecko) Chrome/148.0.0.0 Safari/537.36"
46.36.125.196 - - [09/Jun/2026:17:15:58 +0200] "GET /wp-json/complianz/v1/banner?lang=it&locale=it_IT&token=npaxn HTTP/2.0" 200 84 "https://reggio-emilia.elettroservicegroup.it/assistenza-candy-reggio-emilia/" "Mozilla/5.0 (Windows NT 10.0; Win64; x64) AppleWebKit/537.36 (KHTML, like Gecko) Chrome/148.0.0.0 Safari/537.36"
46.36.125.196 - - [09/Jun/2026:17:15:58 +0200] "GET /wp-content/plugins/elementor/assets/js/section-frontend-handlers.d85ab872da118940910d.bundle.min.js HTTP/2.0" 200 230 "https://reggio-emilia.elettroservicegroup.it/assistenza-candy-reggio-emilia/" "Mozilla/5.0 (Windows NT 10.0; Win64; x64) AppleWebKit/537.36 (KHTML, like Gecko) Chrome/148.0.0.0 Safari/537.36"
46.36.125.196 - - [09/Jun/2026:17:15:58 +0200] "GET /wp-content/plugins/elementor/assets/js/shared-frontend-handlers.03caa53373b56d3bab67.bundle.min.js HTTP/2.0" 200 2515 "https://reggio-emilia.elettroservicegroup.it/assistenza-candy-reggio-emilia/" "Mozilla/5.0 (Windows NT 10.0; Win64; x64) AppleWebKit/537.36 (KHTML, like Gecko) Chrome/148.0.0.0 Safari/537.36"
46.36.125.196 - - [09/Jun/2026:17:15:58 +0200] "GET /wp-content/plugins/elementor/assets/js/text-editor.45609661e409413f1cef.bundle.min.js HTTP/2.0" 200 592 "https://reggio-emilia.elettroservicegroup.it/assistenza-candy-reggio-emilia/" "Mozilla/5.0 (Windows NT 10.0; Win64; x64) AppleWebKit/537.36 (KHTML, like Gecko) Chrome/148.0.0.0 Safari/537.36"
46.36.125.196 - - [09/Jun/2026:17:15:58 +0200] "GET /wp-content/uploads/elementor/google-fonts/fonts/robotoslab-bngmuxzytxpivibgjjsb6ufn5qu.woff2 HTTP/2.0" 200 34328 "https://reggio-emilia.elettroservicegroup.it/wp-content/cache/wpfc-minified/8tnr6p1l/4ow6.css" "Mozilla/5.0 (Windows NT 10.0; Win64; x64) AppleWebKit/537.36 (KHTML, like Gecko) Chrome/148.0.0.0 Safari/537.36"
46.36.125.196 - - [09/Jun/2026:17:15:58 +0200] "GET /wp-content/uploads/complianz/css/banner-1-optin.css?v=511 HTTP/2.0" 200 2622 "https://reggio-emilia.elettroservicegroup.it/assistenza-candy-reggio-emilia/" "Mozilla/5.0 (Windows NT 10.0; Win64; x64) AppleWebKit/537.36 (KHTML, like Gecko) Chrome/148.0.0.0 Safari/537.36"
46.36.125.196 - - [09/Jun/2026:17:15:58 +0200] "GET /wp-json/complianz/v1/cookie_data HTTP/2.0" 200 82 "https://reggio-emilia.elettroservicegroup.it/assistenza-candy-reggio-emilia/" "Mozilla/5.0 (Windows NT 10.0; Win64; x64) AppleWebKit/537.36 (KHTML, like Gecko) Chrome/148.0.0.0 Safari/537.36"
46.36.125.196 - - [09/Jun/2026:17:15:58 +0200] "GET /wp-content/uploads/2021/10/cropped-cropped-cropped-cropped-logo_white_background-32x32.png HTTP/2.0" 200 1181 "https://reggio-emilia.elettroservicegroup.it/assistenza-candy-reggio-emilia/" "Mozilla/5.0 (Windows NT 10.0; Win64; x64) AppleWebKit/537.36 (KHTML, like Gecko) Chrome/148.0.0.0 Safari/537.36"
65.108.235.243 - - [09/Jun/2026:17:18:28 +0200] "POST /wp-cron.php?doing_wp_cron=1781018308.2631070613861083984375 HTTP/1.1" 200 1 "-" "WordPress/7.0; https://reggio-emilia.elettroservicegroup.it"
74.125.151.200 - - [09/Jun/2026:17:18:26 +0200] "GET /wp-content/uploads/elementor/css/post-17823.css?ver=1780600736 HTTP/1.1" 404 19252 "https://reggio-emilia.elettroservicegroup.it/assistenza-rex-electrolux-correggio/" "AdsBot-Google (+http://www.google.com/adsbot.html)"
65.108.235.243 - - [09/Jun/2026:17:25:48 +0200] "POST /wp-cron.php?doing_wp_cron=1781018748.6179530620574951171875 HTTP/1.1" 200 1 "-" "WordPress/7.0; https://reggio-emilia.elettroservicegroup.it"
5.90.58.106 - - [09/Jun/2026:17:25:46 +0200] "GET /wp-json/complianz/v1/banner?lang=it&locale=it_IT&token=zlhru HTTP/2.0" 200 84 "https://reggio-emilia.elettroservicegroup.it/assistenza-lavastoviglie-rubiera/?gad_source=1&gad_campaignid=23800353523&gbraid=0AAAABDgs-LReKz403LH9bfQ3uxy5z2DnO&gclid=CjwKCAjw857RBhAgEiwAI-1yKFZLMpKGvB-vHifYQGRiUCbfcmnsroMD1uKzdkVMMoggeip_Sqh0CRoC7KUQAvD_BwE" "Mozilla/5.0 (Linux; Android 10; K) AppleWebKit/537.36 (KHTML, like Gecko) Chrome/148.0.0.0 Mobile Safari/537.36"
5.90.58.106 - - [09/Jun/2026:17:25:48 +0200] "GET /wp-json/complianz/v1/cookie_data HTTP/2.0" 200 82 "https://reggio-emilia.elettroservicegroup.it/assistenza-lavastoviglie-rubiera/?gad_source=1&gad_campaignid=23800353523&gbraid=0AAAABDgs-LReKz403LH9bfQ3uxy5z2DnO&gclid=CjwKCAjw857RBhAgEiwAI-1yKFZLMpKGvB-vHifYQGRiUCbfcmnsroMD1uKzdkVMMoggeip_Sqh0CRoC7KUQAvD_BwE" "Mozilla/5.0 (Linux; Android 10; K) AppleWebKit/537.36 (KHTML, like Gecko) Chrome/148.0.0.0 Mobile Safari/537.36"
65.108.235.243 - - [09/Jun/2026:17:25:49 +0200] "GET /assistenza-whirlpool-santilario-denza/ HTTP/1.1" 200 24941 "-" "WP Fastest Cache Preload Bot"
65.108.235.243 - - [09/Jun/2026:17:25:52 +0200] "GET /assistenza-whirlpool-guastalla/ HTTP/1.1" 200 24886 "-" "WP Fastest Cache Preload Bot"
65.108.235.243 - - [09/Jun/2026:17:25:57 +0200] "GET /assistenza-whirlpool-correggio/ HTTP/1.1" 200 24910 "-" "WP Fastest Cache Preload Bot"
65.108.235.243 - - [09/Jun/2026:17:25:58 +0200] "GET /assistenza-whirlpool-reggio-emilia/ HTTP/1.1" 200 24862 "-" "WP Fastest Cache Preload Bot"
65.108.235.243 - - [09/Jun/2026:17:26:33 +0200] "POST /wp-cron.php?doing_wp_cron=1781018793.3427178859710693359375 HTTP/1.1" 200 1 "-" "WordPress/7.0; https://reggio-emilia.elettroservicegroup.it"
74.125.151.201 - - [09/Jun/2026:17:26:31 +0200] "GET /wp-content/uploads/elementor/css/post-17702.css?ver=1780592500 HTTP/1.1" 404 19245 "https://reggio-emilia.elettroservicegroup.it/assistenza-bosch-reggio-emilia/" "AdsBot-Google (+http://www.google.com/adsbot.html)"
74.125.151.201 - - [09/Jun/2026:17:26:34 +0200] "GET /wp-content/uploads/elementor/google-fonts/fonts/robotoslab-bngmuxzytxpivibgjjsb6ufn5qu.woff2 HTTP/1.1" 200 34328 "https://reggio-emilia.elettroservicegroup.it/wp-content/uploads/elementor/google-fonts/css/robotoslab.css?ver=1742255003" "AdsBot-Google (+http://www.google.com/adsbot.html)"
65.108.235.243 - - [09/Jun/2026:17:28:28 +0200] "POST /wp-cron.php?doing_wp_cron=1781018908.0812830924987792968750 HTTP/1.1" 200 1 "-" "WordPress/7.0; https://reggio-emilia.elettroservicegroup.it"
95.75.42.155 - - [09/Jun/2026:17:28:22 +0200] "GET /assistenza-smeg-guastalla/ HTTP/2.0" 200 24991 "https://www.google.com/" "Mozilla/5.0 (Linux; Android 10; K) AppleWebKit/537.36 (KHTML, like Gecko) Chrome/148.0.0.0 Mobile Safari/537.36"
74.125.151.200 - - [09/Jun/2026:17:29:08 +0200] "GET /wp-content/uploads/elementor/css/post-17820.css?ver=1780600738 HTTP/1.1" 404 19245 "https://reggio-emilia.elettroservicegroup.it/assistenza-miele-scandiano/" "AdsBot-Google (+http://www.google.com/adsbot.html)"
186.12.190.133 - - [09/Jun/2026:17:41:07 +0200] "GET / HTTP/2.0" 200 25445 "-" "Mozilla/5.0 (Linux; Android 5.0; SM-G900P Build/LRX21T) AppleWebKit/537.36 (KHTML, like Gecko) Chrome/41.0.3714.1333 Mobile Safari/537.36"
65.108.235.243 - - [09/Jun/2026:17:41:11 +0200] "POST /wp-cron.php?doing_wp_cron=1781019671.1307899951934814453125 HTTP/1.1" 200 1 "-" "WordPress/7.0; https://reggio-emilia.elettroservicegroup.it"
78.190.166.204 - - [09/Jun/2026:17:41:04 +0200] "GET /assistenza-miele-reggio-emilia/ HTTP/2.0" 200 24935 "-" "Mozilla/5.0 (iPhone; CPU iPhone OS 11_0 like Mac OS X) AppleWebKit/537.36 (KHTML, like Gecko) Chrome/47.0.1496.1485 Mobile Safari/537.36"
65.108.235.243 - - [09/Jun/2026:17:41:12 +0200] "GET /assistenza-smeg-rubiera/ HTTP/1.1" 200 24809 "-" "WP Fastest Cache Preload Bot"
65.108.235.243 - - [09/Jun/2026:17:41:13 +0200] "GET /assistenza-smeg-scandiano/ HTTP/1.1" 200 24802 "-" "WP Fastest Cache Preload Bot"
65.108.235.243 - - [09/Jun/2026:17:41:14 +0200] "GET /assistenza-smeg-santilario-denza/ HTTP/1.1" 200 24866 "-" "WP Fastest Cache Preload Bot"
23.27.233.165 - - [09/Jun/2026:17:41:16 +0200] "GET /wp-content/plugins/all-in-one-seo-pack/dist/Lite/assets/css/table-of-contents/global.e90f6d47.css?ver=4.9.7.2 HTTP/2.0" 200 420 "https://reggio-emilia.elettroservicegroup.it/" "Mozilla/5.0 (Linux; Android 5.0; SM-G900P Build/LRX21T) AppleWebKit/537.36 (KHTML, like Gecko) Chrome/41.0.3714.1333 Mobile Safari/537.36"
23.27.233.165 - - [09/Jun/2026:17:41:16 +0200] "GET /wp-content/plugins/elementor/assets/lib/animations/styles/zoomIn.min.css?ver=4.1.2 HTTP/2.0" 200 87 "https://reggio-emilia.elettroservicegroup.it/" "Mozilla/5.0 (Linux; Android 5.0; SM-G900P Build/LRX21T) AppleWebKit/537.36 (KHTML, like Gecko) Chrome/41.0.3714.1333 Mobile Safari/537.36"
23.27.233.165 - - [09/Jun/2026:17:41:16 +0200] "GET /wp-content/uploads/elementor/css/post-14227.css?ver=1781019670 HTTP/2.0" 200 2362 "https://reggio-emilia.elettroservicegroup.it/" "Mozilla/5.0 (Linux; Android 5.0; SM-G900P Build/LRX21T) AppleWebKit/537.36 (KHTML, like Gecko) Chrome/41.0.3714.1333 Mobile Safari/537.36"
23.27.233.165 - - [09/Jun/2026:17:41:16 +0200] "GET /wp-content/uploads/elementor/google-fonts/css/robotoslab.css?ver=1742255003 HTTP/2.0" 200 721 "https://reggio-emilia.elettroservicegroup.it/" "Mozilla/5.0 (Linux; Android 5.0; SM-G900P Build/LRX21T) AppleWebKit/537.36 (KHTML, like Gecko) Chrome/41.0.3714.1333 Mobile Safari/537.36"
23.27.233.165 - - [09/Jun/2026:17:41:16 +0200] "GET /wp-content/plugins/elementor/assets/lib/eicons/css/elementor-icons.min.css?ver=5.34.0 HTTP/2.0" 200 4115 "https://reggio-emilia.elettroservicegroup.it/" "Mozilla/5.0 (Linux; Android 5.0; SM-G900P Build/LRX21T) AppleWebKit/537.36 (KHTML, like Gecko) Chrome/41.0.3714.1333 Mobile Safari/537.36"
23.27.233.165 - - [09/Jun/2026:17:41:16 +0200] "GET /wp-content/plugins/elementor/assets/lib/font-awesome/css/fontawesome.css?ver=5.15.3 HTTP/2.0" 200 12535 "https://reggio-emilia.elettroservicegroup.it/" "Mozilla/5.0 (Linux; Android 5.0; SM-G900P Build/LRX21T) AppleWebKit/537.36 (KHTML, like Gecko) Chrome/41.0.3714.1333 Mobile Safari/537.36"
65.108.235.243 - - [09/Jun/2026:17:41:16 +0200] "GET /assistenza-smeg-guastalla/ HTTP/1.1" 200 24802 "-" "WP Fastest Cache Preload Bot"
23.27.233.165 - - [09/Jun/2026:17:41:18 +0200] "GET /wp-content/uploads/2021/10/asko-e1634463631713-768x506.jpg HTTP/2.0" 206 500 "https://reggio-emilia.elettroservicegroup.it/" "Mozilla/5.0 (Linux; Android 5.0; SM-G900P Build/LRX21T) AppleWebKit/537.36 (KHTML, like Gecko) Chrome/41.0.3714.1333 Mobile Safari/537.36"
23.27.233.165 - - [09/Jun/2026:17:41:18 +0200] "GET /wp-content/uploads/2022/01/TECNICO-ELETTRODOMESTICI-1.jpg HTTP/2.0" 206 500 "https://reggio-emilia.elettroservicegroup.it/" "Mozilla/5.0 (Linux; Android 5.0; SM-G900P Build/LRX21T) AppleWebKit/537.36 (KHTML, like Gecko) Chrome/41.0.3714.1333 Mobile Safari/537.36"
23.27.233.165 - - [09/Jun/2026:17:41:18 +0200] "GET /wp-content/uploads/2022/01/LAVATRICE-2.webp HTTP/2.0" 206 500 "https://reggio-emilia.elettroservicegroup.it/" "Mozilla/5.0 (Linux; Android 5.0; SM-G900P Build/LRX21T) AppleWebKit/537.36 (KHTML, like Gecko) Chrome/41.0.3714.1333 Mobile Safari/537.36"
23.27.233.165 - - [09/Jun/2026:17:41:18 +0200] "GET /wp-content/uploads/2021/10/Frigorifero-combinato-e1634459015932-768x502.jpg HTTP/2.0" 206 500 "https://reggio-emilia.elettroservicegroup.it/" "Mozilla/5.0 (Linux; Android 5.0; SM-G900P Build/LRX21T) AppleWebKit/537.36 (KHTML, like Gecko) Chrome/41.0.3714.1333 Mobile Safari/537.36"
23.27.233.165 - - [09/Jun/2026:17:41:18 +0200] "GET /wp-content/uploads/2022/01/copertina-Riparazione_Lavastoviglie-.jpg HTTP/2.0" 206 500 "https://reggio-emilia.elettroservicegroup.it/" "Mozilla/5.0 (Linux; Android 5.0; SM-G900P Build/LRX21T) AppleWebKit/537.36 (KHTML, like Gecko) Chrome/41.0.3714.1333 Mobile Safari/537.36"
23.27.233.165 - - [09/Jun/2026:17:41:18 +0200] "GET /wp-content/uploads/2021/10/condizionatore-bonus-768x512.jpg HTTP/2.0" 206 500 "https://reggio-emilia.elettroservicegroup.it/" "Mozilla/5.0 (Linux; Android 5.0; SM-G900P Build/LRX21T) AppleWebKit/537.36 (KHTML, like Gecko) Chrome/41.0.3714.1333 Mobile Safari/537.36"
216.173.88.50 - - [09/Jun/2026:17:41:19 +0200] "GET /wp-content/plugins/elementor/assets/css/widget-spacer.min.css?ver=4.1.2 HTTP/2.0" 200 287 "https://reggio-emilia.elettroservicegroup.it/assistenza-miele-reggio-emilia/" "Mozilla/5.0 (iPhone; CPU iPhone OS 11_0 like Mac OS X) AppleWebKit/537.36 (KHTML, like Gecko) Chrome/47.0.1496.1485 Mobile Safari/537.36"
216.173.88.50 - - [09/Jun/2026:17:41:19 +0200] "GET /wp-content/plugins/elementor/assets/css/widget-social-icons.min.css?ver=3.24.0 HTTP/2.0" 200 1039 "https://reggio-emilia.elettroservicegroup.it/assistenza-miele-reggio-emilia/" "Mozilla/5.0 (iPhone; CPU iPhone OS 11_0 like Mac OS X) AppleWebKit/537.36 (KHTML, like Gecko) Chrome/47.0.1496.1485 Mobile Safari/537.36"
216.173.88.50 - - [09/Jun/2026:17:41:19 +0200] "GET /wp-content/uploads/elementor/css/post-17816.css?ver=1781019670 HTTP/2.0" 200 2185 "https://reggio-emilia.elettroservicegroup.it/assistenza-miele-reggio-emilia/" "Mozilla/5.0 (iPhone; CPU iPhone OS 11_0 like Mac OS X) AppleWebKit/537.36 (KHTML, like Gecko) Chrome/47.0.1496.1485 Mobile Safari/537.36"
216.173.88.50 - - [09/Jun/2026:17:41:19 +0200] "GET /wp-content/plugins/elementor/assets/css/widget-image.min.css?ver=4.1.2 HTTP/2.0" 200 96 "https://reggio-emilia.elettroservicegroup.it/assistenza-miele-reggio-emilia/" "Mozilla/5.0 (iPhone; CPU iPhone OS 11_0 like Mac OS X) AppleWebKit/537.36 (KHTML, like Gecko) Chrome/47.0.1496.1485 Mobile Safari/537.36"
23.27.233.165 - - [09/Jun/2026:17:41:19 +0200] "GET /wp-content/uploads/2021/10/forno-c-768x512.jpg HTTP/2.0" 206 500 "https://reggio-emilia.elettroservicegroup.it/" "Mozilla/5.0 (Linux; Android 5.0; SM-G900P Build/LRX21T) AppleWebKit/537.36 (KHTML, like Gecko) Chrome/41.0.3714.1333 Mobile Safari/537.36"
216.173.88.50 - - [09/Jun/2026:17:41:19 +0200] "GET /wp-content/plugins/elementor/assets/css/widget-heading.min.css?ver=4.1.2 HTTP/2.0" 200 127 "https://reggio-emilia.elettroservicegroup.it/assistenza-miele-reggio-emilia/" "Mozilla/5.0 (iPhone; CPU iPhone OS 11_0 like Mac OS X) AppleWebKit/537.36 (KHTML, like Gecko) Chrome/47.0.1496.1485 Mobile Safari/537.36"
216.173.88.50 - - [09/Jun/2026:17:41:19 +0200] "GET /wp-content/plugins/gp-premium/menu-plus/functions/css/navigation-branding-flex.min.css?ver=2.5.5 HTTP/2.0" 200 542 "https://reggio-emilia.elettroservicegroup.it/assistenza-miele-reggio-emilia/" "Mozilla/5.0 (iPhone; CPU iPhone OS 11_0 like Mac OS X) AppleWebKit/537.36 (KHTML, like Gecko) Chrome/47.0.1496.1485 Mobile Safari/537.36"
216.173.88.50 - - [09/Jun/2026:17:41:19 +0200] "GET /wp-content/uploads/elementor/google-fonts/css/robotoslab.css?ver=1742255003 HTTP/2.0" 200 721 "https://reggio-emilia.elettroservicegroup.it/assistenza-miele-reggio-emilia/" "Mozilla/5.0 (iPhone; CPU iPhone OS 11_0 like Mac OS X) AppleWebKit/537.36 (KHTML, like Gecko) Chrome/47.0.1496.1485 Mobile Safari/537.36"
216.173.88.50 - - [09/Jun/2026:17:41:19 +0200] "GET /wp-content/uploads/2021/10/cropped-cropped-cropped-logo_white_background.png HTTP/2.0" 206 500 "https://reggio-emilia.elettroservicegroup.it/assistenza-miele-reggio-emilia/" "Mozilla/5.0 (iPhone; CPU iPhone OS 11_0 like Mac OS X) AppleWebKit/537.36 (KHTML, like Gecko) Chrome/47.0.1496.1485 Mobile Safari/537.36"
216.173.88.50 - - [09/Jun/2026:17:41:19 +0200] "GET /wp-content/plugins/elementor/assets/lib/font-awesome/css/fontawesome.css?ver=5.15.3 HTTP/2.0" 200 12535 "https://reggio-emilia.elettroservicegroup.it/assistenza-miele-reggio-emilia/" "Mozilla/5.0 (iPhone; CPU iPhone OS 11_0 like Mac OS X) AppleWebKit/537.36 (KHTML, like Gecko) Chrome/47.0.1496.1485 Mobile Safari/537.36"
216.173.88.50 - - [09/Jun/2026:17:41:19 +0200] "GET /wp-content/plugins/elementor/assets/lib/font-awesome/css/v4-shims.min.css?ver=4.1.2 HTTP/2.0" 200 3986 "https://reggio-emilia.elettroservicegroup.it/assistenza-miele-reggio-emilia/" "Mozilla/5.0 (iPhone; CPU iPhone OS 11_0 like Mac OS X) AppleWebKit/537.36 (KHTML, like Gecko) Chrome/47.0.1496.1485 Mobile Safari/537.36"
216.173.88.50 - - [09/Jun/2026:17:41:19 +0200] "GET /wp-content/uploads/2022/08/copertina-Riparazione_Lavastoviglie-1-1.jpg HTTP/2.0" 206 500 "https://reggio-emilia.elettroservicegroup.it/assistenza-miele-reggio-emilia/" "Mozilla/5.0 (iPhone; CPU iPhone OS 11_0 like Mac OS X) AppleWebKit/537.36 (KHTML, like Gecko) Chrome/47.0.1496.1485 Mobile Safari/537.36"
216.173.88.50 - - [09/Jun/2026:17:41:19 +0200] "GET /wp-content/uploads/2022/08/COPERTINA-1-768x384.png HTTP/2.0" 206 500 "https://reggio-emilia.elettroservicegroup.it/assistenza-miele-reggio-emilia/" "Mozilla/5.0 (iPhone; CPU iPhone OS 11_0 like Mac OS X) AppleWebKit/537.36 (KHTML, like Gecko) Chrome/47.0.1496.1485 Mobile Safari/537.36"
216.173.88.50 - - [09/Jun/2026:17:41:19 +0200] "GET /wp-content/uploads/2022/01/ASCIUGATRICE-TECNIC.jpg HTTP/2.0" 206 500 "https://reggio-emilia.elettroservicegroup.it/assistenza-miele-reggio-emilia/" "Mozilla/5.0 (iPhone; CPU iPhone OS 11_0 like Mac OS X) AppleWebKit/537.36 (KHTML, like Gecko) Chrome/47.0.1496.1485 Mobile Safari/537.36"
47.128.110.75 - - [09/Jun/2026:17:41:51 +0200] "GET / HTTP/2.0" 200 11741 "-" "Mozilla/5.0 (Linux; Android 5.0) AppleWebKit/537.36 (KHTML, like Gecko) Mobile Safari/537.36 (compatible; TikTokSpider; ttspider-feedback@tiktok.com)"
47.128.110.75 - - [09/Jun/2026:17:41:52 +0200] "GET /z0f76a1d14fd21a8fb5fd0d03e0fdc3d3cedae52f?wsidchk=6918757&pdata=https%253A%252F%252Freggio-emilia.elettroservicegroup.it&id=7fa3b767c460b54a2be4d49030b349c7&ts=1781019711 HTTP/2.0" 302 268 "https://reggio-emilia.elettroservicegroup.it/" "Mozilla/5.0 (Linux; Android 5.0) AppleWebKit/537.36 (KHTML, like Gecko) Mobile Safari/537.36 (compatible; TikTokSpider; ttspider-feedback@tiktok.com)"
47.128.110.75 - - [09/Jun/2026:17:41:57 +0200] "GET / HTTP/2.0" 200 25445 "https://reggio-emilia.elettroservicegroup.it/" "Mozilla/5.0 (Linux; Android 5.0) AppleWebKit/537.36 (KHTML, like Gecko) Mobile Safari/537.36 (compatible; TikTokSpider; ttspider-feedback@tiktok.com)"
65.108.235.243 - - [09/Jun/2026:17:42:02 +0200] "POST /wp-cron.php?doing_wp_cron=1781019721.9400129318237304687500 HTTP/1.1" 200 1 "-" "WordPress/7.0; https://reggio-emilia.elettroservicegroup.it"
47.128.110.75 - - [09/Jun/2026:17:41:53 +0200] "GET / HTTP/2.0" 200 - "https://reggio-emilia.elettroservicegroup.it/" "Mozilla/5.0 (Linux; Android 5.0) AppleWebKit/537.36 (KHTML, like Gecko) Mobile Safari/537.36 (compatible; TikTokSpider; ttspider-feedback@tiktok.com)"
