47.128.110.75 - - [09/Jun/2026:17:42:02 +0200] "GET /wp-content/plugins/all-in-one-seo-pack/dist/Lite/assets/css/table-of-contents/global.e90f6d47.css?ver=4.9.7.2 HTTP/2.0" 200 420 "https://reggio-emilia.elettroservicegroup.it/" "Mozilla/5.0 (Linux; Android 5.0) AppleWebKit/537.36 (KHTML, like Gecko) Mobile Safari/537.36 (compatible; TikTokSpider; ttspider-feedback@tiktok.com)"
47.128.110.75 - - [09/Jun/2026:17:42:02 +0200] "GET /wp-content/plugins/complianz-gdpr-premium/assets/css/cookieblocker.min.css?ver=1780326507 HTTP/2.0" 200 615 "https://reggio-emilia.elettroservicegroup.it/" "Mozilla/5.0 (Linux; Android 5.0) AppleWebKit/537.36 (KHTML, like Gecko) Mobile Safari/537.36 (compatible; TikTokSpider; ttspider-feedback@tiktok.com)"
47.128.110.75 - - [09/Jun/2026:17:42:02 +0200] "GET /wp-content/uploads/elementor/css/post-14146.css?ver=1781018154 HTTP/2.0" 200 428 "https://reggio-emilia.elettroservicegroup.it/" "Mozilla/5.0 (Linux; Android 5.0) AppleWebKit/537.36 (KHTML, like Gecko) Mobile Safari/537.36 (compatible; TikTokSpider; ttspider-feedback@tiktok.com)"
47.128.110.75 - - [09/Jun/2026:17:42:02 +0200] "GET /wp-content/plugins/header-footer-elementor/assets/css/header-footer-elementor.css?ver=2.8.8 HTTP/2.0" 200 260 "https://reggio-emilia.elettroservicegroup.it/" "Mozilla/5.0 (Linux; Android 5.0) AppleWebKit/537.36 (KHTML, like Gecko) Mobile Safari/537.36 (compatible; TikTokSpider; ttspider-feedback@tiktok.com)"
47.128.110.75 - - [09/Jun/2026:17:42:02 +0200] "GET /wp-content/plugins/elementor/assets/css/widget-spacer.min.css?ver=4.1.2 HTTP/2.0" 200 287 "https://reggio-emilia.elettroservicegroup.it/" "Mozilla/5.0 (Linux; Android 5.0) AppleWebKit/537.36 (KHTML, like Gecko) Mobile Safari/537.36 (compatible; TikTokSpider; ttspider-feedback@tiktok.com)"
47.128.110.75 - - [09/Jun/2026:17:42:02 +0200] "GET /wp-content/plugins/elementor/assets/css/widget-heading.min.css?ver=4.1.2 HTTP/2.0" 200 127 "https://reggio-emilia.elettroservicegroup.it/" "Mozilla/5.0 (Linux; Android 5.0) AppleWebKit/537.36 (KHTML, like Gecko) Mobile Safari/537.36 (compatible; TikTokSpider; ttspider-feedback@tiktok.com)"
47.128.110.75 - - [09/Jun/2026:17:42:02 +0200] "GET /wp-content/plugins/elementor/assets/lib/animations/styles/zoomIn.min.css?ver=4.1.2 HTTP/2.0" 200 87 "https://reggio-emilia.elettroservicegroup.it/" "Mozilla/5.0 (Linux; Android 5.0) AppleWebKit/537.36 (KHTML, like Gecko) Mobile Safari/537.36 (compatible; TikTokSpider; ttspider-feedback@tiktok.com)"
47.128.110.75 - - [09/Jun/2026:17:42:02 +0200] "GET /wp-content/plugins/elementor/assets/lib/animations/styles/bounceIn.min.css?ver=4.1.2 HTTP/2.0" 200 186 "https://reggio-emilia.elettroservicegroup.it/" "Mozilla/5.0 (Linux; Android 5.0) AppleWebKit/537.36 (KHTML, like Gecko) Mobile Safari/537.36 (compatible; TikTokSpider; ttspider-feedback@tiktok.com)"
47.128.110.75 - - [09/Jun/2026:17:42:02 +0200] "GET /wp-content/plugins/elementor/assets/lib/font-awesome/css/v4-shims.min.css?ver=4.1.2 HTTP/2.0" 200 3986 "https://reggio-emilia.elettroservicegroup.it/" "Mozilla/5.0 (Linux; Android 5.0) AppleWebKit/537.36 (KHTML, like Gecko) Mobile Safari/537.36 (compatible; TikTokSpider; ttspider-feedback@tiktok.com)"
47.128.110.75 - - [09/Jun/2026:17:42:02 +0200] "GET /wp-content/uploads/elementor/css/post-14227.css?ver=1781019670 HTTP/2.0" 200 2362 "https://reggio-emilia.elettroservicegroup.it/" "Mozilla/5.0 (Linux; Android 5.0) AppleWebKit/537.36 (KHTML, like Gecko) Mobile Safari/537.36 (compatible; TikTokSpider; ttspider-feedback@tiktok.com)"
47.128.110.75 - - [09/Jun/2026:17:42:02 +0200] "GET /wp-content/plugins/elementor/assets/css/frontend.min.css?ver=4.1.2 HTTP/2.0" 200 6618 "https://reggio-emilia.elettroservicegroup.it/" "Mozilla/5.0 (Linux; Android 5.0) AppleWebKit/537.36 (KHTML, like Gecko) Mobile Safari/537.36 (compatible; TikTokSpider; ttspider-feedback@tiktok.com)"
47.128.110.75 - - [09/Jun/2026:17:42:02 +0200] "GET /wp-content/plugins/header-footer-elementor/inc/widgets-css/frontend.css?ver=2.8.8 HTTP/2.0" 200 8711 "https://reggio-emilia.elettroservicegroup.it/" "Mozilla/5.0 (Linux; Android 5.0) AppleWebKit/537.36 (KHTML, like Gecko) Mobile Safari/537.36 (compatible; TikTokSpider; ttspider-feedback@tiktok.com)"
47.128.110.75 - - [09/Jun/2026:17:42:02 +0200] "GET /wp-content/plugins/elementor/assets/lib/font-awesome/css/all.min.css?ver=4.1.2 HTTP/2.0" 200 12402 "https://reggio-emilia.elettroservicegroup.it/" "Mozilla/5.0 (Linux; Android 5.0) AppleWebKit/537.36 (KHTML, like Gecko) Mobile Safari/537.36 (compatible; TikTokSpider; ttspider-feedback@tiktok.com)"
47.128.110.75 - - [09/Jun/2026:17:42:02 +0200] "GET /wp-content/plugins/elementor/assets/css/widget-image.min.css?ver=4.1.2 HTTP/2.0" 200 96 "https://reggio-emilia.elettroservicegroup.it/" "Mozilla/5.0 (Linux; Android 5.0) AppleWebKit/537.36 (KHTML, like Gecko) Mobile Safari/537.36 (compatible; TikTokSpider; ttspider-feedback@tiktok.com)"
47.128.110.75 - - [09/Jun/2026:17:42:02 +0200] "GET /wp-content/uploads/elementor/css/post-14366.css?ver=1781018154 HTTP/2.0" 200 302 "https://reggio-emilia.elettroservicegroup.it/" "Mozilla/5.0 (Linux; Android 5.0) AppleWebKit/537.36 (KHTML, like Gecko) Mobile Safari/537.36 (compatible; TikTokSpider; ttspider-feedback@tiktok.com)"
47.128.110.75 - - [09/Jun/2026:17:42:02 +0200] "GET /wp-content/plugins/elementor/assets/lib/font-awesome/css/solid.css?ver=5.15.3 HTTP/2.0" 200 299 "https://reggio-emilia.elettroservicegroup.it/" "Mozilla/5.0 (Linux; Android 5.0) AppleWebKit/537.36 (KHTML, like Gecko) Mobile Safari/537.36 (compatible; TikTokSpider; ttspider-feedback@tiktok.com)"
47.128.110.75 - - [09/Jun/2026:17:42:02 +0200] "GET /wp-content/plugins/gp-premium/menu-plus/functions/css/navigation-branding-flex.min.css?ver=2.5.5 HTTP/2.0" 200 542 "https://reggio-emilia.elettroservicegroup.it/" "Mozilla/5.0 (Linux; Android 5.0) AppleWebKit/537.36 (KHTML, like Gecko) Mobile Safari/537.36 (compatible; TikTokSpider; ttspider-feedback@tiktok.com)"
47.128.110.75 - - [09/Jun/2026:17:42:02 +0200] "GET /wp-content/plugins/elementor/assets/css/widget-icon-list.min.css?ver=3.24.3 HTTP/2.0" 200 928 "https://reggio-emilia.elettroservicegroup.it/" "Mozilla/5.0 (Linux; Android 5.0) AppleWebKit/537.36 (KHTML, like Gecko) Mobile Safari/537.36 (compatible; TikTokSpider; ttspider-feedback@tiktok.com)"
47.128.110.75 - - [09/Jun/2026:17:42:02 +0200] "GET /wp-content/plugins/elementor/assets/lib/font-awesome/css/brands.css?ver=5.15.3 HTTP/2.0" 200 298 "https://reggio-emilia.elettroservicegroup.it/" "Mozilla/5.0 (Linux; Android 5.0) AppleWebKit/537.36 (KHTML, like Gecko) Mobile Safari/537.36 (compatible; TikTokSpider; ttspider-feedback@tiktok.com)"
47.128.110.75 - - [09/Jun/2026:17:42:02 +0200] "GET /wp-content/plugins/elementor/assets/css/widget-social-icons.min.css?ver=3.24.0 HTTP/2.0" 200 1039 "https://reggio-emilia.elettroservicegroup.it/" "Mozilla/5.0 (Linux; Android 5.0) AppleWebKit/537.36 (KHTML, like Gecko) Mobile Safari/537.36 (compatible; TikTokSpider; ttspider-feedback@tiktok.com)"
47.128.110.75 - - [09/Jun/2026:17:42:02 +0200] "GET /wp-content/uploads/elementor/google-fonts/css/robotoslab.css?ver=1742255003 HTTP/2.0" 200 721 "https://reggio-emilia.elettroservicegroup.it/" "Mozilla/5.0 (Linux; Android 5.0) AppleWebKit/537.36 (KHTML, like Gecko) Mobile Safari/537.36 (compatible; TikTokSpider; ttspider-feedback@tiktok.com)"
47.128.110.75 - - [09/Jun/2026:17:42:02 +0200] "GET /wp-content/plugins/elementor/assets/lib/eicons/css/elementor-icons.min.css?ver=5.34.0 HTTP/2.0" 200 4115 "https://reggio-emilia.elettroservicegroup.it/" "Mozilla/5.0 (Linux; Android 5.0) AppleWebKit/537.36 (KHTML, like Gecko) Mobile Safari/537.36 (compatible; TikTokSpider; ttspider-feedback@tiktok.com)"
47.128.110.75 - - [09/Jun/2026:17:42:02 +0200] "GET /wp-content/themes/generatepress/assets/css/main.min.css?ver=3.6.1 HTTP/2.0" 200 4410 "https://reggio-emilia.elettroservicegroup.it/" "Mozilla/5.0 (Linux; Android 5.0) AppleWebKit/537.36 (KHTML, like Gecko) Mobile Safari/537.36 (compatible; TikTokSpider; ttspider-feedback@tiktok.com)"
47.128.110.75 - - [09/Jun/2026:17:42:02 +0200] "GET /wp-content/uploads/elementor/google-fonts/css/roboto.css?ver=1742255001 HTTP/2.0" 200 1890 "https://reggio-emilia.elettroservicegroup.it/" "Mozilla/5.0 (Linux; Android 5.0) AppleWebKit/537.36 (KHTML, like Gecko) Mobile Safari/537.36 (compatible; TikTokSpider; ttspider-feedback@tiktok.com)"
47.128.110.75 - - [09/Jun/2026:17:42:02 +0200] "GET /wp-content/plugins/elementor/assets/lib/font-awesome/css/fontawesome.css?ver=5.15.3 HTTP/2.0" 200 12535 "https://reggio-emilia.elettroservicegroup.it/" "Mozilla/5.0 (Linux; Android 5.0) AppleWebKit/537.36 (KHTML, like Gecko) Mobile Safari/537.36 (compatible; TikTokSpider; ttspider-feedback@tiktok.com)"
47.128.110.75 - - [09/Jun/2026:17:42:02 +0200] "GET /wp-content/uploads/2021/10/cropped-cropped-cropped-logo_white_background.png HTTP/2.0" 206 500 "https://reggio-emilia.elettroservicegroup.it/" "Mozilla/5.0 (Linux; Android 5.0) AppleWebKit/537.36 (KHTML, like Gecko) Mobile Safari/537.36 (compatible; TikTokSpider; ttspider-feedback@tiktok.com)"
47.128.110.75 - - [09/Jun/2026:17:42:02 +0200] "GET /wp-content/uploads/2021/10/cropped-logo_white_background.png HTTP/2.0" 206 500 "https://reggio-emilia.elettroservicegroup.it/" "Mozilla/5.0 (Linux; Android 5.0) AppleWebKit/537.36 (KHTML, like Gecko) Mobile Safari/537.36 (compatible; TikTokSpider; ttspider-feedback@tiktok.com)"
47.128.110.75 - - [09/Jun/2026:17:42:03 +0200] "GET /wp-content/uploads/2022/01/copertina-Riparazione_Lavastoviglie-.jpg HTTP/2.0" 206 500 "https://reggio-emilia.elettroservicegroup.it/" "Mozilla/5.0 (Linux; Android 5.0) AppleWebKit/537.36 (KHTML, like Gecko) Mobile Safari/537.36 (compatible; TikTokSpider; ttspider-feedback@tiktok.com)"
47.128.110.75 - - [09/Jun/2026:17:42:03 +0200] "GET /wp-content/uploads/2021/10/asko-e1634463631713-768x506.jpg HTTP/2.0" 206 500 "https://reggio-emilia.elettroservicegroup.it/" "Mozilla/5.0 (Linux; Android 5.0) AppleWebKit/537.36 (KHTML, like Gecko) Mobile Safari/537.36 (compatible; TikTokSpider; ttspider-feedback@tiktok.com)"
47.128.110.75 - - [09/Jun/2026:17:42:03 +0200] "GET /wp-content/uploads/2022/01/TECNICO-ELETTRODOMESTICI-1.jpg HTTP/2.0" 206 500 "https://reggio-emilia.elettroservicegroup.it/" "Mozilla/5.0 (Linux; Android 5.0) AppleWebKit/537.36 (KHTML, like Gecko) Mobile Safari/537.36 (compatible; TikTokSpider; ttspider-feedback@tiktok.com)"
47.128.110.75 - - [09/Jun/2026:17:42:03 +0200] "GET /wp-content/uploads/2022/01/LAVATRICE-2.webp HTTP/2.0" 206 500 "https://reggio-emilia.elettroservicegroup.it/" "Mozilla/5.0 (Linux; Android 5.0) AppleWebKit/537.36 (KHTML, like Gecko) Mobile Safari/537.36 (compatible; TikTokSpider; ttspider-feedback@tiktok.com)"
47.128.110.75 - - [09/Jun/2026:17:42:03 +0200] "GET /wp-content/uploads/2021/10/forno-c-768x512.jpg HTTP/2.0" 206 500 "https://reggio-emilia.elettroservicegroup.it/" "Mozilla/5.0 (Linux; Android 5.0) AppleWebKit/537.36 (KHTML, like Gecko) Mobile Safari/537.36 (compatible; TikTokSpider; ttspider-feedback@tiktok.com)"
47.128.110.75 - - [09/Jun/2026:17:42:03 +0200] "GET /wp-content/uploads/2021/10/Frigorifero-combinato-e1634459015932-768x502.jpg HTTP/2.0" 206 500 "https://reggio-emilia.elettroservicegroup.it/" "Mozilla/5.0 (Linux; Android 5.0) AppleWebKit/537.36 (KHTML, like Gecko) Mobile Safari/537.36 (compatible; TikTokSpider; ttspider-feedback@tiktok.com)"
47.128.110.75 - - [09/Jun/2026:17:42:03 +0200] "GET /wp-content/uploads/2021/10/condizionatore-bonus-768x512.jpg HTTP/2.0" 206 500 "https://reggio-emilia.elettroservicegroup.it/" "Mozilla/5.0 (Linux; Android 5.0) AppleWebKit/537.36 (KHTML, like Gecko) Mobile Safari/537.36 (compatible; TikTokSpider; ttspider-feedback@tiktok.com)"
65.108.235.243 - - [09/Jun/2026:17:45:57 +0200] "POST /wp-cron.php?doing_wp_cron=1781019957.7704389095306396484375 HTTP/1.1" 200 1 "-" "WordPress/7.0; https://reggio-emilia.elettroservicegroup.it"
47.128.111.129 - - [09/Jun/2026:17:45:53 +0200] "GET /robots.txt HTTP/2.0" 200 134 "-" "Go-http-client/2.0"
65.108.235.243 - - [09/Jun/2026:17:45:58 +0200] "GET /assistenza-smeg-correggio/ HTTP/1.1" 200 24807 "-" "WP Fastest Cache Preload Bot"
65.108.235.243 - - [09/Jun/2026:17:46:02 +0200] "GET /assistenza-smeg-reggio-emilia/ HTTP/1.1" 200 24805 "-" "WP Fastest Cache Preload Bot"
65.108.235.243 - - [09/Jun/2026:17:46:05 +0200] "GET /assistenza-siemens-rubiera/ HTTP/1.1" 200 24726 "-" "WP Fastest Cache Preload Bot"
65.108.235.243 - - [09/Jun/2026:17:46:09 +0200] "GET /assistenza-siemens-scandiano/ HTTP/1.1" 200 24730 "-" "WP Fastest Cache Preload Bot"
65.108.235.243 - - [09/Jun/2026:17:48:11 +0200] "POST /wp-cron.php?doing_wp_cron=1781020091.3826038837432861328125 HTTP/1.1" 200 1 "-" "WordPress/7.0; https://reggio-emilia.elettroservicegroup.it"
5.90.58.106 - - [09/Jun/2026:17:48:09 +0200] "GET /assistenza-lavastoviglie-rubiera/ HTTP/2.0" 200 25593 "-" "Mozilla/5.0 (Linux; Android 10; K) AppleWebKit/537.36 (KHTML, like Gecko) Chrome/148.0.0.0 Mobile Safari/537.36"
5.90.58.106 - - [09/Jun/2026:17:48:11 +0200] "GET /wp-content/plugins/elementor/assets/css/frontend.min.css?ver=4.1.2 HTTP/2.0" 200 6618 "https://reggio-emilia.elettroservicegroup.it/assistenza-lavastoviglie-rubiera/" "Mozilla/5.0 (Linux; Android 10; K) AppleWebKit/537.36 (KHTML, like Gecko) Chrome/148.0.0.0 Mobile Safari/537.36"
5.90.58.106 - - [09/Jun/2026:17:48:11 +0200] "GET /wp-content/uploads/elementor/css/post-14146.css?ver=1781018154 HTTP/2.0" 200 428 "https://reggio-emilia.elettroservicegroup.it/assistenza-lavastoviglie-rubiera/" "Mozilla/5.0 (Linux; Android 10; K) AppleWebKit/537.36 (KHTML, like Gecko) Chrome/148.0.0.0 Mobile Safari/537.36"
5.90.58.106 - - [09/Jun/2026:17:48:11 +0200] "GET /wp-content/plugins/elementor/assets/lib/font-awesome/css/all.min.css?ver=4.1.2 HTTP/2.0" 200 12402 "https://reggio-emilia.elettroservicegroup.it/assistenza-lavastoviglie-rubiera/" "Mozilla/5.0 (Linux; Android 10; K) AppleWebKit/537.36 (KHTML, like Gecko) Chrome/148.0.0.0 Mobile Safari/537.36"
5.90.58.106 - - [09/Jun/2026:17:48:11 +0200] "GET /wp-content/plugins/elementor/assets/css/widget-spacer.min.css?ver=4.1.2 HTTP/2.0" 200 287 "https://reggio-emilia.elettroservicegroup.it/assistenza-lavastoviglie-rubiera/" "Mozilla/5.0 (Linux; Android 10; K) AppleWebKit/537.36 (KHTML, like Gecko) Chrome/148.0.0.0 Mobile Safari/537.36"
5.90.58.106 - - [09/Jun/2026:17:48:11 +0200] "GET /wp-content/plugins/elementor/assets/css/widget-heading.min.css?ver=4.1.2 HTTP/2.0" 200 127 "https://reggio-emilia.elettroservicegroup.it/assistenza-lavastoviglie-rubiera/" "Mozilla/5.0 (Linux; Android 10; K) AppleWebKit/537.36 (KHTML, like Gecko) Chrome/148.0.0.0 Mobile Safari/537.36"
5.90.58.106 - - [09/Jun/2026:17:48:11 +0200] "GET /wp-content/uploads/elementor/css/post-14366.css?ver=1781018154 HTTP/2.0" 200 302 "https://reggio-emilia.elettroservicegroup.it/assistenza-lavastoviglie-rubiera/" "Mozilla/5.0 (Linux; Android 10; K) AppleWebKit/537.36 (KHTML, like Gecko) Chrome/148.0.0.0 Mobile Safari/537.36"
5.90.58.106 - - [09/Jun/2026:17:48:11 +0200] "GET /wp-content/plugins/elementor/assets/lib/font-awesome/css/v4-shims.min.css?ver=4.1.2 HTTP/2.0" 200 3986 "https://reggio-emilia.elettroservicegroup.it/assistenza-lavastoviglie-rubiera/" "Mozilla/5.0 (Linux; Android 10; K) AppleWebKit/537.36 (KHTML, like Gecko) Chrome/148.0.0.0 Mobile Safari/537.36"
5.90.58.106 - - [09/Jun/2026:17:48:11 +0200] "GET /wp-content/plugins/elementor/assets/lib/animations/styles/zoomIn.min.css?ver=4.1.2 HTTP/2.0" 200 87 "https://reggio-emilia.elettroservicegroup.it/assistenza-lavastoviglie-rubiera/" "Mozilla/5.0 (Linux; Android 10; K) AppleWebKit/537.36 (KHTML, like Gecko) Chrome/148.0.0.0 Mobile Safari/537.36"
5.90.58.106 - - [09/Jun/2026:17:48:11 +0200] "GET /wp-content/plugins/elementor/assets/css/widget-image.min.css?ver=4.1.2 HTTP/2.0" 200 96 "https://reggio-emilia.elettroservicegroup.it/assistenza-lavastoviglie-rubiera/" "Mozilla/5.0 (Linux; Android 10; K) AppleWebKit/537.36 (KHTML, like Gecko) Chrome/148.0.0.0 Mobile Safari/537.36"
5.90.58.106 - - [09/Jun/2026:17:48:11 +0200] "GET /wp-content/plugins/elementor/assets/lib/animations/styles/bounceIn.min.css?ver=4.1.2 HTTP/2.0" 200 186 "https://reggio-emilia.elettroservicegroup.it/assistenza-lavastoviglie-rubiera/" "Mozilla/5.0 (Linux; Android 10; K) AppleWebKit/537.36 (KHTML, like Gecko) Chrome/148.0.0.0 Mobile Safari/537.36"
5.90.58.106 - - [09/Jun/2026:17:48:11 +0200] "GET /wp-content/plugins/elementor/assets/lib/font-awesome/js/v4-shims.min.js?ver=4.1.2 HTTP/2.0" 200 4043 "https://reggio-emilia.elettroservicegroup.it/assistenza-lavastoviglie-rubiera/" "Mozilla/5.0 (Linux; Android 10; K) AppleWebKit/537.36 (KHTML, like Gecko) Chrome/148.0.0.0 Mobile Safari/537.36"
5.90.58.106 - - [09/Jun/2026:17:48:11 +0200] "GET /wp-content/uploads/elementor/css/post-17724.css?ver=1781020091 HTTP/2.0" 200 2164 "https://reggio-emilia.elettroservicegroup.it/assistenza-lavastoviglie-rubiera/" "Mozilla/5.0 (Linux; Android 10; K) AppleWebKit/537.36 (KHTML, like Gecko) Chrome/148.0.0.0 Mobile Safari/537.36"
5.90.58.106 - - [09/Jun/2026:17:48:11 +0200] "GET /wp-content/plugins/elementor/assets/js/webpack.runtime.min.js?ver=4.1.2 HTTP/2.0" 200 2340 "https://reggio-emilia.elettroservicegroup.it/assistenza-lavastoviglie-rubiera/" "Mozilla/5.0 (Linux; Android 10; K) AppleWebKit/537.36 (KHTML, like Gecko) Chrome/148.0.0.0 Mobile Safari/537.36"
5.90.58.106 - - [09/Jun/2026:17:48:11 +0200] "GET /wp-content/plugins/elementor/assets/js/frontend-modules.min.js?ver=4.1.2 HTTP/2.0" 200 15454 "https://reggio-emilia.elettroservicegroup.it/assistenza-lavastoviglie-rubiera/" "Mozilla/5.0 (Linux; Android 10; K) AppleWebKit/537.36 (KHTML, like Gecko) Chrome/148.0.0.0 Mobile Safari/537.36"
5.90.58.106 - - [09/Jun/2026:17:48:11 +0200] "GET /wp-content/plugins/elementor/assets/js/frontend.min.js?ver=4.1.2 HTTP/2.0" 200 10140 "https://reggio-emilia.elettroservicegroup.it/assistenza-lavastoviglie-rubiera/" "Mozilla/5.0 (Linux; Android 10; K) AppleWebKit/537.36 (KHTML, like Gecko) Chrome/148.0.0.0 Mobile Safari/537.36"
5.90.58.106 - - [09/Jun/2026:17:48:12 +0200] "GET /wp-json/complianz/v1/banner?lang=it&locale=it_IT&token=pajho HTTP/2.0" 200 84 "https://reggio-emilia.elettroservicegroup.it/assistenza-lavastoviglie-rubiera/" "Mozilla/5.0 (Linux; Android 10; K) AppleWebKit/537.36 (KHTML, like Gecko) Chrome/148.0.0.0 Mobile Safari/537.36"
5.90.58.106 - - [09/Jun/2026:17:48:12 +0200] "GET /wp-json/complianz/v1/cookie_data HTTP/2.0" 200 82 "https://reggio-emilia.elettroservicegroup.it/assistenza-lavastoviglie-rubiera/" "Mozilla/5.0 (Linux; Android 10; K) AppleWebKit/537.36 (KHTML, like Gecko) Chrome/148.0.0.0 Mobile Safari/537.36"
65.108.235.243 - - [09/Jun/2026:17:53:42 +0200] "POST /wp-cron.php?doing_wp_cron=1781020422.2830369472503662109375 HTTP/1.1" 200 1 "-" "WordPress/7.0; https://reggio-emilia.elettroservicegroup.it"
47.128.110.91 - - [09/Jun/2026:17:53:40 +0200] "GET /assistenza-miele-reggio-emilia/ HTTP/2.0" 200 24935 "-" "Mozilla/5.0 (Linux; Android 5.0) AppleWebKit/537.36 (KHTML, like Gecko) Mobile Safari/537.36 (compatible; TikTokSpider; ttspider-feedback@tiktok.com)"
47.128.110.91 - - [09/Jun/2026:17:53:42 +0200] "GET /wp-content/uploads/elementor/css/post-17816.css?ver=1781019670 HTTP/2.0" 200 2185 "https://reggio-emilia.elettroservicegroup.it/assistenza-miele-reggio-emilia/" "Mozilla/5.0 (Linux; Android 5.0) AppleWebKit/537.36 (KHTML, like Gecko) Mobile Safari/537.36 (compatible; TikTokSpider; ttspider-feedback@tiktok.com)"
47.128.110.91 - - [09/Jun/2026:17:53:43 +0200] "GET /wp-content/uploads/2022/08/COPERTINA-1-768x384.png HTTP/2.0" 206 500 "https://reggio-emilia.elettroservicegroup.it/assistenza-miele-reggio-emilia/" "Mozilla/5.0 (Linux; Android 5.0) AppleWebKit/537.36 (KHTML, like Gecko) Mobile Safari/537.36 (compatible; TikTokSpider; ttspider-feedback@tiktok.com)"
47.128.110.91 - - [09/Jun/2026:17:53:43 +0200] "GET /wp-content/uploads/2022/01/ASCIUGATRICE-TECNIC.jpg HTTP/2.0" 206 500 "https://reggio-emilia.elettroservicegroup.it/assistenza-miele-reggio-emilia/" "Mozilla/5.0 (Linux; Android 5.0) AppleWebKit/537.36 (KHTML, like Gecko) Mobile Safari/537.36 (compatible; TikTokSpider; ttspider-feedback@tiktok.com)"
47.128.110.91 - - [09/Jun/2026:17:53:43 +0200] "GET /wp-content/uploads/2022/08/copertina-Riparazione_Lavastoviglie-1-1.jpg HTTP/2.0" 206 500 "https://reggio-emilia.elettroservicegroup.it/assistenza-miele-reggio-emilia/" "Mozilla/5.0 (Linux; Android 5.0) AppleWebKit/537.36 (KHTML, like Gecko) Mobile Safari/537.36 (compatible; TikTokSpider; ttspider-feedback@tiktok.com)"
65.108.235.243 - - [09/Jun/2026:17:53:42 +0200] "GET /assistenza-siemens-santilario-denza/ HTTP/1.1" 200 24799 "-" "WP Fastest Cache Preload Bot"
65.108.235.243 - - [09/Jun/2026:17:53:43 +0200] "GET /assistenza-siemens-guastalla/ HTTP/1.1" 200 24729 "-" "WP Fastest Cache Preload Bot"
65.108.235.243 - - [09/Jun/2026:17:53:44 +0200] "GET /assistenza-siemens-correggio/ HTTP/1.1" 200 24731 "-" "WP Fastest Cache Preload Bot"
65.108.235.243 - - [09/Jun/2026:17:53:44 +0200] "GET /assistenza-siemens-reggio-emilia/ HTTP/1.1" 200 24723 "-" "WP Fastest Cache Preload Bot"
65.108.235.243 - - [09/Jun/2026:17:57:07 +0200] "POST /wp-cron.php?doing_wp_cron=1781020627.1673409938812255859375 HTTP/1.1" 200 1 "-" "WordPress/7.0; https://reggio-emilia.elettroservicegroup.it"
151.42.250.130 - - [09/Jun/2026:17:57:05 +0200] "GET /assistenza-miele-reggio-emilia/ HTTP/2.0" 200 24943 "https://reggio-emilia.elettroservicegroup.it/" "Mozilla/5.0 (Linux; Android 10; K) AppleWebKit/537.36 (KHTML, like Gecko) Chrome/119.0.0.0 Mobile Safari/537.36"
65.108.235.243 - - [09/Jun/2026:17:57:07 +0200] "GET /assistenza-rex-electrolux-rubiera/ HTTP/1.1" 200 24828 "-" "WP Fastest Cache Preload Bot"
65.108.235.243 - - [09/Jun/2026:17:57:08 +0200] "GET /assistenza-rex-electrolux-scandiano/ HTTP/1.1" 200 24818 "-" "WP Fastest Cache Preload Bot"
178.95.106.164 - - [09/Jun/2026:17:57:09 +0200] "GET /wp-content/plugins/header-footer-elementor/assets/css/header-footer-elementor.css?ver=2.8.8 HTTP/2.0" 200 260 "https://reggio-emilia.elettroservicegroup.it/assistenza-miele-reggio-emilia/" "Mozilla/5.0 (Linux; Android 8.0; Pixel 2 Build/OPD3.170816.012) AppleWebKit/537.36 (KHTML, like Gecko) Chrome/52.0.8513.1277 Mobile Safari/537.36"
178.95.106.164 - - [09/Jun/2026:17:57:09 +0200] "GET /wp-content/uploads/elementor/css/post-14146.css?ver=1781018154 HTTP/2.0" 200 428 "https://reggio-emilia.elettroservicegroup.it/assistenza-miele-reggio-emilia/" "Mozilla/5.0 (Linux; Android 8.0; Pixel 2 Build/OPD3.170816.012) AppleWebKit/537.36 (KHTML, like Gecko) Chrome/52.0.8513.1277 Mobile Safari/537.36"
178.95.106.164 - - [09/Jun/2026:17:57:09 +0200] "GET /wp-content/plugins/elementor/assets/css/widget-spacer.min.css?ver=4.1.2 HTTP/2.0" 200 287 "https://reggio-emilia.elettroservicegroup.it/assistenza-miele-reggio-emilia/" "Mozilla/5.0 (Linux; Android 8.0; Pixel 2 Build/OPD3.170816.012) AppleWebKit/537.36 (KHTML, like Gecko) Chrome/52.0.8513.1277 Mobile Safari/537.36"
178.95.106.164 - - [09/Jun/2026:17:57:09 +0200] "GET /wp-content/plugins/elementor/assets/lib/font-awesome/css/fontawesome.css?ver=5.15.3 HTTP/2.0" 200 12535 "https://reggio-emilia.elettroservicegroup.it/assistenza-miele-reggio-emilia/" "Mozilla/5.0 (Linux; Android 8.0; Pixel 2 Build/OPD3.170816.012) AppleWebKit/537.36 (KHTML, like Gecko) Chrome/52.0.8513.1277 Mobile Safari/537.36"
65.108.235.243 - - [09/Jun/2026:17:57:08 +0200] "GET /assistenza-rex-electrolux-santilario-denza/ HTTP/1.1" 200 24891 "-" "WP Fastest Cache Preload Bot"
178.95.106.164 - - [09/Jun/2026:17:57:09 +0200] "GET /wp-content/plugins/elementor/assets/lib/font-awesome/css/solid.css?ver=5.15.3 HTTP/2.0" 200 299 "https://reggio-emilia.elettroservicegroup.it/assistenza-miele-reggio-emilia/" "Mozilla/5.0 (Linux; Android 8.0; Pixel 2 Build/OPD3.170816.012) AppleWebKit/537.36 (KHTML, like Gecko) Chrome/52.0.8513.1277 Mobile Safari/537.36"
178.95.106.164 - - [09/Jun/2026:17:57:09 +0200] "GET /wp-content/uploads/elementor/google-fonts/css/robotoslab.css?ver=1742255003 HTTP/2.0" 200 721 "https://reggio-emilia.elettroservicegroup.it/assistenza-miele-reggio-emilia/" "Mozilla/5.0 (Linux; Android 8.0; Pixel 2 Build/OPD3.170816.012) AppleWebKit/537.36 (KHTML, like Gecko) Chrome/52.0.8513.1277 Mobile Safari/537.36"
178.95.106.164 - - [09/Jun/2026:17:57:09 +0200] "GET /wp-content/uploads/elementor/google-fonts/css/roboto.css?ver=1742255001 HTTP/2.0" 200 1890 "https://reggio-emilia.elettroservicegroup.it/assistenza-miele-reggio-emilia/" "Mozilla/5.0 (Linux; Android 8.0; Pixel 2 Build/OPD3.170816.012) AppleWebKit/537.36 (KHTML, like Gecko) Chrome/52.0.8513.1277 Mobile Safari/537.36"
65.108.235.243 - - [09/Jun/2026:17:57:09 +0200] "GET /assistenza-rex-electrolux-guastalla/ HTTP/1.1" 200 24822 "-" "WP Fastest Cache Preload Bot"
178.95.106.164 - - [09/Jun/2026:17:57:11 +0200] "GET /wp-content/uploads/2022/08/copertina-Riparazione_Lavastoviglie-1-1.jpg HTTP/2.0" 206 500 "https://reggio-emilia.elettroservicegroup.it/assistenza-miele-reggio-emilia/" "Mozilla/5.0 (Linux; Android 8.0; Pixel 2 Build/OPD3.170816.012) AppleWebKit/537.36 (KHTML, like Gecko) Chrome/52.0.8513.1277 Mobile Safari/537.36"
178.95.106.164 - - [09/Jun/2026:17:57:11 +0200] "GET /wp-content/uploads/2022/01/ASCIUGATRICE-TECNIC.jpg HTTP/2.0" 206 500 "https://reggio-emilia.elettroservicegroup.it/assistenza-miele-reggio-emilia/" "Mozilla/5.0 (Linux; Android 8.0; Pixel 2 Build/OPD3.170816.012) AppleWebKit/537.36 (KHTML, like Gecko) Chrome/52.0.8513.1277 Mobile Safari/537.36"
65.108.235.243 - - [09/Jun/2026:18:08:06 +0200] "POST /wp-cron.php?doing_wp_cron=1781021286.2583489418029785156250 HTTP/1.1" 200 1 "-" "WordPress/7.0; https://reggio-emilia.elettroservicegroup.it"
216.73.216.213 - - [09/Jun/2026:18:08:03 +0200] "GET /sitemap.xml HTTP/2.0" 200 338 "-" "Mozilla/5.0 AppleWebKit/537.36 (KHTML, like Gecko; compatible; ClaudeBot/1.0; +claudebot@anthropic.com)"
65.108.235.243 - - [09/Jun/2026:18:08:10 +0200] "GET /assistenza-rex-electrolux-correggio/ HTTP/1.1" 200 24819 "-" "WP Fastest Cache Preload Bot"
65.108.235.243 - - [09/Jun/2026:18:08:14 +0200] "GET /assistenza-rex-electrolux-reggio-emilia/ HTTP/1.1" 200 24817 "-" "WP Fastest Cache Preload Bot"
65.108.235.243 - - [09/Jun/2026:18:08:17 +0200] "GET /assistenza-miele-rubiera/ HTTP/1.1" 200 24750 "-" "WP Fastest Cache Preload Bot"
65.108.235.243 - - [09/Jun/2026:18:08:21 +0200] "GET /assistenza-miele-scandiano/ HTTP/1.1" 200 24741 "-" "WP Fastest Cache Preload Bot"
65.108.235.243 - - [09/Jun/2026:18:09:38 +0200] "POST /wp-cron.php?doing_wp_cron=1781021378.8479990959167480468750 HTTP/1.1" 200 1 "-" "WordPress/7.0; https://reggio-emilia.elettroservicegroup.it"
66.249.93.132 - - [09/Jun/2026:18:09:37 +0200] "GET /.well-known/traffic-advice HTTP/1.1" 404 17937 "-" "Chrome Privacy Preserving Prefetch Proxy"
72.14.201.22 - - [09/Jun/2026:18:09:37 +0200] "GET /assistenza-lavatrici-reggio-emilia/ HTTP/2.0" 200 25838 "https://www.google.com/" "Mozilla/5.0 (Linux; Android 10; K) AppleWebKit/537.36 (KHTML, like Gecko) Chrome/126.0.0.0 Mobile Safari/537.36"
65.108.235.243 - - [09/Jun/2026:18:12:29 +0200] "POST /wp-cron.php?doing_wp_cron=1781021549.5361130237579345703125 HTTP/1.1" 200 1 "-" "WordPress/7.0; https://reggio-emilia.elettroservicegroup.it"
47.128.111.117 - - [09/Jun/2026:18:12:19 +0200] "GET /assistenza-miele-reggio-emilia/ HTTP/2.0" 200 24935 "-" "Mozilla/5.0 (Linux; Android 5.0) AppleWebKit/537.36 (KHTML, like Gecko) Mobile Safari/537.36 (compatible; TikTokSpider; ttspider-feedback@tiktok.com)"
65.108.235.243 - - [09/Jun/2026:18:12:32 +0200] "GET /assistenza-miele-santilario-denza/ HTTP/1.1" 200 24813 "-" "WP Fastest Cache Preload Bot"
65.108.235.243 - - [09/Jun/2026:18:12:36 +0200] "GET /assistenza-miele-guastalla/ HTTP/1.1" 200 24744 "-" "WP Fastest Cache Preload Bot"
65.108.235.243 - - [09/Jun/2026:18:12:41 +0200] "GET /assistenza-miele-correggio/ HTTP/1.1" 200 24739 "-" "WP Fastest Cache Preload Bot"
65.108.235.243 - - [09/Jun/2026:18:12:45 +0200] "GET /assistenza-miele-reggio-emilia/ HTTP/1.1" 200 24738 "-" "WP Fastest Cache Preload Bot"
65.108.235.243 - - [09/Jun/2026:18:16:08 +0200] "POST /wp-cron.php?doing_wp_cron=1781021768.4265499114990234375000 HTTP/1.1" 200 1 "-" "WordPress/7.0; https://reggio-emilia.elettroservicegroup.it"
66.249.70.199 - - [09/Jun/2026:18:16:06 +0200] "GET /robots.txt HTTP/1.1" 200 110 "-" "Mozilla/5.0 (compatible; Googlebot/2.1; +http://www.google.com/bot.html)"
74.125.151.199 - - [09/Jun/2026:18:16:08 +0200] "GET /wp-content/plugins/elementor/assets/css/widget-icon-list.min.css?ver=3.24.3 HTTP/1.1" 200 928 "https://reggio-emilia.elettroservicegroup.it/assistenza-lavastoviglie-rex-electrolux-rubiera/" "AdsBot-Google (+http://www.google.com/adsbot.html)"
74.125.151.201 - - [09/Jun/2026:18:16:09 +0200] "GET /wp-content/plugins/elementor/assets/css/widget-spacer.min.css?ver=4.1.1 HTTP/1.1" 200 287 "https://reggio-emilia.elettroservicegroup.it/assistenza-lavastoviglie-rex-electrolux-rubiera/" "AdsBot-Google (+http://www.google.com/adsbot.html)"
74.125.151.199 - - [09/Jun/2026:18:16:09 +0200] "GET /wp-content/plugins/header-footer-elementor/assets/css/header-footer-elementor.css?ver=2.8.8 HTTP/1.1" 200 260 "https://reggio-emilia.elettroservicegroup.it/assistenza-lavastoviglie-rex-electrolux-rubiera/" "AdsBot-Google (+http://www.google.com/adsbot.html)"
65.108.235.243 - - [09/Jun/2026:18:16:08 +0200] "GET /assistenza-lavatrici-rex-electrolux-rubiera/ HTTP/1.1" 200 24784 "-" "WP Fastest Cache Preload Bot"
74.125.151.200 - - [09/Jun/2026:18:16:09 +0200] "GET /wp-content/plugins/elementor/assets/css/widget-image.min.css?ver=4.1.1 HTTP/1.1" 200 96 "https://reggio-emilia.elettroservicegroup.it/assistenza-lavastoviglie-rex-electrolux-rubiera/" "AdsBot-Google (+http://www.google.com/adsbot.html)"
74.125.151.199 - - [09/Jun/2026:18:16:09 +0200] "GET /wp-includes/js/jquery/jquery.min.js?ver=3.7.1 HTTP/1.1" 200 29769 "https://reggio-emilia.elettroservicegroup.it/assistenza-lavastoviglie-rex-electrolux-rubiera/" "AdsBot-Google (+http://www.google.com/adsbot.html)"
65.108.235.243 - - [09/Jun/2026:18:16:09 +0200] "GET /assistenza-lavatrici-whirlpool-rubiera/ HTTP/1.1" 200 24909 "-" "WP Fastest Cache Preload Bot"
74.125.151.199 - - [09/Jun/2026:18:16:10 +0200] "GET /wp-content/plugins/elementor/assets/lib/eicons/css/elementor-icons.min.css?ver=5.34.0 HTTP/1.1" 200 4115 "https://reggio-emilia.elettroservicegroup.it/assistenza-lavastoviglie-rex-electrolux-rubiera/" "AdsBot-Google (+http://www.google.com/adsbot.html)"
65.108.235.243 - - [09/Jun/2026:18:16:10 +0200] "GET /assistenza-lavatrici-whirlpool-scandiano/ HTTP/1.1" 200 24915 "-" "WP Fastest Cache Preload Bot"
74.125.151.199 - - [09/Jun/2026:18:16:11 +0200] "GET /wp-includes/js/jquery/jquery-migrate.min.js?ver=3.4.1 HTTP/1.1" 200 4685 "https://reggio-emilia.elettroservicegroup.it/assistenza-lavastoviglie-rex-electrolux-rubiera/" "AdsBot-Google (+http://www.google.com/adsbot.html)"
65.108.235.243 - - [09/Jun/2026:18:16:11 +0200] "GET /assistenza-lavatrici-whirlpool-santilario-denza/ HTTP/1.1" 200 25008 "-" "WP Fastest Cache Preload Bot"
74.125.151.200 - - [09/Jun/2026:18:16:12 +0200] "GET /wp-content/plugins/gp-premium/menu-plus/functions/js/sticky.min.js?ver=2.5.5 HTTP/1.1" 200 2670 "https://reggio-emilia.elettroservicegroup.it/assistenza-lavastoviglie-rex-electrolux-rubiera/" "AdsBot-Google (+http://www.google.com/adsbot.html)"
74.125.151.200 - - [09/Jun/2026:18:16:12 +0200] "GET /wp-content/plugins/elementor/assets/css/widget-heading.min.css?ver=4.1.1 HTTP/1.1" 200 127 "https://reggio-emilia.elettroservicegroup.it/assistenza-lavastoviglie-rex-electrolux-rubiera/" "AdsBot-Google (+http://www.google.com/adsbot.html)"
74.125.151.200 - - [09/Jun/2026:18:16:13 +0200] "GET /wp-content/plugins/elementor/assets/lib/font-awesome/css/brands.css?ver=5.15.3 HTTP/1.1" 200 298 "https://reggio-emilia.elettroservicegroup.it/assistenza-lavastoviglie-rex-electrolux-rubiera/" "AdsBot-Google (+http://www.google.com/adsbot.html)"
74.125.151.199 - - [09/Jun/2026:18:16:13 +0200] "GET /wp-content/uploads/elementor/css/post-14146.css?ver=1780586498 HTTP/1.1" 200 428 "https://reggio-emilia.elettroservicegroup.it/assistenza-lavastoviglie-rex-electrolux-rubiera/" "AdsBot-Google (+http://www.google.com/adsbot.html)"
74.125.151.199 - - [09/Jun/2026:18:16:14 +0200] "GET /wp-content/plugins/header-footer-elementor/inc/widgets-css/frontend.css?ver=2.8.8 HTTP/1.1" 200 8711 "https://reggio-emilia.elettroservicegroup.it/assistenza-lavastoviglie-rex-electrolux-rubiera/" "AdsBot-Google (+http://www.google.com/adsbot.html)"
74.125.151.200 - - [09/Jun/2026:18:16:14 +0200] "GET /wp-content/plugins/elementor/assets/js/webpack.runtime.min.js?ver=4.1.1 HTTP/1.1" 200 2340 "https://reggio-emilia.elettroservicegroup.it/assistenza-lavastoviglie-rex-electrolux-rubiera/" "AdsBot-Google (+http://www.google.com/adsbot.html)"
74.125.151.199 - - [09/Jun/2026:18:16:15 +0200] "GET /wp-content/plugins/elementor/assets/lib/font-awesome/css/all.min.css?ver=4.1.1 HTTP/1.1" 200 12402 "https://reggio-emilia.elettroservicegroup.it/assistenza-lavastoviglie-rex-electrolux-rubiera/" "AdsBot-Google (+http://www.google.com/adsbot.html)"
74.125.151.199 - - [09/Jun/2026:18:16:16 +0200] "GET /wp-content/plugins/gp-premium/menu-plus/functions/css/navigation-branding-flex.min.css?ver=2.5.5 HTTP/1.1" 200 542 "https://reggio-emilia.elettroservicegroup.it/assistenza-lavastoviglie-rex-electrolux-rubiera/" "AdsBot-Google (+http://www.google.com/adsbot.html)"
74.125.151.199 - - [09/Jun/2026:18:16:16 +0200] "GET /wp-content/uploads/elementor/google-fonts/css/robotoslab.css?ver=1742255003 HTTP/1.1" 200 721 "https://reggio-emilia.elettroservicegroup.it/assistenza-lavastoviglie-rex-electrolux-rubiera/" "AdsBot-Google (+http://www.google.com/adsbot.html)"
74.125.151.199 - - [09/Jun/2026:18:16:17 +0200] "GET /wp-content/themes/generatepress/assets/css/main.min.css?ver=3.6.1 HTTP/1.1" 200 4410 "https://reggio-emilia.elettroservicegroup.it/assistenza-lavastoviglie-rex-electrolux-rubiera/" "AdsBot-Google (+http://www.google.com/adsbot.html)"
74.125.151.199 - - [09/Jun/2026:18:16:17 +0200] "GET /wp-content/plugins/elementor/assets/lib/font-awesome/css/solid.css?ver=5.15.3 HTTP/1.1" 200 299 "https://reggio-emilia.elettroservicegroup.it/assistenza-lavastoviglie-rex-electrolux-rubiera/" "AdsBot-Google (+http://www.google.com/adsbot.html)"
74.125.151.199 - - [09/Jun/2026:18:16:18 +0200] "GET /wp-content/uploads/elementor/css/post-14366.css?ver=1780586500 HTTP/1.1" 200 302 "https://reggio-emilia.elettroservicegroup.it/assistenza-lavastoviglie-rex-electrolux-rubiera/" "AdsBot-Google (+http://www.google.com/adsbot.html)"
74.125.151.199 - - [09/Jun/2026:18:16:18 +0200] "GET /wp-content/plugins/elementor/assets/css/frontend.min.css?ver=4.1.1 HTTP/1.1" 200 6618 "https://reggio-emilia.elettroservicegroup.it/assistenza-lavastoviglie-rex-electrolux-rubiera/" "AdsBot-Google (+http://www.google.com/adsbot.html)"
74.125.151.199 - - [09/Jun/2026:18:16:19 +0200] "GET /wp-content/plugins/elementor/assets/lib/font-awesome/css/fontawesome.css?ver=5.15.3 HTTP/1.1" 200 12535 "https://reggio-emilia.elettroservicegroup.it/assistenza-lavastoviglie-rex-electrolux-rubiera/" "AdsBot-Google (+http://www.google.com/adsbot.html)"
74.125.151.199 - - [09/Jun/2026:18:16:19 +0200] "GET /wp-content/plugins/elementor/assets/lib/animations/styles/zoomIn.min.css?ver=4.1.1 HTTP/1.1" 200 87 "https://reggio-emilia.elettroservicegroup.it/assistenza-lavastoviglie-rex-electrolux-rubiera/" "AdsBot-Google (+http://www.google.com/adsbot.html)"
74.125.151.199 - - [09/Jun/2026:18:16:20 +0200] "GET /wp-content/plugins/elementor/assets/css/widget-social-icons.min.css?ver=3.24.0 HTTP/1.1" 200 1039 "https://reggio-emilia.elettroservicegroup.it/assistenza-lavastoviglie-rex-electrolux-rubiera/" "AdsBot-Google (+http://www.google.com/adsbot.html)"
74.125.151.199 - - [09/Jun/2026:18:16:20 +0200] "GET /wp-content/uploads/elementor/google-fonts/css/roboto.css?ver=1742255001 HTTP/1.1" 200 1890 "https://reggio-emilia.elettroservicegroup.it/assistenza-lavastoviglie-rex-electrolux-rubiera/" "AdsBot-Google (+http://www.google.com/adsbot.html)"
74.125.151.199 - - [09/Jun/2026:18:16:21 +0200] "GET /wp-content/plugins/elementor/assets/lib/font-awesome/css/v4-shims.min.css?ver=4.1.1 HTTP/1.1" 200 3986 "https://reggio-emilia.elettroservicegroup.it/assistenza-lavastoviglie-rex-electrolux-rubiera/" "AdsBot-Google (+http://www.google.com/adsbot.html)"
74.125.151.199 - - [09/Jun/2026:18:16:21 +0200] "GET /wp-content/plugins/elementor/assets/lib/font-awesome/js/v4-shims.min.js?ver=4.1.1 HTTP/1.1" 200 4043 "https://reggio-emilia.elettroservicegroup.it/assistenza-lavastoviglie-rex-electrolux-rubiera/" "AdsBot-Google (+http://www.google.com/adsbot.html)"
74.125.151.199 - - [09/Jun/2026:18:16:22 +0200] "GET /wp-content/plugins/complianz-gdpr-premium/assets/css/cookieblocker.min.css?ver=1780326507 HTTP/1.1" 200 615 "https://reggio-emilia.elettroservicegroup.it/assistenza-lavastoviglie-rex-electrolux-rubiera/" "AdsBot-Google (+http://www.google.com/adsbot.html)"
74.125.151.199 - - [09/Jun/2026:18:16:22 +0200] "GET /wp-content/plugins/elementor/assets/lib/animations/styles/bounceIn.min.css?ver=4.1.1 HTTP/1.1" 200 186 "https://reggio-emilia.elettroservicegroup.it/assistenza-lavastoviglie-rex-electrolux-rubiera/" "AdsBot-Google (+http://www.google.com/adsbot.html)"
65.108.235.243 - - [09/Jun/2026:18:16:23 +0200] "POST /wp-cron.php?doing_wp_cron=1781021783.3582429885864257812500 HTTP/1.1" 200 1 "-" "WordPress/7.0; https://reggio-emilia.elettroservicegroup.it"
74.125.151.199 - - [09/Jun/2026:18:16:23 +0200] "GET /wp-content/uploads/elementor/css/post-17755.css?ver=1780586500 HTTP/1.1" 404 19263 "https://reggio-emilia.elettroservicegroup.it/assistenza-lavastoviglie-rex-electrolux-rubiera/" "AdsBot-Google (+http://www.google.com/adsbot.html)"
74.125.151.199 - - [09/Jun/2026:18:16:23 +0200] "GET /wp-content/plugins/all-in-one-seo-pack/dist/Lite/assets/css/table-of-contents/global.e90f6d47.css?ver=4.9.7.2 HTTP/1.1" 200 420 "https://reggio-emilia.elettroservicegroup.it/assistenza-lavastoviglie-rex-electrolux-rubiera/" "AdsBot-Google (+http://www.google.com/adsbot.html)"
74.125.151.199 - - [09/Jun/2026:18:16:24 +0200] "GET /wp-content/plugins/elementor/assets/js/frontend-modules.min.js?ver=4.1.1 HTTP/1.1" 200 15454 "https://reggio-emilia.elettroservicegroup.it/assistenza-lavastoviglie-rex-electrolux-rubiera/" "AdsBot-Google (+http://www.google.com/adsbot.html)"
74.125.151.199 - - [09/Jun/2026:18:16:24 +0200] "GET /wp-includes/js/jquery/ui/core.min.js?ver=1.13.3 HTTP/1.1" 200 6820 "https://reggio-emilia.elettroservicegroup.it/assistenza-lavastoviglie-rex-electrolux-rubiera/" "AdsBot-Google (+http://www.google.com/adsbot.html)"
74.125.151.199 - - [09/Jun/2026:18:16:25 +0200] "GET /wp-content/themes/generatepress/assets/js/back-to-top.min.js?ver=3.6.1 HTTP/1.1" 200 336 "https://reggio-emilia.elettroservicegroup.it/assistenza-lavastoviglie-rex-electrolux-rubiera/" "AdsBot-Google (+http://www.google.com/adsbot.html)"
74.125.151.199 - - [09/Jun/2026:18:16:25 +0200] "GET /wp-content/themes/generatepress/assets/js/menu.min.js?ver=3.6.1 HTTP/1.1" 200 1688 "https://reggio-emilia.elettroservicegroup.it/assistenza-lavastoviglie-rex-electrolux-rubiera/" "AdsBot-Google (+http://www.google.com/adsbot.html)"
74.125.151.199 - - [09/Jun/2026:18:16:26 +0200] "GET /wp-content/plugins/complianz-gdpr-premium/cookiebanner/js/complianz.min.js?ver=1780326507 HTTP/1.1" 200 10708 "https://reggio-emilia.elettroservicegroup.it/assistenza-lavastoviglie-rex-electrolux-rubiera/" "AdsBot-Google (+http://www.google.com/adsbot.html)"
74.125.151.199 - - [09/Jun/2026:18:16:26 +0200] "GET /wp-content/plugins/elementor/assets/js/frontend.min.js?ver=4.1.1 HTTP/1.1" 200 10140 "https://reggio-emilia.elettroservicegroup.it/assistenza-lavastoviglie-rex-electrolux-rubiera/" "AdsBot-Google (+http://www.google.com/adsbot.html)"
74.125.151.199 - - [09/Jun/2026:18:16:27 +0200] "GET /wp-content/plugins/google-analytics-for-wordpress/assets/js/frontend-gtag.min.js?ver=10.2.2 HTTP/1.1" 200 3075 "https://reggio-emilia.elettroservicegroup.it/assistenza-lavastoviglie-rex-electrolux-rubiera/" "AdsBot-Google (+http://www.google.com/adsbot.html)"
74.125.151.199 - - [09/Jun/2026:18:16:27 +0200] "GET /wp-content/uploads/elementor/google-fonts/fonts/roboto-kfo7cnqeu92fr1me7ksn66agldtyluama3yuba.woff2 HTTP/1.1" 304 - "https://reggio-emilia.elettroservicegroup.it/wp-content/uploads/elementor/google-fonts/css/roboto.css?ver=1742255001" "AdsBot-Google (+http://www.google.com/adsbot.html)"
74.125.151.199 - - [09/Jun/2026:18:16:28 +0200] "GET /wp-content/uploads/elementor/google-fonts/fonts/robotoslab-bngmuxzytxpivibgjjsb6ufn5qu.woff2 HTTP/1.1" 304 - "https://reggio-emilia.elettroservicegroup.it/wp-content/uploads/elementor/google-fonts/css/robotoslab.css?ver=1742255003" "AdsBot-Google (+http://www.google.com/adsbot.html)"
74.125.151.199 - - [09/Jun/2026:18:16:28 +0200] "GET /wp-json/complianz/v1/banner?lang=it&locale=it_IT&token=lcps HTTP/1.1" 200 84 "https://reggio-emilia.elettroservicegroup.it/assistenza-lavastoviglie-rex-electrolux-rubiera/" "AdsBot-Google (+http://www.google.com/adsbot.html)"
74.125.151.199 - - [09/Jun/2026:18:16:29 +0200] "GET /wp-content/uploads/complianz/css/banner-1-optin.css?v=511 HTTP/1.1" 200 2622 "https://reggio-emilia.elettroservicegroup.it/assistenza-lavastoviglie-rex-electrolux-rubiera/" "AdsBot-Google (+http://www.google.com/adsbot.html)"
74.125.151.199 - - [09/Jun/2026:18:16:29 +0200] "GET /wp-json/complianz/v1/cookie_data HTTP/1.1" 200 82 "https://reggio-emilia.elettroservicegroup.it/assistenza-lavastoviglie-rex-electrolux-rubiera/" "AdsBot-Google (+http://www.google.com/adsbot.html)"
74.125.151.199 - - [09/Jun/2026:18:16:30 +0200] "GET /wp-content/plugins/elementor/assets/js/text-editor.45609661e409413f1cef.bundle.min.js HTTP/1.1" 200 592 "https://reggio-emilia.elettroservicegroup.it/assistenza-lavastoviglie-rex-electrolux-rubiera/" "AdsBot-Google (+http://www.google.com/adsbot.html)"
74.125.151.199 - - [09/Jun/2026:18:16:31 +0200] "GET /wp-content/plugins/elementor/assets/js/shared-frontend-handlers.03caa53373b56d3bab67.bundle.min.js HTTP/1.1" 200 2515 "https://reggio-emilia.elettroservicegroup.it/assistenza-lavastoviglie-rex-electrolux-rubiera/" "AdsBot-Google (+http://www.google.com/adsbot.html)"
74.125.151.199 - - [09/Jun/2026:18:16:33 +0200] "GET /wp-content/plugins/elementor/assets/js/section-frontend-handlers.d85ab872da118940910d.bundle.min.js HTTP/1.1" 200 230 "https://reggio-emilia.elettroservicegroup.it/assistenza-lavastoviglie-rex-electrolux-rubiera/" "AdsBot-Google (+http://www.google.com/adsbot.html)"
65.108.235.243 - - [09/Jun/2026:18:27:47 +0200] "POST /wp-cron.php?doing_wp_cron=1781022467.1442739963531494140625 HTTP/1.1" 200 1 "-" "WordPress/7.0; https://reggio-emilia.elettroservicegroup.it"
43.165.68.41 - - [09/Jun/2026:18:27:40 +0200] "GET / HTTP/1.1" 200 27727 "-" "Mozilla/5.0 (iPhone; CPU iPhone OS 18_3_2 like Mac OS X) AppleWebKit/605.1.15 (KHTML, like Gecko) Version/18.3.1 Mobile/15E148 Safari/604.1"
65.108.235.243 - - [09/Jun/2026:18:27:50 +0200] "GET /assistenza-lavatrici-rex-electrolux-scandiano/ HTTP/1.1" 200 24791 "-" "WP Fastest Cache Preload Bot"
65.108.235.243 - - [09/Jun/2026:18:27:54 +0200] "GET /assistenza-lavatrici-whirlpool-guastalla/ HTTP/1.1" 200 24915 "-" "WP Fastest Cache Preload Bot"
65.108.235.243 - - [09/Jun/2026:18:27:56 +0200] "GET /assistenza-lavatrici-whirlpool-correggio/ HTTP/1.1" 200 24912 "-" "WP Fastest Cache Preload Bot"
65.108.235.243 - - [09/Jun/2026:18:27:57 +0200] "GET /assistenza-lavatrici-whirlpool-reggio-emilia/ HTTP/1.1" 200 24921 "-" "WP Fastest Cache Preload Bot"
65.108.235.243 - - [09/Jun/2026:18:28:33 +0200] "POST /wp-cron.php?doing_wp_cron=1781022513.3811750411987304687500 HTTP/1.1" 200 1 "-" "WordPress/7.0; https://reggio-emilia.elettroservicegroup.it"
180.254.227.88 - - [09/Jun/2026:18:28:30 +0200] "GET /assistenza-miele-reggio-emilia/ HTTP/2.0" 200 24935 "-" "Mozilla/5.0 (Linux; Android 5.0; SM-G900P Build/LRX21T) AppleWebKit/537.36 (KHTML, like Gecko) Chrome/44.0.8445.1237 Mobile Safari/537.36"
34.101.84.106 - - [09/Jun/2026:18:28:47 +0200] "GET /.git/config HTTP/1.1" 301 - "-" "Mozilla/5.0 (SymbianOS/9.1; U; en-us) AppleWebKit/413 (KHTML, like Gecko) Safari/413 es70"
114.119.130.67 - - [09/Jun/2026:18:28:54 +0200] "GET /assistenza-lavatrici/riparazione-1 HTTP/1.1" 301 1 "https://reggio-emilia.elettroservicegroup.it/assistenza-lavatrici/riparazione-1" "Mozilla/5.0 (Linux; Android 7.0;) AppleWebKit/537.36 (HTML, like Gecko) Mobile Safari/537.36 (compatible; PetalBot;+https://webmaster.petalsearch.com/site/petalbot)"
114.119.130.67 - - [09/Jun/2026:18:28:55 +0200] "GET /assistenza-lavatrici/riparazione-1/ HTTP/1.1" 200 18989 "https://reggio-emilia.elettroservicegroup.it/assistenza-lavatrici/riparazione-1" "Mozilla/5.0 (Linux; Android 7.0;) AppleWebKit/537.36 (HTML, like Gecko) Mobile Safari/537.36 (compatible; PetalBot;+https://webmaster.petalsearch.com/site/petalbot)"
65.108.235.243 - - [09/Jun/2026:18:30:19 +0200] "POST /wp-cron.php?doing_wp_cron=1781022619.4321730136871337890625 HTTP/1.1" 200 1 "-" "WordPress/7.0; https://reggio-emilia.elettroservicegroup.it"
114.119.154.115 - - [09/Jun/2026:18:30:17 +0200] "GET /assistenza-lavatrici/riparaz-2/ HTTP/1.1" 200 18979 "https://reggio-emilia.elettroservicegroup.it/assistenza-lavatrici/riparaz-2" "Mozilla/5.0 (Linux; Android 7.0;) AppleWebKit/537.36 (HTML, like Gecko) Mobile Safari/537.36 (compatible; PetalBot;+https://webmaster.petalsearch.com/site/petalbot)"
65.108.235.243 - - [09/Jun/2026:18:31:40 +0200] "POST /wp-cron.php?doing_wp_cron=1781022700.9614970684051513671875 HTTP/1.1" 200 1 "-" "WordPress/7.0; https://reggio-emilia.elettroservicegroup.it"
114.119.154.115 - - [09/Jun/2026:18:31:40 +0200] "GET /assistenza-lavatrici/riparaz-2 HTTP/1.1" 301 1 "https://reggio-emilia.elettroservicegroup.it/assistenza-lavatrici/riparaz-2" "Mozilla/5.0 (Linux; Android 7.0;) AppleWebKit/537.36 (HTML, like Gecko) Mobile Safari/537.36 (compatible; PetalBot;+https://webmaster.petalsearch.com/site/petalbot)"
72.14.201.19 - - [09/Jun/2026:18:31:39 +0200] "GET /assistenza-bosch-reggio-emilia/ HTTP/2.0" 200 24693 "https://www.google.com/" "Mozilla/5.0 (Windows NT 10.0; Win64; x64) AppleWebKit/537.36 (KHTML, like Gecko) Chrome/149.0.0.0 Safari/537.36"
65.108.235.243 - - [09/Jun/2026:18:31:41 +0200] "GET /assistenza-lavatrici-rex-electrolux-santilario-denza/ HTTP/1.1" 200 24874 "-" "WP Fastest Cache Preload Bot"
114.119.154.115 - - [09/Jun/2026:18:31:42 +0200] "GET /assistenza-lavatrici/riparaz-2/ HTTP/1.1" 200 18979 "https://reggio-emilia.elettroservicegroup.it/assistenza-lavatrici/riparaz-2" "Mozilla/5.0 (Linux; Android 7.0;) AppleWebKit/537.36 (HTML, like Gecko) Mobile Safari/537.36 (compatible; PetalBot;+https://webmaster.petalsearch.com/site/petalbot)"
65.108.235.243 - - [09/Jun/2026:18:31:41 +0200] "GET /assistenza-lavatrici-smeg-rubiera/ HTTP/1.1" 200 24784 "-" "WP Fastest Cache Preload Bot"
65.108.235.243 - - [09/Jun/2026:18:31:43 +0200] "GET /assistenza-lavatrici-smeg-scandiano/ HTTP/1.1" 200 24783 "-" "WP Fastest Cache Preload Bot"
65.108.235.243 - - [09/Jun/2026:18:31:45 +0200] "GET /assistenza-lavatrici-rex-electrolux-guastalla/ HTTP/1.1" 200 24793 "-" "WP Fastest Cache Preload Bot"
65.108.235.243 - - [09/Jun/2026:18:32:32 +0200] "POST /wp-cron.php?doing_wp_cron=1781022752.1598389148712158203125 HTTP/1.1" 200 1 "-" "WordPress/7.0; https://reggio-emilia.elettroservicegroup.it"
86.248.62.12 - - [09/Jun/2026:18:32:30 +0200] "GET / HTTP/2.0" 200 25445 "-" "Mozilla/5.0 (Linux; Android 5.0; SM-G900P Build/LRX21T) AppleWebKit/537.36 (KHTML, like Gecko) Chrome/47.0.7435.1290 Mobile Safari/537.36"
173.254.216.185 - - [09/Jun/2026:18:32:35 +0200] "GET /wp-content/uploads/2021/10/asko-e1634463631713-768x506.jpg HTTP/2.0" 206 500 "https://reggio-emilia.elettroservicegroup.it/" "Mozilla/5.0 (Linux; Android 5.0; SM-G900P Build/LRX21T) AppleWebKit/537.36 (KHTML, like Gecko) Chrome/47.0.7435.1290 Mobile Safari/537.36"
173.254.216.185 - - [09/Jun/2026:18:32:35 +0200] "GET /wp-content/uploads/2022/01/copertina-Riparazione_Lavastoviglie-.jpg HTTP/2.0" 206 500 "https://reggio-emilia.elettroservicegroup.it/" "Mozilla/5.0 (Linux; Android 5.0; SM-G900P Build/LRX21T) AppleWebKit/537.36 (KHTML, like Gecko) Chrome/47.0.7435.1290 Mobile Safari/537.36"
173.254.216.185 - - [09/Jun/2026:18:32:35 +0200] "GET /wp-content/uploads/2021/10/cropped-cropped-cropped-logo_white_background.png HTTP/2.0" 206 500 "https://reggio-emilia.elettroservicegroup.it/" "Mozilla/5.0 (Linux; Android 5.0; SM-G900P Build/LRX21T) AppleWebKit/537.36 (KHTML, like Gecko) Chrome/47.0.7435.1290 Mobile Safari/537.36"
173.254.216.185 - - [09/Jun/2026:18:32:35 +0200] "GET /wp-content/uploads/2022/01/LAVATRICE-2.webp HTTP/2.0" 206 500 "https://reggio-emilia.elettroservicegroup.it/" "Mozilla/5.0 (Linux; Android 5.0; SM-G900P Build/LRX21T) AppleWebKit/537.36 (KHTML, like Gecko) Chrome/47.0.7435.1290 Mobile Safari/537.36"
173.254.216.185 - - [09/Jun/2026:18:32:35 +0200] "GET /wp-content/uploads/2021/10/Frigorifero-combinato-e1634459015932-768x502.jpg HTTP/2.0" 206 500 "https://reggio-emilia.elettroservicegroup.it/" "Mozilla/5.0 (Linux; Android 5.0; SM-G900P Build/LRX21T) AppleWebKit/537.36 (KHTML, like Gecko) Chrome/47.0.7435.1290 Mobile Safari/537.36"
173.254.216.185 - - [09/Jun/2026:18:32:35 +0200] "GET /wp-content/uploads/2021/10/forno-c-768x512.jpg HTTP/2.0" 206 500 "https://reggio-emilia.elettroservicegroup.it/" "Mozilla/5.0 (Linux; Android 5.0; SM-G900P Build/LRX21T) AppleWebKit/537.36 (KHTML, like Gecko) Chrome/47.0.7435.1290 Mobile Safari/537.36"
