66.249.64.169 - - [09/Jul/2026:14:05:36 +0200] "GET /?h=4942161561100 HTTP/1.1" 301 312 "-" "Mozilla/5.0 (Linux; Android 6.0.1; Nexus 5X Build/MMB29P) AppleWebKit/537.36 (KHTML, like Gecko) Chrome/150.0.7871.46 Mobile Safari/537.36 (compatible; Googlebot/2.1; +http://www.google.com/bot.html)"
66.249.64.170 - - [09/Jul/2026:14:05:36 +0200] "GET /index.php/?h=4942161561100 HTTP/1.1" 301 - "-" "Mozilla/5.0 (Linux; Android 6.0.1; Nexus 5X Build/MMB29P) AppleWebKit/537.36 (KHTML, like Gecko) Chrome/150.0.7871.46 Mobile Safari/537.36 (compatible; Googlebot/2.1; +http://www.google.com/bot.html)"
66.249.64.170 - - [09/Jul/2026:14:06:08 +0200] "GET /?h=15456852521100 HTTP/1.1" 301 313 "-" "Mozilla/5.0 (Linux; Android 6.0.1; Nexus 5X Build/MMB29P) AppleWebKit/537.36 (KHTML, like Gecko) Chrome/150.0.7871.46 Mobile Safari/537.36 (compatible; Googlebot/2.1; +http://www.google.com/bot.html)"
66.249.64.171 - - [09/Jul/2026:14:06:08 +0200] "GET /index.php/?h=15456852521100 HTTP/1.1" 301 - "-" "Mozilla/5.0 (Linux; Android 6.0.1; Nexus 5X Build/MMB29P) AppleWebKit/537.36 (KHTML, like Gecko) Chrome/150.0.7871.46 Mobile Safari/537.36 (compatible; Googlebot/2.1; +http://www.google.com/bot.html)"
66.249.64.169 - - [09/Jul/2026:14:06:16 +0200] "GET /shop/sold?id=top6414631281100 HTTP/1.1" 301 316 "-" "Mozilla/5.0 (Linux; Android 6.0.1; Nexus 5X Build/MMB29P) AppleWebKit/537.36 (KHTML, like Gecko) Chrome/150.0.7871.46 Mobile Safari/537.36 (compatible; Googlebot/2.1; +http://www.google.com/bot.html)"
66.249.64.170 - - [09/Jul/2026:14:06:16 +0200] "GET /index.php/?id=top6414631281100 HTTP/1.1" 301 - "-" "Mozilla/5.0 (Linux; Android 6.0.1; Nexus 5X Build/MMB29P) AppleWebKit/537.36 (KHTML, like Gecko) Chrome/150.0.7871.46 Mobile Safari/537.36 (compatible; Googlebot/2.1; +http://www.google.com/bot.html)"
62.106.67.131 - - [09/Jul/2026:14:06:27 +0200] "POST /xmlrpc.php HTTP/1.1" 403 52 "-" "curl/8.6.0"
62.106.67.131 - - [09/Jul/2026:14:06:27 +0200] "POST /xmlrpc.php HTTP/1.1" 403 52 "-" "curl/8.6.0"
62.106.67.131 - - [09/Jul/2026:14:06:28 +0200] "POST /xmlrpc.php HTTP/1.1" 403 52 "-" "curl/7.88.1"
62.106.67.131 - - [09/Jul/2026:14:06:28 +0200] "POST /xmlrpc.php HTTP/1.1" 403 52 "-" "curl/7.88.1"
62.106.67.131 - - [09/Jul/2026:14:06:29 +0200] "POST /xmlrpc.php HTTP/1.1" 403 52 "-" "Wget/1.21.4"
62.106.67.131 - - [09/Jul/2026:14:06:29 +0200] "POST /xmlrpc.php HTTP/1.1" 403 52 "-" "curl/7.88.1"
65.108.235.243 - - [09/Jul/2026:14:06:32 +0200] "POST /wp-cron.php?doing_wp_cron=1783598791.9855310916900634765625 HTTP/1.1" 200 1 "-" "WordPress/7.0; https://verona.elettroservicegroup.it"
94.76.142.205 - - [09/Jul/2026:14:06:30 +0200] "GET /wp-login.php HTTP/1.1" 200 3481 "-" "curl/7.88.1"
94.76.142.205 - - [09/Jul/2026:14:06:32 +0200] "POST /wp-login.php HTTP/1.1" 302 - "https://verona.elettroservicegroup.it/wp-login.php" "Wget/1.21.4"
65.108.235.243 - - [09/Jul/2026:14:06:32 +0200] "POST /wp-json/complianz/v1/wsc-scan HTTP/1.1" 301 296 "-" "WordPress/7.0; https://verona.elettroservicegroup.it"
65.108.235.243 - - [09/Jul/2026:14:06:32 +0200] "POST /index.php/ HTTP/1.1" 301 - "-" "WordPress/7.0; https://verona.elettroservicegroup.it"
65.108.235.243 - - [09/Jul/2026:14:06:32 +0200] "GET / HTTP/1.1" 301 296 "-" "WP Fastest Cache Preload Bot"
65.108.235.243 - - [09/Jul/2026:14:06:32 +0200] "GET /index.php/ HTTP/1.1" 301 - "-" "WP Fastest Cache Preload Bot"
94.76.142.205 - - [09/Jul/2026:14:06:33 +0200] "GET /wp-admin/ HTTP/1.1" 200 92296 "https://verona.elettroservicegroup.it/wp-login.php" "Wget/1.21.4"
94.76.142.205 - - [09/Jul/2026:14:06:34 +0200] "GET /wp-admin/plugins.php HTTP/1.1" 200 72090 "-" "Wget/1.21.4"
94.76.142.205 - - [09/Jul/2026:14:06:35 +0200] "HEAD /wp-admin/ HTTP/1.1" 302 - "-" "curl/7.88.1"
94.76.142.205 - - [09/Jul/2026:14:06:37 +0200] "HEAD /wp-login.php?redirect_to=https%3A%2F%2Fverona.elettroservicegroup.it%2Fwp-admin%2F&reauth=1 HTTP/1.1" 200 - "https://verona.elettroservicegroup.it/wp-admin/" "curl/7.88.1"
94.76.142.205 - - [09/Jul/2026:14:06:38 +0200] "GET /wp-admin/edit.php?post_type=shop_order HTTP/1.1" 500 2562 "-" "Wget/1.21.4"
94.76.142.205 - - [09/Jul/2026:14:06:38 +0200] "GET /wp-admin/admin.php?page=wc-orders HTTP/1.1" 403 2569 "-" "Wget/1.21.4"
94.76.142.205 - - [09/Jul/2026:14:06:39 +0200] "GET /wp-admin/admin.php?page=wc-reports&range=year HTTP/1.1" 403 2569 "-" "Wget/1.21.4"
94.76.142.205 - - [09/Jul/2026:14:06:40 +0200] "GET /wp-admin/admin.php?page=wc-reports&range=last_month HTTP/1.1" 403 2569 "-" "curl/8.6.0"
94.76.142.205 - - [09/Jul/2026:14:06:40 +0200] "GET /wp-admin/admin.php?page=wc-reports&range=month HTTP/1.1" 403 2569 "-" "curl/8.6.0"
94.76.142.205 - - [09/Jul/2026:14:06:41 +0200] "GET /wp-login.php HTTP/1.1" 200 3481 "-" "curl/8.6.0"
94.76.142.205 - - [09/Jul/2026:14:06:42 +0200] "POST /wp-login.php HTTP/1.1" 302 - "https://verona.elettroservicegroup.it/wp-login.php" "curl/8.6.0"
94.76.142.205 - - [09/Jul/2026:14:06:42 +0200] "GET /wp-admin/ HTTP/1.1" 200 92301 "https://verona.elettroservicegroup.it/wp-login.php" "curl/8.6.0"
94.76.142.205 - - [09/Jul/2026:14:06:43 +0200] "GET /wp-admin/edit.php?post_type=shop_order HTTP/1.1" 500 2562 "-" "curl/8.6.0"
94.76.142.205 - - [09/Jul/2026:14:06:43 +0200] "GET /wp-admin/admin.php?page=wc-orders HTTP/1.1" 403 2569 "-" "curl/8.6.0"
94.76.142.205 - - [09/Jul/2026:14:06:44 +0200] "GET /wp-admin/admin.php?page=wc-reports&range=year HTTP/1.1" 403 2569 "-" "Wget/1.21.4"
94.76.142.205 - - [09/Jul/2026:14:06:46 +0200] "GET /wp-admin/admin.php?page=wc-reports&range=last_month HTTP/1.1" 403 2569 "-" "Wget/1.21.4"
94.76.142.205 - - [09/Jul/2026:14:06:47 +0200] "GET /wp-admin/admin.php?page=wc-reports&range=month HTTP/1.1" 403 2569 "-" "curl/7.88.1"
94.76.159.41 - - [09/Jul/2026:14:06:47 +0200] "HEAD /wp-admin/ HTTP/1.1" 302 - "-" "Wget/1.21.4"
94.76.159.41 - - [09/Jul/2026:14:06:48 +0200] "HEAD /wp-login.php?redirect_to=https%3A%2F%2Fverona.elettroservicegroup.it%2Fwp-admin%2F&reauth=1 HTTP/1.1" 200 - "https://verona.elettroservicegroup.it/wp-admin/" "Wget/1.21.4"
94.76.159.41 - - [09/Jul/2026:14:06:49 +0200] "GET /wp-admin/admin.php?page=wc-orders HTTP/1.1" 403 2569 "-" "Wget/1.21.4"
94.76.159.41 - - [09/Jul/2026:14:06:49 +0200] "GET /wp-admin/edit.php?post_type=shop_order HTTP/1.1" 500 2562 "-" "Wget/1.21.4"
94.76.159.41 - - [09/Jul/2026:14:06:50 +0200] "GET /wp-admin/admin.php?page=wc-reports&range=year HTTP/1.1" 403 2569 "-" "curl/7.88.1"
94.76.159.41 - - [09/Jul/2026:14:06:50 +0200] "GET /wp-admin/admin.php?page=wc-reports&range=last_month HTTP/1.1" 403 2569 "-" "curl/8.6.0"
94.76.159.41 - - [09/Jul/2026:14:06:51 +0200] "GET /wp-admin/admin.php?page=wc-reports&range=month HTTP/1.1" 403 2569 "-" "curl/7.88.1"
94.76.159.41 - - [09/Jul/2026:14:06:51 +0200] "GET /wp-login.php HTTP/1.1" 200 3481 "-" "curl/8.6.0"
66.249.64.169 - - [09/Jul/2026:14:06:52 +0200] "GET /?h=29636805601100 HTTP/1.1" 301 313 "-" "Mozilla/5.0 (compatible; Googlebot/2.1; +http://www.google.com/bot.html)"
94.76.159.41 - - [09/Jul/2026:14:06:52 +0200] "POST /wp-login.php HTTP/1.1" 302 - "https://verona.elettroservicegroup.it/wp-login.php" "curl/8.6.0"
66.249.64.169 - - [09/Jul/2026:14:06:52 +0200] "GET /index.php/?h=29636805601100 HTTP/1.1" 301 - "-" "Mozilla/5.0 (compatible; Googlebot/2.1; +http://www.google.com/bot.html)"
94.76.159.41 - - [09/Jul/2026:14:06:53 +0200] "GET /wp-admin/ HTTP/1.1" 200 92289 "https://verona.elettroservicegroup.it/wp-login.php" "curl/8.6.0"
94.76.159.41 - - [09/Jul/2026:14:06:53 +0200] "GET /wp-admin/admin.php?page=wc-orders HTTP/1.1" 403 2569 "-" "curl/8.6.0"
94.76.159.41 - - [09/Jul/2026:14:06:53 +0200] "GET /wp-admin/edit.php?post_type=shop_order HTTP/1.1" 500 2562 "-" "curl/8.6.0"
94.76.159.41 - - [09/Jul/2026:14:06:54 +0200] "GET /wp-admin/admin.php?page=wc-reports&range=year HTTP/1.1" 403 2569 "-" "Wget/1.21.4"
66.249.64.169 - - [09/Jul/2026:14:06:55 +0200] "GET /?h=31031616721100 HTTP/1.1" 301 313 "-" "Mozilla/5.0 (Linux; Android 6.0.1; Nexus 5X Build/MMB29P) AppleWebKit/537.36 (KHTML, like Gecko) Chrome/150.0.7871.46 Mobile Safari/537.36 (compatible; Googlebot/2.1; +http://www.google.com/bot.html)"
66.249.64.169 - - [09/Jul/2026:14:06:56 +0200] "GET /index.php/?h=31031616721100 HTTP/1.1" 301 - "-" "Mozilla/5.0 (Linux; Android 6.0.1; Nexus 5X Build/MMB29P) AppleWebKit/537.36 (KHTML, like Gecko) Chrome/150.0.7871.46 Mobile Safari/537.36 (compatible; Googlebot/2.1; +http://www.google.com/bot.html)"
94.76.159.41 - - [09/Jul/2026:14:06:55 +0200] "GET /wp-admin/admin.php?page=wc-reports&range=last_month HTTP/1.1" 403 2569 "-" "curl/8.6.0"
94.76.159.41 - - [09/Jul/2026:14:06:56 +0200] "GET /wp-admin/admin.php?page=wc-reports&range=month HTTP/1.1" 403 2569 "-" "Wget/1.21.4"
66.249.64.171 - - [09/Jul/2026:14:07:13 +0200] "GET /?h=1484735041100 HTTP/1.1" 301 312 "-" "Mozilla/5.0 (compatible; Googlebot/2.1; +http://www.google.com/bot.html)"
66.249.64.171 - - [09/Jul/2026:14:07:13 +0200] "GET /index.php/?h=1484735041100 HTTP/1.1" 301 - "-" "Mozilla/5.0 (compatible; Googlebot/2.1; +http://www.google.com/bot.html)"
65.108.235.243 - - [09/Jul/2026:14:07:34 +0200] "POST /wp-cron.php?doing_wp_cron=1783598854.6825211048126220703125 HTTP/1.1" 200 1 "-" "WordPress/7.0; https://verona.elettroservicegroup.it"
94.76.142.205 - - [09/Jul/2026:14:07:31 +0200] "HEAD /wp-admin/ HTTP/1.1" 302 - "-" "Wget/1.21.4"
94.76.142.205 - - [09/Jul/2026:14:07:35 +0200] "HEAD /wp-login.php?redirect_to=https%3A%2F%2Fverona.elettroservicegroup.it%2Fwp-admin%2F&reauth=1 HTTP/1.1" 200 - "https://verona.elettroservicegroup.it/wp-admin/" "Wget/1.21.4"
94.76.142.205 - - [09/Jul/2026:14:07:36 +0200] "GET /wp-admin/admin.php?page=wc-orders HTTP/1.1" 403 2569 "-" "Wget/1.21.4"
94.76.142.205 - - [09/Jul/2026:14:07:36 +0200] "GET /wp-admin/edit.php?post_type=shop_order HTTP/1.1" 500 2562 "-" "Wget/1.21.4"
94.76.142.205 - - [09/Jul/2026:14:07:38 +0200] "GET /wp-admin/admin.php?page=wc-reports&range=year HTTP/1.1" 403 2569 "-" "curl/8.6.0"
94.76.142.205 - - [09/Jul/2026:14:07:40 +0200] "GET /wp-admin/admin.php?page=wc-reports&range=last_month HTTP/1.1" 403 2569 "-" "curl/8.6.0"
94.76.142.205 - - [09/Jul/2026:14:07:41 +0200] "GET /wp-admin/admin.php?page=wc-reports&range=month HTTP/1.1" 403 2569 "-" "curl/8.6.0"
94.76.142.205 - - [09/Jul/2026:14:07:43 +0200] "GET /wp-login.php HTTP/1.1" 200 3481 "-" "curl/7.88.1"
94.76.142.205 - - [09/Jul/2026:14:07:44 +0200] "POST /wp-login.php HTTP/1.1" 302 - "https://verona.elettroservicegroup.it/wp-login.php" "Wget/1.21.4"
94.76.142.205 - - [09/Jul/2026:14:07:46 +0200] "GET /wp-admin/ HTTP/1.1" 200 92293 "https://verona.elettroservicegroup.it/wp-login.php" "Wget/1.21.4"
94.76.142.205 - - [09/Jul/2026:14:07:48 +0200] "GET /wp-admin/admin.php?page=wc-orders HTTP/1.1" 403 2569 "-" "curl/7.88.1"
94.76.142.205 - - [09/Jul/2026:14:07:48 +0200] "GET /wp-admin/edit.php?post_type=shop_order HTTP/1.1" 500 2562 "-" "curl/7.88.1"
94.76.142.205 - - [09/Jul/2026:14:07:50 +0200] "GET /wp-admin/admin.php?page=wc-reports&range=year HTTP/1.1" 403 2569 "-" "curl/7.88.1"
94.76.142.205 - - [09/Jul/2026:14:07:52 +0200] "GET /wp-admin/admin.php?page=wc-reports&range=last_month HTTP/1.1" 403 2569 "-" "curl/7.88.1"
94.76.142.205 - - [09/Jul/2026:14:07:53 +0200] "GET /wp-admin/admin.php?page=wc-reports&range=month HTTP/1.1" 403 2569 "-" "Wget/1.21.4"
88.148.126.48 - - [09/Jul/2026:14:07:55 +0200] "HEAD /wp-admin/ HTTP/1.1" 302 - "-" "Wget/1.21.4"
88.148.126.48 - - [09/Jul/2026:14:07:56 +0200] "HEAD /wp-login.php?redirect_to=https%3A%2F%2Fverona.elettroservicegroup.it%2Fwp-admin%2F&reauth=1 HTTP/1.1" 200 - "https://verona.elettroservicegroup.it/wp-admin/" "Wget/1.21.4"
88.148.126.48 - - [09/Jul/2026:14:07:57 +0200] "GET /wp-admin/admin.php?page=wc-orders HTTP/1.1" 403 2569 "-" "Wget/1.21.4"
88.148.126.48 - - [09/Jul/2026:14:07:57 +0200] "GET /wp-admin/edit.php?post_type=shop_order HTTP/1.1" 500 2562 "-" "Wget/1.21.4"
88.148.126.48 - - [09/Jul/2026:14:07:59 +0200] "GET /wp-admin/admin.php?page=wc-reports&range=year HTTP/1.1" 403 2569 "-" "Wget/1.21.4"
88.148.126.48 - - [09/Jul/2026:14:07:59 +0200] "GET /wp-admin/admin.php?page=wc-reports&range=last_month HTTP/1.1" 403 2569 "-" "curl/8.6.0"
66.249.64.169 - - [09/Jul/2026:14:08:00 +0200] "GET /productSearch/pictureSearch?id=39639248201100 HTTP/1.1" 301 314 "-" "Mozilla/5.0 (Linux; Android 6.0.1; Nexus 5X Build/MMB29P) AppleWebKit/537.36 (KHTML, like Gecko) Chrome/150.0.7871.46 Mobile Safari/537.36 (compatible; Googlebot/2.1; +http://www.google.com/bot.html)"
88.148.126.48 - - [09/Jul/2026:14:08:00 +0200] "GET /wp-admin/admin.php?page=wc-reports&range=month HTTP/1.1" 403 2569 "-" "curl/8.6.0"
66.249.64.169 - - [09/Jul/2026:14:08:00 +0200] "GET /index.php/?id=39639248201100 HTTP/1.1" 301 - "-" "Mozilla/5.0 (Linux; Android 6.0.1; Nexus 5X Build/MMB29P) AppleWebKit/537.36 (KHTML, like Gecko) Chrome/150.0.7871.46 Mobile Safari/537.36 (compatible; Googlebot/2.1; +http://www.google.com/bot.html)"
88.148.126.48 - - [09/Jul/2026:14:08:01 +0200] "GET /wp-login.php HTTP/1.1" 200 3481 "-" "Wget/1.21.4"
88.148.126.48 - - [09/Jul/2026:14:08:01 +0200] "POST /wp-login.php HTTP/1.1" 302 - "https://verona.elettroservicegroup.it/wp-login.php" "curl/8.6.0"
88.148.126.48 - - [09/Jul/2026:14:08:03 +0200] "GET /wp-admin/ HTTP/1.1" 200 92286 "https://verona.elettroservicegroup.it/wp-login.php" "curl/8.6.0"
88.148.126.48 - - [09/Jul/2026:14:08:05 +0200] "GET /wp-admin/edit.php?post_type=shop_order HTTP/1.1" 500 2562 "-" "curl/8.6.0"
88.148.126.48 - - [09/Jul/2026:14:08:05 +0200] "GET /wp-admin/admin.php?page=wc-orders HTTP/1.1" 403 2569 "-" "Wget/1.21.4"
88.148.126.48 - - [09/Jul/2026:14:08:07 +0200] "GET /wp-admin/admin.php?page=wc-reports&range=year HTTP/1.1" 403 2569 "-" "curl/7.88.1"
88.148.126.48 - - [09/Jul/2026:14:08:09 +0200] "GET /wp-admin/admin.php?page=wc-reports&range=last_month HTTP/1.1" 403 2569 "-" "curl/8.6.0"
88.148.126.48 - - [09/Jul/2026:14:08:09 +0200] "GET /wp-admin/admin.php?page=wc-reports&range=month HTTP/1.1" 403 2569 "-" "curl/7.88.1"
66.249.64.170 - - [09/Jul/2026:14:09:16 +0200] "GET /productSearch/pictureSearch?id=17773898681100 HTTP/1.1" 301 314 "-" "Mozilla/5.0 (Linux; Android 6.0.1; Nexus 5X Build/MMB29P) AppleWebKit/537.36 (KHTML, like Gecko) Chrome/150.0.7871.46 Mobile Safari/537.36 (compatible; Googlebot/2.1; +http://www.google.com/bot.html)"
66.249.64.169 - - [09/Jul/2026:14:09:17 +0200] "GET /index.php/?id=17773898681100 HTTP/1.1" 301 - "-" "Mozilla/5.0 (Linux; Android 6.0.1; Nexus 5X Build/MMB29P) AppleWebKit/537.36 (KHTML, like Gecko) Chrome/150.0.7871.46 Mobile Safari/537.36 (compatible; Googlebot/2.1; +http://www.google.com/bot.html)"
66.249.64.169 - - [09/Jul/2026:14:10:03 +0200] "GET /?h=27843272401100 HTTP/1.1" 301 313 "-" "Mozilla/5.0 (compatible; Googlebot/2.1; +http://www.google.com/bot.html)"
66.249.64.169 - - [09/Jul/2026:14:10:03 +0200] "GET /index.php/?h=27843272401100 HTTP/1.1" 301 - "-" "Mozilla/5.0 (compatible; Googlebot/2.1; +http://www.google.com/bot.html)"
66.249.64.170 - - [09/Jul/2026:14:10:43 +0200] "GET /?h=8009116761100 HTTP/1.1" 301 312 "-" "Mozilla/5.0 (Linux; Android 6.0.1; Nexus 5X Build/MMB29P) AppleWebKit/537.36 (KHTML, like Gecko) Chrome/150.0.7871.46 Mobile Safari/537.36 (compatible; Googlebot/2.1; +http://www.google.com/bot.html)"
66.249.64.169 - - [09/Jul/2026:14:10:44 +0200] "GET /index.php/?h=8009116761100 HTTP/1.1" 301 - "-" "Mozilla/5.0 (Linux; Android 6.0.1; Nexus 5X Build/MMB29P) AppleWebKit/537.36 (KHTML, like Gecko) Chrome/150.0.7871.46 Mobile Safari/537.36 (compatible; Googlebot/2.1; +http://www.google.com/bot.html)"
66.249.64.171 - - [09/Jul/2026:14:11:09 +0200] "GET /?h=14529753561100 HTTP/1.1" 301 313 "-" "Mozilla/5.0 (compatible; Googlebot/2.1; +http://www.google.com/bot.html)"
66.249.64.169 - - [09/Jul/2026:14:11:10 +0200] "GET /index.php/?h=14529753561100 HTTP/1.1" 301 - "-" "Mozilla/5.0 (compatible; Googlebot/2.1; +http://www.google.com/bot.html)"
66.249.64.170 - - [09/Jul/2026:14:11:25 +0200] "GET /?h=14406917201100 HTTP/1.1" 301 313 "-" "Mozilla/5.0 (Linux; Android 6.0.1; Nexus 5X Build/MMB29P) AppleWebKit/537.36 (KHTML, like Gecko) Chrome/150.0.7871.46 Mobile Safari/537.36 (compatible; Googlebot/2.1; +http://www.google.com/bot.html)"
66.249.64.170 - - [09/Jul/2026:14:11:25 +0200] "GET /index.php/?h=14406917201100 HTTP/1.1" 301 - "-" "Mozilla/5.0 (Linux; Android 6.0.1; Nexus 5X Build/MMB29P) AppleWebKit/537.36 (KHTML, like Gecko) Chrome/150.0.7871.46 Mobile Safari/537.36 (compatible; Googlebot/2.1; +http://www.google.com/bot.html)"
216.73.216.173 - - [09/Jul/2026:14:12:47 +0200] "GET /robots.txt HTTP/2.0" 200 79 "-" "Mozilla/5.0 AppleWebKit/537.36 (KHTML, like Gecko; compatible; ClaudeBot/1.0; +claudebot@anthropic.com)"
216.73.216.173 - - [09/Jul/2026:14:12:57 +0200] "GET /sitemap.xml HTTP/2.0" 301 296 "-" "Mozilla/5.0 AppleWebKit/537.36 (KHTML, like Gecko; compatible; ClaudeBot/1.0; +claudebot@anthropic.com)"
216.73.216.173 - - [09/Jul/2026:14:12:57 +0200] "GET /index.php/ HTTP/2.0" 301 - "https://verona.elettroservicegroup.it/sitemap.xml" "Mozilla/5.0 AppleWebKit/537.36 (KHTML, like Gecko; compatible; ClaudeBot/1.0; +claudebot@anthropic.com)"
66.249.64.171 - - [09/Jul/2026:14:13:06 +0200] "GET /?h=16407972681100 HTTP/1.1" 301 313 "-" "Mozilla/5.0 (Linux; Android 6.0.1; Nexus 5X Build/MMB29P) AppleWebKit/537.36 (KHTML, like Gecko) Chrome/150.0.7871.46 Mobile Safari/537.36 (compatible; Googlebot/2.1; +http://www.google.com/bot.html)"
66.249.64.171 - - [09/Jul/2026:14:13:06 +0200] "GET /index.php/?h=16407972681100 HTTP/1.1" 301 - "-" "Mozilla/5.0 (Linux; Android 6.0.1; Nexus 5X Build/MMB29P) AppleWebKit/537.36 (KHTML, like Gecko) Chrome/150.0.7871.46 Mobile Safari/537.36 (compatible; Googlebot/2.1; +http://www.google.com/bot.html)"
212.193.3.149 - - [09/Jul/2026:14:14:12 +0200] "HEAD / HTTP/1.1" 301 - "-" "Mozilla/5.0 (compatible; Googlebot/2.1; +http://www.google.com/bot.html)"
66.249.64.171 - - [09/Jul/2026:14:14:23 +0200] "GET /?h=23639219241100 HTTP/1.1" 301 313 "-" "Mozilla/5.0 (Linux; Android 6.0.1; Nexus 5X Build/MMB29P) AppleWebKit/537.36 (KHTML, like Gecko) Chrome/150.0.7871.46 Mobile Safari/537.36 (compatible; Googlebot/2.1; +http://www.google.com/bot.html)"
66.249.64.171 - - [09/Jul/2026:14:14:23 +0200] "GET /index.php/?h=23639219241100 HTTP/1.1" 301 - "-" "Mozilla/5.0 (Linux; Android 6.0.1; Nexus 5X Build/MMB29P) AppleWebKit/537.36 (KHTML, like Gecko) Chrome/150.0.7871.46 Mobile Safari/537.36 (compatible; Googlebot/2.1; +http://www.google.com/bot.html)"
66.249.64.170 - - [09/Jul/2026:14:15:02 +0200] "GET /?h=42003396801100 HTTP/1.1" 301 313 "-" "Mozilla/5.0 (Linux; Android 6.0.1; Nexus 5X Build/MMB29P) AppleWebKit/537.36 (KHTML, like Gecko) Chrome/150.0.7871.46 Mobile Safari/537.36 (compatible; Googlebot/2.1; +http://www.google.com/bot.html)"
66.249.64.169 - - [09/Jul/2026:14:15:02 +0200] "GET /index.php/?h=42003396801100 HTTP/1.1" 301 - "-" "Mozilla/5.0 (Linux; Android 6.0.1; Nexus 5X Build/MMB29P) AppleWebKit/537.36 (KHTML, like Gecko) Chrome/150.0.7871.46 Mobile Safari/537.36 (compatible; Googlebot/2.1; +http://www.google.com/bot.html)"
66.249.64.169 - - [09/Jul/2026:14:15:23 +0200] "GET /?h=19428049241100 HTTP/1.1" 301 313 "-" "Mozilla/5.0 (compatible; Googlebot/2.1; +http://www.google.com/bot.html)"
66.249.64.170 - - [09/Jul/2026:14:15:23 +0200] "GET /index.php/?h=19428049241100 HTTP/1.1" 301 - "-" "Mozilla/5.0 (compatible; Googlebot/2.1; +http://www.google.com/bot.html)"
66.249.64.169 - - [09/Jul/2026:14:15:45 +0200] "GET /?h=31319692081100 HTTP/1.1" 301 313 "-" "Mozilla/5.0 (Linux; Android 6.0.1; Nexus 5X Build/MMB29P) AppleWebKit/537.36 (KHTML, like Gecko) Chrome/150.0.7871.46 Mobile Safari/537.36 (compatible; Googlebot/2.1; +http://www.google.com/bot.html)"
66.249.64.169 - - [09/Jul/2026:14:15:45 +0200] "GET /index.php/?h=31319692081100 HTTP/1.1" 301 - "-" "Mozilla/5.0 (Linux; Android 6.0.1; Nexus 5X Build/MMB29P) AppleWebKit/537.36 (KHTML, like Gecko) Chrome/150.0.7871.46 Mobile Safari/537.36 (compatible; Googlebot/2.1; +http://www.google.com/bot.html)"
66.249.64.169 - - [09/Jul/2026:14:17:35 +0200] "GET /?h=31208135241100 HTTP/1.1" 301 313 "-" "Mozilla/5.0 (Linux; Android 6.0.1; Nexus 5X Build/MMB29P) AppleWebKit/537.36 (KHTML, like Gecko) Chrome/150.0.7871.46 Mobile Safari/537.36 (compatible; Googlebot/2.1; +http://www.google.com/bot.html)"
66.249.64.169 - - [09/Jul/2026:14:17:35 +0200] "GET /index.php/?h=31208135241100 HTTP/1.1" 301 - "-" "Mozilla/5.0 (Linux; Android 6.0.1; Nexus 5X Build/MMB29P) AppleWebKit/537.36 (KHTML, like Gecko) Chrome/150.0.7871.46 Mobile Safari/537.36 (compatible; Googlebot/2.1; +http://www.google.com/bot.html)"
66.249.64.170 - - [09/Jul/2026:14:21:43 +0200] "GET /?h=27436374161100 HTTP/1.1" 301 313 "-" "Mozilla/5.0 (compatible; Googlebot/2.1; +http://www.google.com/bot.html)"
66.249.64.170 - - [09/Jul/2026:14:21:43 +0200] "GET /index.php/?h=27436374161100 HTTP/1.1" 301 - "-" "Mozilla/5.0 (compatible; Googlebot/2.1; +http://www.google.com/bot.html)"
66.249.64.170 - - [09/Jul/2026:14:22:36 +0200] "GET /?h=41830071161100 HTTP/1.1" 301 313 "-" "Mozilla/5.0 (Linux; Android 6.0.1; Nexus 5X Build/MMB29P) AppleWebKit/537.36 (KHTML, like Gecko) Chrome/150.0.7871.46 Mobile Safari/537.36 (compatible; Googlebot/2.1; +http://www.google.com/bot.html)"
66.249.64.170 - - [09/Jul/2026:14:22:36 +0200] "GET /index.php/?h=41830071161100 HTTP/1.1" 301 - "-" "Mozilla/5.0 (Linux; Android 6.0.1; Nexus 5X Build/MMB29P) AppleWebKit/537.36 (KHTML, like Gecko) Chrome/150.0.7871.46 Mobile Safari/537.36 (compatible; Googlebot/2.1; +http://www.google.com/bot.html)"
66.249.64.170 - - [09/Jul/2026:14:22:42 +0200] "GET /?h=39330613081100 HTTP/1.1" 301 313 "-" "Mozilla/5.0 (Linux; Android 6.0.1; Nexus 5X Build/MMB29P) AppleWebKit/537.36 (KHTML, like Gecko) Chrome/150.0.7871.46 Mobile Safari/537.36 (compatible; Googlebot/2.1; +http://www.google.com/bot.html)"
66.249.64.170 - - [09/Jul/2026:14:22:43 +0200] "GET /index.php/?h=39330613081100 HTTP/1.1" 301 - "-" "Mozilla/5.0 (Linux; Android 6.0.1; Nexus 5X Build/MMB29P) AppleWebKit/537.36 (KHTML, like Gecko) Chrome/150.0.7871.46 Mobile Safari/537.36 (compatible; Googlebot/2.1; +http://www.google.com/bot.html)"
66.249.64.169 - - [09/Jul/2026:14:22:57 +0200] "GET /?h=28881689481100 HTTP/1.1" 301 313 "-" "Mozilla/5.0 (compatible; Googlebot/2.1; +http://www.google.com/bot.html)"
66.249.64.169 - - [09/Jul/2026:14:22:57 +0200] "GET /index.php/?h=28881689481100 HTTP/1.1" 301 - "-" "Mozilla/5.0 (compatible; Googlebot/2.1; +http://www.google.com/bot.html)"
66.249.64.171 - - [09/Jul/2026:14:23:11 +0200] "GET /?h=26382052361100 HTTP/1.1" 301 313 "-" "Mozilla/5.0 (compatible; Googlebot/2.1; +http://www.google.com/bot.html)"
66.249.74.166 - - [09/Jul/2026:14:23:12 +0200] "GET /index.php/?h=26382052361100 HTTP/1.1" 301 - "-" "Mozilla/5.0 (compatible; Googlebot/2.1; +http://www.google.com/bot.html)"
212.193.3.149 - - [09/Jul/2026:14:23:49 +0200] "HEAD / HTTP/1.1" 301 - "-" "Mozilla/5.0 (compatible; Googlebot/2.1; +http://www.google.com/bot.html)"
66.249.64.170 - - [09/Jul/2026:14:23:54 +0200] "GET /?h=29004436321100 HTTP/1.1" 301 313 "-" "Mozilla/5.0 (compatible; Googlebot/2.1; +http://www.google.com/bot.html)"
66.249.64.170 - - [09/Jul/2026:14:23:55 +0200] "GET /index.php/?h=29004436321100 HTTP/1.1" 301 - "-" "Mozilla/5.0 (compatible; Googlebot/2.1; +http://www.google.com/bot.html)"
66.249.64.170 - - [09/Jul/2026:14:24:49 +0200] "GET /?h=13890267441100 HTTP/1.1" 301 313 "-" "Mozilla/5.0 (compatible; Googlebot/2.1; +http://www.google.com/bot.html)"
66.249.64.170 - - [09/Jul/2026:14:24:49 +0200] "GET /index.php/?h=13890267441100 HTTP/1.1" 301 - "-" "Mozilla/5.0 (compatible; Googlebot/2.1; +http://www.google.com/bot.html)"
66.249.64.169 - - [09/Jul/2026:14:25:04 +0200] "GET /?h=38682249561100 HTTP/1.1" 301 313 "-" "Mozilla/5.0 (Linux; Android 6.0.1; Nexus 5X Build/MMB29P) AppleWebKit/537.36 (KHTML, like Gecko) Chrome/150.0.7871.46 Mobile Safari/537.36 (compatible; Googlebot/2.1; +http://www.google.com/bot.html)"
66.249.64.170 - - [09/Jul/2026:14:25:05 +0200] "GET /index.php/?h=38682249561100 HTTP/1.1" 301 - "-" "Mozilla/5.0 (Linux; Android 6.0.1; Nexus 5X Build/MMB29P) AppleWebKit/537.36 (KHTML, like Gecko) Chrome/150.0.7871.46 Mobile Safari/537.36 (compatible; Googlebot/2.1; +http://www.google.com/bot.html)"
66.249.64.171 - - [09/Jul/2026:14:26:40 +0200] "GET /?h=4942161561100 HTTP/1.1" 301 312 "-" "Mozilla/5.0 (compatible; Googlebot/2.1; +http://www.google.com/bot.html)"
66.249.64.170 - - [09/Jul/2026:14:26:41 +0200] "GET /index.php/?h=4942161561100 HTTP/1.1" 301 - "-" "Mozilla/5.0 (compatible; Googlebot/2.1; +http://www.google.com/bot.html)"
66.249.64.169 - - [09/Jul/2026:14:29:43 +0200] "GET /product/category/view_more/13534574641100 HTTP/1.1" 301 296 "-" "Mozilla/5.0 (Linux; Android 6.0.1; Nexus 5X Build/MMB29P) AppleWebKit/537.36 (KHTML, like Gecko) Chrome/150.0.7871.46 Mobile Safari/537.36 (compatible; Googlebot/2.1; +http://www.google.com/bot.html)"
66.249.64.171 - - [09/Jul/2026:14:30:46 +0200] "GET /?h=33179917681100 HTTP/1.1" 301 313 "-" "Mozilla/5.0 (compatible; Googlebot/2.1; +http://www.google.com/bot.html)"
66.249.64.171 - - [09/Jul/2026:14:30:46 +0200] "GET /index.php/?h=33179917681100 HTTP/1.1" 301 - "-" "Mozilla/5.0 (compatible; Googlebot/2.1; +http://www.google.com/bot.html)"
66.249.64.169 - - [09/Jul/2026:14:31:22 +0200] "GET /?h=15387444681100 HTTP/1.1" 301 313 "-" "Mozilla/5.0 (Linux; Android 6.0.1; Nexus 5X Build/MMB29P) AppleWebKit/537.36 (KHTML, like Gecko) Chrome/150.0.7871.46 Mobile Safari/537.36 (compatible; Googlebot/2.1; +http://www.google.com/bot.html)"
66.249.64.170 - - [09/Jul/2026:14:31:22 +0200] "GET /index.php/?h=15387444681100 HTTP/1.1" 301 - "-" "Mozilla/5.0 (Linux; Android 6.0.1; Nexus 5X Build/MMB29P) AppleWebKit/537.36 (KHTML, like Gecko) Chrome/150.0.7871.46 Mobile Safari/537.36 (compatible; Googlebot/2.1; +http://www.google.com/bot.html)"
66.249.89.234 - - [09/Jul/2026:14:31:30 +0200] "GET /index.php/?h=9540430961100 HTTP/1.1" 301 - "-" "Mozilla/5.0 (X11; Linux x86_64) AppleWebKit/537.36 (KHTML, like Gecko) Chrome/150.0.7871.46 Safari/537.36"
66.249.89.233 - - [09/Jul/2026:14:31:44 +0200] "GET /?h=15987288361100 HTTP/1.1" 301 313 "-" "Mozilla/5.0 (X11; Linux x86_64) AppleWebKit/537.36 (KHTML, like Gecko) Chrome/150.0.7871.46 Safari/537.36"
66.249.89.233 - - [09/Jul/2026:14:31:44 +0200] "GET /index.php/?h=15987288361100 HTTP/1.1" 301 - "-" "Mozilla/5.0 (X11; Linux x86_64) AppleWebKit/537.36 (KHTML, like Gecko) Chrome/150.0.7871.46 Safari/537.36"
212.193.3.149 - - [09/Jul/2026:14:33:47 +0200] "HEAD / HTTP/1.1" 301 - "-" "Mozilla/5.0 (compatible; Googlebot/2.1; +http://www.google.com/bot.html)"
66.249.64.169 - - [09/Jul/2026:14:33:54 +0200] "GET /?h=4315402201100 HTTP/1.1" 301 312 "-" "Mozilla/5.0 (Linux; Android 6.0.1; Nexus 5X Build/MMB29P) AppleWebKit/537.36 (KHTML, like Gecko) Chrome/150.0.7871.46 Mobile Safari/537.36 (compatible; Googlebot/2.1; +http://www.google.com/bot.html)"
66.249.64.169 - - [09/Jul/2026:14:33:54 +0200] "GET /index.php/?h=4315402201100 HTTP/1.1" 301 - "-" "Mozilla/5.0 (Linux; Android 6.0.1; Nexus 5X Build/MMB29P) AppleWebKit/537.36 (KHTML, like Gecko) Chrome/150.0.7871.46 Mobile Safari/537.36 (compatible; Googlebot/2.1; +http://www.google.com/bot.html)"
66.249.64.170 - - [09/Jul/2026:14:35:21 +0200] "GET /?h=37233249001100 HTTP/1.1" 301 313 "-" "Mozilla/5.0 (compatible; Googlebot/2.1; +http://www.google.com/bot.html)"
66.249.64.169 - - [09/Jul/2026:14:35:21 +0200] "GET /?h=37233249001100 HTTP/1.1" 301 313 "-" "Mozilla/5.0 (Linux; Android 6.0.1; Nexus 5X Build/MMB29P) AppleWebKit/537.36 (KHTML, like Gecko) Chrome/150.0.7871.46 Mobile Safari/537.36 (compatible; Googlebot/2.1; +http://www.google.com/bot.html)"
66.249.64.169 - - [09/Jul/2026:14:35:22 +0200] "GET /index.php/?h=37233249001100 HTTP/1.1" 301 - "-" "Mozilla/5.0 (compatible; Googlebot/2.1; +http://www.google.com/bot.html)"
66.249.64.171 - - [09/Jul/2026:14:35:22 +0200] "GET /index.php/?h=37233249001100 HTTP/1.1" 301 - "-" "Mozilla/5.0 (Linux; Android 6.0.1; Nexus 5X Build/MMB29P) AppleWebKit/537.36 (KHTML, like Gecko) Chrome/150.0.7871.46 Mobile Safari/537.36 (compatible; Googlebot/2.1; +http://www.google.com/bot.html)"
66.249.64.169 - - [09/Jul/2026:14:36:32 +0200] "GET /?h=17041938401100 HTTP/1.1" 301 313 "-" "Mozilla/5.0 (Linux; Android 6.0.1; Nexus 5X Build/MMB29P) AppleWebKit/537.36 (KHTML, like Gecko) Chrome/150.0.7871.46 Mobile Safari/537.36 (compatible; Googlebot/2.1; +http://www.google.com/bot.html)"
66.249.64.171 - - [09/Jul/2026:14:36:33 +0200] "GET /index.php/?h=17041938401100 HTTP/1.1" 301 - "-" "Mozilla/5.0 (Linux; Android 6.0.1; Nexus 5X Build/MMB29P) AppleWebKit/537.36 (KHTML, like Gecko) Chrome/150.0.7871.46 Mobile Safari/537.36 (compatible; Googlebot/2.1; +http://www.google.com/bot.html)"
66.249.64.169 - - [09/Jul/2026:14:36:40 +0200] "GET /?h=6744930241100 HTTP/1.1" 301 312 "-" "Mozilla/5.0 (compatible; Googlebot/2.1; +http://www.google.com/bot.html)"
66.249.64.169 - - [09/Jul/2026:14:36:40 +0200] "GET /index.php/?h=6744930241100 HTTP/1.1" 301 - "-" "Mozilla/5.0 (compatible; Googlebot/2.1; +http://www.google.com/bot.html)"
66.249.64.169 - - [09/Jul/2026:14:37:23 +0200] "GET /?h=30967624841100 HTTP/1.1" 301 313 "-" "Mozilla/5.0 (Linux; Android 6.0.1; Nexus 5X Build/MMB29P) AppleWebKit/537.36 (KHTML, like Gecko) Chrome/150.0.7871.46 Mobile Safari/537.36 (compatible; Googlebot/2.1; +http://www.google.com/bot.html)"
66.249.64.169 - - [09/Jul/2026:14:37:23 +0200] "GET /index.php/?h=30967624841100 HTTP/1.1" 301 - "-" "Mozilla/5.0 (Linux; Android 6.0.1; Nexus 5X Build/MMB29P) AppleWebKit/537.36 (KHTML, like Gecko) Chrome/150.0.7871.46 Mobile Safari/537.36 (compatible; Googlebot/2.1; +http://www.google.com/bot.html)"
66.249.64.170 - - [09/Jul/2026:14:37:42 +0200] "GET /?h=15854977801100 HTTP/1.1" 301 313 "-" "Mozilla/5.0 (Linux; Android 6.0.1; Nexus 5X Build/MMB29P) AppleWebKit/537.36 (KHTML, like Gecko) Chrome/150.0.7871.46 Mobile Safari/537.36 (compatible; Googlebot/2.1; +http://www.google.com/bot.html)"
66.249.64.169 - - [09/Jul/2026:14:37:42 +0200] "GET /index.php/?h=15854977801100 HTTP/1.1" 301 - "-" "Mozilla/5.0 (Linux; Android 6.0.1; Nexus 5X Build/MMB29P) AppleWebKit/537.36 (KHTML, like Gecko) Chrome/150.0.7871.46 Mobile Safari/537.36 (compatible; Googlebot/2.1; +http://www.google.com/bot.html)"
179.43.34.117 - - [09/Jul/2026:14:38:51 +0200] "GET / HTTP/1.1" 301 296 "-" "Mozilla/5.0 WP-Post-Manager/1.0"
200.124.164.224 - - [09/Jul/2026:14:38:53 +0200] "GET /index.php/ HTTP/1.1" 301 - "-" "Mozilla/5.0 WP-Post-Manager/1.0"
84.54.78.183 - - [09/Jul/2026:14:38:54 +0200] "GET / HTTP/1.1" 301 300 "-" "Mozilla/5.0 WP-Post-Manager/1.0"
213.194.156.132 - - [09/Jul/2026:14:38:55 +0200] "GET /index.php/ HTTP/1.1" 301 - "-" "Mozilla/5.0 WP-Post-Manager/1.0"
14.165.146.169 - - [09/Jul/2026:14:39:00 +0200] "POST /xmlrpc.php HTTP/1.1" 403 52 "-" "curl/8.0.1"
203.210.192.122 - - [09/Jul/2026:14:39:02 +0200] "POST /xmlrpc.php HTTP/1.1" 403 52 "-" "curl/8.0.1"
45.131.173.56 - - [09/Jul/2026:14:39:05 +0200] "POST /xmlrpc.php HTTP/1.1" 403 52 "-" "curl/8.0.1"
203.210.192.122 - - [09/Jul/2026:14:39:05 +0200] "POST /xmlrpc.php HTTP/1.1" 403 52 "-" "curl/8.0.1"
45.131.173.56 - - [09/Jul/2026:14:39:06 +0200] "POST /xmlrpc.php HTTP/1.1" 403 52 "-" "curl/8.0.1"
203.210.192.122 - - [09/Jul/2026:14:39:06 +0200] "POST /xmlrpc.php HTTP/1.1" 403 52 "-" "curl/8.0.1"
45.131.173.56 - - [09/Jul/2026:14:39:07 +0200] "POST /xmlrpc.php HTTP/1.1" 403 52 "-" "curl/8.0.1"
203.210.192.122 - - [09/Jul/2026:14:39:07 +0200] "POST /xmlrpc.php HTTP/1.1" 403 52 "-" "curl/8.0.1"
45.131.173.56 - - [09/Jul/2026:14:39:08 +0200] "POST /xmlrpc.php HTTP/1.1" 403 52 "-" "curl/8.0.1"
203.210.192.122 - - [09/Jul/2026:14:39:09 +0200] "POST /xmlrpc.php HTTP/1.1" 403 52 "-" "curl/8.0.1"
45.131.173.56 - - [09/Jul/2026:14:39:10 +0200] "POST /xmlrpc.php HTTP/1.1" 403 52 "-" "curl/8.0.1"
203.210.192.122 - - [09/Jul/2026:14:39:10 +0200] "POST /xmlrpc.php HTTP/1.1" 403 52 "-" "curl/8.0.1"
45.131.173.56 - - [09/Jul/2026:14:39:11 +0200] "POST /xmlrpc.php HTTP/1.1" 403 52 "-" "curl/8.0.1"
203.210.192.122 - - [09/Jul/2026:14:39:11 +0200] "POST /xmlrpc.php HTTP/1.1" 403 52 "-" "curl/8.0.1"
66.249.64.171 - - [09/Jul/2026:14:39:49 +0200] "GET /?h=15972025201100 HTTP/1.1" 301 313 "-" "Mozilla/5.0 (Linux; Android 6.0.1; Nexus 5X Build/MMB29P) AppleWebKit/537.36 (KHTML, like Gecko) Chrome/150.0.7871.46 Mobile Safari/537.36 (compatible; Googlebot/2.1; +http://www.google.com/bot.html)"
66.249.64.170 - - [09/Jul/2026:14:39:49 +0200] "GET /?h=15972025201100 HTTP/1.1" 301 313 "-" "Mozilla/5.0 (compatible; Googlebot/2.1; +http://www.google.com/bot.html)"
66.249.64.171 - - [09/Jul/2026:14:39:49 +0200] "GET /index.php/?h=15972025201100 HTTP/1.1" 301 - "-" "Mozilla/5.0 (Linux; Android 6.0.1; Nexus 5X Build/MMB29P) AppleWebKit/537.36 (KHTML, like Gecko) Chrome/150.0.7871.46 Mobile Safari/537.36 (compatible; Googlebot/2.1; +http://www.google.com/bot.html)"
66.249.64.171 - - [09/Jul/2026:14:39:50 +0200] "GET /index.php/?h=15972025201100 HTTP/1.1" 301 - "-" "Mozilla/5.0 (compatible; Googlebot/2.1; +http://www.google.com/bot.html)"
66.249.64.169 - - [09/Jul/2026:14:39:55 +0200] "GET /productSearch/pictureSearch?id=9947821561100 HTTP/1.1" 301 313 "-" "Mozilla/5.0 (compatible; Googlebot/2.1; +http://www.google.com/bot.html)"
66.249.64.169 - - [09/Jul/2026:14:39:55 +0200] "GET /index.php/?id=9947821561100 HTTP/1.1" 301 - "-" "Mozilla/5.0 (compatible; Googlebot/2.1; +http://www.google.com/bot.html)"
212.193.3.149 - - [09/Jul/2026:14:42:34 +0200] "HEAD / HTTP/1.1" 301 - "-" "Mozilla/5.0 (compatible; Googlebot/2.1; +http://www.google.com/bot.html)"
66.249.64.171 - - [09/Jul/2026:14:42:35 +0200] "GET /?h=43562357761100 HTTP/1.1" 301 313 "-" "Mozilla/5.0 (Linux; Android 6.0.1; Nexus 5X Build/MMB29P) AppleWebKit/537.36 (KHTML, like Gecko) Chrome/150.0.7871.46 Mobile Safari/537.36 (compatible; Googlebot/2.1; +http://www.google.com/bot.html)"
66.249.64.170 - - [09/Jul/2026:14:42:36 +0200] "GET /index.php/?h=43562357761100 HTTP/1.1" 301 - "-" "Mozilla/5.0 (Linux; Android 6.0.1; Nexus 5X Build/MMB29P) AppleWebKit/537.36 (KHTML, like Gecko) Chrome/150.0.7871.46 Mobile Safari/537.36 (compatible; Googlebot/2.1; +http://www.google.com/bot.html)"
66.249.64.169 - - [09/Jul/2026:14:43:57 +0200] "GET /?h=16196034081100 HTTP/1.1" 301 313 "-" "Mozilla/5.0 (compatible; Googlebot/2.1; +http://www.google.com/bot.html)"
66.249.64.171 - - [09/Jul/2026:14:43:57 +0200] "GET /index.php/?h=16196034081100 HTTP/1.1" 301 - "-" "Mozilla/5.0 (compatible; Googlebot/2.1; +http://www.google.com/bot.html)"
66.249.64.171 - - [09/Jul/2026:14:44:55 +0200] "GET /productSearch/pictureSearch?id=4834319801100 HTTP/1.1" 301 313 "-" "Mozilla/5.0 (Linux; Android 6.0.1; Nexus 5X Build/MMB29P) AppleWebKit/537.36 (KHTML, like Gecko) Chrome/150.0.7871.46 Mobile Safari/537.36 (compatible; Googlebot/2.1; +http://www.google.com/bot.html)"
66.249.64.170 - - [09/Jul/2026:14:44:56 +0200] "GET /index.php/?id=4834319801100 HTTP/1.1" 301 - "-" "Mozilla/5.0 (Linux; Android 6.0.1; Nexus 5X Build/MMB29P) AppleWebKit/537.36 (KHTML, like Gecko) Chrome/150.0.7871.46 Mobile Safari/537.36 (compatible; Googlebot/2.1; +http://www.google.com/bot.html)"
66.249.64.169 - - [09/Jul/2026:14:46:47 +0200] "GET /?h=13065012401100 HTTP/1.1" 301 313 "-" "Mozilla/5.0 (Linux; Android 6.0.1; Nexus 5X Build/MMB29P) AppleWebKit/537.36 (KHTML, like Gecko) Chrome/150.0.7871.46 Mobile Safari/537.36 (compatible; Googlebot/2.1; +http://www.google.com/bot.html)"
66.249.64.171 - - [09/Jul/2026:14:46:48 +0200] "GET /index.php/?h=13065012401100 HTTP/1.1" 301 - "-" "Mozilla/5.0 (Linux; Android 6.0.1; Nexus 5X Build/MMB29P) AppleWebKit/537.36 (KHTML, like Gecko) Chrome/150.0.7871.46 Mobile Safari/537.36 (compatible; Googlebot/2.1; +http://www.google.com/bot.html)"
66.249.64.170 - - [09/Jul/2026:14:47:07 +0200] "GET /productSearch/pictureSearch?id=35922885081100 HTTP/1.1" 301 314 "-" "Mozilla/5.0 (Linux; Android 6.0.1; Nexus 5X Build/MMB29P) AppleWebKit/537.36 (KHTML, like Gecko) Chrome/150.0.7871.46 Mobile Safari/537.36 (compatible; Googlebot/2.1; +http://www.google.com/bot.html)"
66.249.64.171 - - [09/Jul/2026:14:47:08 +0200] "GET /index.php/?id=35922885081100 HTTP/1.1" 301 - "-" "Mozilla/5.0 (Linux; Android 6.0.1; Nexus 5X Build/MMB29P) AppleWebKit/537.36 (KHTML, like Gecko) Chrome/150.0.7871.46 Mobile Safari/537.36 (compatible; Googlebot/2.1; +http://www.google.com/bot.html)"
66.249.64.169 - - [09/Jul/2026:14:47:56 +0200] "GET /?h=26038385081100 HTTP/1.1" 301 313 "-" "Mozilla/5.0 (Linux; Android 6.0.1; Nexus 5X Build/MMB29P) AppleWebKit/537.36 (KHTML, like Gecko) Chrome/150.0.7871.46 Mobile Safari/537.36 (compatible; Googlebot/2.1; +http://www.google.com/bot.html)"
66.249.64.169 - - [09/Jul/2026:14:47:56 +0200] "GET /index.php/?h=26038385081100 HTTP/1.1" 301 - "-" "Mozilla/5.0 (Linux; Android 6.0.1; Nexus 5X Build/MMB29P) AppleWebKit/537.36 (KHTML, like Gecko) Chrome/150.0.7871.46 Mobile Safari/537.36 (compatible; Googlebot/2.1; +http://www.google.com/bot.html)"
66.249.64.169 - - [09/Jul/2026:14:48:17 +0200] "GET /?h=31562962681100 HTTP/1.1" 301 313 "-" "Mozilla/5.0 (compatible; Googlebot/2.1; +http://www.google.com/bot.html)"
66.249.64.169 - - [09/Jul/2026:14:48:17 +0200] "GET /index.php/?h=31562962681100 HTTP/1.1" 301 - "-" "Mozilla/5.0 (compatible; Googlebot/2.1; +http://www.google.com/bot.html)"
66.249.64.170 - - [09/Jul/2026:14:48:21 +0200] "GET /?h=38696289281100 HTTP/1.1" 301 313 "-" "Mozilla/5.0 (compatible; Googlebot/2.1; +http://www.google.com/bot.html)"
66.249.64.171 - - [09/Jul/2026:14:48:21 +0200] "GET /index.php/?h=38696289281100 HTTP/1.1" 301 - "-" "Mozilla/5.0 (compatible; Googlebot/2.1; +http://www.google.com/bot.html)"
66.249.89.233 - - [09/Jul/2026:14:49:31 +0200] "GET /?h=15393218721100 HTTP/1.1" 301 313 "-" "Mozilla/5.0 (X11; Linux x86_64) AppleWebKit/537.36 (KHTML, like Gecko) Chrome/150.0.7871.46 Safari/537.36"
66.249.89.233 - - [09/Jul/2026:14:49:31 +0200] "GET /index.php/?h=15393218721100 HTTP/1.1" 301 - "-" "Mozilla/5.0 (X11; Linux x86_64) AppleWebKit/537.36 (KHTML, like Gecko) Chrome/150.0.7871.46 Safari/537.36"
66.249.64.170 - - [09/Jul/2026:14:49:40 +0200] "GET /?h=19819341161100 HTTP/1.1" 301 313 "-" "Mozilla/5.0 (Linux; Android 6.0.1; Nexus 5X Build/MMB29P) AppleWebKit/537.36 (KHTML, like Gecko) Chrome/150.0.7871.46 Mobile Safari/537.36 (compatible; Googlebot/2.1; +http://www.google.com/bot.html)"
66.249.64.170 - - [09/Jul/2026:14:49:40 +0200] "GET /index.php/?h=19819341161100 HTTP/1.1" 301 - "-" "Mozilla/5.0 (Linux; Android 6.0.1; Nexus 5X Build/MMB29P) AppleWebKit/537.36 (KHTML, like Gecko) Chrome/150.0.7871.46 Mobile Safari/537.36 (compatible; Googlebot/2.1; +http://www.google.com/bot.html)"