104.244.148.215 - - [16/Jun/2026:23:39:20 +0200] "GET /?h=26172381601100 HTTP/2.0" 301 313 "-" "Mozilla/5.0 (Windows NT 10.0; Win64; x64) AppleWebKit/537.36 (KHTML, like Gecko) Chrome/148.0.0.0 Safari/537.36"
180.149.29.53 - - [16/Jun/2026:23:39:20 +0200] "GET /?h=26172381601100 HTTP/2.0" 301 313 "-" "Mozilla/5.0 (Macintosh; Intel Mac OS X 10_15_7) AppleWebKit/605.1.15 (KHTML, like Gecko) Version/26.2 Safari/605.1.15"
76.145.183.104 - - [16/Jun/2026:23:39:20 +0200] "GET /?h=26172381601100 HTTP/2.0" 301 313 "-" "Mozilla/5.0 (Macintosh; Intel Mac OS X 10_15_7) AppleWebKit/605.1.15 (KHTML, like Gecko) Version/26.2 Safari/605.1.15"
203.109.54.85 - - [16/Jun/2026:23:39:20 +0200] "GET /index.php/?h=26172381601100 HTTP/2.0" 301 - "https://verona.elettroservicegroup.it/?h=26172381601100" "Mozilla/5.0 (Windows NT 10.0; Win64; x64) AppleWebKit/537.36 (KHTML, like Gecko) Chrome/148.0.0.0 Safari/537.36"
173.70.187.137 - - [16/Jun/2026:23:39:20 +0200] "GET /index.php/?h=26172381601100 HTTP/2.0" 301 - "https://verona.elettroservicegroup.it/?h=26172381601100" "Mozilla/5.0 (Windows NT 10.0; Win64; x64; rv:151.0) Gecko/20100101 Firefox/151.0"
152.39.136.20 - - [16/Jun/2026:23:39:20 +0200] "GET /index.php/?h=26172381601100 HTTP/2.0" 301 - "https://verona.elettroservicegroup.it/?h=26172381601100" "Mozilla/5.0 (Windows NT 10.0; Win64; x64) AppleWebKit/537.36 (KHTML, like Gecko) Chrome/148.0.0.0 Safari/537.36"
104.244.148.215 - - [16/Jun/2026:23:39:20 +0200] "GET /index.php/?h=26172381601100 HTTP/2.0" 301 - "https://verona.elettroservicegroup.it/?h=26172381601100" "Mozilla/5.0 (Windows NT 10.0; Win64; x64) AppleWebKit/537.36 (KHTML, like Gecko) Chrome/148.0.0.0 Safari/537.36"
180.149.29.53 - - [16/Jun/2026:23:39:20 +0200] "GET /index.php/?h=26172381601100 HTTP/2.0" 301 - "https://verona.elettroservicegroup.it/?h=26172381601100" "Mozilla/5.0 (Macintosh; Intel Mac OS X 10_15_7) AppleWebKit/605.1.15 (KHTML, like Gecko) Version/26.2 Safari/605.1.15"
34.205.234.160 - - [16/Jun/2026:23:39:20 +0200] "GET /index.php/ HTTP/1.1" 301 - "https://verona.elettroservicegroup.it/collectors.txt" "Brightbot 1.0"
76.145.183.104 - - [16/Jun/2026:23:39:21 +0200] "GET /index.php/?h=26172381601100 HTTP/2.0" 301 - "https://verona.elettroservicegroup.it/?h=26172381601100" "Mozilla/5.0 (Macintosh; Intel Mac OS X 10_15_7) AppleWebKit/605.1.15 (KHTML, like Gecko) Version/26.2 Safari/605.1.15"
119.12.186.250 - - [16/Jun/2026:23:39:21 +0200] "GET /?h=26172381601100 HTTP/2.0" 301 313 "https://www.google.com/" "Mozilla/5.0 (Windows NT 10.0; Win64; x64) AppleWebKit/537.36 (KHTML, like Gecko) Chrome/149.0.0.0 Safari/537.36 Edg/149.0.0.0"
69.249.183.216 - - [16/Jun/2026:23:39:21 +0200] "GET /?h=26172381601100 HTTP/2.0" 301 313 "https://www.google.com/" "Mozilla/5.0 (Windows NT 10.0; Win64; x64) AppleWebKit/537.36 (KHTML, like Gecko) Chrome/149.0.0.0 Safari/537.36 Edg/149.0.0.0"
119.12.186.250 - - [16/Jun/2026:23:39:21 +0200] "GET /index.php/?h=26172381601100 HTTP/2.0" 301 - "https://verona.elettroservicegroup.it/?h=26172381601100" "Mozilla/5.0 (Windows NT 10.0; Win64; x64) AppleWebKit/537.36 (KHTML, like Gecko) Chrome/149.0.0.0 Safari/537.36 Edg/149.0.0.0"
69.249.183.216 - - [16/Jun/2026:23:39:21 +0200] "GET /index.php/?h=26172381601100 HTTP/2.0" 301 - "https://verona.elettroservicegroup.it/?h=26172381601100" "Mozilla/5.0 (Windows NT 10.0; Win64; x64) AppleWebKit/537.36 (KHTML, like Gecko) Chrome/149.0.0.0 Safari/537.36 Edg/149.0.0.0"
82.97.199.64 - - [16/Jun/2026:23:39:21 +0200] "GET /?h=26172381601100 HTTP/2.0" 301 313 "-" "Brightbot 1.0"
82.97.199.196 - - [16/Jun/2026:23:39:21 +0200] "GET /?h=26172381601100 HTTP/2.0" 301 313 "-" "Brightbot 1.0"
82.97.199.225 - - [16/Jun/2026:23:39:21 +0200] "GET /?h=26172381601100 HTTP/2.0" 301 313 "-" "Brightbot 1.0"
82.97.199.207 - - [16/Jun/2026:23:39:21 +0200] "GET /?h=26172381601100 HTTP/2.0" 301 313 "-" "Brightbot 1.0"
82.97.199.64 - - [16/Jun/2026:23:39:22 +0200] "GET /index.php/?h=26172381601100 HTTP/2.0" 301 - "https://verona.elettroservicegroup.it/?h=26172381601100" "Brightbot 1.0"
82.97.199.196 - - [16/Jun/2026:23:39:22 +0200] "GET /index.php/?h=26172381601100 HTTP/2.0" 301 - "https://verona.elettroservicegroup.it/?h=26172381601100" "Brightbot 1.0"
82.97.199.225 - - [16/Jun/2026:23:39:22 +0200] "GET /index.php/?h=26172381601100 HTTP/2.0" 301 - "https://verona.elettroservicegroup.it/?h=26172381601100" "Brightbot 1.0"
82.97.199.230 - - [16/Jun/2026:23:39:22 +0200] "GET /?h=26172381601100 HTTP/2.0" 301 313 "-" "Brightbot 1.0"
82.97.199.207 - - [16/Jun/2026:23:39:22 +0200] "GET /index.php/?h=26172381601100 HTTP/2.0" 301 - "https://verona.elettroservicegroup.it/?h=26172381601100" "Brightbot 1.0"
82.97.199.230 - - [16/Jun/2026:23:39:22 +0200] "GET /index.php/?h=26172381601100 HTTP/2.0" 301 - "https://verona.elettroservicegroup.it/?h=26172381601100" "Brightbot 1.0"
168.158.143.213 - - [16/Jun/2026:23:39:22 +0200] "GET /?h=26172381601100 HTTP/2.0" 301 313 "-" "Mozilla/5.0 (Macintosh; Intel Mac OS X 10_15_7) AppleWebKit/605.1.15 (KHTML, like Gecko) Version/26.2 Safari/605.1.15"
168.158.143.213 - - [16/Jun/2026:23:39:22 +0200] "GET /index.php/?h=26172381601100 HTTP/2.0" 301 - "https://verona.elettroservicegroup.it/?h=26172381601100" "Mozilla/5.0 (Macintosh; Intel Mac OS X 10_15_7) AppleWebKit/605.1.15 (KHTML, like Gecko) Version/26.2 Safari/605.1.15"
31.204.14.16 - - [16/Jun/2026:23:39:23 +0200] "GET /?h=26172381601100 HTTP/2.0" 301 313 "-" "Mozilla/5.0 (Windows NT 10.0; Win64; x64) AppleWebKit/537.36 (KHTML, like Gecko) Chrome/148.0.0.0 Safari/537.36"
178.171.14.181 - - [16/Jun/2026:23:39:23 +0200] "GET /?h=26172381601100 HTTP/2.0" 301 313 "-" "Mozilla/5.0 (Windows NT 10.0; Win64; x64; rv:151.0) Gecko/20100101 Firefox/151.0"
31.204.15.195 - - [16/Jun/2026:23:39:23 +0200] "GET /?h=26172381601100 HTTP/2.0" 301 313 "https://www.google.com/" "Mozilla/5.0 (Windows NT 10.0; Win64; x64) AppleWebKit/537.36 (KHTML, like Gecko) Chrome/149.0.0.0 Safari/537.36 Edg/149.0.0.0"
31.204.14.16 - - [16/Jun/2026:23:39:23 +0200] "GET /index.php/?h=26172381601100 HTTP/2.0" 301 - "https://verona.elettroservicegroup.it/?h=26172381601100" "Mozilla/5.0 (Windows NT 10.0; Win64; x64) AppleWebKit/537.36 (KHTML, like Gecko) Chrome/148.0.0.0 Safari/537.36"
178.171.14.181 - - [16/Jun/2026:23:39:23 +0200] "GET /index.php/?h=26172381601100 HTTP/2.0" 301 - "https://verona.elettroservicegroup.it/?h=26172381601100" "Mozilla/5.0 (Windows NT 10.0; Win64; x64; rv:151.0) Gecko/20100101 Firefox/151.0"
31.204.15.195 - - [16/Jun/2026:23:39:23 +0200] "GET /index.php/?h=26172381601100 HTTP/2.0" 301 - "https://verona.elettroservicegroup.it/?h=26172381601100" "Mozilla/5.0 (Windows NT 10.0; Win64; x64) AppleWebKit/537.36 (KHTML, like Gecko) Chrome/149.0.0.0 Safari/537.36 Edg/149.0.0.0"
207.228.7.20 - - [16/Jun/2026:23:39:25 +0200] "GET /?h=26172381601100 HTTP/2.0" 301 313 "https://www.google.com/" "Mozilla/5.0 (Windows NT 10.0; Win64; x64) AppleWebKit/537.36 (KHTML, like Gecko) Chrome/148.0.0.0 Safari/537.36"
207.228.7.20 - - [16/Jun/2026:23:39:26 +0200] "GET /index.php/?h=26172381601100 HTTP/2.0" 301 - "https://verona.elettroservicegroup.it/?h=26172381601100" "Mozilla/5.0 (Windows NT 10.0; Win64; x64) AppleWebKit/537.36 (KHTML, like Gecko) Chrome/148.0.0.0 Safari/537.36"
31.204.12.16 - - [16/Jun/2026:23:39:28 +0200] "GET /?h=26172381601100 HTTP/2.0" 301 313 "https://www.google.com/" "Mozilla/5.0 (Windows NT 10.0; Win64; x64) AppleWebKit/537.36 (KHTML, like Gecko) Chrome/148.0.0.0 Safari/537.36"
31.204.12.16 - - [16/Jun/2026:23:39:28 +0200] "GET /index.php/?h=26172381601100 HTTP/2.0" 301 - "https://verona.elettroservicegroup.it/?h=26172381601100" "Mozilla/5.0 (Windows NT 10.0; Win64; x64) AppleWebKit/537.36 (KHTML, like Gecko) Chrome/148.0.0.0 Safari/537.36"
65.32.247.150 - - [16/Jun/2026:23:39:30 +0200] "GET / HTTP/2.0" 301 296 "-" "Mozilla/5.0 (Windows NT 10.0; Win64; x64) AppleWebKit/537.36 (KHTML, like Gecko) Chrome/146.0.0.0 Safari/537.36"
65.32.247.150 - - [16/Jun/2026:23:39:31 +0200] "GET /index.php/ HTTP/2.0" 301 - "-" "Mozilla/5.0 (Windows NT 10.0; Win64; x64) AppleWebKit/537.36 (KHTML, like Gecko) Chrome/146.0.0.0 Safari/537.36"
65.32.247.150 - - [16/Jun/2026:23:39:31 +0200] "GET /favicon.ico HTTP/2.0" 301 296 "https://verona.elettroservicegroup.it/index.php/" "Mozilla/5.0 (Windows NT 10.0; Win64; x64) AppleWebKit/537.36 (KHTML, like Gecko) Chrome/146.0.0.0 Safari/537.36"
65.32.247.150 - - [16/Jun/2026:23:39:32 +0200] "GET /index.php/ HTTP/2.0" 301 - "https://verona.elettroservicegroup.it/index.php/" "Mozilla/5.0 (Windows NT 10.0; Win64; x64) AppleWebKit/537.36 (KHTML, like Gecko) Chrome/146.0.0.0 Safari/537.36"
65.32.247.150 - - [16/Jun/2026:23:39:35 +0200] "GET /?h=26172381601100 HTTP/2.0" 301 313 "https://verona.elettroservicegroup.it/index.php/" "Mozilla/5.0 (Windows NT 10.0; Win64; x64) AppleWebKit/537.36 (KHTML, like Gecko) Chrome/146.0.0.0 Safari/537.36"
65.32.247.150 - - [16/Jun/2026:23:39:35 +0200] "GET /index.php/?h=26172381601100 HTTP/2.0" 301 - "https://verona.elettroservicegroup.it/index.php/" "Mozilla/5.0 (Windows NT 10.0; Win64; x64) AppleWebKit/537.36 (KHTML, like Gecko) Chrome/146.0.0.0 Safari/537.36"
65.32.247.150 - - [16/Jun/2026:23:39:36 +0200] "GET /index.php/ HTTP/2.0" 301 - "https://verona.elettroservicegroup.it/index.php/?h=26172381601100" "Mozilla/5.0 (Windows NT 10.0; Win64; x64) AppleWebKit/537.36 (KHTML, like Gecko) Chrome/146.0.0.0 Safari/537.36"
66.249.64.12 - - [16/Jun/2026:23:42:43 +0200] "GET /?h=19843630921100 HTTP/1.1" 301 313 "-" "Mozilla/5.0 (Linux; Android 6.0.1; Nexus 5X Build/MMB29P) AppleWebKit/537.36 (KHTML, like Gecko) Chrome/148.0.7778.96 Mobile Safari/537.36 (compatible; Googlebot/2.1; +http://www.google.com/bot.html)"
66.249.64.11 - - [16/Jun/2026:23:43:30 +0200] "GET /?h=1749147281100 HTTP/1.1" 301 312 "-" "Mozilla/5.0 (Linux; Android 6.0.1; Nexus 5X Build/MMB29P) AppleWebKit/537.36 (KHTML, like Gecko) Chrome/148.0.7778.96 Mobile Safari/537.36 (compatible; Googlebot/2.1; +http://www.google.com/bot.html)"
66.249.64.10 - - [16/Jun/2026:23:43:53 +0200] "GET /?h=43823592041100 HTTP/1.1" 301 313 "-" "Mozilla/5.0 (compatible; Googlebot/2.1; +http://www.google.com/bot.html)"
66.249.64.11 - - [16/Jun/2026:23:44:27 +0200] "GET /productSearch/pictureSearch?id=27314552361100 HTTP/1.1" 301 314 "-" "Mozilla/5.0 (Linux; Android 6.0.1; Nexus 5X Build/MMB29P) AppleWebKit/537.36 (KHTML, like Gecko) Chrome/148.0.7778.96 Mobile Safari/537.36 (compatible; Googlebot/2.1; +http://www.google.com/bot.html)"
66.249.64.11 - - [16/Jun/2026:23:44:41 +0200] "GET /index.php/?id=27314552361100 HTTP/1.1" 301 - "-" "Mozilla/5.0 (Linux; Android 6.0.1; Nexus 5X Build/MMB29P) AppleWebKit/537.36 (KHTML, like Gecko) Chrome/148.0.7778.96 Mobile Safari/537.36 (compatible; Googlebot/2.1; +http://www.google.com/bot.html)"
183.253.72.63 - - [16/Jun/2026:23:46:03 +0200] "GET /wp-content/plugins/wp-file-manager/lib/php/connector.minimal.php HTTP/1.1" 301 296 "-" "python-requests/2.32.5"
183.253.72.63 - - [16/Jun/2026:23:46:03 +0200] "GET /index.php/ HTTP/1.1" 301 - "-" "python-requests/2.32.5"
183.253.72.63 - - [16/Jun/2026:23:46:12 +0200] "GET /filemanager/connectors/php/connector.php HTTP/1.1" 301 296 "-" "python-requests/2.32.5"
183.253.72.63 - - [16/Jun/2026:23:46:14 +0200] "GET /index.php/ HTTP/1.1" 301 - "-" "python-requests/2.32.5"
183.253.72.63 - - [16/Jun/2026:23:46:16 +0200] "GET /filemanager/connectors/php/connector.minimal.php HTTP/1.1" 301 296 "-" "python-requests/2.32.5"
183.253.72.63 - - [16/Jun/2026:23:46:16 +0200] "GET /index.php/ HTTP/1.1" 301 - "-" "python-requests/2.32.5"
183.253.72.63 - - [16/Jun/2026:23:46:18 +0200] "GET /filemanager/connectors/php/elFinderConnector.class.php HTTP/1.1" 301 296 "-" "python-requests/2.32.5"
183.253.72.63 - - [16/Jun/2026:23:46:18 +0200] "GET /index.php/ HTTP/1.1" 301 - "-" "python-requests/2.32.5"
183.253.72.63 - - [16/Jun/2026:23:46:19 +0200] "GET /elfinder/php/connector.minimal.php HTTP/1.1" 301 296 "-" "python-requests/2.32.5"
183.253.72.63 - - [16/Jun/2026:23:46:20 +0200] "GET /index.php/ HTTP/1.1" 301 - "-" "python-requests/2.32.5"
183.253.72.63 - - [16/Jun/2026:23:46:25 +0200] "GET /elfinder/php/connector.minimal.php HTTP/1.1" 301 296 "-" "python-requests/2.32.5"
183.253.72.63 - - [16/Jun/2026:23:46:25 +0200] "GET /index.php/ HTTP/1.1" 301 - "-" "python-requests/2.32.5"
183.253.72.63 - - [16/Jun/2026:23:46:28 +0200] "GET /elfinder/connector.minimal.php HTTP/1.1" 301 296 "-" "python-requests/2.32.5"
183.253.72.63 - - [16/Jun/2026:23:46:28 +0200] "GET /index.php/ HTTP/1.1" 301 - "-" "python-requests/2.32.5"
183.253.72.63 - - [16/Jun/2026:23:46:30 +0200] "GET /elFinder/php/connector.minimal.php HTTP/1.1" 301 296 "-" "python-requests/2.32.5"
183.253.72.63 - - [16/Jun/2026:23:46:30 +0200] "GET /index.php/ HTTP/1.1" 301 - "-" "python-requests/2.32.5"
183.253.72.63 - - [16/Jun/2026:23:46:32 +0200] "GET /lib/elfinder/php/connector.minimal.php HTTP/1.1" 301 296 "-" "python-requests/2.32.5"
183.253.72.63 - - [16/Jun/2026:23:46:32 +0200] "GET /index.php/ HTTP/1.1" 301 - "-" "python-requests/2.32.5"
66.249.64.12 - - [16/Jun/2026:23:46:33 +0200] "GET /shop/sold?id=top43425496601100 HTTP/1.1" 301 317 "-" "Mozilla/5.0 (Linux; Android 6.0.1; Nexus 5X Build/MMB29P) AppleWebKit/537.36 (KHTML, like Gecko) Chrome/148.0.7778.96 Mobile Safari/537.36 (compatible; Googlebot/2.1; +http://www.google.com/bot.html)"
66.249.64.10 - - [16/Jun/2026:23:46:43 +0200] "GET /?h=43422378321100 HTTP/1.1" 301 313 "-" "Mozilla/5.0 (Linux; Android 6.0.1; Nexus 5X Build/MMB29P) AppleWebKit/537.36 (KHTML, like Gecko) Chrome/148.0.7778.96 Mobile Safari/537.36 (compatible; Googlebot/2.1; +http://www.google.com/bot.html)"
66.249.64.12 - - [16/Jun/2026:23:47:01 +0200] "GET /index.php/?id=top43425496601100 HTTP/1.1" 301 - "-" "Mozilla/5.0 (Linux; Android 6.0.1; Nexus 5X Build/MMB29P) AppleWebKit/537.36 (KHTML, like Gecko) Chrome/148.0.7778.96 Mobile Safari/537.36 (compatible; Googlebot/2.1; +http://www.google.com/bot.html)"
66.249.64.11 - - [16/Jun/2026:23:47:05 +0200] "GET /?h=19184107241100 HTTP/1.1" 301 313 "-" "Mozilla/5.0 (compatible; Googlebot/2.1; +http://www.google.com/bot.html)"
66.249.64.10 - - [16/Jun/2026:23:48:30 +0200] "GET /index.php/?h=19184107241100 HTTP/1.1" 301 - "-" "Mozilla/5.0 (compatible; Googlebot/2.1; +http://www.google.com/bot.html)"
66.249.64.11 - - [16/Jun/2026:23:49:11 +0200] "GET /index.php/?h=37937681881100 HTTP/1.1" 301 - "-" "Mozilla/5.0 (compatible; Googlebot/2.1; +http://www.google.com/bot.html)"
66.249.64.10 - - [16/Jun/2026:23:49:39 +0200] "GET /shop/sold?id=top28677718161100 HTTP/1.1" 301 317 "-" "Mozilla/5.0 (Linux; Android 6.0.1; Nexus 5X Build/MMB29P) AppleWebKit/537.36 (KHTML, like Gecko) Chrome/148.0.7778.96 Mobile Safari/537.36 (compatible; Googlebot/2.1; +http://www.google.com/bot.html)"
66.249.64.12 - - [16/Jun/2026:23:49:43 +0200] "GET /?h=18644853681100 HTTP/1.1" 301 313 "-" "Mozilla/5.0 (compatible; Googlebot/2.1; +http://www.google.com/bot.html)"
66.249.64.10 - - [16/Jun/2026:23:50:02 +0200] "GET /index.php/?id=top28677718161100 HTTP/1.1" 301 - "-" "Mozilla/5.0 (Linux; Android 6.0.1; Nexus 5X Build/MMB29P) AppleWebKit/537.36 (KHTML, like Gecko) Chrome/148.0.7778.96 Mobile Safari/537.36 (compatible; Googlebot/2.1; +http://www.google.com/bot.html)"
66.249.64.12 - - [16/Jun/2026:23:50:05 +0200] "GET /index.php/?h=18644853681100 HTTP/1.1" 301 - "-" "Mozilla/5.0 (compatible; Googlebot/2.1; +http://www.google.com/bot.html)"
66.249.64.11 - - [16/Jun/2026:23:50:47 +0200] "GET /?h=5301479921100 HTTP/1.1" 301 312 "-" "Mozilla/5.0 (Linux; Android 6.0.1; Nexus 5X Build/MMB29P) AppleWebKit/537.36 (KHTML, like Gecko) Chrome/148.0.7778.96 Mobile Safari/537.36 (compatible; Googlebot/2.1; +http://www.google.com/bot.html)"
66.249.64.12 - - [16/Jun/2026:23:50:51 +0200] "GET /product/category/view_more/26407267161100 HTTP/1.1" 301 296 "-" "Mozilla/5.0 (Linux; Android 6.0.1; Nexus 5X Build/MMB29P) AppleWebKit/537.36 (KHTML, like Gecko) Chrome/148.0.7778.96 Mobile Safari/537.36 (compatible; Googlebot/2.1; +http://www.google.com/bot.html)"
66.249.64.12 - - [16/Jun/2026:23:51:04 +0200] "GET /?h=37918927441100 HTTP/1.1" 301 313 "-" "Mozilla/5.0 (Linux; Android 6.0.1; Nexus 5X Build/MMB29P) AppleWebKit/537.36 (KHTML, like Gecko) Chrome/148.0.7778.96 Mobile Safari/537.36 (compatible; Googlebot/2.1; +http://www.google.com/bot.html)"
66.249.64.10 - - [16/Jun/2026:23:51:23 +0200] "GET /?h=24676964921100 HTTP/1.1" 301 313 "-" "Mozilla/5.0 (Linux; Android 6.0.1; Nexus 5X Build/MMB29P) AppleWebKit/537.36 (KHTML, like Gecko) Chrome/148.0.7778.96 Mobile Safari/537.36 (compatible; Googlebot/2.1; +http://www.google.com/bot.html)"
66.249.64.12 - - [16/Jun/2026:23:51:45 +0200] "GET /index.php/?h=24676964921100 HTTP/1.1" 301 - "-" "Mozilla/5.0 (Linux; Android 6.0.1; Nexus 5X Build/MMB29P) AppleWebKit/537.36 (KHTML, like Gecko) Chrome/148.0.7778.96 Mobile Safari/537.36 (compatible; Googlebot/2.1; +http://www.google.com/bot.html)"
66.249.64.11 - - [16/Jun/2026:23:52:01 +0200] "GET /?h=11774880001100 HTTP/1.1" 301 313 "-" "Mozilla/5.0 (compatible; Googlebot/2.1; +http://www.google.com/bot.html)"
66.249.64.12 - - [16/Jun/2026:23:52:32 +0200] "GET /?h=29011105561100 HTTP/1.1" 301 313 "-" "Mozilla/5.0 (compatible; Googlebot/2.1; +http://www.google.com/bot.html)"
203.175.125.116 - - [16/Jun/2026:23:53:04 +0200] "GET /18486-2/ HTTP/1.1" 200 11751 "https://verona.elettroservicegroup.it/" "Mozilla/5.0 (X11; Linux x86_64; rv:128.0) Gecko/20100101 Firefox/128.0"
66.249.64.11 - - [17/Jun/2026:00:09:03 +0200] "GET /?h=19692461481100 HTTP/1.1" 301 313 "-" "Mozilla/5.0 (Linux; Android 6.0.1; Nexus 5X Build/MMB29P) AppleWebKit/537.36 (KHTML, like Gecko) Chrome/148.0.7778.96 Mobile Safari/537.36 (compatible; Googlebot/2.1; +http://www.google.com/bot.html)"
66.249.64.10 - - [17/Jun/2026:00:09:06 +0200] "GET /?h=34136871561100 HTTP/1.1" 301 313 "-" "Mozilla/5.0 (compatible; Googlebot/2.1; +http://www.google.com/bot.html)"
66.249.64.10 - - [17/Jun/2026:00:09:19 +0200] "GET /?h=1749147281100 HTTP/1.1" 301 312 "-" "Mozilla/5.0 (Linux; Android 6.0.1; Nexus 5X Build/MMB29P) AppleWebKit/537.36 (KHTML, like Gecko) Chrome/148.0.7778.96 Mobile Safari/537.36 (compatible; Googlebot/2.1; +http://www.google.com/bot.html)"
66.249.64.10 - - [17/Jun/2026:00:09:32 +0200] "GET /?h=19843630921100 HTTP/1.1" 301 313 "-" "Mozilla/5.0 (Linux; Android 6.0.1; Nexus 5X Build/MMB29P) AppleWebKit/537.36 (KHTML, like Gecko) Chrome/148.0.7778.96 Mobile Safari/537.36 (compatible; Googlebot/2.1; +http://www.google.com/bot.html)"
66.249.64.12 - - [17/Jun/2026:00:09:37 +0200] "GET /?h=1871685241100 HTTP/1.1" 301 312 "-" "Mozilla/5.0 (Linux; Android 6.0.1; Nexus 5X Build/MMB29P) AppleWebKit/537.36 (KHTML, like Gecko) Chrome/149.0.7827.114 Mobile Safari/537.36 (compatible; Googlebot/2.1; +http://www.google.com/bot.html)"
66.249.64.11 - - [17/Jun/2026:00:09:45 +0200] "GET /index.php/?h=19843630921100 HTTP/1.1" 301 - "-" "Mozilla/5.0 (Linux; Android 6.0.1; Nexus 5X Build/MMB29P) AppleWebKit/537.36 (KHTML, like Gecko) Chrome/148.0.7778.96 Mobile Safari/537.36 (compatible; Googlebot/2.1; +http://www.google.com/bot.html)"
66.249.64.11 - - [17/Jun/2026:00:10:20 +0200] "GET /?h=43823592041100 HTTP/1.1" 301 313 "-" "Mozilla/5.0 (compatible; Googlebot/2.1; +http://www.google.com/bot.html)"
66.249.64.10 - - [17/Jun/2026:00:10:35 +0200] "GET /index.php/?h=43823592041100 HTTP/1.1" 301 - "-" "Mozilla/5.0 (compatible; Googlebot/2.1; +http://www.google.com/bot.html)"
66.249.64.11 - - [17/Jun/2026:00:11:09 +0200] "GET /?h=5989978241100 HTTP/1.1" 301 312 "-" "Mozilla/5.0 (Linux; Android 6.0.1; Nexus 5X Build/MMB29P) AppleWebKit/537.36 (KHTML, like Gecko) Chrome/149.0.7827.114 Mobile Safari/537.36 (compatible; Googlebot/2.1; +http://www.google.com/bot.html)"
66.249.64.10 - - [17/Jun/2026:00:11:37 +0200] "GET /?h=13676807001100 HTTP/1.1" 301 313 "-" "Mozilla/5.0 (compatible; Googlebot/2.1; +http://www.google.com/bot.html)"
66.249.64.10 - - [17/Jun/2026:00:12:03 +0200] "GET /?h=43422378321100 HTTP/1.1" 301 313 "-" "Mozilla/5.0 (Linux; Android 6.0.1; Nexus 5X Build/MMB29P) AppleWebKit/537.36 (KHTML, like Gecko) Chrome/148.0.7778.96 Mobile Safari/537.36 (compatible; Googlebot/2.1; +http://www.google.com/bot.html)"
66.249.64.12 - - [17/Jun/2026:00:12:16 +0200] "GET /?h=42875112721100 HTTP/1.1" 301 313 "-" "Mozilla/5.0 (Linux; Android 6.0.1; Nexus 5X Build/MMB29P) AppleWebKit/537.36 (KHTML, like Gecko) Chrome/149.0.7827.114 Mobile Safari/537.36 (compatible; Googlebot/2.1; +http://www.google.com/bot.html)"
66.249.64.12 - - [17/Jun/2026:00:12:20 +0200] "GET /?h=4260019161100 HTTP/1.1" 301 312 "-" "Mozilla/5.0 (Linux; Android 6.0.1; Nexus 5X Build/MMB29P) AppleWebKit/537.36 (KHTML, like Gecko) Chrome/148.0.7778.96 Mobile Safari/537.36 (compatible; Googlebot/2.1; +http://www.google.com/bot.html)"
66.249.64.11 - - [17/Jun/2026:00:12:38 +0200] "GET /?h=26524210121100 HTTP/1.1" 301 313 "-" "Mozilla/5.0 (Linux; Android 6.0.1; Nexus 5X Build/MMB29P) AppleWebKit/537.36 (KHTML, like Gecko) Chrome/148.0.7778.96 Mobile Safari/537.36 (compatible; Googlebot/2.1; +http://www.google.com/bot.html)"
66.249.64.10 - - [17/Jun/2026:00:18:10 +0200] "GET /?h=4081725161100 HTTP/1.1" 301 312 "-" "Mozilla/5.0 (compatible; Googlebot/2.1; +http://www.google.com/bot.html)"
66.249.64.12 - - [17/Jun/2026:00:18:11 +0200] "GET /index.php/?h=4081725161100 HTTP/1.1" 301 - "-" "Mozilla/5.0 (compatible; Googlebot/2.1; +http://www.google.com/bot.html)"