65.108.235.243 - - [20/Jun/2026:14:08:30 +0200] "POST /wp-cron.php?doing_wp_cron=1781957310.2888610363006591796875 HTTP/1.1" 200 1 "-" "WordPress/7.0; https://brescia.elettroservicegroup.it"
66.249.64.231 - - [20/Jun/2026:14:08:22 +0200] "GET /?p=16515 HTTP/1.1" 404 17861 "-" "Mozilla/5.0 (Linux; Android 6.0.1; Nexus 5X Build/MMB29P) AppleWebKit/537.36 (KHTML, like Gecko) Chrome/148.0.7778.96 Mobile Safari/537.36 (compatible; Googlebot/2.1; +http://www.google.com/bot.html)"
65.108.235.243 - - [20/Jun/2026:14:31:37 +0200] "POST /wp-cron.php?doing_wp_cron=1781958697.0976989269256591796875 HTTP/1.1" 200 1 "-" "WordPress/7.0; https://brescia.elettroservicegroup.it"
66.249.64.229 - - [20/Jun/2026:14:31:32 +0200] "GET /?p=15787 HTTP/1.1" 404 17861 "-" "Mozilla/5.0 (Linux; Android 6.0.1; Nexus 5X Build/MMB29P) AppleWebKit/537.36 (KHTML, like Gecko) Chrome/148.0.7778.96 Mobile Safari/537.36 (compatible; Googlebot/2.1; +http://www.google.com/bot.html)"
65.108.235.243 - - [20/Jun/2026:14:31:38 +0200] "POST /wp-json/complianz/v1/wsc-scan HTTP/1.1" 400 88 "-" "WordPress/7.0; https://brescia.elettroservicegroup.it"
65.108.235.243 - - [20/Jun/2026:14:34:56 +0200] "POST /wp-cron.php?doing_wp_cron=1781958896.3121359348297119140625 HTTP/1.1" 200 1 "-" "WordPress/7.0; https://brescia.elettroservicegroup.it"
66.249.64.231 - - [20/Jun/2026:14:34:54 +0200] "GET /?p=16649 HTTP/1.1" 404 17861 "-" "Mozilla/5.0 (Linux; Android 6.0.1; Nexus 5X Build/MMB29P) AppleWebKit/537.36 (KHTML, like Gecko) Chrome/148.0.7778.96 Mobile Safari/537.36 (compatible; Googlebot/2.1; +http://www.google.com/bot.html)"
65.108.235.243 - - [20/Jun/2026:14:42:33 +0200] "POST /wp-cron.php?doing_wp_cron=1781959353.5782380104064941406250 HTTP/1.1" 200 1 "-" "WordPress/7.0; https://brescia.elettroservicegroup.it"
66.249.64.229 - - [20/Jun/2026:14:42:32 +0200] "GET /?p=16700 HTTP/1.1" 404 17861 "-" "Mozilla/5.0 (Linux; Android 6.0.1; Nexus 5X Build/MMB29P) AppleWebKit/537.36 (KHTML, like Gecko) Chrome/148.0.7778.96 Mobile Safari/537.36 (compatible; Googlebot/2.1; +http://www.google.com/bot.html)"
65.108.235.243 - - [20/Jun/2026:14:44:18 +0200] "POST /wp-cron.php?doing_wp_cron=1781959458.5695970058441162109375 HTTP/1.1" 200 1 "-" "WordPress/7.0; https://brescia.elettroservicegroup.it"
66.249.64.230 - - [20/Jun/2026:14:44:13 +0200] "GET /?p=15850 HTTP/1.1" 404 17861 "-" "Mozilla/5.0 (Linux; Android 6.0.1; Nexus 5X Build/MMB29P) AppleWebKit/537.36 (KHTML, like Gecko) Chrome/148.0.7778.96 Mobile Safari/537.36 (compatible; Googlebot/2.1; +http://www.google.com/bot.html)"
65.108.235.243 - - [20/Jun/2026:15:14:11 +0200] "POST /wp-cron.php?doing_wp_cron=1781961251.7099890708923339843750 HTTP/1.1" 200 1 "-" "WordPress/7.0; https://brescia.elettroservicegroup.it"
66.249.64.231 - - [20/Jun/2026:15:14:10 +0200] "GET /?p=16465 HTTP/1.1" 404 17861 "-" "Mozilla/5.0 (Linux; Android 6.0.1; Nexus 5X Build/MMB29P) AppleWebKit/537.36 (KHTML, like Gecko) Chrome/148.0.7778.96 Mobile Safari/537.36 (compatible; Googlebot/2.1; +http://www.google.com/bot.html)"
65.108.235.243 - - [20/Jun/2026:15:34:11 +0200] "POST /wp-cron.php?doing_wp_cron=1781962451.1948530673980712890625 HTTP/1.1" 200 1 "-" "WordPress/7.0; https://brescia.elettroservicegroup.it"
78.177.223.211 - - [20/Jun/2026:15:34:03 +0200] "GET /assistenza-condizionatori/ HTTP/1.1" 404 17888 "-" "Mozilla/5.0 (Windows NT 10.0; Win64; x64) AppleWebKit/537.36 (KHTML, like Gecko) Chrome/120.0.0.0 Safari/537.36"
78.177.223.211 - - [20/Jun/2026:15:34:10 +0200] "GET /assistenza-condizionatori/ HTTP/1.1" 404 17888 "-" "Mozilla/5.0 (Windows NT 10.0; Win64; x64) AppleWebKit/537.36 (KHTML, like Gecko) Chrome/120.0.0.0 Safari/537.36"
65.108.235.243 - - [20/Jun/2026:15:34:12 +0200] "POST /wp-json/complianz/v1/wsc-scan HTTP/1.1" 400 88 "-" "WordPress/7.0; https://brescia.elettroservicegroup.it"
65.108.235.243 - - [20/Jun/2026:15:38:32 +0200] "POST /wp-cron.php?doing_wp_cron=1781962712.9405879974365234375000 HTTP/1.1" 200 1 "-" "WordPress/7.0; https://brescia.elettroservicegroup.it"
66.249.64.231 - - [20/Jun/2026:15:38:31 +0200] "GET /?p=16417 HTTP/1.1" 404 17861 "-" "Mozilla/5.0 (Linux; Android 6.0.1; Nexus 5X Build/MMB29P) AppleWebKit/537.36 (KHTML, like Gecko) Chrome/148.0.7778.96 Mobile Safari/537.36 (compatible; Googlebot/2.1; +http://www.google.com/bot.html)"
65.108.235.243 - - [20/Jun/2026:15:57:18 +0200] "POST /wp-cron.php?doing_wp_cron=1781963838.3153209686279296875000 HTTP/1.1" 200 1 "-" "WordPress/7.0; https://brescia.elettroservicegroup.it"
66.249.64.230 - - [20/Jun/2026:15:57:09 +0200] "GET /?p=16436 HTTP/1.1" 404 17861 "-" "Mozilla/5.0 (Linux; Android 6.0.1; Nexus 5X Build/MMB29P) AppleWebKit/537.36 (KHTML, like Gecko) Chrome/148.0.7778.96 Mobile Safari/537.36 (compatible; Googlebot/2.1; +http://www.google.com/bot.html)"
65.108.235.243 - - [20/Jun/2026:16:21:10 +0200] "POST /wp-cron.php?doing_wp_cron=1781965270.1899600028991699218750 HTTP/1.1" 200 1 "-" "WordPress/7.0; https://brescia.elettroservicegroup.it"
66.249.64.231 - - [20/Jun/2026:16:21:07 +0200] "GET /?p=16079 HTTP/1.1" 404 17861 "-" "Mozilla/5.0 (Linux; Android 6.0.1; Nexus 5X Build/MMB29P) AppleWebKit/537.36 (KHTML, like Gecko) Chrome/148.0.7778.96 Mobile Safari/537.36 (compatible; Googlebot/2.1; +http://www.google.com/bot.html)"
65.108.235.243 - - [20/Jun/2026:16:44:25 +0200] "POST /wp-cron.php?doing_wp_cron=1781966665.0865080356597900390625 HTTP/1.1" 200 1 "-" "WordPress/7.0; https://brescia.elettroservicegroup.it"
66.249.64.229 - - [20/Jun/2026:16:44:18 +0200] "GET /?p=15997 HTTP/1.1" 404 17861 "-" "Mozilla/5.0 (Linux; Android 6.0.1; Nexus 5X Build/MMB29P) AppleWebKit/537.36 (KHTML, like Gecko) Chrome/148.0.7778.96 Mobile Safari/537.36 (compatible; Googlebot/2.1; +http://www.google.com/bot.html)"
65.108.235.243 - - [20/Jun/2026:16:44:27 +0200] "POST /wp-json/complianz/v1/wsc-scan HTTP/1.1" 400 88 "-" "WordPress/7.0; https://brescia.elettroservicegroup.it"
65.108.235.243 - - [20/Jun/2026:16:52:16 +0200] "POST /wp-cron.php?doing_wp_cron=1781967136.2928209304809570312500 HTTP/1.1" 200 1 "-" "WordPress/7.0; https://brescia.elettroservicegroup.it"
66.249.64.229 - - [20/Jun/2026:16:52:08 +0200] "GET /?p=16661 HTTP/1.1" 404 17861 "-" "Mozilla/5.0 (Linux; Android 6.0.1; Nexus 5X Build/MMB29P) AppleWebKit/537.36 (KHTML, like Gecko) Chrome/148.0.7778.96 Mobile Safari/537.36 (compatible; Googlebot/2.1; +http://www.google.com/bot.html)"
47.128.23.250 - - [20/Jun/2026:17:06:38 +0200] "GET /robots.txt HTTP/1.1" 200 11768 "-" "Mozilla/5.0 (Linux; Android 5.0) AppleWebKit/537.36 (KHTML, like Gecko) Mobile Safari/537.36 (compatible; Bytespider; spider-feedback@bytedance.com)"
65.108.235.243 - - [20/Jun/2026:17:26:59 +0200] "POST /wp-cron.php?doing_wp_cron=1781969219.0048089027404785156250 HTTP/1.1" 200 1 "-" "WordPress/7.0; https://brescia.elettroservicegroup.it"
66.249.64.229 - - [20/Jun/2026:17:26:57 +0200] "GET /?p=15901 HTTP/1.1" 404 17861 "-" "Mozilla/5.0 (Linux; Android 6.0.1; Nexus 5X Build/MMB29P) AppleWebKit/537.36 (KHTML, like Gecko) Chrome/148.0.7778.96 Mobile Safari/537.36 (compatible; Googlebot/2.1; +http://www.google.com/bot.html)"
65.108.235.243 - - [20/Jun/2026:18:00:52 +0200] "POST /wp-cron.php?doing_wp_cron=1781971252.1502079963684082031250 HTTP/1.1" 200 1 "-" "WordPress/7.0; https://brescia.elettroservicegroup.it"
66.249.64.229 - - [20/Jun/2026:18:00:50 +0200] "GET /?p=16031 HTTP/1.1" 404 17861 "-" "Mozilla/5.0 (Linux; Android 6.0.1; Nexus 5X Build/MMB29P) AppleWebKit/537.36 (KHTML, like Gecko) Chrome/148.0.7778.96 Mobile Safari/537.36 (compatible; Googlebot/2.1; +http://www.google.com/bot.html)"
65.108.235.243 - - [20/Jun/2026:18:00:52 +0200] "POST /wp-json/complianz/v1/wsc-scan HTTP/1.1" 400 88 "-" "WordPress/7.0; https://brescia.elettroservicegroup.it"
65.108.235.243 - - [20/Jun/2026:18:17:39 +0200] "POST /wp-cron.php?doing_wp_cron=1781972259.6829810142517089843750 HTTP/1.1" 200 1 "-" "WordPress/7.0; https://brescia.elettroservicegroup.it"
66.249.64.229 - - [20/Jun/2026:18:17:31 +0200] "GET /?p=15876 HTTP/1.1" 404 17861 "-" "Mozilla/5.0 (Linux; Android 6.0.1; Nexus 5X Build/MMB29P) AppleWebKit/537.36 (KHTML, like Gecko) Chrome/148.0.7778.96 Mobile Safari/537.36 (compatible; Googlebot/2.1; +http://www.google.com/bot.html)"
65.108.235.243 - - [20/Jun/2026:18:19:42 +0200] "POST /wp-cron.php?doing_wp_cron=1781972382.1932220458984375000000 HTTP/1.1" 200 1 "-" "WordPress/7.0; https://brescia.elettroservicegroup.it"
66.249.64.229 - - [20/Jun/2026:18:19:35 +0200] "GET /?p=16393 HTTP/1.1" 404 17861 "-" "Mozilla/5.0 (Linux; Android 6.0.1; Nexus 5X Build/MMB29P) AppleWebKit/537.36 (KHTML, like Gecko) Chrome/148.0.7778.96 Mobile Safari/537.36 (compatible; Googlebot/2.1; +http://www.google.com/bot.html)"
65.108.235.243 - - [20/Jun/2026:18:42:58 +0200] "POST /wp-cron.php?doing_wp_cron=1781973778.1916599273681640625000 HTTP/1.1" 200 1 "-" "WordPress/7.0; https://brescia.elettroservicegroup.it"
66.249.64.230 - - [20/Jun/2026:18:42:52 +0200] "GET /?p=15654 HTTP/1.1" 404 17861 "-" "Mozilla/5.0 (Linux; Android 6.0.1; Nexus 5X Build/MMB29P) AppleWebKit/537.36 (KHTML, like Gecko) Chrome/148.0.7778.96 Mobile Safari/537.36 (compatible; Googlebot/2.1; +http://www.google.com/bot.html)"
65.108.235.243 - - [20/Jun/2026:18:59:18 +0200] "POST /wp-cron.php?doing_wp_cron=1781974758.1805539131164550781250 HTTP/1.1" 200 1 "-" "WordPress/7.0; https://brescia.elettroservicegroup.it"
66.249.64.230 - - [20/Jun/2026:18:59:14 +0200] "GET /robots.txt HTTP/1.1" 200 106 "-" "Mozilla/5.0 (compatible; Googlebot/2.1; +http://www.google.com/bot.html)"
65.108.235.243 - - [20/Jun/2026:18:59:20 +0200] "POST /wp-cron.php?doing_wp_cron=1781974760.5866010189056396484375 HTTP/1.1" 200 1 "-" "WordPress/7.0; https://brescia.elettroservicegroup.it"
66.249.64.230 - - [20/Jun/2026:18:59:14 +0200] "GET /?p=15770 HTTP/1.1" 404 17861 "-" "Mozilla/5.0 (Linux; Android 6.0.1; Nexus 5X Build/MMB29P) AppleWebKit/537.36 (KHTML, like Gecko) Chrome/148.0.7778.96 Mobile Safari/537.36 (compatible; Googlebot/2.1; +http://www.google.com/bot.html)"
65.108.235.243 - - [20/Jun/2026:19:05:34 +0200] "POST /wp-cron.php?doing_wp_cron=1781975134.5159289836883544921875 HTTP/1.1" 200 1 "-" "WordPress/7.0; https://brescia.elettroservicegroup.it"
66.249.64.231 - - [20/Jun/2026:19:05:31 +0200] "GET /robots.txt HTTP/1.1" 200 106 "-" "Mozilla/5.0 (compatible; Googlebot/2.1; +http://www.google.com/bot.html)"
65.108.235.243 - - [20/Jun/2026:19:05:34 +0200] "POST /wp-cron.php?doing_wp_cron=1781975134.8644239902496337890625 HTTP/1.1" 200 1 "-" "WordPress/7.0; https://brescia.elettroservicegroup.it"
66.249.64.229 - - [20/Jun/2026:19:05:31 +0200] "GET /?p=16186 HTTP/1.1" 404 17861 "-" "Mozilla/5.0 (Linux; Android 6.0.1; Nexus 5X Build/MMB29P) AppleWebKit/537.36 (KHTML, like Gecko) Chrome/148.0.7778.96 Mobile Safari/537.36 (compatible; Googlebot/2.1; +http://www.google.com/bot.html)"
65.108.235.243 - - [20/Jun/2026:19:05:34 +0200] "POST /wp-json/complianz/v1/wsc-scan HTTP/1.1" 400 88 "-" "WordPress/7.0; https://brescia.elettroservicegroup.it"
65.108.235.243 - - [20/Jun/2026:19:46:21 +0200] "POST /wp-cron.php?doing_wp_cron=1781977581.1900010108947753906250 HTTP/1.1" 200 1 "-" "WordPress/7.0; https://brescia.elettroservicegroup.it"
66.249.64.231 - - [20/Jun/2026:19:46:19 +0200] "GET /?p=16809 HTTP/1.1" 404 17861 "-" "Mozilla/5.0 (Linux; Android 6.0.1; Nexus 5X Build/MMB29P) AppleWebKit/537.36 (KHTML, like Gecko) Chrome/148.0.7778.96 Mobile Safari/537.36 (compatible; Googlebot/2.1; +http://www.google.com/bot.html)"
65.108.235.243 - - [20/Jun/2026:19:50:26 +0200] "POST /wp-cron.php?doing_wp_cron=1781977826.8909900188446044921875 HTTP/1.1" 200 1 "-" "WordPress/7.0; https://brescia.elettroservicegroup.it"
66.249.64.231 - - [20/Jun/2026:19:50:19 +0200] "GET /?p=15984 HTTP/1.1" 404 17861 "-" "Mozilla/5.0 (Linux; Android 6.0.1; Nexus 5X Build/MMB29P) AppleWebKit/537.36 (KHTML, like Gecko) Chrome/148.0.7778.96 Mobile Safari/537.36 (compatible; Googlebot/2.1; +http://www.google.com/bot.html)"
66.249.64.229 - - [20/Jun/2026:19:50:27 +0200] "GET /?p=16039 HTTP/1.1" 404 17861 "-" "Mozilla/5.0 (Linux; Android 6.0.1; Nexus 5X Build/MMB29P) AppleWebKit/537.36 (KHTML, like Gecko) Chrome/148.0.7778.96 Mobile Safari/537.36 (compatible; Googlebot/2.1; +http://www.google.com/bot.html)"
65.108.235.243 - - [20/Jun/2026:19:54:53 +0200] "POST /wp-cron.php?doing_wp_cron=1781978093.6339049339294433593750 HTTP/1.1" 200 1 "-" "WordPress/7.0; https://brescia.elettroservicegroup.it"
65.108.235.243 - - [20/Jun/2026:19:54:53 +0200] "POST /wp-cron.php?doing_wp_cron=1781978093.6339049339294433593750 HTTP/1.1" 200 1 "-" "WordPress/7.0; https://brescia.elettroservicegroup.it"
66.249.64.229 - - [20/Jun/2026:19:54:52 +0200] "GET /?p=16309 HTTP/1.1" 404 17861 "-" "Mozilla/5.0 (Linux; Android 6.0.1; Nexus 5X Build/MMB29P) AppleWebKit/537.36 (KHTML, like Gecko) Chrome/148.0.7778.96 Mobile Safari/537.36 (compatible; Googlebot/2.1; +http://www.google.com/bot.html)"
66.249.64.230 - - [20/Jun/2026:19:54:52 +0200] "GET /?p=15828 HTTP/1.1" 404 17861 "-" "Mozilla/5.0 (Linux; Android 6.0.1; Nexus 5X Build/MMB29P) AppleWebKit/537.36 (KHTML, like Gecko) Chrome/148.0.7778.96 Mobile Safari/537.36 (compatible; Googlebot/2.1; +http://www.google.com/bot.html)"
65.108.235.243 - - [20/Jun/2026:20:00:00 +0200] "POST /wp-cron.php?doing_wp_cron=1781978400.1137390136718750000000 HTTP/1.1" 200 1 "-" "WordPress/7.0; https://brescia.elettroservicegroup.it"
66.249.64.231 - - [20/Jun/2026:19:59:58 +0200] "GET /?p=16779 HTTP/1.1" 404 17861 "-" "Mozilla/5.0 (Linux; Android 6.0.1; Nexus 5X Build/MMB29P) AppleWebKit/537.36 (KHTML, like Gecko) Chrome/148.0.7778.96 Mobile Safari/537.36 (compatible; Googlebot/2.1; +http://www.google.com/bot.html)"
65.108.235.243 - - [20/Jun/2026:20:06:23 +0200] "POST /wp-cron.php?doing_wp_cron=1781978783.6938331127166748046875 HTTP/1.1" 200 1 "-" "WordPress/7.0; https://brescia.elettroservicegroup.it"
66.249.64.231 - - [20/Jun/2026:20:06:22 +0200] "GET /?p=16537 HTTP/1.1" 404 17861 "-" "Mozilla/5.0 (Linux; Android 6.0.1; Nexus 5X Build/MMB29P) AppleWebKit/537.36 (KHTML, like Gecko) Chrome/148.0.7778.96 Mobile Safari/537.36 (compatible; Googlebot/2.1; +http://www.google.com/bot.html)"
65.108.235.243 - - [20/Jun/2026:20:06:23 +0200] "POST /wp-json/complianz/v1/wsc-scan HTTP/1.1" 400 88 "-" "WordPress/7.0; https://brescia.elettroservicegroup.it"
65.108.235.243 - - [20/Jun/2026:20:16:42 +0200] "POST /wp-cron.php?doing_wp_cron=1781979402.4085590839385986328125 HTTP/1.1" 200 1 "-" "WordPress/7.0; https://brescia.elettroservicegroup.it"
66.249.64.231 - - [20/Jun/2026:20:16:40 +0200] "GET /?p=16066 HTTP/1.1" 404 17861 "-" "Mozilla/5.0 (Linux; Android 6.0.1; Nexus 5X Build/MMB29P) AppleWebKit/537.36 (KHTML, like Gecko) Chrome/148.0.7778.96 Mobile Safari/537.36 (compatible; Googlebot/2.1; +http://www.google.com/bot.html)"
65.108.235.243 - - [20/Jun/2026:20:26:22 +0200] "POST /wp-cron.php?doing_wp_cron=1781979982.8899199962615966796875 HTTP/1.1" 200 1 "-" "WordPress/7.0; https://brescia.elettroservicegroup.it"
66.249.64.229 - - [20/Jun/2026:20:26:18 +0200] "GET /?p=16840 HTTP/1.1" 404 17861 "-" "Mozilla/5.0 (Linux; Android 6.0.1; Nexus 5X Build/MMB29P) AppleWebKit/537.36 (KHTML, like Gecko) Chrome/148.0.7778.96 Mobile Safari/537.36 (compatible; Googlebot/2.1; +http://www.google.com/bot.html)"
65.108.235.243 - - [20/Jun/2026:20:35:31 +0200] "POST /wp-cron.php?doing_wp_cron=1781980531.1809771060943603515625 HTTP/1.1" 200 1 "-" "WordPress/7.0; https://brescia.elettroservicegroup.it"
66.249.64.229 - - [20/Jun/2026:20:35:25 +0200] "GET /?p=16703 HTTP/1.1" 404 17861 "-" "Mozilla/5.0 (Linux; Android 6.0.1; Nexus 5X Build/MMB29P) AppleWebKit/537.36 (KHTML, like Gecko) Chrome/148.0.7778.96 Mobile Safari/537.36 (compatible; Googlebot/2.1; +http://www.google.com/bot.html)"
65.108.235.243 - - [20/Jun/2026:20:37:19 +0200] "POST /wp-cron.php?doing_wp_cron=1781980639.3729031085968017578125 HTTP/1.1" 200 1 "-" "WordPress/7.0; https://brescia.elettroservicegroup.it"
66.249.64.231 - - [20/Jun/2026:20:37:11 +0200] "GET /?p=16464 HTTP/1.1" 404 17861 "-" "Mozilla/5.0 (Linux; Android 6.0.1; Nexus 5X Build/MMB29P) AppleWebKit/537.36 (KHTML, like Gecko) Chrome/148.0.7778.96 Mobile Safari/537.36 (compatible; Googlebot/2.1; +http://www.google.com/bot.html)"
65.108.235.243 - - [20/Jun/2026:20:41:51 +0200] "POST /wp-cron.php?doing_wp_cron=1781980911.7117049694061279296875 HTTP/1.1" 200 1 "-" "WordPress/7.0; https://brescia.elettroservicegroup.it"
66.249.64.229 - - [20/Jun/2026:20:41:46 +0200] "GET /?p=15947 HTTP/1.1" 404 17861 "-" "Mozilla/5.0 (Linux; Android 6.0.1; Nexus 5X Build/MMB29P) AppleWebKit/537.36 (KHTML, like Gecko) Chrome/148.0.7778.96 Mobile Safari/537.36 (compatible; Googlebot/2.1; +http://www.google.com/bot.html)"
65.108.235.243 - - [20/Jun/2026:21:04:12 +0200] "POST /wp-cron.php?doing_wp_cron=1781982252.0959239006042480468750 HTTP/1.1" 200 1 "-" "WordPress/7.0; https://brescia.elettroservicegroup.it"
66.249.64.231 - - [20/Jun/2026:21:04:10 +0200] "GET /?p=16060 HTTP/1.1" 404 17861 "-" "Mozilla/5.0 (Linux; Android 6.0.1; Nexus 5X Build/MMB29P) AppleWebKit/537.36 (KHTML, like Gecko) Chrome/148.0.7778.96 Mobile Safari/537.36 (compatible; Googlebot/2.1; +http://www.google.com/bot.html)"
65.108.235.243 - - [20/Jun/2026:21:33:35 +0200] "POST /wp-cron.php?doing_wp_cron=1781984015.2166140079498291015625 HTTP/1.1" 200 1 "-" "WordPress/7.0; https://brescia.elettroservicegroup.it"
66.249.64.229 - - [20/Jun/2026:21:33:33 +0200] "GET /?p=16439 HTTP/1.1" 404 17861 "-" "Mozilla/5.0 (Linux; Android 6.0.1; Nexus 5X Build/MMB29P) AppleWebKit/537.36 (KHTML, like Gecko) Chrome/148.0.7778.96 Mobile Safari/537.36 (compatible; Googlebot/2.1; +http://www.google.com/bot.html)"
65.108.235.243 - - [20/Jun/2026:21:33:35 +0200] "POST /wp-json/complianz/v1/wsc-scan HTTP/1.1" 400 88 "-" "WordPress/7.0; https://brescia.elettroservicegroup.it"
65.108.235.243 - - [20/Jun/2026:21:42:37 +0200] "POST /wp-cron.php?doing_wp_cron=1781984557.0768640041351318359375 HTTP/1.1" 200 1 "-" "WordPress/7.0; https://brescia.elettroservicegroup.it"
66.249.64.231 - - [20/Jun/2026:21:42:35 +0200] "GET /?p=16608 HTTP/1.1" 404 17861 "-" "Mozilla/5.0 (Linux; Android 6.0.1; Nexus 5X Build/MMB29P) AppleWebKit/537.36 (KHTML, like Gecko) Chrome/148.0.7778.96 Mobile Safari/537.36 (compatible; Googlebot/2.1; +http://www.google.com/bot.html)"
65.108.235.243 - - [20/Jun/2026:21:53:59 +0200] "POST /wp-cron.php?doing_wp_cron=1781985239.1801640987396240234375 HTTP/1.1" 200 1 "-" "WordPress/7.0; https://brescia.elettroservicegroup.it"
66.249.64.229 - - [20/Jun/2026:21:53:53 +0200] "GET /?p=15676 HTTP/1.1" 404 17861 "-" "Mozilla/5.0 (Linux; Android 6.0.1; Nexus 5X Build/MMB29P) AppleWebKit/537.36 (KHTML, like Gecko) Chrome/148.0.7778.96 Mobile Safari/537.36 (compatible; Googlebot/2.1; +http://www.google.com/bot.html)"
65.108.235.243 - - [20/Jun/2026:21:59:00 +0200] "POST /wp-cron.php?doing_wp_cron=1781985540.6813559532165527343750 HTTP/1.1" 200 1 "-" "WordPress/7.0; https://brescia.elettroservicegroup.it"
66.249.64.231 - - [20/Jun/2026:21:58:53 +0200] "GET /?p=16489 HTTP/1.1" 404 17861 "-" "Mozilla/5.0 (Linux; Android 6.0.1; Nexus 5X Build/MMB29P) AppleWebKit/537.36 (KHTML, like Gecko) Chrome/148.0.7778.96 Mobile Safari/537.36 (compatible; Googlebot/2.1; +http://www.google.com/bot.html)"
65.108.235.243 - - [20/Jun/2026:22:49:38 +0200] "POST /wp-cron.php?doing_wp_cron=1781988577.9833080768585205078125 HTTP/1.1" 200 1 "-" "WordPress/7.0; https://brescia.elettroservicegroup.it"
74.7.175.180 - - [20/Jun/2026:22:49:32 +0200] "GET /robots.txt HTTP/2.0" 301 1 "-" "Mozilla/5.0 (Macintosh; Intel Mac OS X 10_15_7) AppleWebKit/537.36 (KHTML, like Gecko) Chrome/131.0.0.0 Safari/537.36; compatible; OAI-SearchBot/1.4; robots.txt; +https://openai.com/searchbot"
74.7.175.180 - - [20/Jun/2026:22:49:38 +0200] "GET /robots.txt HTTP/2.0" 200 106 "https://www.brescia.elettroservicegroup.it/robots.txt" "Mozilla/5.0 (Macintosh; Intel Mac OS X 10_15_7) AppleWebKit/537.36 (KHTML, like Gecko) Chrome/131.0.0.0 Safari/537.36; compatible; OAI-SearchBot/1.4; robots.txt; +https://openai.com/searchbot"
65.108.235.243 - - [20/Jun/2026:22:49:39 +0200] "POST /wp-json/complianz/v1/wsc-scan HTTP/1.1" 400 88 "-" "WordPress/7.0; https://brescia.elettroservicegroup.it"
65.108.235.243 - - [20/Jun/2026:22:54:27 +0200] "POST /wp-cron.php?doing_wp_cron=1781988867.4334681034088134765625 HTTP/1.1" 200 1 "-" "WordPress/7.0; https://brescia.elettroservicegroup.it"
17.22.253.151 - - [20/Jun/2026:22:54:25 +0200] "GET /3pagamperhome-jpg/ HTTP/2.0" 200 96326 "-" "Mozilla/5.0 (Macintosh; Intel Mac OS X 10_15_7) AppleWebKit/605.1.15 (KHTML, like Gecko) Version/17.4 Safari/605.1.15 (Applebot/0.1; +http://www.apple.com/go/applebot)"
17.22.253.11 - - [20/Jun/2026:23:07:27 +0200] "GET /wp-content/plugins/header-footer-elementor/inc/widgets-css/frontend.css?ver=2.8.8 HTTP/2.0" 200 8711 "https://brescia.elettroservicegroup.it/3pagamperhome-jpg/" "Mozilla/5.0 (Macintosh; Intel Mac OS X 10_15_7) AppleWebKit/605.1.15 (KHTML, like Gecko) Version/17.4 Safari/605.1.15 (Applebot/0.1; +http://www.apple.com/go/applebot)"
17.22.253.11 - - [20/Jun/2026:23:07:28 +0200] "GET /wp-content/plugins/header-footer-elementor/assets/css/header-footer-elementor.css?ver=2.8.8 HTTP/2.0" 200 260 "https://brescia.elettroservicegroup.it/3pagamperhome-jpg/" "Mozilla/5.0 (Macintosh; Intel Mac OS X 10_15_7) AppleWebKit/605.1.15 (KHTML, like Gecko) Version/17.4 Safari/605.1.15 (Applebot/0.1; +http://www.apple.com/go/applebot)"
17.22.253.11 - - [20/Jun/2026:23:07:30 +0200] "GET /wp-content/plugins/elementor/assets/lib/eicons/css/elementor-icons.min.css?ver=5.49.0 HTTP/2.0" 200 4115 "https://brescia.elettroservicegroup.it/3pagamperhome-jpg/" "Mozilla/5.0 (Macintosh; Intel Mac OS X 10_15_7) AppleWebKit/605.1.15 (KHTML, like Gecko) Version/17.4 Safari/605.1.15 (Applebot/0.1; +http://www.apple.com/go/applebot)"
17.22.253.11 - - [20/Jun/2026:23:07:31 +0200] "GET /wp-includes/css/dist/block-library/style.min.css?ver=7.0 HTTP/2.0" 200 15998 "https://brescia.elettroservicegroup.it/3pagamperhome-jpg/" "Mozilla/5.0 (Macintosh; Intel Mac OS X 10_15_7) AppleWebKit/605.1.15 (KHTML, like Gecko) Version/17.4 Safari/605.1.15 (Applebot/0.1; +http://www.apple.com/go/applebot)"
17.22.253.11 - - [20/Jun/2026:23:07:32 +0200] "GET /wp-content/plugins/complianz-gdpr-premium/assets/css/cookieblocker.min.css?ver=1781581210 HTTP/2.0" 200 615 "https://brescia.elettroservicegroup.it/3pagamperhome-jpg/" "Mozilla/5.0 (Macintosh; Intel Mac OS X 10_15_7) AppleWebKit/605.1.15 (KHTML, like Gecko) Version/17.4 Safari/605.1.15 (Applebot/0.1; +http://www.apple.com/go/applebot)"
17.22.253.11 - - [20/Jun/2026:23:07:34 +0200] "GET /wp-content/plugins/all-in-one-seo-pack/dist/Lite/assets/css/table-of-contents/global.e90f6d47.css?ver=4.9.8 HTTP/2.0" 200 420 "https://brescia.elettroservicegroup.it/3pagamperhome-jpg/" "Mozilla/5.0 (Macintosh; Intel Mac OS X 10_15_7) AppleWebKit/605.1.15 (KHTML, like Gecko) Version/17.4 Safari/605.1.15 (Applebot/0.1; +http://www.apple.com/go/applebot)"
17.22.253.11 - - [20/Jun/2026:23:07:35 +0200] "GET /wp-content/plugins/elementor/assets/css/frontend.min.css?ver=4.1.3 HTTP/2.0" 200 6618 "https://brescia.elettroservicegroup.it/3pagamperhome-jpg/" "Mozilla/5.0 (Macintosh; Intel Mac OS X 10_15_7) AppleWebKit/605.1.15 (KHTML, like Gecko) Version/17.4 Safari/605.1.15 (Applebot/0.1; +http://www.apple.com/go/applebot)"
17.22.253.11 - - [20/Jun/2026:23:07:36 +0200] "GET /wp-content/uploads/elementor/css/post-14146.css?ver=1781761791 HTTP/2.0" 200 428 "https://brescia.elettroservicegroup.it/3pagamperhome-jpg/" "Mozilla/5.0 (Macintosh; Intel Mac OS X 10_15_7) AppleWebKit/605.1.15 (KHTML, like Gecko) Version/17.4 Safari/605.1.15 (Applebot/0.1; +http://www.apple.com/go/applebot)"
17.22.253.11 - - [20/Jun/2026:23:07:38 +0200] "GET /wp-content/plugins/elementor/assets/lib/font-awesome/css/all.min.css?ver=4.1.3 HTTP/2.0" 200 12402 "https://brescia.elettroservicegroup.it/3pagamperhome-jpg/" "Mozilla/5.0 (Macintosh; Intel Mac OS X 10_15_7) AppleWebKit/605.1.15 (KHTML, like Gecko) Version/17.4 Safari/605.1.15 (Applebot/0.1; +http://www.apple.com/go/applebot)"
17.22.253.11 - - [20/Jun/2026:23:07:39 +0200] "GET /wp-content/plugins/elementor/assets/lib/font-awesome/css/v4-shims.min.css?ver=4.1.3 HTTP/2.0" 200 3986 "https://brescia.elettroservicegroup.it/3pagamperhome-jpg/" "Mozilla/5.0 (Macintosh; Intel Mac OS X 10_15_7) AppleWebKit/605.1.15 (KHTML, like Gecko) Version/17.4 Safari/605.1.15 (Applebot/0.1; +http://www.apple.com/go/applebot)"
17.22.253.11 - - [20/Jun/2026:23:07:41 +0200] "GET /wp-content/uploads/elementor/css/post-14366.css?ver=1781761791 HTTP/2.0" 200 297 "https://brescia.elettroservicegroup.it/3pagamperhome-jpg/" "Mozilla/5.0 (Macintosh; Intel Mac OS X 10_15_7) AppleWebKit/605.1.15 (KHTML, like Gecko) Version/17.4 Safari/605.1.15 (Applebot/0.1; +http://www.apple.com/go/applebot)"
17.22.253.11 - - [20/Jun/2026:23:07:42 +0200] "GET /wp-content/plugins/wpfront-notification-bar/css/wpfront-notification-bar.min.css?ver=3.5.1.05102 HTTP/2.0" 200 665 "https://brescia.elettroservicegroup.it/3pagamperhome-jpg/" "Mozilla/5.0 (Macintosh; Intel Mac OS X 10_15_7) AppleWebKit/605.1.15 (KHTML, like Gecko) Version/17.4 Safari/605.1.15 (Applebot/0.1; +http://www.apple.com/go/applebot)"
17.22.253.11 - - [20/Jun/2026:23:07:43 +0200] "GET /wp-content/themes/generatepress/assets/css/components/comments.min.css?ver=3.6.1 HTTP/2.0" 200 488 "https://brescia.elettroservicegroup.it/3pagamperhome-jpg/" "Mozilla/5.0 (Macintosh; Intel Mac OS X 10_15_7) AppleWebKit/605.1.15 (KHTML, like Gecko) Version/17.4 Safari/605.1.15 (Applebot/0.1; +http://www.apple.com/go/applebot)"
17.22.253.11 - - [20/Jun/2026:23:07:45 +0200] "GET /wp-content/themes/generatepress/assets/css/main.min.css?ver=3.6.1 HTTP/2.0" 200 4410 "https://brescia.elettroservicegroup.it/3pagamperhome-jpg/" "Mozilla/5.0 (Macintosh; Intel Mac OS X 10_15_7) AppleWebKit/605.1.15 (KHTML, like Gecko) Version/17.4 Safari/605.1.15 (Applebot/0.1; +http://www.apple.com/go/applebot)"
17.22.253.11 - - [20/Jun/2026:23:07:46 +0200] "GET /wp-content/plugins/elementor/assets/lib/eicons/css/elementor-icons.min.css?ver=5.34.0 HTTP/2.0" 200 4115 "https://brescia.elettroservicegroup.it/3pagamperhome-jpg/" "Mozilla/5.0 (Macintosh; Intel Mac OS X 10_15_7) AppleWebKit/605.1.15 (KHTML, like Gecko) Version/17.4 Safari/605.1.15 (Applebot/0.1; +http://www.apple.com/go/applebot)"
17.22.253.11 - - [20/Jun/2026:23:07:47 +0200] "GET /wp-content/plugins/elementor/assets/css/widget-icon-list.min.css?ver=3.24.3 HTTP/2.0" 200 928 "https://brescia.elettroservicegroup.it/3pagamperhome-jpg/" "Mozilla/5.0 (Macintosh; Intel Mac OS X 10_15_7) AppleWebKit/605.1.15 (KHTML, like Gecko) Version/17.4 Safari/605.1.15 (Applebot/0.1; +http://www.apple.com/go/applebot)"
17.22.253.11 - - [20/Jun/2026:23:07:49 +0200] "GET /wp-content/plugins/elementor/assets/css/widget-social-icons.min.css?ver=3.24.0 HTTP/2.0" 200 1039 "https://brescia.elettroservicegroup.it/3pagamperhome-jpg/" "Mozilla/5.0 (Macintosh; Intel Mac OS X 10_15_7) AppleWebKit/605.1.15 (KHTML, like Gecko) Version/17.4 Safari/605.1.15 (Applebot/0.1; +http://www.apple.com/go/applebot)"
17.22.253.11 - - [20/Jun/2026:23:07:50 +0200] "GET /wp-content/plugins/elementor/assets/lib/font-awesome/css/brands.css?ver=5.15.3 HTTP/2.0" 200 298 "https://brescia.elettroservicegroup.it/3pagamperhome-jpg/" "Mozilla/5.0 (Macintosh; Intel Mac OS X 10_15_7) AppleWebKit/605.1.15 (KHTML, like Gecko) Version/17.4 Safari/605.1.15 (Applebot/0.1; +http://www.apple.com/go/applebot)"
17.22.253.11 - - [20/Jun/2026:23:07:51 +0200] "GET /wp-content/plugins/elementor/assets/lib/font-awesome/css/fontawesome.css?ver=5.15.3 HTTP/2.0" 200 12535 "https://brescia.elettroservicegroup.it/3pagamperhome-jpg/" "Mozilla/5.0 (Macintosh; Intel Mac OS X 10_15_7) AppleWebKit/605.1.15 (KHTML, like Gecko) Version/17.4 Safari/605.1.15 (Applebot/0.1; +http://www.apple.com/go/applebot)"
17.22.253.11 - - [20/Jun/2026:23:07:53 +0200] "GET /wp-content/plugins/elementor/assets/lib/font-awesome/css/solid.css?ver=5.15.3 HTTP/2.0" 200 299 "https://brescia.elettroservicegroup.it/3pagamperhome-jpg/" "Mozilla/5.0 (Macintosh; Intel Mac OS X 10_15_7) AppleWebKit/605.1.15 (KHTML, like Gecko) Version/17.4 Safari/605.1.15 (Applebot/0.1; +http://www.apple.com/go/applebot)"
17.22.253.11 - - [20/Jun/2026:23:07:54 +0200] "GET /wp-content/plugins/gp-premium/menu-plus/functions/css/navigation-branding-flex.min.css?ver=2.5.5 HTTP/2.0" 200 542 "https://brescia.elettroservicegroup.it/3pagamperhome-jpg/" "Mozilla/5.0 (Macintosh; Intel Mac OS X 10_15_7) AppleWebKit/605.1.15 (KHTML, like Gecko) Version/17.4 Safari/605.1.15 (Applebot/0.1; +http://www.apple.com/go/applebot)"
17.22.253.11 - - [20/Jun/2026:23:07:56 +0200] "GET /wp-content/plugins/essential-addons-for-elementor-lite/assets/front-end/css/view/general.min.css?ver=6.6.7 HTTP/2.0" 200 1422 "https://brescia.elettroservicegroup.it/3pagamperhome-jpg/" "Mozilla/5.0 (Macintosh; Intel Mac OS X 10_15_7) AppleWebKit/605.1.15 (KHTML, like Gecko) Version/17.4 Safari/605.1.15 (Applebot/0.1; +http://www.apple.com/go/applebot)"
17.22.253.11 - - [20/Jun/2026:23:07:57 +0200] "GET /wp-content/uploads/elementor/google-fonts/css/roboto.css?ver=1742275292 HTTP/2.0" 200 1886 "https://brescia.elettroservicegroup.it/3pagamperhome-jpg/" "Mozilla/5.0 (Macintosh; Intel Mac OS X 10_15_7) AppleWebKit/605.1.15 (KHTML, like Gecko) Version/17.4 Safari/605.1.15 (Applebot/0.1; +http://www.apple.com/go/applebot)"
17.22.253.11 - - [20/Jun/2026:23:07:58 +0200] "GET /wp-content/uploads/elementor/google-fonts/css/robotoslab.css?ver=1742275294 HTTP/2.0" 200 717 "https://brescia.elettroservicegroup.it/3pagamperhome-jpg/" "Mozilla/5.0 (Macintosh; Intel Mac OS X 10_15_7) AppleWebKit/605.1.15 (KHTML, like Gecko) Version/17.4 Safari/605.1.15 (Applebot/0.1; +http://www.apple.com/go/applebot)"
17.22.253.11 - - [20/Jun/2026:23:08:00 +0200] "GET /wp-includes/js/jquery/jquery.min.js?ver=3.7.1 HTTP/2.0" 200 29769 "https://brescia.elettroservicegroup.it/3pagamperhome-jpg/" "Mozilla/5.0 (Macintosh; Intel Mac OS X 10_15_7) AppleWebKit/605.1.15 (KHTML, like Gecko) Version/17.4 Safari/605.1.15 (Applebot/0.1; +http://www.apple.com/go/applebot)"
17.22.253.11 - - [20/Jun/2026:23:08:01 +0200] "GET /wp-content/plugins/elementor/assets/lib/font-awesome/js/v4-shims.min.js?ver=4.1.3 HTTP/2.0" 200 4043 "https://brescia.elettroservicegroup.it/3pagamperhome-jpg/" "Mozilla/5.0 (Macintosh; Intel Mac OS X 10_15_7) AppleWebKit/605.1.15 (KHTML, like Gecko) Version/17.4 Safari/605.1.15 (Applebot/0.1; +http://www.apple.com/go/applebot)"
17.22.253.11 - - [20/Jun/2026:23:08:02 +0200] "GET /wp-includes/js/jquery/jquery-migrate.min.js?ver=3.4.1 HTTP/2.0" 200 4685 "https://brescia.elettroservicegroup.it/3pagamperhome-jpg/" "Mozilla/5.0 (Macintosh; Intel Mac OS X 10_15_7) AppleWebKit/605.1.15 (KHTML, like Gecko) Version/17.4 Safari/605.1.15 (Applebot/0.1; +http://www.apple.com/go/applebot)"
17.22.253.11 - - [20/Jun/2026:23:08:04 +0200] "GET /wp-content/plugins/wpfront-notification-bar/js/wpfront-notification-bar.min.js?ver=3.5.1.05102 HTTP/2.0" 200 1497 "https://brescia.elettroservicegroup.it/3pagamperhome-jpg/" "Mozilla/5.0 (Macintosh; Intel Mac OS X 10_15_7) AppleWebKit/605.1.15 (KHTML, like Gecko) Version/17.4 Safari/605.1.15 (Applebot/0.1; +http://www.apple.com/go/applebot)"
17.22.253.11 - - [20/Jun/2026:23:08:05 +0200] "GET /wp-content/plugins/gp-premium/menu-plus/functions/js/sticky.min.js?ver=2.5.5 HTTP/2.0" 200 2670 "https://brescia.elettroservicegroup.it/3pagamperhome-jpg/" "Mozilla/5.0 (Macintosh; Intel Mac OS X 10_15_7) AppleWebKit/605.1.15 (KHTML, like Gecko) Version/17.4 Safari/605.1.15 (Applebot/0.1; +http://www.apple.com/go/applebot)"
17.22.253.11 - - [20/Jun/2026:23:08:06 +0200] "GET /wp-content/themes/generatepress/assets/js/menu.min.js?ver=3.6.1 HTTP/2.0" 200 1688 "https://brescia.elettroservicegroup.it/3pagamperhome-jpg/" "Mozilla/5.0 (Macintosh; Intel Mac OS X 10_15_7) AppleWebKit/605.1.15 (KHTML, like Gecko) Version/17.4 Safari/605.1.15 (Applebot/0.1; +http://www.apple.com/go/applebot)"
17.22.253.11 - - [20/Jun/2026:23:08:08 +0200] "GET /wp-content/themes/generatepress/assets/js/back-to-top.min.js?ver=3.6.1 HTTP/2.0" 200 336 "https://brescia.elettroservicegroup.it/3pagamperhome-jpg/" "Mozilla/5.0 (Macintosh; Intel Mac OS X 10_15_7) AppleWebKit/605.1.15 (KHTML, like Gecko) Version/17.4 Safari/605.1.15 (Applebot/0.1; +http://www.apple.com/go/applebot)"
17.22.253.11 - - [20/Jun/2026:23:08:09 +0200] "GET /wp-content/plugins/essential-addons-for-elementor-lite/assets/front-end/js/view/general.min.js?ver=6.6.7 HTTP/2.0" 200 3900 "https://brescia.elettroservicegroup.it/3pagamperhome-jpg/" "Mozilla/5.0 (Macintosh; Intel Mac OS X 10_15_7) AppleWebKit/605.1.15 (KHTML, like Gecko) Version/17.4 Safari/605.1.15 (Applebot/0.1; +http://www.apple.com/go/applebot)"
17.22.253.11 - - [20/Jun/2026:23:08:11 +0200] "GET /wp-content/plugins/complianz-gdpr-premium/cookiebanner/js/complianz.min.js?ver=1781581210 HTTP/2.0" 200 10762 "https://brescia.elettroservicegroup.it/3pagamperhome-jpg/" "Mozilla/5.0 (Macintosh; Intel Mac OS X 10_15_7) AppleWebKit/605.1.15 (KHTML, like Gecko) Version/17.4 Safari/605.1.15 (Applebot/0.1; +http://www.apple.com/go/applebot)"
17.22.253.11 - - [20/Jun/2026:23:08:12 +0200] "GET /wp-content/plugins/elementor/assets/js/webpack.runtime.min.js?ver=4.1.3 HTTP/2.0" 200 2340 "https://brescia.elettroservicegroup.it/3pagamperhome-jpg/" "Mozilla/5.0 (Macintosh; Intel Mac OS X 10_15_7) AppleWebKit/605.1.15 (KHTML, like Gecko) Version/17.4 Safari/605.1.15 (Applebot/0.1; +http://www.apple.com/go/applebot)"
17.22.253.11 - - [20/Jun/2026:23:08:13 +0200] "GET /wp-content/plugins/elementor/assets/js/frontend-modules.min.js?ver=4.1.3 HTTP/2.0" 200 15454 "https://brescia.elettroservicegroup.it/3pagamperhome-jpg/" "Mozilla/5.0 (Macintosh; Intel Mac OS X 10_15_7) AppleWebKit/605.1.15 (KHTML, like Gecko) Version/17.4 Safari/605.1.15 (Applebot/0.1; +http://www.apple.com/go/applebot)"
17.22.253.11 - - [20/Jun/2026:23:08:15 +0200] "GET /wp-includes/js/jquery/ui/core.min.js?ver=1.13.3 HTTP/2.0" 200 6820 "https://brescia.elettroservicegroup.it/3pagamperhome-jpg/" "Mozilla/5.0 (Macintosh; Intel Mac OS X 10_15_7) AppleWebKit/605.1.15 (KHTML, like Gecko) Version/17.4 Safari/605.1.15 (Applebot/0.1; +http://www.apple.com/go/applebot)"
17.22.253.11 - - [20/Jun/2026:23:08:16 +0200] "GET /wp-content/plugins/elementor/assets/js/frontend.min.js?ver=4.1.3 HTTP/2.0" 200 10140 "https://brescia.elettroservicegroup.it/3pagamperhome-jpg/" "Mozilla/5.0 (Macintosh; Intel Mac OS X 10_15_7) AppleWebKit/605.1.15 (KHTML, like Gecko) Version/17.4 Safari/605.1.15 (Applebot/0.1; +http://www.apple.com/go/applebot)"
17.22.253.11 - - [20/Jun/2026:23:08:19 +0200] "GET /wp-content/plugins/elementor/assets/js/lightbox.570c05c5a283cfb6b223.bundle.min.js HTTP/2.0" 200 9102 "https://brescia.elettroservicegroup.it/3pagamperhome-jpg/" "Mozilla/5.0 (Macintosh; Intel Mac OS X 10_15_7) AppleWebKit/605.1.15 (KHTML, like Gecko) Version/17.4 Safari/605.1.15 (Applebot/0.1; +http://www.apple.com/go/applebot)"
65.108.235.243 - - [20/Jun/2026:23:08:19 +0200] "POST /wp-cron.php?doing_wp_cron=1781989699.1758270263671875000000 HTTP/1.1" 200 1 "-" "WordPress/7.0; https://brescia.elettroservicegroup.it"
17.22.253.11 - - [20/Jun/2026:23:08:17 +0200] "GET /wp-json/complianz/v1/banner?lang=it&locale=it_IT&token=fkwqp HTTP/2.0" 200 81 "https://brescia.elettroservicegroup.it/3pagamperhome-jpg/" "Mozilla/5.0 (Macintosh; Intel Mac OS X 10_15_7) AppleWebKit/605.1.15 (KHTML, like Gecko) Version/17.4 Safari/605.1.15 (Applebot/0.1; +http://www.apple.com/go/applebot)"
17.22.253.11 - - [20/Jun/2026:23:08:20 +0200] "GET /wp-content/plugins/elementor/assets/lib/dialog/dialog.min.js?ver=4.9.3 HTTP/2.0" 200 3595 "https://brescia.elettroservicegroup.it/3pagamperhome-jpg/" "Mozilla/5.0 (Macintosh; Intel Mac OS X 10_15_7) AppleWebKit/605.1.15 (KHTML, like Gecko) Version/17.4 Safari/605.1.15 (Applebot/0.1; +http://www.apple.com/go/applebot)"
17.22.253.11 - - [20/Jun/2026:23:08:21 +0200] "GET /wp-content/plugins/elementor/assets/css/conditionals/dialog.min.css?ver=4.1.3 HTTP/2.0" 200 1428 "https://brescia.elettroservicegroup.it/3pagamperhome-jpg/" "Mozilla/5.0 (Macintosh; Intel Mac OS X 10_15_7) AppleWebKit/605.1.15 (KHTML, like Gecko) Version/17.4 Safari/605.1.15 (Applebot/0.1; +http://www.apple.com/go/applebot)"
17.22.253.11 - - [20/Jun/2026:23:08:23 +0200] "GET /wp-content/plugins/elementor/assets/lib/share-link/share-link.min.js?ver=4.1.3 HTTP/2.0" 200 1077 "https://brescia.elettroservicegroup.it/3pagamperhome-jpg/" "Mozilla/5.0 (Macintosh; Intel Mac OS X 10_15_7) AppleWebKit/605.1.15 (KHTML, like Gecko) Version/17.4 Safari/605.1.15 (Applebot/0.1; +http://www.apple.com/go/applebot)"
17.22.253.11 - - [20/Jun/2026:23:08:24 +0200] "GET /wp-content/plugins/elementor/assets/js/397f2d183c19202777d6.bundle.min.js HTTP/2.0" 200 8477 "https://brescia.elettroservicegroup.it/3pagamperhome-jpg/" "Mozilla/5.0 (Macintosh; Intel Mac OS X 10_15_7) AppleWebKit/605.1.15 (KHTML, like Gecko) Version/17.4 Safari/605.1.15 (Applebot/0.1; +http://www.apple.com/go/applebot)"
17.22.253.11 - - [20/Jun/2026:23:08:25 +0200] "GET /wp-content/plugins/elementor/assets/lib/swiper/v8/css/swiper.min.css?ver=8.4.5 HTTP/2.0" 200 4251 "https://brescia.elettroservicegroup.it/3pagamperhome-jpg/" "Mozilla/5.0 (Macintosh; Intel Mac OS X 10_15_7) AppleWebKit/605.1.15 (KHTML, like Gecko) Version/17.4 Safari/605.1.15 (Applebot/0.1; +http://www.apple.com/go/applebot)"
17.22.253.11 - - [20/Jun/2026:23:08:27 +0200] "GET /wp-content/plugins/elementor/assets/css/conditionals/lightbox.min.css?ver=4.1.3 HTTP/2.0" 200 1760 "https://brescia.elettroservicegroup.it/3pagamperhome-jpg/" "Mozilla/5.0 (Macintosh; Intel Mac OS X 10_15_7) AppleWebKit/605.1.15 (KHTML, like Gecko) Version/17.4 Safari/605.1.15 (Applebot/0.1; +http://www.apple.com/go/applebot)"
17.22.253.11 - - [20/Jun/2026:23:08:28 +0200] "GET /wp-includes/js/wp-emoji-release.min.js?ver=7.0 HTTP/2.0" 200 4940 "https://brescia.elettroservicegroup.it/3pagamperhome-jpg/" "Mozilla/5.0 (Macintosh; Intel Mac OS X 10_15_7) AppleWebKit/605.1.15 (KHTML, like Gecko) Version/17.4 Safari/605.1.15 (Applebot/0.1; +http://www.apple.com/go/applebot)"
17.22.253.11 - - [20/Jun/2026:23:08:29 +0200] "GET /wp-content/plugins/elementor/assets/js/section-frontend-handlers.d85ab872da118940910d.bundle.min.js HTTP/2.0" 200 230 "https://brescia.elettroservicegroup.it/3pagamperhome-jpg/" "Mozilla/5.0 (Macintosh; Intel Mac OS X 10_15_7) AppleWebKit/605.1.15 (KHTML, like Gecko) Version/17.4 Safari/605.1.15 (Applebot/0.1; +http://www.apple.com/go/applebot)"
17.22.253.11 - - [20/Jun/2026:23:08:31 +0200] "GET /wp-content/plugins/elementor/assets/js/shared-frontend-handlers.03caa53373b56d3bab67.bundle.min.js HTTP/2.0" 200 2515 "https://brescia.elettroservicegroup.it/3pagamperhome-jpg/" "Mozilla/5.0 (Macintosh; Intel Mac OS X 10_15_7) AppleWebKit/605.1.15 (KHTML, like Gecko) Version/17.4 Safari/605.1.15 (Applebot/0.1; +http://www.apple.com/go/applebot)"
17.22.253.11 - - [20/Jun/2026:23:08:32 +0200] "GET /wp-content/plugins/elementor/assets/js/text-editor.45609661e409413f1cef.bundle.min.js HTTP/2.0" 200 592 "https://brescia.elettroservicegroup.it/3pagamperhome-jpg/" "Mozilla/5.0 (Macintosh; Intel Mac OS X 10_15_7) AppleWebKit/605.1.15 (KHTML, like Gecko) Version/17.4 Safari/605.1.15 (Applebot/0.1; +http://www.apple.com/go/applebot)"
17.22.253.11 - - [20/Jun/2026:23:08:33 +0200] "GET /wp-content/uploads/complianz/css/banner-1-optin.css?v=22 HTTP/2.0" 200 2848 "https://brescia.elettroservicegroup.it/3pagamperhome-jpg/" "Mozilla/5.0 (Macintosh; Intel Mac OS X 10_15_7) AppleWebKit/605.1.15 (KHTML, like Gecko) Version/17.4 Safari/605.1.15 (Applebot/0.1; +http://www.apple.com/go/applebot)"
74.7.243.200 - - [20/Jun/2026:23:34:26 +0200] "GET /sitemap.xml HTTP/2.0" 415 340 "-" "Mozilla/5.0 AppleWebKit/537.36 (KHTML, like Gecko; compatible; GPTBot/1.4; +https://openai.com/gptbot)"
65.108.235.243 - - [20/Jun/2026:23:34:35 +0200] "POST /wp-cron.php?doing_wp_cron=1781991275.1754570007324218750000 HTTP/1.1" 200 1 "-" "WordPress/7.0; https://brescia.elettroservicegroup.it"
74.7.241.133 - - [20/Jun/2026:23:34:27 +0200] "GET /robots.txt HTTP/2.0" 200 106 "-" "Mozilla/5.0 (Macintosh; Intel Mac OS X 10_15_7) AppleWebKit/537.36 (KHTML, like Gecko) Chrome/131.0.0.0 Safari/537.36; compatible; OAI-SearchBot/1.4; robots.txt; +https://openai.com/searchbot"
65.108.235.243 - - [20/Jun/2026:23:37:51 +0200] "POST /wp-cron.php?doing_wp_cron=1781991471.2982499599456787109375 HTTP/1.1" 200 1 "-" "WordPress/7.0; https://brescia.elettroservicegroup.it"
74.7.243.200 - - [20/Jun/2026:23:37:46 +0200] "GET /sitemap.rss HTTP/2.0" 404 383 "-" "Mozilla/5.0 AppleWebKit/537.36 (KHTML, like Gecko; compatible; GPTBot/1.4; +https://openai.com/gptbot)"
65.108.235.243 - - [21/Jun/2026:00:06:14 +0200] "POST /wp-cron.php?doing_wp_cron=1781993174.0956189632415771484375 HTTP/1.1" 200 1 "-" "WordPress/7.0; https://brescia.elettroservicegroup.it"
209.50.166.70 - - [21/Jun/2026:00:06:11 +0200] "HEAD / HTTP/1.1" 200 - "-" "curl/8.6.0"
209.50.186.43 - - [21/Jun/2026:00:06:14 +0200] "POST /xmlrpc.php HTTP/1.1" 200 11714 "-" "curl/8.6.0"
209.50.186.43 - - [21/Jun/2026:00:06:14 +0200] "POST /xmlrpc.php HTTP/1.1" 200 11715 "-" "Wget/1.21.4"
209.50.186.43 - - [21/Jun/2026:00:06:14 +0200] "POST /xmlrpc.php HTTP/1.1" 200 11714 "-" "curl/8.6.0"
65.108.235.243 - - [21/Jun/2026:00:06:15 +0200] "POST /wp-json/complianz/v1/wsc-scan HTTP/1.1" 400 88 "-" "WordPress/7.0; https://brescia.elettroservicegroup.it"
193.56.28.18 - - [21/Jun/2026:00:06:15 +0200] "GET /wp-login.php HTTP/1.1" 200 9036 "-" "curl/8.6.0"
193.56.28.18 - - [21/Jun/2026:00:06:18 +0200] "POST /wp-login.php HTTP/1.1" 200 9467 "https://brescia.elettroservicegroup.it/wp-login.php" "curl/8.6.0"
151.244.103.115 - - [21/Jun/2026:00:22:42 +0200] "GET /wp-content/uploads/2021/11/TECNICO-ELETTRODOMESTICI-1.jpg HTTP/2.0" 200 24210 "https://brescia.elettroservicegroup.it/" "Mozilla/5.0 (Macintosh; Intel Mac OS X 10_15_7) AppleWebKit/537.36 (KHTML, like Gecko) Chrome/130.0.0.0 Safari/537.36"