65.108.235.243 - - [18/Jun/2026:21:17:44 +0200] "GET /assistenza-lavastoviglie-aeg-rubiera/ HTTP/1.1" 200 22912 "-" "WP Fastest Cache Preload Bot"
65.108.235.243 - - [18/Jun/2026:21:17:46 +0200] "GET /assistenza-lavastoviglie-aeg-scandiano/ HTTP/1.1" 200 22917 "-" "WP Fastest Cache Preload Bot"
65.108.235.243 - - [18/Jun/2026:21:17:47 +0200] "GET /assistenza-lavastoviglie-aeg-santilario-denza/ HTTP/1.1" 200 22987 "-" "WP Fastest Cache Preload Bot"
65.108.235.243 - - [18/Jun/2026:21:17:47 +0200] "GET /assistenza-lavastoviglie-aeg-guastalla/ HTTP/1.1" 200 23045 "-" "WP Fastest Cache Preload Bot"
65.108.235.243 - - [18/Jun/2026:21:25:40 +0200] "POST /wp-cron.php?doing_wp_cron=1781810740.3172490596771240234375 HTTP/1.1" 200 1 "-" "WordPress/7.0; https://reggio-emilia.elettroservicegroup.it"
117.86.135.135 - - [18/Jun/2026:21:25:35 +0200] "GET /assistenza-miele-reggio-emilia/ HTTP/2.0" 200 22987 "-" "Mozilla/5.0 (Linux; Android 8.0; Pixel 2 Build/OPD3.170816.012) AppleWebKit/537.36 (KHTML, like Gecko) Chrome/53.0.5773.1771 Mobile Safari/537.36"
65.108.235.243 - - [18/Jun/2026:21:25:41 +0200] "GET /assistenza-lavastoviglie-aeg-correggio/ HTTP/1.1" 200 23044 "-" "WP Fastest Cache Preload Bot"
65.108.235.243 - - [18/Jun/2026:21:25:45 +0200] "GET /assistenza-lavastoviglie-aeg-reggio-emilia/ HTTP/1.1" 200 22907 "-" "WP Fastest Cache Preload Bot"
65.108.235.243 - - [18/Jun/2026:21:25:48 +0200] "GET /assistenza-indesit-rubiera/ HTTP/1.1" 200 22930 "-" "WP Fastest Cache Preload Bot"
65.108.235.243 - - [18/Jun/2026:21:25:49 +0200] "GET /assistenza-lavastoviglie-rubiera/ HTTP/1.1" 200 23578 "-" "WP Fastest Cache Preload Bot"
65.108.235.243 - - [18/Jun/2026:21:34:38 +0200] "POST /wp-cron.php?doing_wp_cron=1781811278.6141009330749511718750 HTTP/1.1" 200 1 "-" "WordPress/7.0; https://reggio-emilia.elettroservicegroup.it"
216.73.217.38 - - [18/Jun/2026:21:34:36 +0200] "GET /robots.txt HTTP/2.0" 200 110 "-" "Mozilla/5.0 AppleWebKit/537.36 (KHTML, like Gecko; compatible; ClaudeBot/1.0; +claudebot@anthropic.com)"
65.108.235.243 - - [18/Jun/2026:21:34:39 +0200] "GET /assistenza-indesit-scandiano/ HTTP/1.1" 200 22930 "-" "WP Fastest Cache Preload Bot"
65.108.235.243 - - [18/Jun/2026:21:34:40 +0200] "GET /assistenza-lavastoviglie-scandiano/ HTTP/1.1" 200 23426 "-" "WP Fastest Cache Preload Bot"
65.108.235.243 - - [18/Jun/2026:21:34:40 +0200] "GET /assistenza-lavastoviglie-santilario-denza/ HTTP/1.1" 200 23503 "-" "WP Fastest Cache Preload Bot"
65.108.235.243 - - [18/Jun/2026:21:34:41 +0200] "GET /assistenza-indesit-santilario-denza/ HTTP/1.1" 200 22988 "-" "WP Fastest Cache Preload Bot"
65.108.235.243 - - [18/Jun/2026:21:34:41 +0200] "POST /wp-json/complianz/v1/wsc-scan HTTP/1.1" 400 88 "-" "WordPress/7.0; https://reggio-emilia.elettroservicegroup.it"
216.73.217.38 - - [18/Jun/2026:21:35:06 +0200] "GET /sitemap.xml HTTP/2.0" 200 336 "-" "Mozilla/5.0 AppleWebKit/537.36 (KHTML, like Gecko; compatible; ClaudeBot/1.0; +claudebot@anthropic.com)"
47.128.23.4 - - [18/Jun/2026:21:39:45 +0200] "GET /assistenza-aeg-rubiera/ HTTP/2.0" 200 11758 "-" "Mozilla/5.0 (Linux; Android 5.0) AppleWebKit/537.36 (KHTML, like Gecko) Mobile Safari/537.36 (compatible; Bytespider; spider-feedback@bytedance.com)"
65.108.235.243 - - [18/Jun/2026:21:39:52 +0200] "POST /wp-cron.php?doing_wp_cron=1781811592.1768660545349121093750 HTTP/1.1" 200 1 "-" "WordPress/7.0; https://reggio-emilia.elettroservicegroup.it"
5.90.53.121 - - [18/Jun/2026:21:39:47 +0200] "GET /assistenza-lavastoviglie-correggio/ HTTP/2.0" 200 23482 "https://www.google.com/" "Mozilla/5.0 (iPhone; CPU iPhone OS 26_5_0 like Mac OS X) AppleWebKit/605.1.15 (KHTML, like Gecko) CriOS/149.0.7827.137 Mobile/15E148 Safari/604.1"
5.90.53.121 - - [18/Jun/2026:21:39:52 +0200] "GET /wp-content/plugins/header-footer-elementor/assets/css/header-footer-elementor.css?ver=2.8.8 HTTP/2.0" 200 260 "https://reggio-emilia.elettroservicegroup.it/" "Mozilla/5.0 (iPhone; CPU iPhone OS 26_5_0 like Mac OS X) AppleWebKit/605.1.15 (KHTML, like Gecko) CriOS/149.0.7827.137 Mobile/15E148 Safari/604.1"
5.90.53.121 - - [18/Jun/2026:21:39:52 +0200] "GET /wp-content/plugins/all-in-one-seo-pack/dist/Lite/assets/css/table-of-contents/global.e90f6d47.css?ver=4.9.8 HTTP/2.0" 200 420 "https://reggio-emilia.elettroservicegroup.it/" "Mozilla/5.0 (iPhone; CPU iPhone OS 26_5_0 like Mac OS X) AppleWebKit/605.1.15 (KHTML, like Gecko) CriOS/149.0.7827.137 Mobile/15E148 Safari/604.1"
5.90.53.121 - - [18/Jun/2026:21:39:52 +0200] "GET /wp-content/plugins/complianz-gdpr-premium/assets/css/cookieblocker.min.css?ver=1781536286 HTTP/2.0" 200 615 "https://reggio-emilia.elettroservicegroup.it/" "Mozilla/5.0 (iPhone; CPU iPhone OS 26_5_0 like Mac OS X) AppleWebKit/605.1.15 (KHTML, like Gecko) CriOS/149.0.7827.137 Mobile/15E148 Safari/604.1"
5.90.53.121 - - [18/Jun/2026:21:39:52 +0200] "GET /wp-content/uploads/elementor/css/post-14146.css?ver=1781753039 HTTP/2.0" 200 428 "https://reggio-emilia.elettroservicegroup.it/" "Mozilla/5.0 (iPhone; CPU iPhone OS 26_5_0 like Mac OS X) AppleWebKit/605.1.15 (KHTML, like Gecko) CriOS/149.0.7827.137 Mobile/15E148 Safari/604.1"
5.90.53.121 - - [18/Jun/2026:21:39:52 +0200] "GET /wp-content/plugins/elementor/assets/css/frontend.min.css?ver=4.1.3 HTTP/2.0" 200 6618 "https://reggio-emilia.elettroservicegroup.it/" "Mozilla/5.0 (iPhone; CPU iPhone OS 26_5_0 like Mac OS X) AppleWebKit/605.1.15 (KHTML, like Gecko) CriOS/149.0.7827.137 Mobile/15E148 Safari/604.1"
5.90.53.121 - - [18/Jun/2026:21:39:52 +0200] "GET /wp-content/plugins/header-footer-elementor/inc/widgets-css/frontend.css?ver=2.8.8 HTTP/2.0" 200 8711 "https://reggio-emilia.elettroservicegroup.it/" "Mozilla/5.0 (iPhone; CPU iPhone OS 26_5_0 like Mac OS X) AppleWebKit/605.1.15 (KHTML, like Gecko) CriOS/149.0.7827.137 Mobile/15E148 Safari/604.1"
5.90.53.121 - - [18/Jun/2026:21:39:52 +0200] "GET /wp-content/plugins/elementor/assets/css/widget-image.min.css?ver=4.1.3 HTTP/2.0" 200 96 "https://reggio-emilia.elettroservicegroup.it/" "Mozilla/5.0 (iPhone; CPU iPhone OS 26_5_0 like Mac OS X) AppleWebKit/605.1.15 (KHTML, like Gecko) CriOS/149.0.7827.137 Mobile/15E148 Safari/604.1"
5.90.53.121 - - [18/Jun/2026:21:39:52 +0200] "GET /wp-content/plugins/elementor/assets/css/widget-spacer.min.css?ver=4.1.3 HTTP/2.0" 200 287 "https://reggio-emilia.elettroservicegroup.it/" "Mozilla/5.0 (iPhone; CPU iPhone OS 26_5_0 like Mac OS X) AppleWebKit/605.1.15 (KHTML, like Gecko) CriOS/149.0.7827.137 Mobile/15E148 Safari/604.1"
5.90.53.121 - - [18/Jun/2026:21:39:52 +0200] "GET /wp-content/plugins/elementor/assets/css/widget-heading.min.css?ver=4.1.3 HTTP/2.0" 200 127 "https://reggio-emilia.elettroservicegroup.it/" "Mozilla/5.0 (iPhone; CPU iPhone OS 26_5_0 like Mac OS X) AppleWebKit/605.1.15 (KHTML, like Gecko) CriOS/149.0.7827.137 Mobile/15E148 Safari/604.1"
5.90.53.121 - - [18/Jun/2026:21:39:52 +0200] "GET /wp-content/plugins/elementor/assets/lib/animations/styles/bounceIn.min.css?ver=4.1.3 HTTP/2.0" 200 186 "https://reggio-emilia.elettroservicegroup.it/" "Mozilla/5.0 (iPhone; CPU iPhone OS 26_5_0 like Mac OS X) AppleWebKit/605.1.15 (KHTML, like Gecko) CriOS/149.0.7827.137 Mobile/15E148 Safari/604.1"
5.90.53.121 - - [18/Jun/2026:21:39:52 +0200] "GET /wp-content/plugins/elementor/assets/lib/animations/styles/zoomIn.min.css?ver=4.1.3 HTTP/2.0" 200 87 "https://reggio-emilia.elettroservicegroup.it/" "Mozilla/5.0 (iPhone; CPU iPhone OS 26_5_0 like Mac OS X) AppleWebKit/605.1.15 (KHTML, like Gecko) CriOS/149.0.7827.137 Mobile/15E148 Safari/604.1"
5.90.53.121 - - [18/Jun/2026:21:39:52 +0200] "GET /wp-content/uploads/elementor/css/post-14366.css?ver=1781753039 HTTP/2.0" 200 302 "https://reggio-emilia.elettroservicegroup.it/" "Mozilla/5.0 (iPhone; CPU iPhone OS 26_5_0 like Mac OS X) AppleWebKit/605.1.15 (KHTML, like Gecko) CriOS/149.0.7827.137 Mobile/15E148 Safari/604.1"
5.90.53.121 - - [18/Jun/2026:21:39:52 +0200] "GET /wp-content/plugins/elementor/assets/css/widget-icon-list.min.css?ver=3.24.3 HTTP/2.0" 200 928 "https://reggio-emilia.elettroservicegroup.it/" "Mozilla/5.0 (iPhone; CPU iPhone OS 26_5_0 like Mac OS X) AppleWebKit/605.1.15 (KHTML, like Gecko) CriOS/149.0.7827.137 Mobile/15E148 Safari/604.1"
5.90.53.121 - - [18/Jun/2026:21:39:52 +0200] "GET /wp-content/plugins/elementor/assets/lib/font-awesome/css/v4-shims.min.css?ver=4.1.3 HTTP/2.0" 200 3986 "https://reggio-emilia.elettroservicegroup.it/" "Mozilla/5.0 (iPhone; CPU iPhone OS 26_5_0 like Mac OS X) AppleWebKit/605.1.15 (KHTML, like Gecko) CriOS/149.0.7827.137 Mobile/15E148 Safari/604.1"
5.90.53.121 - - [18/Jun/2026:21:39:52 +0200] "GET /wp-content/uploads/elementor/css/post-17718.css?ver=1781774246 HTTP/2.0" 200 2157 "https://reggio-emilia.elettroservicegroup.it/" "Mozilla/5.0 (iPhone; CPU iPhone OS 26_5_0 like Mac OS X) AppleWebKit/605.1.15 (KHTML, like Gecko) CriOS/149.0.7827.137 Mobile/15E148 Safari/604.1"
5.90.53.121 - - [18/Jun/2026:21:39:52 +0200] "GET /wp-content/plugins/elementor/assets/lib/eicons/css/elementor-icons.min.css?ver=5.34.0 HTTP/2.0" 200 4115 "https://reggio-emilia.elettroservicegroup.it/" "Mozilla/5.0 (iPhone; CPU iPhone OS 26_5_0 like Mac OS X) AppleWebKit/605.1.15 (KHTML, like Gecko) CriOS/149.0.7827.137 Mobile/15E148 Safari/604.1"
5.90.53.121 - - [18/Jun/2026:21:39:52 +0200] "GET /wp-content/plugins/elementor/assets/lib/font-awesome/css/solid.css?ver=5.15.3 HTTP/2.0" 200 299 "https://reggio-emilia.elettroservicegroup.it/" "Mozilla/5.0 (iPhone; CPU iPhone OS 26_5_0 like Mac OS X) AppleWebKit/605.1.15 (KHTML, like Gecko) CriOS/149.0.7827.137 Mobile/15E148 Safari/604.1"
5.90.53.121 - - [18/Jun/2026:21:39:52 +0200] "GET /wp-content/plugins/elementor/assets/css/widget-social-icons.min.css?ver=3.24.0 HTTP/2.0" 200 1039 "https://reggio-emilia.elettroservicegroup.it/" "Mozilla/5.0 (iPhone; CPU iPhone OS 26_5_0 like Mac OS X) AppleWebKit/605.1.15 (KHTML, like Gecko) CriOS/149.0.7827.137 Mobile/15E148 Safari/604.1"
5.90.53.121 - - [18/Jun/2026:21:39:52 +0200] "GET /wp-content/plugins/elementor/assets/lib/font-awesome/css/brands.css?ver=5.15.3 HTTP/2.0" 200 298 "https://reggio-emilia.elettroservicegroup.it/" "Mozilla/5.0 (iPhone; CPU iPhone OS 26_5_0 like Mac OS X) AppleWebKit/605.1.15 (KHTML, like Gecko) CriOS/149.0.7827.137 Mobile/15E148 Safari/604.1"
5.90.53.121 - - [18/Jun/2026:21:39:52 +0200] "GET /wp-content/plugins/gp-premium/menu-plus/functions/css/navigation-branding-flex.min.css?ver=2.5.5 HTTP/2.0" 200 542 "https://reggio-emilia.elettroservicegroup.it/" "Mozilla/5.0 (iPhone; CPU iPhone OS 26_5_0 like Mac OS X) AppleWebKit/605.1.15 (KHTML, like Gecko) CriOS/149.0.7827.137 Mobile/15E148 Safari/604.1"
5.90.53.121 - - [18/Jun/2026:21:39:52 +0200] "GET /wp-content/themes/generatepress/assets/css/main.min.css?ver=3.6.1 HTTP/2.0" 200 4410 "https://reggio-emilia.elettroservicegroup.it/" "Mozilla/5.0 (iPhone; CPU iPhone OS 26_5_0 like Mac OS X) AppleWebKit/605.1.15 (KHTML, like Gecko) CriOS/149.0.7827.137 Mobile/15E148 Safari/604.1"
5.90.53.121 - - [18/Jun/2026:21:39:52 +0200] "GET /wp-content/uploads/elementor/google-fonts/css/roboto.css?ver=1742255001 HTTP/2.0" 200 1890 "https://reggio-emilia.elettroservicegroup.it/" "Mozilla/5.0 (iPhone; CPU iPhone OS 26_5_0 like Mac OS X) AppleWebKit/605.1.15 (KHTML, like Gecko) CriOS/149.0.7827.137 Mobile/15E148 Safari/604.1"
5.90.53.121 - - [18/Jun/2026:21:39:52 +0200] "GET /wp-content/plugins/elementor/assets/lib/font-awesome/css/fontawesome.css?ver=5.15.3 HTTP/2.0" 200 12535 "https://reggio-emilia.elettroservicegroup.it/" "Mozilla/5.0 (iPhone; CPU iPhone OS 26_5_0 like Mac OS X) AppleWebKit/605.1.15 (KHTML, like Gecko) CriOS/149.0.7827.137 Mobile/15E148 Safari/604.1"
5.90.53.121 - - [18/Jun/2026:21:39:52 +0200] "GET /wp-content/uploads/2021/10/cropped-cropped-cropped-logo_white_background.png HTTP/2.0" 200 26788 "https://reggio-emilia.elettroservicegroup.it/" "Mozilla/5.0 (iPhone; CPU iPhone OS 26_5_0 like Mac OS X) AppleWebKit/605.1.15 (KHTML, like Gecko) CriOS/149.0.7827.137 Mobile/15E148 Safari/604.1"
5.90.53.121 - - [18/Jun/2026:21:39:52 +0200] "GET /wp-content/plugins/elementor/assets/lib/font-awesome/css/all.min.css?ver=4.1.3 HTTP/2.0" 200 12402 "https://reggio-emilia.elettroservicegroup.it/" "Mozilla/5.0 (iPhone; CPU iPhone OS 26_5_0 like Mac OS X) AppleWebKit/605.1.15 (KHTML, like Gecko) CriOS/149.0.7827.137 Mobile/15E148 Safari/604.1"
5.90.53.121 - - [18/Jun/2026:21:39:52 +0200] "GET /wp-content/plugins/gp-premium/menu-plus/functions/js/sticky.min.js?ver=2.5.5 HTTP/2.0" 200 2670 "https://reggio-emilia.elettroservicegroup.it/" "Mozilla/5.0 (iPhone; CPU iPhone OS 26_5_0 like Mac OS X) AppleWebKit/605.1.15 (KHTML, like Gecko) CriOS/149.0.7827.137 Mobile/15E148 Safari/604.1"
5.90.53.121 - - [18/Jun/2026:21:39:52 +0200] "GET /wp-content/plugins/elementor/assets/lib/font-awesome/js/v4-shims.min.js?ver=4.1.3 HTTP/2.0" 200 4043 "https://reggio-emilia.elettroservicegroup.it/" "Mozilla/5.0 (iPhone; CPU iPhone OS 26_5_0 like Mac OS X) AppleWebKit/605.1.15 (KHTML, like Gecko) CriOS/149.0.7827.137 Mobile/15E148 Safari/604.1"
5.90.53.121 - - [18/Jun/2026:21:39:52 +0200] "GET /wp-content/uploads/elementor/google-fonts/css/robotoslab.css?ver=1742255003 HTTP/2.0" 200 721 "https://reggio-emilia.elettroservicegroup.it/" "Mozilla/5.0 (iPhone; CPU iPhone OS 26_5_0 like Mac OS X) AppleWebKit/605.1.15 (KHTML, like Gecko) CriOS/149.0.7827.137 Mobile/15E148 Safari/604.1"
5.90.53.121 - - [18/Jun/2026:21:39:52 +0200] "GET /wp-includes/js/jquery/jquery-migrate.min.js?ver=3.4.1 HTTP/2.0" 200 4685 "https://reggio-emilia.elettroservicegroup.it/" "Mozilla/5.0 (iPhone; CPU iPhone OS 26_5_0 like Mac OS X) AppleWebKit/605.1.15 (KHTML, like Gecko) CriOS/149.0.7827.137 Mobile/15E148 Safari/604.1"
5.90.53.121 - - [18/Jun/2026:21:39:52 +0200] "GET /wp-includes/js/jquery/jquery.min.js?ver=3.7.1 HTTP/2.0" 200 29769 "https://reggio-emilia.elettroservicegroup.it/" "Mozilla/5.0 (iPhone; CPU iPhone OS 26_5_0 like Mac OS X) AppleWebKit/605.1.15 (KHTML, like Gecko) CriOS/149.0.7827.137 Mobile/15E148 Safari/604.1"
5.90.53.121 - - [18/Jun/2026:21:39:52 +0200] "GET /wp-content/themes/generatepress/assets/js/menu.min.js?ver=3.6.1 HTTP/2.0" 200 1688 "https://reggio-emilia.elettroservicegroup.it/" "Mozilla/5.0 (iPhone; CPU iPhone OS 26_5_0 like Mac OS X) AppleWebKit/605.1.15 (KHTML, like Gecko) CriOS/149.0.7827.137 Mobile/15E148 Safari/604.1"
5.90.53.121 - - [18/Jun/2026:21:39:52 +0200] "GET /wp-content/themes/generatepress/assets/js/back-to-top.min.js?ver=3.6.1 HTTP/2.0" 200 336 "https://reggio-emilia.elettroservicegroup.it/" "Mozilla/5.0 (iPhone; CPU iPhone OS 26_5_0 like Mac OS X) AppleWebKit/605.1.15 (KHTML, like Gecko) CriOS/149.0.7827.137 Mobile/15E148 Safari/604.1"
5.90.53.121 - - [18/Jun/2026:21:39:52 +0200] "GET /wp-content/plugins/elementor/assets/js/webpack.runtime.min.js?ver=4.1.3 HTTP/2.0" 200 2340 "https://reggio-emilia.elettroservicegroup.it/" "Mozilla/5.0 (iPhone; CPU iPhone OS 26_5_0 like Mac OS X) AppleWebKit/605.1.15 (KHTML, like Gecko) CriOS/149.0.7827.137 Mobile/15E148 Safari/604.1"
5.90.53.121 - - [18/Jun/2026:21:39:52 +0200] "GET /wp-includes/js/jquery/ui/core.min.js?ver=1.13.3 HTTP/2.0" 200 6820 "https://reggio-emilia.elettroservicegroup.it/" "Mozilla/5.0 (iPhone; CPU iPhone OS 26_5_0 like Mac OS X) AppleWebKit/605.1.15 (KHTML, like Gecko) CriOS/149.0.7827.137 Mobile/15E148 Safari/604.1"
5.90.53.121 - - [18/Jun/2026:21:39:52 +0200] "GET /wp-content/plugins/elementor/assets/js/frontend.min.js?ver=4.1.3 HTTP/2.0" 200 10140 "https://reggio-emilia.elettroservicegroup.it/" "Mozilla/5.0 (iPhone; CPU iPhone OS 26_5_0 like Mac OS X) AppleWebKit/605.1.15 (KHTML, like Gecko) CriOS/149.0.7827.137 Mobile/15E148 Safari/604.1"
5.90.53.121 - - [18/Jun/2026:21:39:52 +0200] "GET /wp-content/plugins/complianz-gdpr-premium/cookiebanner/js/complianz.min.js?ver=1781536286 HTTP/2.0" 200 10762 "https://reggio-emilia.elettroservicegroup.it/" "Mozilla/5.0 (iPhone; CPU iPhone OS 26_5_0 like Mac OS X) AppleWebKit/605.1.15 (KHTML, like Gecko) CriOS/149.0.7827.137 Mobile/15E148 Safari/604.1"
5.90.53.121 - - [18/Jun/2026:21:39:52 +0200] "GET /wp-content/plugins/elementor/assets/js/frontend-modules.min.js?ver=4.1.3 HTTP/2.0" 200 15454 "https://reggio-emilia.elettroservicegroup.it/" "Mozilla/5.0 (iPhone; CPU iPhone OS 26_5_0 like Mac OS X) AppleWebKit/605.1.15 (KHTML, like Gecko) CriOS/149.0.7827.137 Mobile/15E148 Safari/604.1"
5.90.53.121 - - [18/Jun/2026:21:39:52 +0200] "GET /wp-content/uploads/2021/10/cropped-logo_white_background.png HTTP/2.0" 200 15855 "https://reggio-emilia.elettroservicegroup.it/" "Mozilla/5.0 (iPhone; CPU iPhone OS 26_5_0 like Mac OS X) AppleWebKit/605.1.15 (KHTML, like Gecko) CriOS/149.0.7827.137 Mobile/15E148 Safari/604.1"
5.90.53.121 - - [18/Jun/2026:21:39:52 +0200] "GET /wp-content/uploads/elementor/google-fonts/fonts/roboto-kfo7cnqeu92fr1me7ksn66agldtyluama3yuba.woff2 HTTP/2.0" 200 40132 "https://reggio-emilia.elettroservicegroup.it/" "Mozilla/5.0 (iPhone; CPU iPhone OS 26_5_0 like Mac OS X) AppleWebKit/605.1.15 (KHTML, like Gecko) CriOS/149.0.7827.137 Mobile/15E148 Safari/604.1"
5.90.53.121 - - [18/Jun/2026:21:39:52 +0200] "GET /wp-content/uploads/2021/12/TECNICO-ELETTRODOMESTICI.jpg HTTP/2.0" 200 23089 "https://reggio-emilia.elettroservicegroup.it/" "Mozilla/5.0 (iPhone; CPU iPhone OS 26_5_0 like Mac OS X) AppleWebKit/605.1.15 (KHTML, like Gecko) CriOS/149.0.7827.137 Mobile/15E148 Safari/604.1"
5.90.53.121 - - [18/Jun/2026:21:39:52 +0200] "GET /wp-content/plugins/elementor/assets/js/section-frontend-handlers.d85ab872da118940910d.bundle.min.js HTTP/2.0" 200 230 "https://reggio-emilia.elettroservicegroup.it/" "Mozilla/5.0 (iPhone; CPU iPhone OS 26_5_0 like Mac OS X) AppleWebKit/605.1.15 (KHTML, like Gecko) CriOS/149.0.7827.137 Mobile/15E148 Safari/604.1"
5.90.53.121 - - [18/Jun/2026:21:39:52 +0200] "GET /wp-content/plugins/elementor/assets/js/text-editor.45609661e409413f1cef.bundle.min.js HTTP/2.0" 200 592 "https://reggio-emilia.elettroservicegroup.it/" "Mozilla/5.0 (iPhone; CPU iPhone OS 26_5_0 like Mac OS X) AppleWebKit/605.1.15 (KHTML, like Gecko) CriOS/149.0.7827.137 Mobile/15E148 Safari/604.1"
5.90.53.121 - - [18/Jun/2026:21:39:52 +0200] "GET /wp-content/plugins/elementor/assets/js/shared-frontend-handlers.03caa53373b56d3bab67.bundle.min.js HTTP/2.0" 200 2515 "https://reggio-emilia.elettroservicegroup.it/" "Mozilla/5.0 (iPhone; CPU iPhone OS 26_5_0 like Mac OS X) AppleWebKit/605.1.15 (KHTML, like Gecko) CriOS/149.0.7827.137 Mobile/15E148 Safari/604.1"
5.90.53.121 - - [18/Jun/2026:21:39:52 +0200] "GET /wp-content/uploads/2021/12/804_lavastoviglie-768x417.jpg HTTP/2.0" 200 40647 "https://reggio-emilia.elettroservicegroup.it/" "Mozilla/5.0 (iPhone; CPU iPhone OS 26_5_0 like Mac OS X) AppleWebKit/605.1.15 (KHTML, like Gecko) CriOS/149.0.7827.137 Mobile/15E148 Safari/604.1"
5.90.53.121 - - [18/Jun/2026:21:39:53 +0200] "GET /wp-content/uploads/2021/10/cropped-cropped-cropped-cropped-logo_white_background-180x180.png HTTP/2.0" 200 16527 "-" "Mozilla/5.0 (iPhone; CPU iPhone OS 26_5_0 like Mac OS X) AppleWebKit/605.1.15 (KHTML, like Gecko) CriOS/149.0.7827.137 Mobile/15E148 Safari/604.1"
5.90.53.121 - - [18/Jun/2026:21:39:53 +0200] "GET /wp-content/uploads/2021/10/cropped-cropped-cropped-cropped-logo_white_background-192x192.png HTTP/2.0" 200 15729 "-" "Mozilla/5.0 (iPhone; CPU iPhone OS 26_5_0 like Mac OS X) AppleWebKit/605.1.15 (KHTML, like Gecko) CriOS/149.0.7827.137 Mobile/15E148 Safari/604.1"
5.90.53.121 - - [18/Jun/2026:21:39:52 +0200] "GET /wp-json/complianz/v1/banner?lang=it&locale=it_IT&token=gscpo HTTP/2.0" 200 82 "https://reggio-emilia.elettroservicegroup.it/" "Mozilla/5.0 (iPhone; CPU iPhone OS 26_5_0 like Mac OS X) AppleWebKit/605.1.15 (KHTML, like Gecko) CriOS/149.0.7827.137 Mobile/15E148 Safari/604.1"
5.90.53.121 - - [18/Jun/2026:21:39:54 +0200] "GET /wp-content/uploads/complianz/css/banner-1-optin.css?v=511 HTTP/2.0" 200 2862 "https://reggio-emilia.elettroservicegroup.it/" "Mozilla/5.0 (iPhone; CPU iPhone OS 26_5_0 like Mac OS X) AppleWebKit/605.1.15 (KHTML, like Gecko) CriOS/149.0.7827.137 Mobile/15E148 Safari/604.1"
66.249.70.199 - - [18/Jun/2026:21:39:55 +0200] "GET /assistenza-lavastoviglie-correggio/ HTTP/1.1" 200 23401 "-" "Mozilla/5.0 (compatible; Googlebot/2.1; +http://www.google.com/bot.html)"
5.90.53.121 - - [18/Jun/2026:21:39:54 +0200] "GET /wp-json/complianz/v1/cookie_data HTTP/2.0" 200 82 "https://reggio-emilia.elettroservicegroup.it/" "Mozilla/5.0 (iPhone; CPU iPhone OS 26_5_0 like Mac OS X) AppleWebKit/605.1.15 (KHTML, like Gecko) CriOS/149.0.7827.137 Mobile/15E148 Safari/604.1"
65.108.235.243 - - [18/Jun/2026:21:39:54 +0200] "GET /assistenza-lavastoviglie-guastalla/ HTTP/1.1" 200 23423 "-" "WP Fastest Cache Preload Bot"
66.249.70.199 - - [18/Jun/2026:21:39:55 +0200] "GET /assistenza-lavastoviglie-correggio/ HTTP/1.1" 200 23482 "-" "Mozilla/5.0 (Linux; Android 6.0.1; Nexus 5X Build/MMB29P) AppleWebKit/537.36 (KHTML, like Gecko) Chrome/99.0.4844.84 Mobile Safari/537.36 (compatible; Googlebot/2.1; +http://www.google.com/bot.html)"
66.249.70.199 - - [18/Jun/2026:21:39:58 +0200] "GET /wp-content/cache/wpfc-minified/l9m140dq/2roae.css HTTP/1.1" 200 7521 "https://reggio-emilia.elettroservicegroup.it/assistenza-lavastoviglie-correggio/" "Mozilla/5.0 AppleWebKit/537.36 (KHTML, like Gecko; compatible; Googlebot/2.1; +http://www.google.com/bot.html) Chrome/148.0.7778.96 Safari/537.36"
66.249.70.201 - - [18/Jun/2026:21:39:58 +0200] "GET /wp-content/cache/wpfc-minified/6jxfx2dx/43zik.js HTTP/1.1" 200 37598 "https://reggio-emilia.elettroservicegroup.it/assistenza-lavastoviglie-correggio/" "Mozilla/5.0 AppleWebKit/537.36 (KHTML, like Gecko; compatible; Googlebot/2.1; +http://www.google.com/bot.html) Chrome/148.0.7778.96 Safari/537.36"
66.249.70.199 - - [18/Jun/2026:21:39:59 +0200] "GET /wp-content/cache/wpfc-minified/3kc3wt3/3tw7a.css HTTP/1.1" 200 16442 "https://reggio-emilia.elettroservicegroup.it/assistenza-lavastoviglie-correggio/" "Mozilla/5.0 AppleWebKit/537.36 (KHTML, like Gecko; compatible; Googlebot/2.1; +http://www.google.com/bot.html) Chrome/148.0.7778.96 Safari/537.36"
66.249.70.199 - - [18/Jun/2026:21:39:59 +0200] "GET /wp-content/cache/wpfc-minified/8tnr6p1l/2roae.css HTTP/1.1" 200 2043 "https://reggio-emilia.elettroservicegroup.it/assistenza-lavastoviglie-correggio/" "Mozilla/5.0 AppleWebKit/537.36 (KHTML, like Gecko; compatible; Googlebot/2.1; +http://www.google.com/bot.html) Chrome/148.0.7778.96 Safari/537.36"
66.249.70.199 - - [18/Jun/2026:21:39:59 +0200] "GET /wp-content/cache/wpfc-minified/kwp9n0f5/2roag.css HTTP/1.1" 200 7263 "https://reggio-emilia.elettroservicegroup.it/assistenza-lavastoviglie-correggio/" "Mozilla/5.0 AppleWebKit/537.36 (KHTML, like Gecko; compatible; Googlebot/2.1; +http://www.google.com/bot.html) Chrome/148.0.7778.96 Safari/537.36"
66.249.70.199 - - [18/Jun/2026:21:39:59 +0200] "GET /wp-content/cache/wpfc-minified/ky0w1tys/2roae.css HTTP/1.1" 200 418 "https://reggio-emilia.elettroservicegroup.it/assistenza-lavastoviglie-correggio/" "Mozilla/5.0 AppleWebKit/537.36 (KHTML, like Gecko; compatible; Googlebot/2.1; +http://www.google.com/bot.html) Chrome/148.0.7778.96 Safari/537.36"
66.249.70.199 - - [18/Jun/2026:21:39:59 +0200] "GET /wp-content/cache/wpfc-minified/g52dp1tu/2roae.css HTTP/1.1" 200 19034 "https://reggio-emilia.elettroservicegroup.it/assistenza-lavastoviglie-correggio/" "Mozilla/5.0 AppleWebKit/537.36 (KHTML, like Gecko; compatible; Googlebot/2.1; +http://www.google.com/bot.html) Chrome/148.0.7778.96 Safari/537.36"
66.249.70.199 - - [18/Jun/2026:21:39:59 +0200] "GET /wp-content/cache/wpfc-minified/m8ydgnxm/2roae.css HTTP/1.1" 200 4410 "https://reggio-emilia.elettroservicegroup.it/assistenza-lavastoviglie-correggio/" "Mozilla/5.0 AppleWebKit/537.36 (KHTML, like Gecko; compatible; Googlebot/2.1; +http://www.google.com/bot.html) Chrome/148.0.7778.96 Safari/537.36"
65.108.235.243 - - [18/Jun/2026:21:39:57 +0200] "GET /assistenza-lavastoviglie-correggio/ HTTP/1.1" 200 23424 "-" "WP Fastest Cache Preload Bot"
5.90.53.121 - - [18/Jun/2026:21:39:59 +0200] "POST /wp-json/complianz/v1/track HTTP/2.0" 200 20 "https://reggio-emilia.elettroservicegroup.it/" "Mozilla/5.0 (iPhone; CPU iPhone OS 26_5_0 like Mac OS X) AppleWebKit/605.1.15 (KHTML, like Gecko) CriOS/149.0.7827.137 Mobile/15E148 Safari/604.1"
66.249.70.200 - - [18/Jun/2026:21:40:00 +0200] "GET /wp-content/uploads/elementor/css/post-17718.css?ver=1780704000 HTTP/1.1" 200 2157 "https://reggio-emilia.elettroservicegroup.it/assistenza-lavastoviglie-correggio/" "Mozilla/5.0 (Linux; Android 6.0.1; Nexus 5X Build/MMB29P) AppleWebKit/537.36 (KHTML, like Gecko) Chrome/148.0.7778.96 Mobile Safari/537.36 (compatible; Googlebot/2.1; +http://www.google.com/bot.html)"
66.249.70.199 - - [18/Jun/2026:21:40:00 +0200] "GET /wp-content/uploads/elementor/css/post-17718.css?ver=1780704000 HTTP/1.1" 200 2157 "https://reggio-emilia.elettroservicegroup.it/assistenza-lavastoviglie-correggio/" "Mozilla/5.0 AppleWebKit/537.36 (KHTML, like Gecko; compatible; Googlebot/2.1; +http://www.google.com/bot.html) Chrome/148.0.7778.96 Safari/537.36"
65.108.235.243 - - [18/Jun/2026:21:40:00 +0200] "GET /assistenza-indesit-guastalla/ HTTP/1.1" 200 22930 "-" "WP Fastest Cache Preload Bot"
65.108.235.243 - - [18/Jun/2026:21:40:03 +0200] "GET /assistenza-lavastoviglie-reggio-emilia/ HTTP/1.1" 200 23368 "-" "WP Fastest Cache Preload Bot"
5.90.53.121 - - [18/Jun/2026:21:40:11 +0200] "GET /wp-content/uploads/2021/12/LAVASTOVIGLIE.jpg HTTP/2.0" 200 8879 "https://reggio-emilia.elettroservicegroup.it/" "Mozilla/5.0 (iPhone; CPU iPhone OS 26_5_0 like Mac OS X) AppleWebKit/605.1.15 (KHTML, like Gecko) CriOS/149.0.7827.137 Mobile/15E148 Safari/604.1"
5.90.53.121 - - [18/Jun/2026:21:40:19 +0200] "GET /wp-content/uploads/2021/12/lavastoviglie-1.jpg HTTP/2.0" 200 37763 "https://reggio-emilia.elettroservicegroup.it/" "Mozilla/5.0 (iPhone; CPU iPhone OS 26_5_0 like Mac OS X) AppleWebKit/605.1.15 (KHTML, like Gecko) CriOS/149.0.7827.137 Mobile/15E148 Safari/604.1"
5.90.53.121 - - [18/Jun/2026:21:40:34 +0200] "GET /wp-content/plugins/complianz-gdpr-premium/assets/images/placeholders/google-maps-minimal-1280x920.jpg HTTP/2.0" 200 55264 "https://reggio-emilia.elettroservicegroup.it/" "Mozilla/5.0 (iPhone; CPU iPhone OS 26_5_0 like Mac OS X) AppleWebKit/605.1.15 (KHTML, like Gecko) CriOS/149.0.7827.137 Mobile/15E148 Safari/604.1"
47.128.23.230 - - [18/Jun/2026:21:43:46 +0200] "GET /assistenza-aeg-rubiera/ HTTP/2.0" 200 11807 "-" "Mozilla/5.0 (Linux; Android 5.0) AppleWebKit/537.36 (KHTML, like Gecko) Mobile Safari/537.36 (compatible; Bytespider; spider-feedback@bytedance.com)"
5.90.53.121 - - [18/Jun/2026:21:49:16 +0200] "GET /wp-content/uploads/2021/12/804_lavastoviglie.jpg HTTP/2.0" 200 77999 "https://reggio-emilia.elettroservicegroup.it/" "Mozilla/5.0 (iPhone; CPU iPhone OS 26_5_0 like Mac OS X) AppleWebKit/605.1.15 (KHTML, like Gecko) CriOS/149.0.7827.137 Mobile/15E148 Safari/604.1"
20.169.78.126 - - [18/Jun/2026:21:58:38 +0200] "GET /assistenza-condizionatori-reggio-emilia/ HTTP/2.0" 200 20253 "-" "Mozilla/5.0 AppleWebKit/537.36 (KHTML, like Gecko); compatible; ChatGPT-User/1.0; +https://openai.com/bot"
65.108.235.243 - - [18/Jun/2026:21:59:57 +0200] "POST /wp-cron.php?doing_wp_cron=1781812797.7831809520721435546875 HTTP/1.1" 200 1 "-" "WordPress/7.0; https://reggio-emilia.elettroservicegroup.it"
78.209.254.171 - - [18/Jun/2026:21:59:54 +0200] "GET /assistenza-condizionatori-reggio-emilia/ HTTP/2.0" 200 - "https://www.google.com/" "Mozilla/5.0 (Linux; Android 10; K) AppleWebKit/537.36 (KHTML, like Gecko) Chrome/149.0.0.0 Mobile Safari/537.36"
65.108.235.243 - - [18/Jun/2026:21:59:59 +0200] "GET /assistenza-indesit-correggio/ HTTP/1.1" 200 22929 "-" "WP Fastest Cache Preload Bot"
65.108.235.243 - - [18/Jun/2026:22:00:01 +0200] "GET /assistenza-indesit-reggio-emilia/ HTTP/1.1" 200 22920 "-" "WP Fastest Cache Preload Bot"
65.108.235.243 - - [18/Jun/2026:22:00:04 +0200] "GET /assistenza-candy-rubiera/ HTTP/1.1" 200 22949 "-" "WP Fastest Cache Preload Bot"
65.108.235.243 - - [18/Jun/2026:22:00:06 +0200] "GET /assistenza-candy-scandiano/ HTTP/1.1" 200 22956 "-" "WP Fastest Cache Preload Bot"
65.108.235.243 - - [18/Jun/2026:22:11:39 +0200] "POST /wp-cron.php?doing_wp_cron=1781813499.8668010234832763671875 HTTP/1.1" 200 1 "-" "WordPress/7.0; https://reggio-emilia.elettroservicegroup.it"
216.73.217.38 - - [18/Jun/2026:22:11:38 +0200] "GET /sitemap.xml HTTP/2.0" 200 338 "-" "Mozilla/5.0 AppleWebKit/537.36 (KHTML, like Gecko; compatible; ClaudeBot/1.0; +claudebot@anthropic.com)"
65.108.235.243 - - [18/Jun/2026:22:11:42 +0200] "GET /assistenza-candy-santilario-denza/ HTTP/1.1" 200 23014 "-" "WP Fastest Cache Preload Bot"
65.108.235.243 - - [18/Jun/2026:22:11:44 +0200] "GET /assistenza-candy-guastalla/ HTTP/1.1" 200 22951 "-" "WP Fastest Cache Preload Bot"
65.108.235.243 - - [18/Jun/2026:22:11:47 +0200] "GET /assistenza-candy-correggio/ HTTP/1.1" 200 22950 "-" "WP Fastest Cache Preload Bot"
65.108.235.243 - - [18/Jun/2026:22:11:49 +0200] "GET /assistenza-candy-reggio-emilia/ HTTP/1.1" 200 22935 "-" "WP Fastest Cache Preload Bot"
40.77.167.77 - - [18/Jun/2026:22:13:18 +0200] "GET /assistenza-aeg-reggio-emilia/ HTTP/2.0" 200 22898 "-" "Mozilla/5.0 AppleWebKit/537.36 (KHTML, like Gecko; compatible; bingbot/2.0; +http://www.bing.com/bingbot.htm) Chrome/116.0.1938.76 Safari/537.36"
40.77.167.121 - - [18/Jun/2026:22:13:35 +0200] "GET /wp-content/uploads/elementor/css/post-14366.css?ver=1781753039 HTTP/2.0" 200 302 "https://reggio-emilia.elettroservicegroup.it/assistenza-aeg-reggio-emilia/" "Mozilla/5.0 AppleWebKit/537.36 (KHTML, like Gecko; compatible; bingbot/2.0; +http://www.bing.com/bingbot.htm) Chrome/136.0.0.0 Safari/537.36 AppleWebKit/537.36 (KHTML, like Gecko; compatible; bingbot/2.0; +http://www.bing.com/bingbot.htm) Chrome/116.0.1938.76 Safari/537.36"
40.77.167.75 - - [18/Jun/2026:22:13:39 +0200] "GET /wp-content/uploads/elementor/css/post-14146.css?ver=1781753039 HTTP/2.0" 200 428 "https://reggio-emilia.elettroservicegroup.it/assistenza-aeg-reggio-emilia/" "Mozilla/5.0 AppleWebKit/537.36 (KHTML, like Gecko; compatible; bingbot/2.0; +http://www.bing.com/bingbot.htm) Chrome/136.0.0.0 Safari/537.36 AppleWebKit/537.36 (KHTML, like Gecko; compatible; bingbot/2.0; +http://www.bing.com/bingbot.htm) Chrome/116.0.1938.76 Safari/537.36"
40.77.167.75 - - [18/Jun/2026:22:13:39 +0200] "GET /wp-content/uploads/elementor/css/post-17690.css?ver=1781777312 HTTP/2.0" 200 2173 "https://reggio-emilia.elettroservicegroup.it/assistenza-aeg-reggio-emilia/" "Mozilla/5.0 AppleWebKit/537.36 (KHTML, like Gecko; compatible; bingbot/2.0; +http://www.bing.com/bingbot.htm) Chrome/136.0.0.0 Safari/537.36 AppleWebKit/537.36 (KHTML, like Gecko; compatible; bingbot/2.0; +http://www.bing.com/bingbot.htm) Chrome/116.0.1938.76 Safari/537.36"
40.77.167.121 - - [18/Jun/2026:22:19:09 +0200] "GET /assistenza-indesit-scandiano/ HTTP/2.0" 200 22906 "-" "Mozilla/5.0 AppleWebKit/537.36 (KHTML, like Gecko; compatible; bingbot/2.0; +http://www.bing.com/bingbot.htm) Chrome/116.0.1938.76 Safari/537.36"
65.108.235.243 - - [18/Jun/2026:22:27:17 +0200] "POST /wp-admin/admin-ajax.php?action=wordfence_testAjax HTTP/1.1" 200 16 "-" "WordPress/7.0; https://reggio-emilia.elettroservicegroup.it"
65.108.235.243 - - [18/Jun/2026:22:27:17 +0200] "GET /wp-admin/admin-ajax.php?action=wordfence_doScan&isFork=0&scanMode=quick&cronKey=91bb67fc09bb42cc7a890115feb00d57&signature=f06926d137635a110e2dab1e6e606ab360fcc94ee915247765bea2ffa46cebb0 HTTP/1.1" 200 1 "-" "WordPress/7.0; https://reggio-emilia.elettroservicegroup.it"
65.108.235.243 - - [18/Jun/2026:22:27:18 +0200] "GET /assistenza-bosch-rubiera/ HTTP/1.1" 200 22870 "-" "WP Fastest Cache Preload Bot"
65.108.235.243 - - [18/Jun/2026:22:27:19 +0200] "GET /assistenza-bosch-scandiano/ HTTP/1.1" 200 22875 "-" "WP Fastest Cache Preload Bot"
65.108.235.243 - - [18/Jun/2026:22:27:20 +0200] "GET /assistenza-bosch-santilario-denza/ HTTP/1.1" 200 22942 "-" "WP Fastest Cache Preload Bot"
65.108.235.243 - - [18/Jun/2026:22:27:21 +0200] "GET /assistenza-bosch-guastalla/ HTTP/1.1" 200 22875 "-" "WP Fastest Cache Preload Bot"
105.75.63.212 - - [18/Jun/2026:22:35:47 +0200] "GET /wp-content/uploads/2021/12/copertina-Riparazione_Lavastoviglie-1-1-300x200.jpg HTTP/1.1" 200 13121 "https://google.com, https://reggio-emilia.elettroservicegroup.it/assistenza-lavastoviglie-bosch-reggio-emilia/" "Mozilla/5.0 (Macintosh; Intel Mac OS X 10_10_1; rv:58.0.2) Gecko/20100101 Firefox/58.0.2"
177.74.209.108 - - [18/Jun/2026:22:36:02 +0200] "GET /wp-content/uploads/2021/12/lavastoviglie-8-300x200.jpg HTTP/1.1" 200 17684 "https://google.com, https://reggio-emilia.elettroservicegroup.it/assistenza-lavastoviglie-bosch-reggio-emilia/" "Mozilla/5.0 (X11; Linux i686) AppleWebKit/537.36 (KHTML, like Gecko) Chrome/64.0.3282.137 Safari/537.36"
65.108.235.243 - - [18/Jun/2026:22:36:03 +0200] "POST /wp-cron.php?doing_wp_cron=1781814963.1689429283142089843750 HTTP/1.1" 200 1 "-" "WordPress/7.0; https://reggio-emilia.elettroservicegroup.it"
74.125.151.201 - - [18/Jun/2026:22:35:54 +0200] "GET /assistenza-lavastoviglie-indesit-rubiera/ HTTP/1.1" 200 22956 "-" "Mozilla/5.0 (Linux; Android 6.0.1; Nexus 5X Build/MMB29P) AppleWebKit/537.36 (KHTML, like Gecko) Chrome/148.0.7778.96 Mobile Safari/537.36 (compatible; AdsBot-Google-Mobile; +http://www.google.com/mobile/adsbot.html)"
74.125.151.200 - - [18/Jun/2026:22:36:06 +0200] "GET /wp-content/plugins/elementor/assets/lib/font-awesome/css/v4-shims.min.css?ver=4.1.3 HTTP/1.1" 200 3986 "https://reggio-emilia.elettroservicegroup.it/assistenza-lavastoviglie-indesit-rubiera/" "AdsBot-Google (+http://www.google.com/adsbot.html)"
74.125.151.199 - - [18/Jun/2026:22:36:06 +0200] "GET /wp-content/plugins/elementor/assets/lib/font-awesome/css/all.min.css?ver=4.1.3 HTTP/1.1" 200 12402 "https://reggio-emilia.elettroservicegroup.it/assistenza-lavastoviglie-indesit-rubiera/" "AdsBot-Google (+http://www.google.com/adsbot.html)"
74.125.151.200 - - [18/Jun/2026:22:36:06 +0200] "GET /wp-content/plugins/elementor/assets/lib/animations/styles/zoomIn.min.css?ver=4.1.3 HTTP/1.1" 200 87 "https://reggio-emilia.elettroservicegroup.it/assistenza-lavastoviglie-indesit-rubiera/" "AdsBot-Google (+http://www.google.com/adsbot.html)"
74.125.151.200 - - [18/Jun/2026:22:36:06 +0200] "GET /wp-content/plugins/elementor/assets/css/frontend.min.css?ver=4.1.3 HTTP/1.1" 200 6618 "https://reggio-emilia.elettroservicegroup.it/assistenza-lavastoviglie-indesit-rubiera/" "AdsBot-Google (+http://www.google.com/adsbot.html)"
74.125.151.199 - - [18/Jun/2026:22:36:06 +0200] "GET /wp-content/themes/generatepress/assets/css/main.min.css?ver=3.6.1 HTTP/1.1" 200 4410 "https://reggio-emilia.elettroservicegroup.it/assistenza-lavastoviglie-indesit-rubiera/" "AdsBot-Google (+http://www.google.com/adsbot.html)"
74.125.151.200 - - [18/Jun/2026:22:36:06 +0200] "GET /wp-content/plugins/header-footer-elementor/inc/widgets-css/frontend.css?ver=2.8.8 HTTP/1.1" 200 8711 "https://reggio-emilia.elettroservicegroup.it/assistenza-lavastoviglie-indesit-rubiera/" "AdsBot-Google (+http://www.google.com/adsbot.html)"
74.125.151.199 - - [18/Jun/2026:22:36:06 +0200] "GET /wp-content/plugins/elementor/assets/lib/font-awesome/css/brands.css?ver=5.15.3 HTTP/1.1" 200 298 "https://reggio-emilia.elettroservicegroup.it/assistenza-lavastoviglie-indesit-rubiera/" "AdsBot-Google (+http://www.google.com/adsbot.html)"
65.108.235.243 - - [18/Jun/2026:22:36:04 +0200] "GET /assistenza-bosch-correggio/ HTTP/1.1" 200 22874 "-" "WP Fastest Cache Preload Bot"
74.125.151.200 - - [18/Jun/2026:22:36:08 +0200] "GET /wp-content/plugins/elementor/assets/css/widget-image.min.css?ver=4.1.3 HTTP/1.1" 200 96 "https://reggio-emilia.elettroservicegroup.it/assistenza-lavastoviglie-indesit-rubiera/" "AdsBot-Google (+http://www.google.com/adsbot.html)"
74.125.151.200 - - [18/Jun/2026:22:36:08 +0200] "GET /wp-content/plugins/elementor/assets/css/widget-heading.min.css?ver=4.1.3 HTTP/1.1" 200 127 "https://reggio-emilia.elettroservicegroup.it/assistenza-lavastoviglie-indesit-rubiera/" "AdsBot-Google (+http://www.google.com/adsbot.html)"
74.125.151.199 - - [18/Jun/2026:22:36:09 +0200] "GET /wp-content/plugins/header-footer-elementor/assets/css/header-footer-elementor.css?ver=2.8.8 HTTP/1.1" 200 260 "https://reggio-emilia.elettroservicegroup.it/assistenza-lavastoviglie-indesit-rubiera/" "AdsBot-Google (+http://www.google.com/adsbot.html)"
74.125.151.200 - - [18/Jun/2026:22:36:09 +0200] "GET /wp-content/plugins/elementor/assets/lib/animations/styles/bounceIn.min.css?ver=4.1.3 HTTP/1.1" 200 186 "https://reggio-emilia.elettroservicegroup.it/assistenza-lavastoviglie-indesit-rubiera/" "AdsBot-Google (+http://www.google.com/adsbot.html)"
74.125.151.199 - - [18/Jun/2026:22:36:10 +0200] "GET /wp-includes/js/jquery/jquery-migrate.min.js?ver=3.4.1 HTTP/1.1" 200 4685 "https://reggio-emilia.elettroservicegroup.it/assistenza-lavastoviglie-indesit-rubiera/" "AdsBot-Google (+http://www.google.com/adsbot.html)"
65.108.235.243 - - [18/Jun/2026:22:36:07 +0200] "GET /assistenza-bosch-reggio-emilia/ HTTP/1.1" 200 22864 "-" "WP Fastest Cache Preload Bot"
74.125.151.199 - - [18/Jun/2026:22:36:10 +0200] "GET /wp-content/plugins/elementor/assets/lib/font-awesome/css/fontawesome.css?ver=5.15.3 HTTP/1.1" 200 12535 "https://reggio-emilia.elettroservicegroup.it/assistenza-lavastoviglie-indesit-rubiera/" "AdsBot-Google (+http://www.google.com/adsbot.html)"
74.125.151.199 - - [18/Jun/2026:22:36:11 +0200] "GET /wp-includes/js/jquery/jquery.min.js?ver=3.7.1 HTTP/1.1" 200 29769 "https://reggio-emilia.elettroservicegroup.it/assistenza-lavastoviglie-indesit-rubiera/" "AdsBot-Google (+http://www.google.com/adsbot.html)"
65.108.235.243 - - [18/Jun/2026:22:36:10 +0200] "GET /assistenza-ariston-rubiera/ HTTP/1.1" 200 23039 "-" "WP Fastest Cache Preload Bot"
74.125.151.199 - - [18/Jun/2026:22:36:12 +0200] "GET /wp-content/plugins/complianz-gdpr-premium/assets/css/cookieblocker.min.css?ver=1781536286 HTTP/1.1" 200 615 "https://reggio-emilia.elettroservicegroup.it/assistenza-lavastoviglie-indesit-rubiera/" "AdsBot-Google (+http://www.google.com/adsbot.html)"
74.125.151.199 - - [18/Jun/2026:22:36:13 +0200] "GET /wp-content/plugins/gp-premium/menu-plus/functions/css/navigation-branding-flex.min.css?ver=2.5.5 HTTP/1.1" 200 542 "https://reggio-emilia.elettroservicegroup.it/assistenza-lavastoviglie-indesit-rubiera/" "AdsBot-Google (+http://www.google.com/adsbot.html)"
65.108.235.243 - - [18/Jun/2026:22:36:11 +0200] "GET /assistenza-ariston-scandiano/ HTTP/1.1" 200 23008 "-" "WP Fastest Cache Preload Bot"
74.125.151.199 - - [18/Jun/2026:22:36:13 +0200] "GET /wp-content/plugins/elementor/assets/css/widget-icon-list.min.css?ver=3.24.3 HTTP/1.1" 200 928 "https://reggio-emilia.elettroservicegroup.it/assistenza-lavastoviglie-indesit-rubiera/" "AdsBot-Google (+http://www.google.com/adsbot.html)"
74.125.151.199 - - [18/Jun/2026:22:36:14 +0200] "GET /wp-content/plugins/gp-premium/menu-plus/functions/js/sticky.min.js?ver=2.5.5 HTTP/1.1" 200 2670 "https://reggio-emilia.elettroservicegroup.it/assistenza-lavastoviglie-indesit-rubiera/" "AdsBot-Google (+http://www.google.com/adsbot.html)"
65.108.235.243 - - [18/Jun/2026:22:36:13 +0200] "POST /wp-json/complianz/v1/wsc-scan HTTP/1.1" 400 88 "-" "WordPress/7.0; https://reggio-emilia.elettroservicegroup.it"
74.125.151.199 - - [18/Jun/2026:22:36:14 +0200] "GET /wp-content/plugins/elementor/assets/lib/font-awesome/js/v4-shims.min.js?ver=4.1.3 HTTP/1.1" 200 4043 "https://reggio-emilia.elettroservicegroup.it/assistenza-lavastoviglie-indesit-rubiera/" "AdsBot-Google (+http://www.google.com/adsbot.html)"
74.125.151.199 - - [18/Jun/2026:22:36:15 +0200] "GET /wp-content/plugins/elementor/assets/js/webpack.runtime.min.js?ver=4.1.3 HTTP/1.1" 200 2340 "https://reggio-emilia.elettroservicegroup.it/assistenza-lavastoviglie-indesit-rubiera/" "AdsBot-Google (+http://www.google.com/adsbot.html)"
74.125.151.199 - - [18/Jun/2026:22:36:15 +0200] "GET /wp-content/uploads/elementor/google-fonts/css/roboto.css?ver=1742255001 HTTP/1.1" 200 1890 "https://reggio-emilia.elettroservicegroup.it/assistenza-lavastoviglie-indesit-rubiera/" "AdsBot-Google (+http://www.google.com/adsbot.html)"
74.125.151.199 - - [18/Jun/2026:22:36:16 +0200] "GET /wp-content/plugins/elementor/assets/css/widget-spacer.min.css?ver=4.1.3 HTTP/1.1" 200 287 "https://reggio-emilia.elettroservicegroup.it/assistenza-lavastoviglie-indesit-rubiera/" "AdsBot-Google (+http://www.google.com/adsbot.html)"
74.125.151.199 - - [18/Jun/2026:22:36:16 +0200] "GET /wp-content/plugins/elementor/assets/lib/eicons/css/elementor-icons.min.css?ver=5.34.0 HTTP/1.1" 200 4115 "https://reggio-emilia.elettroservicegroup.it/assistenza-lavastoviglie-indesit-rubiera/" "AdsBot-Google (+http://www.google.com/adsbot.html)"
74.125.151.199 - - [18/Jun/2026:22:36:17 +0200] "GET /wp-content/plugins/all-in-one-seo-pack/dist/Lite/assets/css/table-of-contents/global.e90f6d47.css?ver=4.9.8 HTTP/1.1" 200 420 "https://reggio-emilia.elettroservicegroup.it/assistenza-lavastoviglie-indesit-rubiera/" "AdsBot-Google (+http://www.google.com/adsbot.html)"
74.125.151.199 - - [18/Jun/2026:22:36:17 +0200] "GET /wp-content/plugins/elementor/assets/css/widget-social-icons.min.css?ver=3.24.0 HTTP/1.1" 200 1039 "https://reggio-emilia.elettroservicegroup.it/assistenza-lavastoviglie-indesit-rubiera/" "AdsBot-Google (+http://www.google.com/adsbot.html)"
74.125.151.199 - - [18/Jun/2026:22:36:18 +0200] "GET /wp-content/uploads/elementor/google-fonts/css/robotoslab.css?ver=1742255003 HTTP/1.1" 200 721 "https://reggio-emilia.elettroservicegroup.it/assistenza-lavastoviglie-indesit-rubiera/" "AdsBot-Google (+http://www.google.com/adsbot.html)"
74.125.151.199 - - [18/Jun/2026:22:36:18 +0200] "GET /wp-content/uploads/elementor/css/post-17749.css?ver=1781769072 HTTP/1.1" 200 2074 "https://reggio-emilia.elettroservicegroup.it/assistenza-lavastoviglie-indesit-rubiera/" "AdsBot-Google (+http://www.google.com/adsbot.html)"
74.125.151.199 - - [18/Jun/2026:22:36:19 +0200] "GET /wp-content/plugins/elementor/assets/lib/font-awesome/css/solid.css?ver=5.15.3 HTTP/1.1" 200 299 "https://reggio-emilia.elettroservicegroup.it/assistenza-lavastoviglie-indesit-rubiera/" "AdsBot-Google (+http://www.google.com/adsbot.html)"
74.125.151.199 - - [18/Jun/2026:22:36:20 +0200] "GET /wp-content/plugins/elementor/assets/js/frontend-modules.min.js?ver=4.1.3 HTTP/1.1" 200 15454 "https://reggio-emilia.elettroservicegroup.it/assistenza-lavastoviglie-indesit-rubiera/" "AdsBot-Google (+http://www.google.com/adsbot.html)"
74.125.151.199 - - [18/Jun/2026:22:36:20 +0200] "GET /wp-includes/js/jquery/ui/core.min.js?ver=1.13.3 HTTP/1.1" 200 6820 "https://reggio-emilia.elettroservicegroup.it/assistenza-lavastoviglie-indesit-rubiera/" "AdsBot-Google (+http://www.google.com/adsbot.html)"
74.125.151.199 - - [18/Jun/2026:22:36:21 +0200] "GET /wp-content/plugins/elementor/assets/js/frontend.min.js?ver=4.1.3 HTTP/1.1" 200 10140 "https://reggio-emilia.elettroservicegroup.it/assistenza-lavastoviglie-indesit-rubiera/" "AdsBot-Google (+http://www.google.com/adsbot.html)"
74.125.151.199 - - [18/Jun/2026:22:36:21 +0200] "GET /wp-content/plugins/complianz-gdpr-premium/cookiebanner/js/complianz.min.js?ver=1781536286 HTTP/1.1" 200 10762 "https://reggio-emilia.elettroservicegroup.it/assistenza-lavastoviglie-indesit-rubiera/" "AdsBot-Google (+http://www.google.com/adsbot.html)"
74.125.151.199 - - [18/Jun/2026:22:36:22 +0200] "GET /wp-content/themes/generatepress/assets/js/back-to-top.min.js?ver=3.6.1 HTTP/1.1" 200 336 "https://reggio-emilia.elettroservicegroup.it/assistenza-lavastoviglie-indesit-rubiera/" "AdsBot-Google (+http://www.google.com/adsbot.html)"
74.125.151.199 - - [18/Jun/2026:22:36:22 +0200] "GET /wp-content/themes/generatepress/assets/js/menu.min.js?ver=3.6.1 HTTP/1.1" 200 1688 "https://reggio-emilia.elettroservicegroup.it/assistenza-lavastoviglie-indesit-rubiera/" "AdsBot-Google (+http://www.google.com/adsbot.html)"
74.125.151.199 - - [18/Jun/2026:22:36:34 +0200] "GET /wp-json/complianz/v1/banner?lang=it&locale=it_IT&token=lcps HTTP/1.1" 200 82 "https://reggio-emilia.elettroservicegroup.it/assistenza-lavastoviglie-indesit-rubiera/" "AdsBot-Google (+http://www.google.com/adsbot.html)"
74.125.151.199 - - [18/Jun/2026:22:36:36 +0200] "GET /wp-content/uploads/complianz/css/banner-1-optin.css?v=511 HTTP/1.1" 200 2862 "https://reggio-emilia.elettroservicegroup.it/assistenza-lavastoviglie-indesit-rubiera/" "AdsBot-Google (+http://www.google.com/adsbot.html)"
65.108.235.243 - - [18/Jun/2026:22:36:38 +0200] "POST /wp-cron.php?doing_wp_cron=1781814998.2833409309387207031250 HTTP/1.1" 200 1 "-" "WordPress/7.0; https://reggio-emilia.elettroservicegroup.it"
74.125.151.199 - - [18/Jun/2026:22:36:36 +0200] "GET /wp-json/complianz/v1/cookie_data HTTP/1.1" 200 82 "https://reggio-emilia.elettroservicegroup.it/assistenza-lavastoviglie-indesit-rubiera/" "AdsBot-Google (+http://www.google.com/adsbot.html)"
74.125.151.199 - - [18/Jun/2026:22:36:38 +0200] "GET /wp-content/plugins/elementor/assets/js/shared-frontend-handlers.03caa53373b56d3bab67.bundle.min.js HTTP/1.1" 200 2515 "https://reggio-emilia.elettroservicegroup.it/assistenza-lavastoviglie-indesit-rubiera/" "AdsBot-Google (+http://www.google.com/adsbot.html)"
74.125.151.199 - - [18/Jun/2026:22:36:38 +0200] "GET /wp-content/plugins/elementor/assets/js/text-editor.45609661e409413f1cef.bundle.min.js HTTP/1.1" 200 592 "https://reggio-emilia.elettroservicegroup.it/assistenza-lavastoviglie-indesit-rubiera/" "AdsBot-Google (+http://www.google.com/adsbot.html)"
74.125.151.199 - - [18/Jun/2026:22:36:38 +0200] "GET /wp-content/plugins/elementor/assets/js/section-frontend-handlers.d85ab872da118940910d.bundle.min.js HTTP/1.1" 200 230 "https://reggio-emilia.elettroservicegroup.it/assistenza-lavastoviglie-indesit-rubiera/" "AdsBot-Google (+http://www.google.com/adsbot.html)"
169.224.5.238 - - [18/Jun/2026:22:40:24 +0200] "GET /wp-content/uploads/2022/08/copertina-Riparazione_Lavastoviglie-1-1-300x200.jpg HTTP/1.1" 200 11836 "https://google.com, https://reggio-emilia.elettroservicegroup.it/assistenza-miele-guastalla/" "Mozilla/5.0 (X11; Linux i686 on x86_64) AppleWebKit/537.36 (KHTML, like Gecko) Chrome/64.0.3282.137 Safari/537.36 OPR/50.0.2762.67"
212.146.181.70 - - [18/Jun/2026:22:40:24 +0200] "GET /wp-content/uploads/2022/08/ASCIUGATRICE-TECNIC-1-300x225.jpg HTTP/1.1" 200 14368 "https://reggio-emilia.elettroservicegroup.it/assistenza-miele-guastalla/" "Mozilla/5.0 (Windows NT 10.0; Win64; x64) AppleWebKit/537.36 (KHTML, like Gecko) Chrome/70.0.3538.67 Safari/537.36 OPR/56.0.3051.99"
81.199.91.30 - - [18/Jun/2026:22:40:27 +0200] "GET /wp-content/uploads/2022/08/COPERTINA-1-300x150.png HTTP/1.1" 200 12682 "https://google.com, https://reggio-emilia.elettroservicegroup.it/assistenza-miele-guastalla/" "Mozilla/5.0 (X11; Linux i686 on x86_64; rv:59.0) Gecko/20100101 Firefox/59.0"
65.108.235.243 - - [18/Jun/2026:22:40:45 +0200] "POST /wp-cron.php?doing_wp_cron=1781815245.3388559818267822265625 HTTP/1.1" 200 1 "-" "WordPress/7.0; https://reggio-emilia.elettroservicegroup.it"
20.12.193.183 - - [18/Jun/2026:22:40:43 +0200] "GET /inputs.php HTTP/1.1" 301 1 "-" "Mozilla/5.0 (Windows NT 10.0; Win64; x64) AppleWebKit/537.36 (KHTML, like Gecko) Chrome/120.0.0.0 Safari/537.36"
20.12.193.183 - - [18/Jun/2026:22:40:45 +0200] "GET /ioxi-o.php HTTP/1.1" 301 1 "-" "Mozilla/5.0 (Windows NT 10.0; Win64; x64) AppleWebKit/537.36 (KHTML, like Gecko) Chrome/120.0.0.0 Safari/537.36"
20.12.193.183 - - [18/Jun/2026:22:40:45 +0200] "GET /function/function.php HTTP/1.1" 301 1 "-" "Mozilla/5.0 (Windows NT 10.0; Win64; x64) AppleWebKit/537.36 (KHTML, like Gecko) Chrome/120.0.0.0 Safari/537.36"
65.108.235.243 - - [18/Jun/2026:22:40:45 +0200] "GET /assistenza-ariston-santilario-denza/ HTTP/1.1" 200 23053 "-" "WP Fastest Cache Preload Bot"
20.12.193.183 - - [18/Jun/2026:22:40:46 +0200] "GET /rip.php HTTP/1.1" 301 1 "-" "Mozilla/5.0 (Windows NT 10.0; Win64; x64) AppleWebKit/537.36 (KHTML, like Gecko) Chrome/120.0.0.0 Safari/537.36"
65.108.235.243 - - [18/Jun/2026:22:40:46 +0200] "GET /assistenza-ariston-guastalla/ HTTP/1.1" 200 23080 "-" "WP Fastest Cache Preload Bot"
20.12.193.183 - - [18/Jun/2026:22:40:46 +0200] "GET /admin.php HTTP/1.1" 301 1 "-" "Mozilla/5.0 (Windows NT 10.0; Win64; x64) AppleWebKit/537.36 (KHTML, like Gecko) Chrome/120.0.0.0 Safari/537.36"
20.12.193.183 - - [18/Jun/2026:22:40:47 +0200] "GET /wp-content/uploads/index.php HTTP/1.1" 301 1 "-" "Mozilla/5.0 (Windows NT 10.0; Win64; x64) AppleWebKit/537.36 (KHTML, like Gecko) Chrome/120.0.0.0 Safari/537.36"
65.108.235.243 - - [18/Jun/2026:22:40:47 +0200] "GET /assistenza-ariston-correggio/ HTTP/1.1" 200 23041 "-" "WP Fastest Cache Preload Bot"
20.12.193.183 - - [18/Jun/2026:22:40:48 +0200] "GET /cache.php HTTP/1.1" 301 1 "-" "Mozilla/5.0 (Windows NT 10.0; Win64; x64) AppleWebKit/537.36 (KHTML, like Gecko) Chrome/120.0.0.0 Safari/537.36"
20.12.193.183 - - [18/Jun/2026:22:40:50 +0200] "GET /themes.php HTTP/1.1" 301 1 "-" "Mozilla/5.0 (Windows NT 10.0; Win64; x64) AppleWebKit/537.36 (KHTML, like Gecko) Chrome/120.0.0.0 Safari/537.36"
65.108.235.243 - - [18/Jun/2026:22:40:49 +0200] "GET /assistenza-ariston-reggio-emilia/ HTTP/1.1" 200 23002 "-" "WP Fastest Cache Preload Bot"
20.12.193.183 - - [18/Jun/2026:22:40:51 +0200] "GET /an.php HTTP/1.1" 301 1 "-" "Mozilla/5.0 (Windows NT 10.0; Win64; x64) AppleWebKit/537.36 (KHTML, like Gecko) Chrome/120.0.0.0 Safari/537.36"
20.12.193.183 - - [18/Jun/2026:22:40:53 +0200] "GET /index/function.php HTTP/1.1" 301 1 "-" "Mozilla/5.0 (Windows NT 10.0; Win64; x64) AppleWebKit/537.36 (KHTML, like Gecko) Chrome/120.0.0.0 Safari/537.36"
20.12.193.183 - - [18/Jun/2026:22:40:53 +0200] "GET /randkeyword.PhP7 HTTP/1.1" 301 1 "-" "Mozilla/5.0 (Windows NT 10.0; Win64; x64) AppleWebKit/537.36 (KHTML, like Gecko) Chrome/120.0.0.0 Safari/537.36"
