65.108.235.243 - - [18/Jun/2026:18:44:19 +0200] "GET /assistenza-lavastoviglie-whirlpool-santilario-denza/ HTTP/1.1" 200 22986 "-" "WP Fastest Cache Preload Bot"
65.108.235.243 - - [18/Jun/2026:18:44:22 +0200] "GET /assistenza-lavastoviglie-whirlpool-guastalla/ HTTP/1.1" 200 22905 "-" "WP Fastest Cache Preload Bot"
65.108.235.243 - - [18/Jun/2026:18:51:09 +0200] "POST /wp-cron.php?doing_wp_cron=1781801469.7830688953399658203125 HTTP/1.1" 200 1 "-" "WordPress/7.0; https://reggio-emilia.elettroservicegroup.it"
40.77.167.60 - - [18/Jun/2026:18:51:08 +0200] "GET /sitemap.xml HTTP/2.0" 200 336 "-" "Mozilla/5.0 AppleWebKit/537.36 (KHTML, like Gecko; compatible; bingbot/2.0; +http://www.bing.com/bingbot.htm) Chrome/116.0.1938.76 Safari/537.36"
65.108.235.243 - - [18/Jun/2026:18:51:10 +0200] "GET /assistenza-lavastoviglie-whirlpool-correggio/ HTTP/1.1" 200 22909 "-" "WP Fastest Cache Preload Bot"
65.108.235.243 - - [18/Jun/2026:18:51:10 +0200] "GET /assistenza-lavastoviglie-smeg-correggio/ HTTP/1.1" 200 22868 "-" "WP Fastest Cache Preload Bot"
65.108.235.243 - - [18/Jun/2026:18:51:11 +0200] "GET /assistenza-lavastoviglie-whirlpool-reggio-emilia/ HTTP/1.1" 200 22897 "-" "WP Fastest Cache Preload Bot"
65.108.235.243 - - [18/Jun/2026:18:51:11 +0200] "GET /assistenza-lavastoviglie-smeg-reggio-emilia/ HTTP/1.1" 200 22866 "-" "WP Fastest Cache Preload Bot"
65.108.235.243 - - [18/Jun/2026:18:53:52 +0200] "POST /wp-cron.php?doing_wp_cron=1781801632.9597060680389404296875 HTTP/1.1" 200 1 "-" "WordPress/7.0; https://reggio-emilia.elettroservicegroup.it"
74.7.227.16 - - [18/Jun/2026:18:53:51 +0200] "GET /sitemap.rss HTTP/2.0" 415 1464 "-" "Mozilla/5.0 AppleWebKit/537.36 (KHTML, like Gecko; compatible; GPTBot/1.4; +https://openai.com/gptbot)"
65.108.235.243 - - [18/Jun/2026:18:53:53 +0200] "POST /wp-json/complianz/v1/wsc-scan HTTP/1.1" 400 88 "-" "WordPress/7.0; https://reggio-emilia.elettroservicegroup.it"
14.191.34.51 - - [18/Jun/2026:18:56:31 +0200] "GET /wp-content/uploads/2022/01/elettrodomestici.jpg HTTP/1.1" 200 10123 "https://reggio-emilia.elettroservicegroup.it/assistenza-whirlpool-rubiera/" "Mozilla/5.0 (Windows NT 10.0; WOW64; rv:62.0.3) Gecko/20100101 Firefox/62.0.3"
190.87.195.99 - - [18/Jun/2026:18:56:47 +0200] "GET /wp-content/uploads/2026/05/logo.png HTTP/1.1" 200 48185 "https://reggio-emilia.elettroservicegroup.it/assistenza-whirlpool-rubiera/" "Mozilla/5.0 (Windows NT 6.1; rv:52.9.0) Gecko/20100101 Firefox/52.9.0"
65.108.235.243 - - [18/Jun/2026:19:36:10 +0200] "POST /wp-cron.php?doing_wp_cron=1781804170.4786899089813232421875 HTTP/1.1" 200 1 "-" "WordPress/7.0; https://reggio-emilia.elettroservicegroup.it"
216.73.217.38 - - [18/Jun/2026:19:36:04 +0200] "GET /robots.txt HTTP/2.0" 200 110 "-" "Mozilla/5.0 AppleWebKit/537.36 (KHTML, like Gecko; compatible; ClaudeBot/1.0; +claudebot@anthropic.com)"
65.108.235.243 - - [18/Jun/2026:19:36:12 +0200] "GET /assistenza-lavastoviglie-rex-electrolux-rubiera/ HTTP/1.1" 200 22850 "-" "WP Fastest Cache Preload Bot"
65.108.235.243 - - [18/Jun/2026:19:36:14 +0200] "GET /assistenza-lavastoviglie-rex-electrolux-scandiano/ HTTP/1.1" 200 22931 "-" "WP Fastest Cache Preload Bot"
65.108.235.243 - - [18/Jun/2026:19:36:16 +0200] "GET /assistenza-lavastoviglie-rex-electrolux-santilario-denza/ HTTP/1.1" 200 22938 "-" "WP Fastest Cache Preload Bot"
65.108.235.243 - - [18/Jun/2026:19:36:16 +0200] "GET /assistenza-lavastoviglie-rex-electrolux-guastalla/ HTTP/1.1" 200 22882 "-" "WP Fastest Cache Preload Bot"
216.73.217.38 - - [18/Jun/2026:19:37:02 +0200] "GET /brescia/ HTTP/2.0" 200 16936 "-" "Mozilla/5.0 AppleWebKit/537.36 (KHTML, like Gecko; compatible; ClaudeBot/1.0; +claudebot@anthropic.com)"
65.108.235.243 - - [18/Jun/2026:19:37:05 +0200] "POST /wp-cron.php?doing_wp_cron=1781804225.0117390155792236328125 HTTP/1.1" 200 1 "-" "WordPress/7.0; https://reggio-emilia.elettroservicegroup.it"
216.73.217.38 - - [18/Jun/2026:19:37:02 +0200] "GET /sitemap.rss HTTP/2.0" 200 1466 "-" "Mozilla/5.0 AppleWebKit/537.36 (KHTML, like Gecko; compatible; ClaudeBot/1.0; +claudebot@anthropic.com)"
2.37.164.155 - - [18/Jun/2026:19:47:57 +0200] "GET /assistenza-condizionatori-reggio-emilia/ HTTP/2.0" 200 20253 "https://www.google.com/" "Mozilla/5.0 (Windows NT 10.0; Win64; x64) AppleWebKit/537.36 (KHTML, like Gecko) Chrome/109.0.0.0 Safari/537.36"
2.37.164.155 - - [18/Jun/2026:19:48:00 +0200] "GET /wp-content/cache/wpfc-minified/l9m140dq/2roae.css HTTP/2.0" 200 7521 "https://reggio-emilia.elettroservicegroup.it/assistenza-condizionatori-reggio-emilia/" "Mozilla/5.0 (Windows NT 10.0; Win64; x64) AppleWebKit/537.36 (KHTML, like Gecko) Chrome/109.0.0.0 Safari/537.36"
2.37.164.155 - - [18/Jun/2026:19:48:00 +0200] "GET /wp-content/uploads/elementor/css/post-14146.css?ver=1781753039 HTTP/2.0" 200 428 "https://reggio-emilia.elettroservicegroup.it/assistenza-condizionatori-reggio-emilia/" "Mozilla/5.0 (Windows NT 10.0; Win64; x64) AppleWebKit/537.36 (KHTML, like Gecko) Chrome/109.0.0.0 Safari/537.36"
2.37.164.155 - - [18/Jun/2026:19:48:00 +0200] "GET /wp-content/uploads/elementor/css/post-14366.css?ver=1781753039 HTTP/2.0" 200 302 "https://reggio-emilia.elettroservicegroup.it/assistenza-condizionatori-reggio-emilia/" "Mozilla/5.0 (Windows NT 10.0; Win64; x64) AppleWebKit/537.36 (KHTML, like Gecko) Chrome/109.0.0.0 Safari/537.36"
2.37.164.155 - - [18/Jun/2026:19:48:00 +0200] "GET /wp-content/cache/wpfc-minified/ky0w1tys/2roae.css HTTP/2.0" 200 418 "https://reggio-emilia.elettroservicegroup.it/assistenza-condizionatori-reggio-emilia/" "Mozilla/5.0 (Windows NT 10.0; Win64; x64) AppleWebKit/537.36 (KHTML, like Gecko) Chrome/109.0.0.0 Safari/537.36"
2.37.164.155 - - [18/Jun/2026:19:48:00 +0200] "GET /wp-content/uploads/2021/10/cropped-cropped-cropped-logo_white_background.png HTTP/2.0" 200 26788 "https://reggio-emilia.elettroservicegroup.it/assistenza-condizionatori-reggio-emilia/" "Mozilla/5.0 (Windows NT 10.0; Win64; x64) AppleWebKit/537.36 (KHTML, like Gecko) Chrome/109.0.0.0 Safari/537.36"
2.37.164.155 - - [18/Jun/2026:19:48:00 +0200] "GET /wp-content/uploads/elementor/css/post-15289.css?ver=1781764564 HTTP/2.0" 200 1794 "https://reggio-emilia.elettroservicegroup.it/assistenza-condizionatori-reggio-emilia/" "Mozilla/5.0 (Windows NT 10.0; Win64; x64) AppleWebKit/537.36 (KHTML, like Gecko) Chrome/109.0.0.0 Safari/537.36"
2.37.164.155 - - [18/Jun/2026:19:48:00 +0200] "GET /wp-content/cache/wpfc-minified/8tnr6p1l/2roae.css HTTP/2.0" 200 2043 "https://reggio-emilia.elettroservicegroup.it/assistenza-condizionatori-reggio-emilia/" "Mozilla/5.0 (Windows NT 10.0; Win64; x64) AppleWebKit/537.36 (KHTML, like Gecko) Chrome/109.0.0.0 Safari/537.36"
2.37.164.155 - - [18/Jun/2026:19:48:00 +0200] "GET /wp-content/cache/wpfc-minified/m8ydgnxm/2roae.css HTTP/2.0" 200 4410 "https://reggio-emilia.elettroservicegroup.it/assistenza-condizionatori-reggio-emilia/" "Mozilla/5.0 (Windows NT 10.0; Win64; x64) AppleWebKit/537.36 (KHTML, like Gecko) Chrome/109.0.0.0 Safari/537.36"
2.37.164.155 - - [18/Jun/2026:19:48:00 +0200] "GET /wp-content/cache/wpfc-minified/kwp9n0f5/2roag.css HTTP/2.0" 200 7263 "https://reggio-emilia.elettroservicegroup.it/assistenza-condizionatori-reggio-emilia/" "Mozilla/5.0 (Windows NT 10.0; Win64; x64) AppleWebKit/537.36 (KHTML, like Gecko) Chrome/109.0.0.0 Safari/537.36"
2.37.164.155 - - [18/Jun/2026:19:48:00 +0200] "GET /wp-content/cache/wpfc-minified/3kc3wt3/3tw7a.css HTTP/2.0" 200 16442 "https://reggio-emilia.elettroservicegroup.it/assistenza-condizionatori-reggio-emilia/" "Mozilla/5.0 (Windows NT 10.0; Win64; x64) AppleWebKit/537.36 (KHTML, like Gecko) Chrome/109.0.0.0 Safari/537.36"
2.37.164.155 - - [18/Jun/2026:19:48:00 +0200] "GET /wp-content/cache/wpfc-minified/g52dp1tu/2roae.css HTTP/2.0" 200 19034 "https://reggio-emilia.elettroservicegroup.it/assistenza-condizionatori-reggio-emilia/" "Mozilla/5.0 (Windows NT 10.0; Win64; x64) AppleWebKit/537.36 (KHTML, like Gecko) Chrome/109.0.0.0 Safari/537.36"
2.37.164.155 - - [18/Jun/2026:19:48:00 +0200] "GET /wp-content/cache/wpfc-minified/6jxfx2dx/43zik.js HTTP/2.0" 200 37598 "https://reggio-emilia.elettroservicegroup.it/assistenza-condizionatori-reggio-emilia/" "Mozilla/5.0 (Windows NT 10.0; Win64; x64) AppleWebKit/537.36 (KHTML, like Gecko) Chrome/109.0.0.0 Safari/537.36"
2.37.164.155 - - [18/Jun/2026:19:48:04 +0200] "GET /wp-content/plugins/gp-premium/menu-plus/functions/js/sticky.min.js?ver=2.5.5 HTTP/2.0" 200 2670 "https://reggio-emilia.elettroservicegroup.it/assistenza-condizionatori-reggio-emilia/" "Mozilla/5.0 (Windows NT 10.0; Win64; x64) AppleWebKit/537.36 (KHTML, like Gecko) Chrome/109.0.0.0 Safari/537.36"
2.37.164.155 - - [18/Jun/2026:19:48:04 +0200] "GET /wp-content/plugins/elementor/assets/js/webpack.runtime.min.js?ver=4.1.3 HTTP/2.0" 200 2340 "https://reggio-emilia.elettroservicegroup.it/assistenza-condizionatori-reggio-emilia/" "Mozilla/5.0 (Windows NT 10.0; Win64; x64) AppleWebKit/537.36 (KHTML, like Gecko) Chrome/109.0.0.0 Safari/537.36"
2.37.164.155 - - [18/Jun/2026:19:48:04 +0200] "GET /wp-content/plugins/elementor/assets/js/frontend-modules.min.js?ver=4.1.3 HTTP/2.0" 200 15454 "https://reggio-emilia.elettroservicegroup.it/assistenza-condizionatori-reggio-emilia/" "Mozilla/5.0 (Windows NT 10.0; Win64; x64) AppleWebKit/537.36 (KHTML, like Gecko) Chrome/109.0.0.0 Safari/537.36"
2.37.164.155 - - [18/Jun/2026:19:48:04 +0200] "GET /wp-includes/js/jquery/ui/core.min.js?ver=1.13.3 HTTP/2.0" 200 6820 "https://reggio-emilia.elettroservicegroup.it/assistenza-condizionatori-reggio-emilia/" "Mozilla/5.0 (Windows NT 10.0; Win64; x64) AppleWebKit/537.36 (KHTML, like Gecko) Chrome/109.0.0.0 Safari/537.36"
2.37.164.155 - - [18/Jun/2026:19:48:04 +0200] "GET /wp-content/plugins/elementor/assets/js/frontend.min.js?ver=4.1.3 HTTP/2.0" 200 10140 "https://reggio-emilia.elettroservicegroup.it/assistenza-condizionatori-reggio-emilia/" "Mozilla/5.0 (Windows NT 10.0; Win64; x64) AppleWebKit/537.36 (KHTML, like Gecko) Chrome/109.0.0.0 Safari/537.36"
2.37.164.155 - - [18/Jun/2026:19:48:04 +0200] "GET /wp-content/themes/generatepress/assets/js/menu.min.js?ver=3.6.1 HTTP/2.0" 200 1688 "https://reggio-emilia.elettroservicegroup.it/assistenza-condizionatori-reggio-emilia/" "Mozilla/5.0 (Windows NT 10.0; Win64; x64) AppleWebKit/537.36 (KHTML, like Gecko) Chrome/109.0.0.0 Safari/537.36"
2.37.164.155 - - [18/Jun/2026:19:48:04 +0200] "GET /wp-content/themes/generatepress/assets/js/back-to-top.min.js?ver=3.6.1 HTTP/2.0" 200 336 "https://reggio-emilia.elettroservicegroup.it/assistenza-condizionatori-reggio-emilia/" "Mozilla/5.0 (Windows NT 10.0; Win64; x64) AppleWebKit/537.36 (KHTML, like Gecko) Chrome/109.0.0.0 Safari/537.36"
2.37.164.155 - - [18/Jun/2026:19:48:04 +0200] "GET /wp-content/uploads/2021/10/cropped-logo_white_background.png HTTP/2.0" 200 15855 "https://reggio-emilia.elettroservicegroup.it/assistenza-condizionatori-reggio-emilia/" "Mozilla/5.0 (Windows NT 10.0; Win64; x64) AppleWebKit/537.36 (KHTML, like Gecko) Chrome/109.0.0.0 Safari/537.36"
2.37.164.155 - - [18/Jun/2026:19:48:04 +0200] "GET /wp-content/uploads/2021/10/TECNICO-ELETTRODOMESTICI-3.jpg HTTP/2.0" 200 23089 "https://reggio-emilia.elettroservicegroup.it/assistenza-condizionatori-reggio-emilia/" "Mozilla/5.0 (Windows NT 10.0; Win64; x64) AppleWebKit/537.36 (KHTML, like Gecko) Chrome/109.0.0.0 Safari/537.36"
2.37.164.155 - - [18/Jun/2026:19:48:04 +0200] "GET /wp-content/uploads/2021/10/Condizionatore-300x300.jpg HTTP/2.0" 200 6948 "https://reggio-emilia.elettroservicegroup.it/assistenza-condizionatori-reggio-emilia/" "Mozilla/5.0 (Windows NT 10.0; Win64; x64) AppleWebKit/537.36 (KHTML, like Gecko) Chrome/109.0.0.0 Safari/537.36"
2.37.164.155 - - [18/Jun/2026:19:48:05 +0200] "GET /wp-content/plugins/complianz-gdpr-premium/cookiebanner/js/complianz.min.js?ver=1781536286 HTTP/2.0" 200 10762 "https://reggio-emilia.elettroservicegroup.it/assistenza-condizionatori-reggio-emilia/" "Mozilla/5.0 (Windows NT 10.0; Win64; x64) AppleWebKit/537.36 (KHTML, like Gecko) Chrome/109.0.0.0 Safari/537.36"
2.37.164.155 - - [18/Jun/2026:19:48:05 +0200] "GET /wp-content/uploads/2021/10/condizionatore-bonus.jpg HTTP/2.0" 200 415976 "https://reggio-emilia.elettroservicegroup.it/wp-content/uploads/elementor/css/post-15289.css?ver=1781764564" "Mozilla/5.0 (Windows NT 10.0; Win64; x64) AppleWebKit/537.36 (KHTML, like Gecko) Chrome/109.0.0.0 Safari/537.36"
2.37.164.155 - - [18/Jun/2026:19:48:05 +0200] "GET /wp-content/uploads/elementor/google-fonts/fonts/roboto-kfo7cnqeu92fr1me7ksn66agldtyluama3yuba.woff2 HTTP/2.0" 200 40132 "https://reggio-emilia.elettroservicegroup.it/wp-content/cache/wpfc-minified/8tnr6p1l/2roae.css" "Mozilla/5.0 (Windows NT 10.0; Win64; x64) AppleWebKit/537.36 (KHTML, like Gecko) Chrome/109.0.0.0 Safari/537.36"
2.37.164.155 - - [18/Jun/2026:19:48:05 +0200] "GET /wp-content/plugins/elementor/assets/js/section-frontend-handlers.d85ab872da118940910d.bundle.min.js HTTP/2.0" 200 230 "https://reggio-emilia.elettroservicegroup.it/assistenza-condizionatori-reggio-emilia/" "Mozilla/5.0 (Windows NT 10.0; Win64; x64) AppleWebKit/537.36 (KHTML, like Gecko) Chrome/109.0.0.0 Safari/537.36"
2.37.164.155 - - [18/Jun/2026:19:48:05 +0200] "GET /wp-content/plugins/elementor/assets/js/shared-frontend-handlers.03caa53373b56d3bab67.bundle.min.js HTTP/2.0" 200 2515 "https://reggio-emilia.elettroservicegroup.it/assistenza-condizionatori-reggio-emilia/" "Mozilla/5.0 (Windows NT 10.0; Win64; x64) AppleWebKit/537.36 (KHTML, like Gecko) Chrome/109.0.0.0 Safari/537.36"
2.37.164.155 - - [18/Jun/2026:19:48:05 +0200] "GET /wp-content/plugins/elementor/assets/js/text-editor.45609661e409413f1cef.bundle.min.js HTTP/2.0" 200 592 "https://reggio-emilia.elettroservicegroup.it/assistenza-condizionatori-reggio-emilia/" "Mozilla/5.0 (Windows NT 10.0; Win64; x64) AppleWebKit/537.36 (KHTML, like Gecko) Chrome/109.0.0.0 Safari/537.36"
2.37.164.155 - - [18/Jun/2026:19:48:07 +0200] "GET /wp-content/uploads/2021/10/cropped-cropped-cropped-cropped-logo_white_background-32x32.png HTTP/2.0" 200 1181 "https://reggio-emilia.elettroservicegroup.it/assistenza-condizionatori-reggio-emilia/" "Mozilla/5.0 (Windows NT 10.0; Win64; x64) AppleWebKit/537.36 (KHTML, like Gecko) Chrome/109.0.0.0 Safari/537.36"
65.108.235.243 - - [18/Jun/2026:19:48:07 +0200] "POST /wp-cron.php?doing_wp_cron=1781804887.2808489799499511718750 HTTP/1.1" 200 1 "-" "WordPress/7.0; https://reggio-emilia.elettroservicegroup.it"
2.37.164.155 - - [18/Jun/2026:19:48:05 +0200] "GET /wp-json/complianz/v1/banner?lang=it&locale=it_IT&token=pnlsx HTTP/2.0" 200 82 "https://reggio-emilia.elettroservicegroup.it/assistenza-condizionatori-reggio-emilia/" "Mozilla/5.0 (Windows NT 10.0; Win64; x64) AppleWebKit/537.36 (KHTML, like Gecko) Chrome/109.0.0.0 Safari/537.36"
2.37.164.155 - - [18/Jun/2026:19:48:07 +0200] "GET /wp-content/uploads/complianz/css/banner-1-optin.css?v=511 HTTP/2.0" 200 2862 "https://reggio-emilia.elettroservicegroup.it/assistenza-condizionatori-reggio-emilia/" "Mozilla/5.0 (Windows NT 10.0; Win64; x64) AppleWebKit/537.36 (KHTML, like Gecko) Chrome/109.0.0.0 Safari/537.36"
2.37.164.155 - - [18/Jun/2026:19:48:07 +0200] "GET /wp-json/complianz/v1/cookie_data HTTP/2.0" 200 82 "https://reggio-emilia.elettroservicegroup.it/assistenza-condizionatori-reggio-emilia/" "Mozilla/5.0 (Windows NT 10.0; Win64; x64) AppleWebKit/537.36 (KHTML, like Gecko) Chrome/109.0.0.0 Safari/537.36"
65.108.235.243 - - [18/Jun/2026:19:48:08 +0200] "GET /assistenza-lavastoviglie-rex-electrolux-correggio/ HTTP/1.1" 200 22848 "-" "WP Fastest Cache Preload Bot"
65.108.235.243 - - [18/Jun/2026:19:48:11 +0200] "GET /assistenza-lavastoviglie-rex-electrolux-reggio-emilia/ HTTP/1.1" 200 22846 "-" "WP Fastest Cache Preload Bot"
65.108.235.243 - - [18/Jun/2026:19:48:13 +0200] "GET /assistenza-lavastoviglie-indesit-rubiera/ HTTP/1.1" 200 22891 "-" "WP Fastest Cache Preload Bot"
65.108.235.243 - - [18/Jun/2026:19:48:14 +0200] "GET /assistenza-lavastoviglie-indesit-scandiano/ HTTP/1.1" 200 22901 "-" "WP Fastest Cache Preload Bot"
65.108.235.243 - - [18/Jun/2026:19:48:38 +0200] "POST /wp-cron.php?doing_wp_cron=1781804918.8009209632873535156250 HTTP/1.1" 200 1 "-" "WordPress/7.0; https://reggio-emilia.elettroservicegroup.it"
2.37.164.155 - - [18/Jun/2026:19:48:38 +0200] "POST /wp-json/complianz/v1/track HTTP/2.0" 200 20 "https://reggio-emilia.elettroservicegroup.it/assistenza-condizionatori-reggio-emilia/" "Mozilla/5.0 (Windows NT 10.0; Win64; x64) AppleWebKit/537.36 (KHTML, like Gecko) Chrome/109.0.0.0 Safari/537.36"
159.146.41.144 - - [18/Jun/2026:19:49:24 +0200] "POST /wp-login.php HTTP/1.1" 503 18969 "https://reggio-emilia.elettroservicegroup.it/wp-admin/" "Mozilla/5.0 (Windows NT 10.0; Win64; x64) AppleWebKit/537.36"
159.146.41.144 - - [18/Jun/2026:19:49:31 +0200] "GET /wp-admin/ HTTP/1.1" 503 18969 "www.google.com" "Mozilla/5.0 (Windows NT 10.0; Win64; x64) AppleWebKit/537.36"
52.167.144.199 - - [18/Jun/2026:19:54:48 +0200] "GET /assistenza-candy-scandiano/ HTTP/2.0" 200 22932 "-" "Mozilla/5.0 AppleWebKit/537.36 (KHTML, like Gecko; compatible; bingbot/2.0; +http://www.bing.com/bingbot.htm) Chrome/116.0.1938.76 Safari/537.36"
65.108.235.243 - - [18/Jun/2026:20:26:00 +0200] "POST /wp-cron.php?doing_wp_cron=1781807160.5767529010772705078125 HTTP/1.1" 200 1 "-" "WordPress/7.0; https://reggio-emilia.elettroservicegroup.it"
34.23.37.255 - - [18/Jun/2026:20:25:52 +0200] "GET /.git/config HTTP/1.1" 404 79647 "-" "-"
65.108.235.243 - - [18/Jun/2026:20:26:02 +0200] "GET /assistenza-lavastoviglie-indesit-santilario-denza/ HTTP/1.1" 200 22980 "-" "WP Fastest Cache Preload Bot"
65.108.235.243 - - [18/Jun/2026:20:26:04 +0200] "GET /assistenza-lavastoviglie-indesit-guastalla/ HTTP/1.1" 200 22897 "-" "WP Fastest Cache Preload Bot"
65.108.235.243 - - [18/Jun/2026:20:26:06 +0200] "GET /assistenza-lavastoviglie-indesit-correggio/ HTTP/1.1" 200 22900 "-" "WP Fastest Cache Preload Bot"
65.108.235.243 - - [18/Jun/2026:20:26:08 +0200] "GET /assistenza-lavastoviglie-indesit-reggio-emilia/ HTTP/1.1" 200 22892 "-" "WP Fastest Cache Preload Bot"
65.108.235.243 - - [18/Jun/2026:20:26:10 +0200] "POST /wp-json/complianz/v1/wsc-scan HTTP/1.1" 400 88 "-" "WordPress/7.0; https://reggio-emilia.elettroservicegroup.it"
65.108.235.243 - - [18/Jun/2026:20:45:28 +0200] "POST /wp-cron.php?doing_wp_cron=1781808328.5711860656738281250000 HTTP/1.1" 200 1 "-" "WordPress/7.0; https://reggio-emilia.elettroservicegroup.it"
74.125.151.201 - - [18/Jun/2026:20:45:26 +0200] "GET / HTTP/1.1" 200 23430 "-" "Mozilla/5.0 (Linux; Android 6.0.1; Nexus 5X Build/MMB29P) AppleWebKit/537.36 (KHTML, like Gecko) Chrome/148.0.7778.96 Mobile Safari/537.36 (compatible; AdsBot-Google-Mobile; +http://www.google.com/mobile/adsbot.html)"
65.108.235.243 - - [18/Jun/2026:20:45:29 +0200] "GET /assistenza-lavastoviglie-bosch-rubiera/ HTTP/1.1" 200 22893 "-" "WP Fastest Cache Preload Bot"
65.108.235.243 - - [18/Jun/2026:20:45:29 +0200] "GET /assistenza-lavastoviglie-bosch-scandiano/ HTTP/1.1" 200 22897 "-" "WP Fastest Cache Preload Bot"
65.108.235.243 - - [18/Jun/2026:20:45:30 +0200] "GET /assistenza-lavastoviglie-bosch-santilario-denza/ HTTP/1.1" 200 22979 "-" "WP Fastest Cache Preload Bot"
74.125.151.200 - - [18/Jun/2026:20:45:30 +0200] "GET /assistenza-whirlpool-reggio-emilia/ HTTP/1.1" 200 23080 "-" "Mozilla/5.0 (Linux; Android 6.0.1; Nexus 5X Build/MMB29P) AppleWebKit/537.36 (KHTML, like Gecko) Chrome/148.0.7778.96 Mobile Safari/537.36 (compatible; AdsBot-Google-Mobile; +http://www.google.com/mobile/adsbot.html)"
65.108.235.243 - - [18/Jun/2026:20:45:30 +0200] "GET /assistenza-lavastoviglie-bosch-guastalla/ HTTP/1.1" 200 22898 "-" "WP Fastest Cache Preload Bot"
74.125.151.199 - - [18/Jun/2026:20:45:31 +0200] "GET /wp-content/uploads/elementor/css/post-14227.css?ver=1781760307 HTTP/1.1" 200 2362 "https://reggio-emilia.elettroservicegroup.it/" "AdsBot-Google (+http://www.google.com/adsbot.html)"
74.125.151.199 - - [18/Jun/2026:20:45:31 +0200] "GET /wp-json/complianz/v1/banner?lang=it&locale=it_IT&token=lcps HTTP/1.1" 200 82 "https://reggio-emilia.elettroservicegroup.it/" "AdsBot-Google (+http://www.google.com/adsbot.html)"
74.125.151.199 - - [18/Jun/2026:20:45:33 +0200] "GET /wp-content/themes/generatepress/assets/css/main.min.css?ver=3.6.1 HTTP/1.1" 200 4410 "https://reggio-emilia.elettroservicegroup.it/assistenza-whirlpool-reggio-emilia/" "AdsBot-Google (+http://www.google.com/adsbot.html)"
74.125.151.200 - - [18/Jun/2026:20:45:33 +0200] "GET /wp-content/plugins/elementor/assets/lib/animations/styles/bounceIn.min.css?ver=4.1.3 HTTP/1.1" 200 186 "https://reggio-emilia.elettroservicegroup.it/assistenza-whirlpool-reggio-emilia/" "AdsBot-Google (+http://www.google.com/adsbot.html)"
74.125.151.199 - - [18/Jun/2026:20:45:33 +0200] "GET /wp-content/plugins/all-in-one-seo-pack/dist/Lite/assets/css/table-of-contents/global.e90f6d47.css?ver=4.9.8 HTTP/1.1" 200 420 "https://reggio-emilia.elettroservicegroup.it/assistenza-whirlpool-reggio-emilia/" "AdsBot-Google (+http://www.google.com/adsbot.html)"
74.125.151.199 - - [18/Jun/2026:20:45:33 +0200] "GET /wp-content/plugins/header-footer-elementor/assets/css/header-footer-elementor.css?ver=2.8.8 HTTP/1.1" 200 260 "https://reggio-emilia.elettroservicegroup.it/assistenza-whirlpool-reggio-emilia/" "AdsBot-Google (+http://www.google.com/adsbot.html)"
74.125.151.199 - - [18/Jun/2026:20:45:33 +0200] "GET /wp-content/plugins/elementor/assets/lib/font-awesome/css/v4-shims.min.css?ver=4.1.3 HTTP/1.1" 200 3986 "https://reggio-emilia.elettroservicegroup.it/assistenza-whirlpool-reggio-emilia/" "AdsBot-Google (+http://www.google.com/adsbot.html)"
74.125.151.200 - - [18/Jun/2026:20:45:33 +0200] "GET /wp-content/plugins/elementor/assets/lib/font-awesome/css/solid.css?ver=5.15.3 HTTP/1.1" 200 299 "https://reggio-emilia.elettroservicegroup.it/assistenza-whirlpool-reggio-emilia/" "AdsBot-Google (+http://www.google.com/adsbot.html)"
74.125.151.199 - - [18/Jun/2026:20:45:34 +0200] "GET /wp-content/plugins/elementor/assets/lib/font-awesome/css/brands.css?ver=5.15.3 HTTP/1.1" 200 298 "https://reggio-emilia.elettroservicegroup.it/assistenza-whirlpool-reggio-emilia/" "AdsBot-Google (+http://www.google.com/adsbot.html)"
74.125.151.199 - - [18/Jun/2026:20:45:34 +0200] "GET /wp-content/plugins/header-footer-elementor/inc/widgets-css/frontend.css?ver=2.8.8 HTTP/1.1" 200 8711 "https://reggio-emilia.elettroservicegroup.it/assistenza-whirlpool-reggio-emilia/" "AdsBot-Google (+http://www.google.com/adsbot.html)"
74.125.151.199 - - [18/Jun/2026:20:45:35 +0200] "GET /wp-content/plugins/gp-premium/menu-plus/functions/js/sticky.min.js?ver=2.5.5 HTTP/1.1" 200 2670 "https://reggio-emilia.elettroservicegroup.it/assistenza-whirlpool-reggio-emilia/" "AdsBot-Google (+http://www.google.com/adsbot.html)"
74.125.151.199 - - [18/Jun/2026:20:45:35 +0200] "GET /wp-includes/js/jquery/jquery-migrate.min.js?ver=3.4.1 HTTP/1.1" 200 4685 "https://reggio-emilia.elettroservicegroup.it/assistenza-whirlpool-reggio-emilia/" "AdsBot-Google (+http://www.google.com/adsbot.html)"
74.125.151.199 - - [18/Jun/2026:20:45:35 +0200] "GET /wp-content/plugins/elementor/assets/css/widget-spacer.min.css?ver=4.1.3 HTTP/1.1" 200 287 "https://reggio-emilia.elettroservicegroup.it/assistenza-whirlpool-reggio-emilia/" "AdsBot-Google (+http://www.google.com/adsbot.html)"
74.125.151.199 - - [18/Jun/2026:20:45:36 +0200] "GET /wp-content/plugins/elementor/assets/lib/animations/styles/zoomIn.min.css?ver=4.1.3 HTTP/1.1" 200 87 "https://reggio-emilia.elettroservicegroup.it/assistenza-whirlpool-reggio-emilia/" "AdsBot-Google (+http://www.google.com/adsbot.html)"
74.125.151.199 - - [18/Jun/2026:20:45:36 +0200] "GET /wp-content/plugins/elementor/assets/css/widget-heading.min.css?ver=4.1.3 HTTP/1.1" 200 127 "https://reggio-emilia.elettroservicegroup.it/assistenza-whirlpool-reggio-emilia/" "AdsBot-Google (+http://www.google.com/adsbot.html)"
74.125.151.199 - - [18/Jun/2026:20:45:37 +0200] "GET /wp-content/plugins/elementor/assets/css/widget-icon-list.min.css?ver=3.24.3 HTTP/1.1" 200 928 "https://reggio-emilia.elettroservicegroup.it/assistenza-whirlpool-reggio-emilia/" "AdsBot-Google (+http://www.google.com/adsbot.html)"
74.125.151.199 - - [18/Jun/2026:20:45:37 +0200] "GET /wp-content/uploads/elementor/css/post-17840.css?ver=1781774245 HTTP/1.1" 200 2168 "https://reggio-emilia.elettroservicegroup.it/assistenza-whirlpool-reggio-emilia/" "AdsBot-Google (+http://www.google.com/adsbot.html)"
74.125.151.199 - - [18/Jun/2026:20:45:38 +0200] "GET /wp-content/plugins/elementor/assets/lib/font-awesome/js/v4-shims.min.js?ver=4.1.3 HTTP/1.1" 200 4043 "https://reggio-emilia.elettroservicegroup.it/assistenza-whirlpool-reggio-emilia/" "AdsBot-Google (+http://www.google.com/adsbot.html)"
74.125.151.199 - - [18/Jun/2026:20:45:38 +0200] "GET /wp-content/plugins/elementor/assets/lib/font-awesome/css/fontawesome.css?ver=5.15.3 HTTP/1.1" 200 12535 "https://reggio-emilia.elettroservicegroup.it/assistenza-whirlpool-reggio-emilia/" "AdsBot-Google (+http://www.google.com/adsbot.html)"
74.125.151.199 - - [18/Jun/2026:20:45:38 +0200] "GET /wp-content/plugins/elementor/assets/css/widget-social-icons.min.css?ver=3.24.0 HTTP/1.1" 200 1039 "https://reggio-emilia.elettroservicegroup.it/assistenza-whirlpool-reggio-emilia/" "AdsBot-Google (+http://www.google.com/adsbot.html)"
74.125.151.199 - - [18/Jun/2026:20:45:39 +0200] "GET /wp-content/plugins/gp-premium/menu-plus/functions/css/navigation-branding-flex.min.css?ver=2.5.5 HTTP/1.1" 200 542 "https://reggio-emilia.elettroservicegroup.it/assistenza-whirlpool-reggio-emilia/" "AdsBot-Google (+http://www.google.com/adsbot.html)"
74.125.151.199 - - [18/Jun/2026:20:45:39 +0200] "GET /wp-content/plugins/elementor/assets/js/webpack.runtime.min.js?ver=4.1.3 HTTP/1.1" 200 2340 "https://reggio-emilia.elettroservicegroup.it/assistenza-whirlpool-reggio-emilia/" "AdsBot-Google (+http://www.google.com/adsbot.html)"
74.125.151.199 - - [18/Jun/2026:20:45:40 +0200] "GET /wp-includes/js/jquery/jquery.min.js?ver=3.7.1 HTTP/1.1" 200 29769 "https://reggio-emilia.elettroservicegroup.it/assistenza-whirlpool-reggio-emilia/" "AdsBot-Google (+http://www.google.com/adsbot.html)"
74.125.151.199 - - [18/Jun/2026:20:45:40 +0200] "GET /wp-content/plugins/elementor/assets/css/frontend.min.css?ver=4.1.3 HTTP/1.1" 200 6618 "https://reggio-emilia.elettroservicegroup.it/assistenza-whirlpool-reggio-emilia/" "AdsBot-Google (+http://www.google.com/adsbot.html)"
74.125.151.199 - - [18/Jun/2026:20:45:40 +0200] "GET /wp-content/plugins/elementor/assets/lib/font-awesome/css/all.min.css?ver=4.1.3 HTTP/1.1" 200 12402 "https://reggio-emilia.elettroservicegroup.it/assistenza-whirlpool-reggio-emilia/" "AdsBot-Google (+http://www.google.com/adsbot.html)"
74.125.151.199 - - [18/Jun/2026:20:45:41 +0200] "GET /wp-content/plugins/elementor/assets/js/frontend-modules.min.js?ver=4.1.3 HTTP/1.1" 200 15454 "https://reggio-emilia.elettroservicegroup.it/assistenza-whirlpool-reggio-emilia/" "AdsBot-Google (+http://www.google.com/adsbot.html)"
74.125.151.199 - - [18/Jun/2026:20:45:41 +0200] "GET /wp-includes/js/jquery/ui/core.min.js?ver=1.13.3 HTTP/1.1" 200 6820 "https://reggio-emilia.elettroservicegroup.it/assistenza-whirlpool-reggio-emilia/" "AdsBot-Google (+http://www.google.com/adsbot.html)"
74.125.151.199 - - [18/Jun/2026:20:45:41 +0200] "GET /wp-content/themes/generatepress/assets/js/menu.min.js?ver=3.6.1 HTTP/1.1" 200 1688 "https://reggio-emilia.elettroservicegroup.it/assistenza-whirlpool-reggio-emilia/" "AdsBot-Google (+http://www.google.com/adsbot.html)"
74.125.151.199 - - [18/Jun/2026:20:45:42 +0200] "GET /wp-content/themes/generatepress/assets/js/back-to-top.min.js?ver=3.6.1 HTTP/1.1" 200 336 "https://reggio-emilia.elettroservicegroup.it/assistenza-whirlpool-reggio-emilia/" "AdsBot-Google (+http://www.google.com/adsbot.html)"
74.125.151.199 - - [18/Jun/2026:20:45:42 +0200] "GET /wp-content/plugins/elementor/assets/js/frontend.min.js?ver=4.1.3 HTTP/1.1" 200 10140 "https://reggio-emilia.elettroservicegroup.it/assistenza-whirlpool-reggio-emilia/" "AdsBot-Google (+http://www.google.com/adsbot.html)"
65.108.235.243 - - [18/Jun/2026:20:45:44 +0200] "POST /wp-cron.php?doing_wp_cron=1781808344.8829851150512695312500 HTTP/1.1" 200 1 "-" "WordPress/7.0; https://reggio-emilia.elettroservicegroup.it"
74.125.151.199 - - [18/Jun/2026:20:45:44 +0200] "GET /wp-json/complianz/v1/banner?lang=it&locale=it_IT&token=npmll HTTP/1.1" 200 82 "https://reggio-emilia.elettroservicegroup.it/assistenza-whirlpool-reggio-emilia/" "AdsBot-Google (+http://www.google.com/adsbot.html)"
74.125.151.199 - - [18/Jun/2026:20:45:45 +0200] "GET /wp-content/uploads/complianz/css/banner-1-optin.css?v=511 HTTP/1.1" 200 2862 "https://reggio-emilia.elettroservicegroup.it/assistenza-whirlpool-reggio-emilia/" "AdsBot-Google (+http://www.google.com/adsbot.html)"
74.125.151.199 - - [18/Jun/2026:20:45:45 +0200] "GET /wp-json/complianz/v1/cookie_data HTTP/1.1" 200 82 "https://reggio-emilia.elettroservicegroup.it/assistenza-whirlpool-reggio-emilia/" "AdsBot-Google (+http://www.google.com/adsbot.html)"
65.108.235.243 - - [18/Jun/2026:20:45:45 +0200] "GET /assistenza-lavastoviglie-bosch-correggio/ HTTP/1.1" 200 22901 "-" "WP Fastest Cache Preload Bot"
65.108.235.243 - - [18/Jun/2026:20:45:46 +0200] "GET /assistenza-lavastoviglie-bosch-reggio-emilia/ HTTP/1.1" 200 22895 "-" "WP Fastest Cache Preload Bot"
74.125.151.199 - - [18/Jun/2026:20:45:49 +0200] "GET /wp-content/plugins/elementor/assets/js/shared-frontend-handlers.03caa53373b56d3bab67.bundle.min.js HTTP/1.1" 200 2515 "https://reggio-emilia.elettroservicegroup.it/assistenza-whirlpool-reggio-emilia/" "AdsBot-Google (+http://www.google.com/adsbot.html)"
65.108.235.243 - - [18/Jun/2026:20:45:48 +0200] "GET /assistenza-lavastoviglie-ariston-rubiera/ HTTP/1.1" 200 22927 "-" "WP Fastest Cache Preload Bot"
74.125.151.199 - - [18/Jun/2026:20:45:49 +0200] "GET /wp-content/plugins/elementor/assets/js/section-frontend-handlers.d85ab872da118940910d.bundle.min.js HTTP/1.1" 200 230 "https://reggio-emilia.elettroservicegroup.it/assistenza-whirlpool-reggio-emilia/" "AdsBot-Google (+http://www.google.com/adsbot.html)"
74.125.151.199 - - [18/Jun/2026:20:45:50 +0200] "GET /wp-content/plugins/elementor/assets/js/text-editor.45609661e409413f1cef.bundle.min.js HTTP/1.1" 200 592 "https://reggio-emilia.elettroservicegroup.it/assistenza-whirlpool-reggio-emilia/" "AdsBot-Google (+http://www.google.com/adsbot.html)"
65.108.235.243 - - [18/Jun/2026:20:45:49 +0200] "GET /assistenza-lavastoviglie-ariston-scandiano/ HTTP/1.1" 200 22932 "-" "WP Fastest Cache Preload Bot"
114.119.141.228 - - [18/Jun/2026:21:11:41 +0200] "GET / HTTP/1.1" 200 11671 "https://reggio-emilia.elettroservicegroup.it/" "Mozilla/5.0 (Linux; Android 7.0;) AppleWebKit/537.36 (HTML, like Gecko) Mobile Safari/537.36 (compatible; PetalBot;+https://webmaster.petalsearch.com/site/petalbot)"
65.108.235.243 - - [18/Jun/2026:21:12:51 +0200] "POST /wp-cron.php?doing_wp_cron=1781809971.6946198940277099609375 HTTP/1.1" 200 1 "-" "WordPress/7.0; https://reggio-emilia.elettroservicegroup.it"
120.192.150.126 - - [18/Jun/2026:21:12:49 +0200] "GET / HTTP/2.0" 200 23430 "-" "Mozilla/5.0 (Linux; Android 5.0; SM-G900P Build/LRX21T) AppleWebKit/537.36 (KHTML, like Gecko) Chrome/49.0.4507.1253 Mobile Safari/537.36"
120.192.150.126 - - [18/Jun/2026:21:12:52 +0200] "GET /wp-content/plugins/all-in-one-seo-pack/dist/Lite/assets/css/table-of-contents/global.e90f6d47.css?ver=4.9.8 HTTP/2.0" 200 420 "https://reggio-emilia.elettroservicegroup.it/" "Mozilla/5.0 (Linux; Android 5.0; SM-G900P Build/LRX21T) AppleWebKit/537.36 (KHTML, like Gecko) Chrome/49.0.4507.1253 Mobile Safari/537.36"
120.192.150.126 - - [18/Jun/2026:21:12:52 +0200] "GET /wp-content/plugins/header-footer-elementor/inc/widgets-css/frontend.css?ver=2.8.8 HTTP/2.0" 200 8711 "https://reggio-emilia.elettroservicegroup.it/" "Mozilla/5.0 (Linux; Android 5.0; SM-G900P Build/LRX21T) AppleWebKit/537.36 (KHTML, like Gecko) Chrome/49.0.4507.1253 Mobile Safari/537.36"
120.192.150.126 - - [18/Jun/2026:21:12:52 +0200] "GET /wp-content/plugins/header-footer-elementor/assets/css/header-footer-elementor.css?ver=2.8.8 HTTP/2.0" 200 260 "https://reggio-emilia.elettroservicegroup.it/" "Mozilla/5.0 (Linux; Android 5.0; SM-G900P Build/LRX21T) AppleWebKit/537.36 (KHTML, like Gecko) Chrome/49.0.4507.1253 Mobile Safari/537.36"
120.192.150.126 - - [18/Jun/2026:21:12:52 +0200] "GET /wp-content/plugins/complianz-gdpr-premium/assets/css/cookieblocker.min.css?ver=1781536286 HTTP/2.0" 200 615 "https://reggio-emilia.elettroservicegroup.it/" "Mozilla/5.0 (Linux; Android 5.0; SM-G900P Build/LRX21T) AppleWebKit/537.36 (KHTML, like Gecko) Chrome/49.0.4507.1253 Mobile Safari/537.36"
120.192.150.126 - - [18/Jun/2026:21:12:52 +0200] "GET /wp-content/plugins/elementor/assets/css/widget-heading.min.css?ver=4.1.3 HTTP/2.0" 200 127 "https://reggio-emilia.elettroservicegroup.it/" "Mozilla/5.0 (Linux; Android 5.0; SM-G900P Build/LRX21T) AppleWebKit/537.36 (KHTML, like Gecko) Chrome/49.0.4507.1253 Mobile Safari/537.36"
120.192.150.126 - - [18/Jun/2026:21:12:52 +0200] "GET /wp-content/plugins/elementor/assets/lib/animations/styles/bounceIn.min.css?ver=4.1.3 HTTP/2.0" 200 186 "https://reggio-emilia.elettroservicegroup.it/" "Mozilla/5.0 (Linux; Android 5.0; SM-G900P Build/LRX21T) AppleWebKit/537.36 (KHTML, like Gecko) Chrome/49.0.4507.1253 Mobile Safari/537.36"
120.192.150.126 - - [18/Jun/2026:21:12:52 +0200] "GET /wp-content/plugins/elementor/assets/css/widget-spacer.min.css?ver=4.1.3 HTTP/2.0" 200 287 "https://reggio-emilia.elettroservicegroup.it/" "Mozilla/5.0 (Linux; Android 5.0; SM-G900P Build/LRX21T) AppleWebKit/537.36 (KHTML, like Gecko) Chrome/49.0.4507.1253 Mobile Safari/537.36"
120.192.150.126 - - [18/Jun/2026:21:12:52 +0200] "GET /wp-content/plugins/elementor/assets/css/widget-image.min.css?ver=4.1.3 HTTP/2.0" 200 96 "https://reggio-emilia.elettroservicegroup.it/" "Mozilla/5.0 (Linux; Android 5.0; SM-G900P Build/LRX21T) AppleWebKit/537.36 (KHTML, like Gecko) Chrome/49.0.4507.1253 Mobile Safari/537.36"
120.192.150.126 - - [18/Jun/2026:21:12:52 +0200] "GET /wp-content/plugins/elementor/assets/lib/animations/styles/zoomIn.min.css?ver=4.1.3 HTTP/2.0" 200 87 "https://reggio-emilia.elettroservicegroup.it/" "Mozilla/5.0 (Linux; Android 5.0; SM-G900P Build/LRX21T) AppleWebKit/537.36 (KHTML, like Gecko) Chrome/49.0.4507.1253 Mobile Safari/537.36"
120.192.150.126 - - [18/Jun/2026:21:12:52 +0200] "GET /wp-content/uploads/elementor/css/post-14366.css?ver=1781753039 HTTP/2.0" 200 302 "https://reggio-emilia.elettroservicegroup.it/" "Mozilla/5.0 (Linux; Android 5.0; SM-G900P Build/LRX21T) AppleWebKit/537.36 (KHTML, like Gecko) Chrome/49.0.4507.1253 Mobile Safari/537.36"
120.192.150.126 - - [18/Jun/2026:21:12:52 +0200] "GET /wp-content/uploads/elementor/css/post-14146.css?ver=1781753039 HTTP/2.0" 200 428 "https://reggio-emilia.elettroservicegroup.it/" "Mozilla/5.0 (Linux; Android 5.0; SM-G900P Build/LRX21T) AppleWebKit/537.36 (KHTML, like Gecko) Chrome/49.0.4507.1253 Mobile Safari/537.36"
120.192.150.126 - - [18/Jun/2026:21:12:52 +0200] "GET /wp-content/plugins/elementor/assets/lib/font-awesome/css/v4-shims.min.css?ver=4.1.3 HTTP/2.0" 200 3986 "https://reggio-emilia.elettroservicegroup.it/" "Mozilla/5.0 (Linux; Android 5.0; SM-G900P Build/LRX21T) AppleWebKit/537.36 (KHTML, like Gecko) Chrome/49.0.4507.1253 Mobile Safari/537.36"
120.192.150.126 - - [18/Jun/2026:21:12:52 +0200] "GET /wp-content/uploads/elementor/css/post-14227.css?ver=1781760307 HTTP/2.0" 200 2362 "https://reggio-emilia.elettroservicegroup.it/" "Mozilla/5.0 (Linux; Android 5.0; SM-G900P Build/LRX21T) AppleWebKit/537.36 (KHTML, like Gecko) Chrome/49.0.4507.1253 Mobile Safari/537.36"
120.192.150.126 - - [18/Jun/2026:21:12:52 +0200] "GET /wp-content/plugins/elementor/assets/css/frontend.min.css?ver=4.1.3 HTTP/2.0" 200 6618 "https://reggio-emilia.elettroservicegroup.it/" "Mozilla/5.0 (Linux; Android 5.0; SM-G900P Build/LRX21T) AppleWebKit/537.36 (KHTML, like Gecko) Chrome/49.0.4507.1253 Mobile Safari/537.36"
120.192.150.126 - - [18/Jun/2026:21:12:52 +0200] "GET /wp-content/plugins/elementor/assets/lib/font-awesome/css/all.min.css?ver=4.1.3 HTTP/2.0" 200 12402 "https://reggio-emilia.elettroservicegroup.it/" "Mozilla/5.0 (Linux; Android 5.0; SM-G900P Build/LRX21T) AppleWebKit/537.36 (KHTML, like Gecko) Chrome/49.0.4507.1253 Mobile Safari/537.36"
120.192.150.126 - - [18/Jun/2026:21:12:52 +0200] "GET /wp-content/plugins/elementor/assets/css/widget-icon-list.min.css?ver=3.24.3 HTTP/2.0" 200 928 "https://reggio-emilia.elettroservicegroup.it/" "Mozilla/5.0 (Linux; Android 5.0; SM-G900P Build/LRX21T) AppleWebKit/537.36 (KHTML, like Gecko) Chrome/49.0.4507.1253 Mobile Safari/537.36"
120.192.150.126 - - [18/Jun/2026:21:12:52 +0200] "GET /wp-content/plugins/elementor/assets/css/widget-social-icons.min.css?ver=3.24.0 HTTP/2.0" 200 1039 "https://reggio-emilia.elettroservicegroup.it/" "Mozilla/5.0 (Linux; Android 5.0; SM-G900P Build/LRX21T) AppleWebKit/537.36 (KHTML, like Gecko) Chrome/49.0.4507.1253 Mobile Safari/537.36"
120.192.150.126 - - [18/Jun/2026:21:12:52 +0200] "GET /wp-content/plugins/elementor/assets/lib/eicons/css/elementor-icons.min.css?ver=5.34.0 HTTP/2.0" 200 4115 "https://reggio-emilia.elettroservicegroup.it/" "Mozilla/5.0 (Linux; Android 5.0; SM-G900P Build/LRX21T) AppleWebKit/537.36 (KHTML, like Gecko) Chrome/49.0.4507.1253 Mobile Safari/537.36"
120.192.150.126 - - [18/Jun/2026:21:12:52 +0200] "GET /wp-content/themes/generatepress/assets/css/main.min.css?ver=3.6.1 HTTP/2.0" 200 4410 "https://reggio-emilia.elettroservicegroup.it/" "Mozilla/5.0 (Linux; Android 5.0; SM-G900P Build/LRX21T) AppleWebKit/537.36 (KHTML, like Gecko) Chrome/49.0.4507.1253 Mobile Safari/537.36"
120.192.150.126 - - [18/Jun/2026:21:12:52 +0200] "GET /wp-content/uploads/2021/10/cropped-cropped-cropped-logo_white_background.png HTTP/2.0" 206 500 "https://reggio-emilia.elettroservicegroup.it/" "Mozilla/5.0 (Linux; Android 5.0; SM-G900P Build/LRX21T) AppleWebKit/537.36 (KHTML, like Gecko) Chrome/49.0.4507.1253 Mobile Safari/537.36"
120.192.150.126 - - [18/Jun/2026:21:12:52 +0200] "GET /wp-content/plugins/elementor/assets/lib/font-awesome/css/brands.css?ver=5.15.3 HTTP/2.0" 200 298 "https://reggio-emilia.elettroservicegroup.it/" "Mozilla/5.0 (Linux; Android 5.0; SM-G900P Build/LRX21T) AppleWebKit/537.36 (KHTML, like Gecko) Chrome/49.0.4507.1253 Mobile Safari/537.36"
120.192.150.126 - - [18/Jun/2026:21:12:52 +0200] "GET /wp-content/plugins/elementor/assets/lib/font-awesome/css/solid.css?ver=5.15.3 HTTP/2.0" 200 299 "https://reggio-emilia.elettroservicegroup.it/" "Mozilla/5.0 (Linux; Android 5.0; SM-G900P Build/LRX21T) AppleWebKit/537.36 (KHTML, like Gecko) Chrome/49.0.4507.1253 Mobile Safari/537.36"
120.192.150.126 - - [18/Jun/2026:21:12:52 +0200] "GET /wp-content/plugins/gp-premium/menu-plus/functions/css/navigation-branding-flex.min.css?ver=2.5.5 HTTP/2.0" 200 542 "https://reggio-emilia.elettroservicegroup.it/" "Mozilla/5.0 (Linux; Android 5.0; SM-G900P Build/LRX21T) AppleWebKit/537.36 (KHTML, like Gecko) Chrome/49.0.4507.1253 Mobile Safari/537.36"
120.192.150.126 - - [18/Jun/2026:21:12:52 +0200] "GET /wp-content/uploads/elementor/google-fonts/css/robotoslab.css?ver=1742255003 HTTP/2.0" 200 721 "https://reggio-emilia.elettroservicegroup.it/" "Mozilla/5.0 (Linux; Android 5.0; SM-G900P Build/LRX21T) AppleWebKit/537.36 (KHTML, like Gecko) Chrome/49.0.4507.1253 Mobile Safari/537.36"
120.192.150.126 - - [18/Jun/2026:21:12:52 +0200] "GET /wp-includes/js/jquery/jquery-migrate.min.js?ver=3.4.1 HTTP/2.0" 200 4685 "https://reggio-emilia.elettroservicegroup.it/" "Mozilla/5.0 (Linux; Android 5.0; SM-G900P Build/LRX21T) AppleWebKit/537.36 (KHTML, like Gecko) Chrome/49.0.4507.1253 Mobile Safari/537.36"
120.192.150.126 - - [18/Jun/2026:21:12:52 +0200] "GET /wp-content/uploads/elementor/google-fonts/css/roboto.css?ver=1742255001 HTTP/2.0" 200 1890 "https://reggio-emilia.elettroservicegroup.it/" "Mozilla/5.0 (Linux; Android 5.0; SM-G900P Build/LRX21T) AppleWebKit/537.36 (KHTML, like Gecko) Chrome/49.0.4507.1253 Mobile Safari/537.36"
120.192.150.126 - - [18/Jun/2026:21:12:52 +0200] "GET /wp-content/plugins/elementor/assets/lib/font-awesome/js/v4-shims.min.js?ver=4.1.3 HTTP/2.0" 200 4043 "https://reggio-emilia.elettroservicegroup.it/" "Mozilla/5.0 (Linux; Android 5.0; SM-G900P Build/LRX21T) AppleWebKit/537.36 (KHTML, like Gecko) Chrome/49.0.4507.1253 Mobile Safari/537.36"
120.192.150.126 - - [18/Jun/2026:21:12:52 +0200] "GET /wp-content/plugins/elementor/assets/lib/font-awesome/css/fontawesome.css?ver=5.15.3 HTTP/2.0" 200 12535 "https://reggio-emilia.elettroservicegroup.it/" "Mozilla/5.0 (Linux; Android 5.0; SM-G900P Build/LRX21T) AppleWebKit/537.36 (KHTML, like Gecko) Chrome/49.0.4507.1253 Mobile Safari/537.36"
120.192.150.126 - - [18/Jun/2026:21:12:52 +0200] "GET /wp-includes/js/jquery/jquery.min.js?ver=3.7.1 HTTP/2.0" 200 29769 "https://reggio-emilia.elettroservicegroup.it/" "Mozilla/5.0 (Linux; Android 5.0; SM-G900P Build/LRX21T) AppleWebKit/537.36 (KHTML, like Gecko) Chrome/49.0.4507.1253 Mobile Safari/537.36"
65.108.235.243 - - [18/Jun/2026:21:12:52 +0200] "GET /assistenza-lavastoviglie-ariston-santilario-denza/ HTTP/1.1" 200 23012 "-" "WP Fastest Cache Preload Bot"
120.192.150.126 - - [18/Jun/2026:21:12:53 +0200] "GET /wp-content/uploads/2021/10/cropped-logo_white_background.png HTTP/2.0" 206 500 "https://reggio-emilia.elettroservicegroup.it/" "Mozilla/5.0 (Linux; Android 5.0; SM-G900P Build/LRX21T) AppleWebKit/537.36 (KHTML, like Gecko) Chrome/49.0.4507.1253 Mobile Safari/537.36"
120.192.150.126 - - [18/Jun/2026:21:12:53 +0200] "GET /wp-content/plugins/gp-premium/menu-plus/functions/js/sticky.min.js?ver=2.5.5 HTTP/2.0" 200 2670 "https://reggio-emilia.elettroservicegroup.it/" "Mozilla/5.0 (Linux; Android 5.0; SM-G900P Build/LRX21T) AppleWebKit/537.36 (KHTML, like Gecko) Chrome/49.0.4507.1253 Mobile Safari/537.36"
120.192.150.126 - - [18/Jun/2026:21:12:53 +0200] "GET /wp-content/uploads/2022/01/TECNICO-ELETTRODOMESTICI-1.jpg HTTP/2.0" 206 500 "https://reggio-emilia.elettroservicegroup.it/" "Mozilla/5.0 (Linux; Android 5.0; SM-G900P Build/LRX21T) AppleWebKit/537.36 (KHTML, like Gecko) Chrome/49.0.4507.1253 Mobile Safari/537.36"
120.192.150.126 - - [18/Jun/2026:21:12:53 +0200] "GET /wp-content/themes/generatepress/assets/js/back-to-top.min.js?ver=3.6.1 HTTP/2.0" 200 336 "https://reggio-emilia.elettroservicegroup.it/" "Mozilla/5.0 (Linux; Android 5.0; SM-G900P Build/LRX21T) AppleWebKit/537.36 (KHTML, like Gecko) Chrome/49.0.4507.1253 Mobile Safari/537.36"
120.192.150.126 - - [18/Jun/2026:21:12:53 +0200] "GET /wp-content/plugins/elementor/assets/js/webpack.runtime.min.js?ver=4.1.3 HTTP/2.0" 200 2340 "https://reggio-emilia.elettroservicegroup.it/" "Mozilla/5.0 (Linux; Android 5.0; SM-G900P Build/LRX21T) AppleWebKit/537.36 (KHTML, like Gecko) Chrome/49.0.4507.1253 Mobile Safari/537.36"
120.192.150.126 - - [18/Jun/2026:21:12:53 +0200] "GET /wp-content/themes/generatepress/assets/js/menu.min.js?ver=3.6.1 HTTP/2.0" 200 1688 "https://reggio-emilia.elettroservicegroup.it/" "Mozilla/5.0 (Linux; Android 5.0; SM-G900P Build/LRX21T) AppleWebKit/537.36 (KHTML, like Gecko) Chrome/49.0.4507.1253 Mobile Safari/537.36"
120.192.150.126 - - [18/Jun/2026:21:12:53 +0200] "GET /wp-includes/js/jquery/ui/core.min.js?ver=1.13.3 HTTP/2.0" 200 6820 "https://reggio-emilia.elettroservicegroup.it/" "Mozilla/5.0 (Linux; Android 5.0; SM-G900P Build/LRX21T) AppleWebKit/537.36 (KHTML, like Gecko) Chrome/49.0.4507.1253 Mobile Safari/537.36"
120.192.150.126 - - [18/Jun/2026:21:12:53 +0200] "GET /wp-content/plugins/elementor/assets/js/frontend.min.js?ver=4.1.3 HTTP/2.0" 200 10140 "https://reggio-emilia.elettroservicegroup.it/" "Mozilla/5.0 (Linux; Android 5.0; SM-G900P Build/LRX21T) AppleWebKit/537.36 (KHTML, like Gecko) Chrome/49.0.4507.1253 Mobile Safari/537.36"
120.192.150.126 - - [18/Jun/2026:21:12:53 +0200] "GET /wp-content/plugins/elementor/assets/js/frontend-modules.min.js?ver=4.1.3 HTTP/2.0" 200 15454 "https://reggio-emilia.elettroservicegroup.it/" "Mozilla/5.0 (Linux; Android 5.0; SM-G900P Build/LRX21T) AppleWebKit/537.36 (KHTML, like Gecko) Chrome/49.0.4507.1253 Mobile Safari/537.36"
65.108.235.243 - - [18/Jun/2026:21:12:53 +0200] "GET /assistenza-lavastoviglie-ariston-guastalla/ HTTP/1.1" 200 22926 "-" "WP Fastest Cache Preload Bot"
120.192.150.126 - - [18/Jun/2026:21:12:53 +0200] "GET /wp-content/uploads/2021/10/asko-e1634463631713-768x506.jpg HTTP/2.0" 206 500 "https://reggio-emilia.elettroservicegroup.it/" "Mozilla/5.0 (Linux; Android 5.0; SM-G900P Build/LRX21T) AppleWebKit/537.36 (KHTML, like Gecko) Chrome/49.0.4507.1253 Mobile Safari/537.36"
120.192.150.126 - - [18/Jun/2026:21:12:53 +0200] "GET /wp-content/uploads/2022/01/copertina-Riparazione_Lavastoviglie-.jpg HTTP/2.0" 206 500 "https://reggio-emilia.elettroservicegroup.it/" "Mozilla/5.0 (Linux; Android 5.0; SM-G900P Build/LRX21T) AppleWebKit/537.36 (KHTML, like Gecko) Chrome/49.0.4507.1253 Mobile Safari/537.36"
120.192.150.126 - - [18/Jun/2026:21:12:53 +0200] "GET /wp-content/uploads/2022/01/LAVATRICE-2.webp HTTP/2.0" 206 500 "https://reggio-emilia.elettroservicegroup.it/" "Mozilla/5.0 (Linux; Android 5.0; SM-G900P Build/LRX21T) AppleWebKit/537.36 (KHTML, like Gecko) Chrome/49.0.4507.1253 Mobile Safari/537.36"
120.192.150.126 - - [18/Jun/2026:21:12:53 +0200] "GET /wp-content/uploads/2021/10/forno-c-768x512.jpg HTTP/2.0" 206 500 "https://reggio-emilia.elettroservicegroup.it/" "Mozilla/5.0 (Linux; Android 5.0; SM-G900P Build/LRX21T) AppleWebKit/537.36 (KHTML, like Gecko) Chrome/49.0.4507.1253 Mobile Safari/537.36"
120.192.150.126 - - [18/Jun/2026:21:12:53 +0200] "GET /wp-content/uploads/2021/10/condizionatore-bonus-768x512.jpg HTTP/2.0" 206 500 "https://reggio-emilia.elettroservicegroup.it/" "Mozilla/5.0 (Linux; Android 5.0; SM-G900P Build/LRX21T) AppleWebKit/537.36 (KHTML, like Gecko) Chrome/49.0.4507.1253 Mobile Safari/537.36"
120.192.150.126 - - [18/Jun/2026:21:12:53 +0200] "GET /wp-content/uploads/2021/10/Frigorifero-combinato-e1634459015932-768x502.jpg HTTP/2.0" 206 500 "https://reggio-emilia.elettroservicegroup.it/" "Mozilla/5.0 (Linux; Android 5.0; SM-G900P Build/LRX21T) AppleWebKit/537.36 (KHTML, like Gecko) Chrome/49.0.4507.1253 Mobile Safari/537.36"
120.192.150.126 - - [18/Jun/2026:21:12:53 +0200] "GET /wp-content/plugins/complianz-gdpr-premium/cookiebanner/js/complianz.min.js?ver=1781536286 HTTP/2.0" 200 10762 "https://reggio-emilia.elettroservicegroup.it/" "Mozilla/5.0 (Linux; Android 5.0; SM-G900P Build/LRX21T) AppleWebKit/537.36 (KHTML, like Gecko) Chrome/49.0.4507.1253 Mobile Safari/537.36"
65.108.235.243 - - [18/Jun/2026:21:12:53 +0200] "GET /assistenza-lavastoviglie-ariston-correggio/ HTTP/1.1" 200 22924 "-" "WP Fastest Cache Preload Bot"
120.192.150.126 - - [18/Jun/2026:21:12:54 +0200] "GET /wp-content/plugins/elementor/assets/js/text-editor.45609661e409413f1cef.bundle.min.js HTTP/2.0" 200 592 "https://reggio-emilia.elettroservicegroup.it/" "Mozilla/5.0 (Linux; Android 5.0; SM-G900P Build/LRX21T) AppleWebKit/537.36 (KHTML, like Gecko) Chrome/49.0.4507.1253 Mobile Safari/537.36"
120.192.150.126 - - [18/Jun/2026:21:12:54 +0200] "GET /wp-content/plugins/elementor/assets/js/shared-frontend-handlers.03caa53373b56d3bab67.bundle.min.js HTTP/2.0" 200 2515 "https://reggio-emilia.elettroservicegroup.it/" "Mozilla/5.0 (Linux; Android 5.0; SM-G900P Build/LRX21T) AppleWebKit/537.36 (KHTML, like Gecko) Chrome/49.0.4507.1253 Mobile Safari/537.36"
120.192.150.126 - - [18/Jun/2026:21:12:54 +0200] "GET /wp-content/plugins/elementor/assets/js/section-frontend-handlers.d85ab872da118940910d.bundle.min.js HTTP/2.0" 200 230 "https://reggio-emilia.elettroservicegroup.it/" "Mozilla/5.0 (Linux; Android 5.0; SM-G900P Build/LRX21T) AppleWebKit/537.36 (KHTML, like Gecko) Chrome/49.0.4507.1253 Mobile Safari/537.36"
65.108.235.243 - - [18/Jun/2026:21:12:54 +0200] "GET /assistenza-lavastoviglie-ariston-reggio-emilia/ HTTP/1.1" 200 22926 "-" "WP Fastest Cache Preload Bot"
120.192.150.126 - - [18/Jun/2026:21:12:54 +0200] "GET /wp-json/complianz/v1/banner?lang=it&locale=it_IT&token=hmkvl HTTP/2.0" 200 82 "https://reggio-emilia.elettroservicegroup.it/" "Mozilla/5.0 (Linux; Android 5.0; SM-G900P Build/LRX21T) AppleWebKit/537.36 (KHTML, like Gecko) Chrome/49.0.4507.1253 Mobile Safari/537.36"
120.192.150.126 - - [18/Jun/2026:21:12:55 +0200] "GET /wp-content/uploads/complianz/css/banner-1-optin.css?v=511 HTTP/2.0" 200 2862 "https://reggio-emilia.elettroservicegroup.it/" "Mozilla/5.0 (Linux; Android 5.0; SM-G900P Build/LRX21T) AppleWebKit/537.36 (KHTML, like Gecko) Chrome/49.0.4507.1253 Mobile Safari/537.36"
120.192.150.126 - - [18/Jun/2026:21:12:55 +0200] "GET /wp-json/complianz/v1/cookie_data HTTP/2.0" 200 82 "https://reggio-emilia.elettroservicegroup.it/" "Mozilla/5.0 (Linux; Android 5.0; SM-G900P Build/LRX21T) AppleWebKit/537.36 (KHTML, like Gecko) Chrome/49.0.4507.1253 Mobile Safari/537.36"
114.119.132.207 - - [18/Jun/2026:21:12:58 +0200] "GET / HTTP/1.1" 200 23430 "http://reggio-emilia.elettroservicegroup.it/" "Mozilla/5.0 (Linux; Android 7.0;) AppleWebKit/537.36 (HTML, like Gecko) Mobile Safari/537.36 (compatible; PetalBot;+https://webmaster.petalsearch.com/site/petalbot)"
65.108.235.243 - - [18/Jun/2026:21:17:43 +0200] "POST /wp-cron.php?doing_wp_cron=1781810263.0748031139373779296875 HTTP/1.1" 200 1 "-" "WordPress/7.0; https://reggio-emilia.elettroservicegroup.it"
173.252.82.29 - - [18/Jun/2026:21:17:42 +0200] "GET /robots.txt HTTP/2.0" 200 205 "-" "facebookexternalhit/1.1 (+http://www.facebook.com/externalhit_uatext.php)"
65.108.235.243 - - [18/Jun/2026:21:17:43 +0200] "POST /wp-cron.php?doing_wp_cron=1781810263.0748240947723388671875 HTTP/1.1" 200 1 "-" "WordPress/7.0; https://reggio-emilia.elettroservicegroup.it"
173.252.82.10 - - [18/Jun/2026:21:17:40 +0200] "GET /robots.txt HTTP/2.0" 200 - "-" "facebookexternalhit/1.1 (+http://www.facebook.com/externalhit_uatext.php)"
