52.167.144.56 - - [18/Jun/2026:15:25:01 +0200] "GET /robots.txt HTTP/2.0" 200 110 "-" "Mozilla/5.0 AppleWebKit/537.36 (KHTML, like Gecko; compatible; bingbot/2.0; +http://www.bing.com/bingbot.htm) Chrome/116.0.1938.76 Safari/537.36"
65.108.235.243 - - [18/Jun/2026:15:25:04 +0200] "GET /assistenza-lavatrici-rex-electrolux-santilario-denza/ HTTP/1.1" 200 23032 "-" "WP Fastest Cache Preload Bot"
65.108.235.243 - - [18/Jun/2026:15:25:05 +0200] "GET /assistenza-lavatrici-smeg-rubiera/ HTTP/1.1" 200 22950 "-" "WP Fastest Cache Preload Bot"
65.108.235.243 - - [18/Jun/2026:15:25:06 +0200] "GET /assistenza-lavatrici-smeg-scandiano/ HTTP/1.1" 200 22954 "-" "WP Fastest Cache Preload Bot"
65.108.235.243 - - [18/Jun/2026:15:25:06 +0200] "GET /assistenza-lavatrici-rex-electrolux-guastalla/ HTTP/1.1" 200 22966 "-" "WP Fastest Cache Preload Bot"
52.167.144.233 - - [18/Jun/2026:15:25:09 +0200] "GET /wp-content/uploads/2021/10/sfondo-miele-768x412.jpg HTTP/2.0" 200 27820 "-" "Mozilla/5.0 AppleWebKit/537.36 (KHTML, like Gecko; compatible; bingbot/2.0; +http://www.bing.com/bingbot.htm) Chrome/116.0.1938.76 Safari/537.36"
65.108.235.243 - - [18/Jun/2026:15:32:03 +0200] "POST /wp-cron.php?doing_wp_cron=1781789523.7451651096343994140625 HTTP/1.1" 200 1 "-" "WordPress/7.0; https://reggio-emilia.elettroservicegroup.it"
66.249.70.199 - - [18/Jun/2026:15:32:02 +0200] "GET /assistenza-whirlpool-correggio/ HTTP/1.1" 200 23124 "-" "Mozilla/5.0 (Linux; Android 6.0.1; Nexus 5X Build/MMB29P) AppleWebKit/537.36 (KHTML, like Gecko) Chrome/148.0.7778.96 Mobile Safari/537.36 (compatible; Googlebot/2.1; +http://www.google.com/bot.html)"
65.108.235.243 - - [18/Jun/2026:15:32:05 +0200] "GET /assistenza-lavatrici-smeg-santilario-denza/ HTTP/1.1" 200 23031 "-" "WP Fastest Cache Preload Bot"
65.108.235.243 - - [18/Jun/2026:15:32:08 +0200] "GET /assistenza-lavatrici-smeg-guastalla/ HTTP/1.1" 200 22957 "-" "WP Fastest Cache Preload Bot"
65.108.235.243 - - [18/Jun/2026:15:32:08 +0200] "GET /assistenza-lavatrici-smeg-correggio/ HTTP/1.1" 200 22953 "-" "WP Fastest Cache Preload Bot"
65.108.235.243 - - [18/Jun/2026:15:32:09 +0200] "GET /assistenza-lavatrici-smeg-reggio-emilia/ HTTP/1.1" 200 22960 "-" "WP Fastest Cache Preload Bot"
66.249.70.199 - - [18/Jun/2026:15:32:29 +0200] "GET /wp-content/uploads/elementor/css/post-17841.css?ver=1780704000 HTTP/1.1" 200 2168 "https://reggio-emilia.elettroservicegroup.it/assistenza-whirlpool-correggio/" "Mozilla/5.0 (Linux; Android 6.0.1; Nexus 5X Build/MMB29P) AppleWebKit/537.36 (KHTML, like Gecko) Chrome/148.0.7778.96 Mobile Safari/537.36 (compatible; Googlebot/2.1; +http://www.google.com/bot.html)"
65.108.235.243 - - [18/Jun/2026:15:48:49 +0200] "POST /wp-cron.php?doing_wp_cron=1781790529.8625249862670898437500 HTTP/1.1" 200 1 "-" "WordPress/7.0; https://reggio-emilia.elettroservicegroup.it"
216.73.217.38 - - [18/Jun/2026:15:48:46 +0200] "GET /robots.txt HTTP/2.0" 200 110 "-" "Mozilla/5.0 AppleWebKit/537.36 (KHTML, like Gecko; compatible; ClaudeBot/1.0; +claudebot@anthropic.com)"
65.108.235.243 - - [18/Jun/2026:15:48:51 +0200] "GET /assistenza-lavatrici-rex-electrolux-correggio/ HTTP/1.1" 200 22966 "-" "WP Fastest Cache Preload Bot"
65.108.235.243 - - [18/Jun/2026:15:48:53 +0200] "GET /assistenza-lavatrici-rex-electrolux-reggio-emilia/ HTTP/1.1" 200 22951 "-" "WP Fastest Cache Preload Bot"
65.108.235.243 - - [18/Jun/2026:15:48:55 +0200] "GET /assistenza-lavatrici-indesit-rubiera/ HTTP/1.1" 200 22843 "-" "WP Fastest Cache Preload Bot"
65.108.235.243 - - [18/Jun/2026:15:48:57 +0200] "GET /assistenza-lavatrici-indesit-scandiano/ HTTP/1.1" 200 22861 "-" "WP Fastest Cache Preload Bot"
83.248.57.35 - - [18/Jun/2026:15:49:12 +0200] "GET /wp-content/uploads/2022/08/ASCIUGATRICE-TECNIC-1-300x225.jpg HTTP/1.1" 200 14368 "https://google.com, https://reggio-emilia.elettroservicegroup.it/assistenza-miele-scandiano/" "Mozilla/5.0 (Macintosh; Intel Mac OS X 10_10_1; rv:57.0.3) Gecko/20100101 Firefox/57.0.3"
178.88.95.72 - - [18/Jun/2026:15:49:16 +0200] "GET /wp-content/uploads/2022/08/COPERTINA-1-300x150.png HTTP/1.1" 200 12682 "https://google.com, https://reggio-emilia.elettroservicegroup.it/assistenza-miele-scandiano/" "Mozilla/5.0 (X11; Linux x86_64) AppleWebKit/537.36 (KHTML, like Gecko) Chrome/66.0.3359.170 Safari/537.36 OPR/52.0.2871.64"
165.165.115.147 - - [18/Jun/2026:15:49:23 +0200] "GET /wp-content/uploads/2022/08/copertina-Riparazione_Lavastoviglie-1-1-300x200.jpg HTTP/1.1" 200 11836 "https://google.com, https://reggio-emilia.elettroservicegroup.it/assistenza-miele-scandiano/" "Mozilla/5.0 (X11; Linux i686) AppleWebKit/537.36 (KHTML, like Gecko) Chrome/62.0.3202.62 Safari/537.36"
52.167.144.18 - - [18/Jun/2026:15:50:54 +0200] "GET /assistenza-lavatrici-whirlpool-santilario-denza/ HTTP/2.0" 200 23152 "-" "Mozilla/5.0 AppleWebKit/537.36 (KHTML, like Gecko; compatible; bingbot/2.0; +http://www.bing.com/bingbot.htm) Chrome/116.0.1938.76 Safari/537.36"
65.108.235.243 - - [18/Jun/2026:15:58:46 +0200] "POST /wp-cron.php?doing_wp_cron=1781791126.6265420913696289062500 HTTP/1.1" 200 1 "-" "WordPress/7.0; https://reggio-emilia.elettroservicegroup.it"
74.125.151.199 - - [18/Jun/2026:15:58:44 +0200] "GET /assistenza-aeg-correggio/ HTTP/1.1" 200 22895 "-" "Mozilla/5.0 (Linux; Android 6.0.1; Nexus 5X Build/MMB29P) AppleWebKit/537.36 (KHTML, like Gecko) Chrome/148.0.7778.96 Mobile Safari/537.36 (compatible; AdsBot-Google-Mobile; +http://www.google.com/mobile/adsbot.html)"
65.108.235.243 - - [18/Jun/2026:15:58:46 +0200] "GET /assistenza-lavatrici-indesit-santilario-denza/ HTTP/1.1" 200 22932 "-" "WP Fastest Cache Preload Bot"
65.108.235.243 - - [18/Jun/2026:15:58:47 +0200] "GET /assistenza-lavatrici-indesit-guastalla/ HTTP/1.1" 200 22858 "-" "WP Fastest Cache Preload Bot"
65.108.235.243 - - [18/Jun/2026:15:58:47 +0200] "GET /assistenza-lavatrici-indesit-correggio/ HTTP/1.1" 200 22860 "-" "WP Fastest Cache Preload Bot"
65.108.235.243 - - [18/Jun/2026:15:58:48 +0200] "GET /assistenza-lavatrici-indesit-reggio-emilia/ HTTP/1.1" 200 22850 "-" "WP Fastest Cache Preload Bot"
74.125.151.200 - - [18/Jun/2026:15:58:48 +0200] "GET /wp-content/plugins/elementor/assets/lib/font-awesome/css/fontawesome.css?ver=5.15.3 HTTP/1.1" 200 12535 "https://reggio-emilia.elettroservicegroup.it/assistenza-aeg-correggio/" "AdsBot-Google (+http://www.google.com/adsbot.html)"
74.125.151.200 - - [18/Jun/2026:15:58:48 +0200] "GET /wp-content/plugins/elementor/assets/css/widget-icon-list.min.css?ver=3.24.3 HTTP/1.1" 200 928 "https://reggio-emilia.elettroservicegroup.it/assistenza-aeg-correggio/" "AdsBot-Google (+http://www.google.com/adsbot.html)"
74.125.151.199 - - [18/Jun/2026:15:58:48 +0200] "GET /wp-content/uploads/elementor/css/post-14146.css?ver=1781753039 HTTP/1.1" 200 428 "https://reggio-emilia.elettroservicegroup.it/assistenza-aeg-correggio/" "AdsBot-Google (+http://www.google.com/adsbot.html)"
74.125.151.200 - - [18/Jun/2026:15:58:48 +0200] "GET /wp-content/themes/generatepress/assets/css/main.min.css?ver=3.6.1 HTTP/1.1" 200 4410 "https://reggio-emilia.elettroservicegroup.it/assistenza-aeg-correggio/" "AdsBot-Google (+http://www.google.com/adsbot.html)"
74.125.151.200 - - [18/Jun/2026:15:58:49 +0200] "GET /wp-content/uploads/elementor/css/post-17691.css?ver=1781777310 HTTP/1.1" 200 2181 "https://reggio-emilia.elettroservicegroup.it/assistenza-aeg-correggio/" "AdsBot-Google (+http://www.google.com/adsbot.html)"
74.125.151.199 - - [18/Jun/2026:15:58:49 +0200] "GET /wp-content/plugins/elementor/assets/lib/font-awesome/css/solid.css?ver=5.15.3 HTTP/1.1" 200 299 "https://reggio-emilia.elettroservicegroup.it/assistenza-aeg-correggio/" "AdsBot-Google (+http://www.google.com/adsbot.html)"
74.125.151.199 - - [18/Jun/2026:15:58:49 +0200] "GET /wp-content/uploads/elementor/css/post-14366.css?ver=1781753039 HTTP/1.1" 200 302 "https://reggio-emilia.elettroservicegroup.it/assistenza-aeg-correggio/" "AdsBot-Google (+http://www.google.com/adsbot.html)"
74.125.151.199 - - [18/Jun/2026:15:58:49 +0200] "GET /wp-content/plugins/elementor/assets/js/webpack.runtime.min.js?ver=4.1.3 HTTP/1.1" 200 2340 "https://reggio-emilia.elettroservicegroup.it/assistenza-aeg-correggio/" "AdsBot-Google (+http://www.google.com/adsbot.html)"
74.125.151.199 - - [18/Jun/2026:15:58:49 +0200] "GET /wp-content/plugins/all-in-one-seo-pack/dist/Lite/assets/css/table-of-contents/global.e90f6d47.css?ver=4.9.8 HTTP/1.1" 200 420 "https://reggio-emilia.elettroservicegroup.it/assistenza-aeg-correggio/" "AdsBot-Google (+http://www.google.com/adsbot.html)"
74.125.151.199 - - [18/Jun/2026:15:58:50 +0200] "GET /wp-content/plugins/gp-premium/menu-plus/functions/css/navigation-branding-flex.min.css?ver=2.5.5 HTTP/1.1" 200 542 "https://reggio-emilia.elettroservicegroup.it/assistenza-aeg-correggio/" "AdsBot-Google (+http://www.google.com/adsbot.html)"
74.125.151.200 - - [18/Jun/2026:15:58:50 +0200] "GET /wp-content/plugins/elementor/assets/css/widget-image.min.css?ver=4.1.3 HTTP/1.1" 200 96 "https://reggio-emilia.elettroservicegroup.it/assistenza-aeg-correggio/" "AdsBot-Google (+http://www.google.com/adsbot.html)"
74.125.151.200 - - [18/Jun/2026:15:58:51 +0200] "GET /wp-content/uploads/elementor/google-fonts/css/roboto.css?ver=1742255001 HTTP/1.1" 200 1890 "https://reggio-emilia.elettroservicegroup.it/assistenza-aeg-correggio/" "AdsBot-Google (+http://www.google.com/adsbot.html)"
74.125.151.200 - - [18/Jun/2026:15:58:51 +0200] "GET /wp-content/plugins/gp-premium/menu-plus/functions/js/sticky.min.js?ver=2.5.5 HTTP/1.1" 200 2670 "https://reggio-emilia.elettroservicegroup.it/assistenza-aeg-correggio/" "AdsBot-Google (+http://www.google.com/adsbot.html)"
74.125.151.200 - - [18/Jun/2026:15:58:52 +0200] "GET /wp-content/plugins/complianz-gdpr-premium/assets/css/cookieblocker.min.css?ver=1781536286 HTTP/1.1" 200 615 "https://reggio-emilia.elettroservicegroup.it/assistenza-aeg-correggio/" "AdsBot-Google (+http://www.google.com/adsbot.html)"
74.125.151.200 - - [18/Jun/2026:15:58:52 +0200] "GET /wp-content/plugins/elementor/assets/css/frontend.min.css?ver=4.1.3 HTTP/1.1" 200 6618 "https://reggio-emilia.elettroservicegroup.it/assistenza-aeg-correggio/" "AdsBot-Google (+http://www.google.com/adsbot.html)"
74.125.151.199 - - [18/Jun/2026:15:58:52 +0200] "GET /wp-includes/js/jquery/jquery.min.js?ver=3.7.1 HTTP/1.1" 200 29769 "https://reggio-emilia.elettroservicegroup.it/assistenza-aeg-correggio/" "AdsBot-Google (+http://www.google.com/adsbot.html)"
74.125.151.199 - - [18/Jun/2026:15:58:53 +0200] "GET /wp-content/plugins/header-footer-elementor/assets/css/header-footer-elementor.css?ver=2.8.8 HTTP/1.1" 200 260 "https://reggio-emilia.elettroservicegroup.it/assistenza-aeg-correggio/" "AdsBot-Google (+http://www.google.com/adsbot.html)"
74.125.151.199 - - [18/Jun/2026:15:58:54 +0200] "GET /wp-content/plugins/elementor/assets/css/widget-heading.min.css?ver=4.1.3 HTTP/1.1" 200 127 "https://reggio-emilia.elettroservicegroup.it/assistenza-aeg-correggio/" "AdsBot-Google (+http://www.google.com/adsbot.html)"
74.125.151.199 - - [18/Jun/2026:15:58:54 +0200] "GET /wp-content/uploads/elementor/google-fonts/css/robotoslab.css?ver=1742255003 HTTP/1.1" 200 721 "https://reggio-emilia.elettroservicegroup.it/assistenza-aeg-correggio/" "AdsBot-Google (+http://www.google.com/adsbot.html)"
74.125.151.199 - - [18/Jun/2026:15:58:54 +0200] "GET /wp-content/plugins/elementor/assets/css/widget-spacer.min.css?ver=4.1.3 HTTP/1.1" 200 287 "https://reggio-emilia.elettroservicegroup.it/assistenza-aeg-correggio/" "AdsBot-Google (+http://www.google.com/adsbot.html)"
74.125.151.199 - - [18/Jun/2026:15:58:55 +0200] "GET /wp-content/plugins/elementor/assets/css/widget-social-icons.min.css?ver=3.24.0 HTTP/1.1" 200 1039 "https://reggio-emilia.elettroservicegroup.it/assistenza-aeg-correggio/" "AdsBot-Google (+http://www.google.com/adsbot.html)"
74.125.151.199 - - [18/Jun/2026:15:58:55 +0200] "GET /wp-content/plugins/elementor/assets/lib/font-awesome/css/v4-shims.min.css?ver=4.1.3 HTTP/1.1" 200 3986 "https://reggio-emilia.elettroservicegroup.it/assistenza-aeg-correggio/" "AdsBot-Google (+http://www.google.com/adsbot.html)"
74.125.151.199 - - [18/Jun/2026:15:58:55 +0200] "GET /wp-content/plugins/elementor/assets/lib/animations/styles/bounceIn.min.css?ver=4.1.3 HTTP/1.1" 200 186 "https://reggio-emilia.elettroservicegroup.it/assistenza-aeg-correggio/" "AdsBot-Google (+http://www.google.com/adsbot.html)"
74.125.151.199 - - [18/Jun/2026:15:58:56 +0200] "GET /wp-content/plugins/header-footer-elementor/inc/widgets-css/frontend.css?ver=2.8.8 HTTP/1.1" 200 8711 "https://reggio-emilia.elettroservicegroup.it/assistenza-aeg-correggio/" "AdsBot-Google (+http://www.google.com/adsbot.html)"
74.125.151.199 - - [18/Jun/2026:15:58:56 +0200] "GET /wp-includes/js/jquery/jquery-migrate.min.js?ver=3.4.1 HTTP/1.1" 200 4685 "https://reggio-emilia.elettroservicegroup.it/assistenza-aeg-correggio/" "AdsBot-Google (+http://www.google.com/adsbot.html)"
74.125.151.199 - - [18/Jun/2026:15:58:57 +0200] "GET /wp-content/plugins/elementor/assets/lib/font-awesome/css/brands.css?ver=5.15.3 HTTP/1.1" 200 298 "https://reggio-emilia.elettroservicegroup.it/assistenza-aeg-correggio/" "AdsBot-Google (+http://www.google.com/adsbot.html)"
74.125.151.199 - - [18/Jun/2026:15:58:57 +0200] "GET /wp-content/plugins/elementor/assets/lib/animations/styles/zoomIn.min.css?ver=4.1.3 HTTP/1.1" 200 87 "https://reggio-emilia.elettroservicegroup.it/assistenza-aeg-correggio/" "AdsBot-Google (+http://www.google.com/adsbot.html)"
74.125.151.199 - - [18/Jun/2026:15:58:57 +0200] "GET /wp-content/plugins/elementor/assets/lib/font-awesome/css/all.min.css?ver=4.1.3 HTTP/1.1" 200 12402 "https://reggio-emilia.elettroservicegroup.it/assistenza-aeg-correggio/" "AdsBot-Google (+http://www.google.com/adsbot.html)"
74.125.151.199 - - [18/Jun/2026:15:58:58 +0200] "GET /wp-content/plugins/elementor/assets/lib/font-awesome/js/v4-shims.min.js?ver=4.1.3 HTTP/1.1" 200 4043 "https://reggio-emilia.elettroservicegroup.it/assistenza-aeg-correggio/" "AdsBot-Google (+http://www.google.com/adsbot.html)"
74.125.151.199 - - [18/Jun/2026:15:58:58 +0200] "GET /wp-content/plugins/elementor/assets/lib/eicons/css/elementor-icons.min.css?ver=5.34.0 HTTP/1.1" 200 4115 "https://reggio-emilia.elettroservicegroup.it/assistenza-aeg-correggio/" "AdsBot-Google (+http://www.google.com/adsbot.html)"
74.125.151.199 - - [18/Jun/2026:15:58:58 +0200] "GET /wp-content/plugins/elementor/assets/js/frontend-modules.min.js?ver=4.1.3 HTTP/1.1" 200 15454 "https://reggio-emilia.elettroservicegroup.it/assistenza-aeg-correggio/" "AdsBot-Google (+http://www.google.com/adsbot.html)"
74.125.151.199 - - [18/Jun/2026:15:58:59 +0200] "GET /wp-includes/js/jquery/ui/core.min.js?ver=1.13.3 HTTP/1.1" 200 6820 "https://reggio-emilia.elettroservicegroup.it/assistenza-aeg-correggio/" "AdsBot-Google (+http://www.google.com/adsbot.html)"
74.125.151.199 - - [18/Jun/2026:15:58:59 +0200] "GET /wp-content/themes/generatepress/assets/js/back-to-top.min.js?ver=3.6.1 HTTP/1.1" 200 336 "https://reggio-emilia.elettroservicegroup.it/assistenza-aeg-correggio/" "AdsBot-Google (+http://www.google.com/adsbot.html)"
74.125.151.199 - - [18/Jun/2026:15:58:59 +0200] "GET /wp-content/plugins/complianz-gdpr-premium/cookiebanner/js/complianz.min.js?ver=1781536286 HTTP/1.1" 200 10762 "https://reggio-emilia.elettroservicegroup.it/assistenza-aeg-correggio/" "AdsBot-Google (+http://www.google.com/adsbot.html)"
74.125.151.199 - - [18/Jun/2026:15:59:01 +0200] "GET /wp-content/plugins/elementor/assets/js/frontend.min.js?ver=4.1.3 HTTP/1.1" 200 10140 "https://reggio-emilia.elettroservicegroup.it/assistenza-aeg-correggio/" "AdsBot-Google (+http://www.google.com/adsbot.html)"
74.125.151.200 - - [18/Jun/2026:15:59:01 +0200] "GET /wp-content/themes/generatepress/assets/js/menu.min.js?ver=3.6.1 HTTP/1.1" 200 1688 "https://reggio-emilia.elettroservicegroup.it/assistenza-aeg-correggio/" "AdsBot-Google (+http://www.google.com/adsbot.html)"
74.125.151.201 - - [18/Jun/2026:15:59:03 +0200] "GET /wp-content/uploads/elementor/google-fonts/fonts/roboto-kfo7cnqeu92fr1me7ksn66agldtyluama3yuba.woff2 HTTP/1.1" 200 40132 "https://reggio-emilia.elettroservicegroup.it/wp-content/uploads/elementor/google-fonts/css/roboto.css?ver=1742255001" "AdsBot-Google (+http://www.google.com/adsbot.html)"
74.125.151.201 - - [18/Jun/2026:15:59:02 +0200] "GET /wp-json/complianz/v1/banner?lang=it&locale=it_IT&token=npmll HTTP/1.1" 200 82 "https://reggio-emilia.elettroservicegroup.it/assistenza-aeg-correggio/" "AdsBot-Google (+http://www.google.com/adsbot.html)"
74.125.151.200 - - [18/Jun/2026:15:59:03 +0200] "GET /wp-content/uploads/complianz/css/banner-1-optin.css?v=511 HTTP/1.1" 200 2862 "https://reggio-emilia.elettroservicegroup.it/assistenza-aeg-correggio/" "AdsBot-Google (+http://www.google.com/adsbot.html)"
74.125.151.199 - - [18/Jun/2026:15:59:04 +0200] "GET /wp-json/complianz/v1/cookie_data HTTP/1.1" 200 82 "https://reggio-emilia.elettroservicegroup.it/assistenza-aeg-correggio/" "AdsBot-Google (+http://www.google.com/adsbot.html)"
74.125.151.199 - - [18/Jun/2026:15:59:34 +0200] "GET /wp-content/plugins/elementor/assets/js/text-editor.45609661e409413f1cef.bundle.min.js HTTP/1.1" 200 592 "https://reggio-emilia.elettroservicegroup.it/assistenza-aeg-correggio/" "AdsBot-Google (+http://www.google.com/adsbot.html)"
74.125.151.199 - - [18/Jun/2026:15:59:34 +0200] "GET /wp-content/plugins/elementor/assets/js/shared-frontend-handlers.03caa53373b56d3bab67.bundle.min.js HTTP/1.1" 200 2515 "https://reggio-emilia.elettroservicegroup.it/assistenza-aeg-correggio/" "AdsBot-Google (+http://www.google.com/adsbot.html)"
74.125.151.199 - - [18/Jun/2026:15:59:34 +0200] "GET /wp-content/plugins/elementor/assets/js/section-frontend-handlers.d85ab872da118940910d.bundle.min.js HTTP/1.1" 200 230 "https://reggio-emilia.elettroservicegroup.it/assistenza-aeg-correggio/" "AdsBot-Google (+http://www.google.com/adsbot.html)"
65.108.235.243 - - [18/Jun/2026:16:00:55 +0200] "POST /wp-cron.php?doing_wp_cron=1781791255.0934019088745117187500 HTTP/1.1" 200 1 "-" "WordPress/7.0; https://reggio-emilia.elettroservicegroup.it"
74.125.151.199 - - [18/Jun/2026:16:00:49 +0200] "GET /assistenza-condizionatori-reggio-emilia/ HTTP/1.1" 200 20343 "-" "Mozilla/5.0 (Linux; Android 6.0.1; Nexus 5X Build/MMB29P) AppleWebKit/537.36 (KHTML, like Gecko) Chrome/148.0.7778.96 Mobile Safari/537.36 (compatible; AdsBot-Google-Mobile; +http://www.google.com/mobile/adsbot.html)"
65.108.235.243 - - [18/Jun/2026:16:00:55 +0200] "GET /assistenza-lavatrici-bosch-rubiera/ HTTP/1.1" 200 22996 "-" "WP Fastest Cache Preload Bot"
65.108.235.243 - - [18/Jun/2026:16:00:56 +0200] "GET /assistenza-lavatrici-bosch-scandiano/ HTTP/1.1" 200 23000 "-" "WP Fastest Cache Preload Bot"
65.108.235.243 - - [18/Jun/2026:16:00:56 +0200] "GET /assistenza-lavatrici-bosch-santilario-denza/ HTTP/1.1" 200 23063 "-" "WP Fastest Cache Preload Bot"
65.108.235.243 - - [18/Jun/2026:16:00:56 +0200] "GET /assistenza-lavatrici-bosch-guastalla/ HTTP/1.1" 200 22998 "-" "WP Fastest Cache Preload Bot"
74.125.151.200 - - [18/Jun/2026:16:01:26 +0200] "GET /wp-content/uploads/elementor/css/post-15289.css?ver=1781764564 HTTP/1.1" 200 1794 "https://reggio-emilia.elettroservicegroup.it/assistenza-condizionatori-reggio-emilia/" "AdsBot-Google (+http://www.google.com/adsbot.html)"
74.125.151.201 - - [18/Jun/2026:16:01:26 +0200] "GET /wp-content/uploads/elementor/css/post-14366.css?ver=1781753039 HTTP/1.1" 200 302 "https://reggio-emilia.elettroservicegroup.it/assistenza-condizionatori-reggio-emilia/" "AdsBot-Google (+http://www.google.com/adsbot.html)"
74.125.151.201 - - [18/Jun/2026:16:01:26 +0200] "GET /wp-content/uploads/elementor/css/post-14146.css?ver=1781753039 HTTP/1.1" 200 428 "https://reggio-emilia.elettroservicegroup.it/assistenza-condizionatori-reggio-emilia/" "AdsBot-Google (+http://www.google.com/adsbot.html)"
74.125.151.200 - - [18/Jun/2026:16:01:26 +0200] "GET /wp-content/uploads/elementor/google-fonts/fonts/roboto-kfo7cnqeu92fr1me7ksn66agldtyluama3yuba.woff2 HTTP/1.1" 304 - "https://reggio-emilia.elettroservicegroup.it/wp-content/uploads/elementor/google-fonts/css/roboto.css?ver=1742255001" "AdsBot-Google (+http://www.google.com/adsbot.html)"
65.108.235.243 - - [18/Jun/2026:16:02:37 +0200] "POST /wp-cron.php?doing_wp_cron=1781791357.4508719444274902343750 HTTP/1.1" 200 1 "-" "WordPress/7.0; https://reggio-emilia.elettroservicegroup.it"
66.249.70.200 - - [18/Jun/2026:16:02:35 +0200] "GET /1/ HTTP/1.1" 200 16922 "-" "Mozilla/5.0 (Linux; Android 6.0.1; Nexus 5X Build/MMB29P) AppleWebKit/537.36 (KHTML, like Gecko) Chrome/148.0.7778.96 Mobile Safari/537.36 (compatible; Googlebot/2.1; +http://www.google.com/bot.html)"
66.249.70.200 - - [18/Jun/2026:16:08:33 +0200] "GET /wp-includes/css/dist/block-library/style.min.css?ver=7.0 HTTP/1.1" 200 15998 "https://reggio-emilia.elettroservicegroup.it/1/" "Mozilla/5.0 (Linux; Android 6.0.1; Nexus 5X Build/MMB29P) AppleWebKit/537.36 (KHTML, like Gecko) Chrome/148.0.7778.96 Mobile Safari/537.36 (compatible; Googlebot/2.1; +http://www.google.com/bot.html)"
66.249.70.199 - - [18/Jun/2026:16:08:34 +0200] "GET /wp-content/themes/generatepress/assets/css/components/comments.min.css?ver=3.6.1 HTTP/1.1" 200 488 "https://reggio-emilia.elettroservicegroup.it/1/" "Mozilla/5.0 (Linux; Android 6.0.1; Nexus 5X Build/MMB29P) AppleWebKit/537.36 (KHTML, like Gecko) Chrome/148.0.7778.96 Mobile Safari/537.36 (compatible; Googlebot/2.1; +http://www.google.com/bot.html)"
66.249.70.199 - - [18/Jun/2026:16:08:51 +0200] "GET /wp-content/plugins/elementor/assets/lib/dialog/dialog.min.js?ver=4.9.3 HTTP/1.1" 200 3595 "https://reggio-emilia.elettroservicegroup.it/1/" "Mozilla/5.0 (Linux; Android 6.0.1; Nexus 5X Build/MMB29P) AppleWebKit/537.36 (KHTML, like Gecko) Chrome/148.0.7778.96 Mobile Safari/537.36 (compatible; Googlebot/2.1; +http://www.google.com/bot.html)"
66.249.70.199 - - [18/Jun/2026:16:08:52 +0200] "GET /wp-content/plugins/elementor/assets/css/conditionals/lightbox.min.css?ver=4.1.3 HTTP/1.1" 200 1760 "https://reggio-emilia.elettroservicegroup.it/1/" "Mozilla/5.0 (Linux; Android 6.0.1; Nexus 5X Build/MMB29P) AppleWebKit/537.36 (KHTML, like Gecko) Chrome/148.0.7778.96 Mobile Safari/537.36 (compatible; Googlebot/2.1; +http://www.google.com/bot.html)"
66.249.70.199 - - [18/Jun/2026:16:08:54 +0200] "GET /wp-content/plugins/elementor/assets/js/397f2d183c19202777d6.bundle.min.js HTTP/1.1" 200 8477 "https://reggio-emilia.elettroservicegroup.it/1/" "Mozilla/5.0 (Linux; Android 6.0.1; Nexus 5X Build/MMB29P) AppleWebKit/537.36 (KHTML, like Gecko) Chrome/148.0.7778.96 Mobile Safari/537.36 (compatible; Googlebot/2.1; +http://www.google.com/bot.html)"
66.249.70.201 - - [18/Jun/2026:16:09:01 +0200] "GET /wp-includes/js/comment-reply.min.js?ver=7.0 HTTP/1.1" 200 1248 "https://reggio-emilia.elettroservicegroup.it/1/" "Mozilla/5.0 (Linux; Android 6.0.1; Nexus 5X Build/MMB29P) AppleWebKit/537.36 (KHTML, like Gecko) Chrome/148.0.7778.96 Mobile Safari/537.36 (compatible; Googlebot/2.1; +http://www.google.com/bot.html)"
66.249.70.199 - - [18/Jun/2026:16:09:23 +0200] "GET /wp-content/plugins/elementor/assets/lib/swiper/v8/css/swiper.min.css?ver=8.4.5 HTTP/1.1" 200 4251 "https://reggio-emilia.elettroservicegroup.it/1/" "Mozilla/5.0 (Linux; Android 6.0.1; Nexus 5X Build/MMB29P) AppleWebKit/537.36 (KHTML, like Gecko) Chrome/148.0.7778.96 Mobile Safari/537.36 (compatible; Googlebot/2.1; +http://www.google.com/bot.html)"
66.249.70.199 - - [18/Jun/2026:16:09:25 +0200] "GET /wp-content/plugins/elementor/assets/lib/share-link/share-link.min.js?ver=4.1.3 HTTP/1.1" 200 1077 "https://reggio-emilia.elettroservicegroup.it/1/" "Mozilla/5.0 (Linux; Android 6.0.1; Nexus 5X Build/MMB29P) AppleWebKit/537.36 (KHTML, like Gecko) Chrome/148.0.7778.96 Mobile Safari/537.36 (compatible; Googlebot/2.1; +http://www.google.com/bot.html)"
66.249.70.199 - - [18/Jun/2026:16:09:35 +0200] "GET /wp-content/plugins/elementor/assets/js/lightbox.570c05c5a283cfb6b223.bundle.min.js HTTP/1.1" 200 9102 "https://reggio-emilia.elettroservicegroup.it/1/" "Mozilla/5.0 (Linux; Android 6.0.1; Nexus 5X Build/MMB29P) AppleWebKit/537.36 (KHTML, like Gecko) Chrome/148.0.7778.96 Mobile Safari/537.36 (compatible; Googlebot/2.1; +http://www.google.com/bot.html)"
40.77.167.7 - - [18/Jun/2026:16:31:21 +0200] "GET /assistenza-lavatrici-indesit-guastalla/ HTTP/2.0" 200 22837 "-" "Mozilla/5.0 AppleWebKit/537.36 (KHTML, like Gecko; compatible; bingbot/2.0; +http://www.bing.com/bingbot.htm) Chrome/116.0.1938.76 Safari/537.36"
45.39.125.159 - - [18/Jun/2026:16:36:19 +0200] "GET /cookie-policy-ue/ HTTP/1.1" 200 18670 "-" "Mozilla/5.0 (compatible; Googlebot/2.1; +http://www.google.com/bot.html)"
104.249.55.123 - - [18/Jun/2026:16:36:49 +0200] "GET /imprint/ HTTP/1.1" 200 16707 "-" "Mozilla/5.0 (compatible; Googlebot/2.1; +http://www.google.com/bot.html)"
193.25.167.18 - - [18/Jun/2026:16:37:19 +0200] "GET /dichiarazione-sulla-privacy-ue/ HTTP/1.1" 200 19209 "-" "Mozilla/5.0 (compatible; Googlebot/2.1; +http://www.google.com/bot.html)"
65.108.235.243 - - [18/Jun/2026:16:50:12 +0200] "POST /wp-cron.php?doing_wp_cron=1781794212.5145640373229980468750 HTTP/1.1" 200 1 "-" "WordPress/7.0; https://reggio-emilia.elettroservicegroup.it"
216.73.217.38 - - [18/Jun/2026:16:50:10 +0200] "GET /robots.txt HTTP/2.0" 200 110 "-" "Mozilla/5.0 AppleWebKit/537.36 (KHTML, like Gecko; compatible; ClaudeBot/1.0; +claudebot@anthropic.com)"
65.108.235.243 - - [18/Jun/2026:16:50:12 +0200] "GET /assistenza-lavatrici-bosch-correggio/ HTTP/1.1" 200 22996 "-" "WP Fastest Cache Preload Bot"
65.108.235.243 - - [18/Jun/2026:16:50:13 +0200] "GET /assistenza-lavatrici-bosch-reggio-emilia/ HTTP/1.1" 200 22993 "-" "WP Fastest Cache Preload Bot"
65.108.235.243 - - [18/Jun/2026:16:50:13 +0200] "GET /assistenza-lavatrici-ariston-rubiera/ HTTP/1.1" 200 22971 "-" "WP Fastest Cache Preload Bot"
65.108.235.243 - - [18/Jun/2026:16:50:14 +0200] "GET /assistenza-lavatrici-ariston-scandiano/ HTTP/1.1" 200 22978 "-" "WP Fastest Cache Preload Bot"
65.108.235.243 - - [18/Jun/2026:16:50:15 +0200] "POST /wp-json/complianz/v1/wsc-scan HTTP/1.1" 400 88 "-" "WordPress/7.0; https://reggio-emilia.elettroservicegroup.it"
216.73.217.38 - - [18/Jun/2026:16:53:21 +0200] "GET /parma/ HTTP/2.0" 200 16956 "-" "Mozilla/5.0 AppleWebKit/537.36 (KHTML, like Gecko; compatible; ClaudeBot/1.0; +claudebot@anthropic.com)"
216.73.217.38 - - [18/Jun/2026:17:11:18 +0200] "GET /wp-content/cache/wpfc-minified/m8ydgnxm/4ow6.css HTTP/2.0" 200 4410 "-" "Mozilla/5.0 AppleWebKit/537.36 (KHTML, like Gecko; compatible; ClaudeBot/1.0; +claudebot@anthropic.com)"
65.108.235.243 - - [18/Jun/2026:17:16:39 +0200] "POST /wp-cron.php?doing_wp_cron=1781795799.6169509887695312500000 HTTP/1.1" 200 1 "-" "WordPress/7.0; https://reggio-emilia.elettroservicegroup.it"
74.125.151.201 - - [18/Jun/2026:17:16:37 +0200] "GET /assistenza-candy-scandiano/ HTTP/1.1" 200 23010 "-" "Mozilla/5.0 (Linux; Android 6.0.1; Nexus 5X Build/MMB29P) AppleWebKit/537.36 (KHTML, like Gecko) Chrome/148.0.7778.96 Mobile Safari/537.36 (compatible; AdsBot-Google-Mobile; +http://www.google.com/mobile/adsbot.html)"
65.108.235.243 - - [18/Jun/2026:17:16:40 +0200] "GET /assistenza-lavatrici-ariston-santilario-denza/ HTTP/1.1" 200 23040 "-" "WP Fastest Cache Preload Bot"
65.108.235.243 - - [18/Jun/2026:17:16:40 +0200] "GET /assistenza-lavatrici-ariston-guastalla/ HTTP/1.1" 200 22975 "-" "WP Fastest Cache Preload Bot"
65.108.235.243 - - [18/Jun/2026:17:16:41 +0200] "GET /assistenza-lavatrici-ariston-correggio/ HTTP/1.1" 200 22974 "-" "WP Fastest Cache Preload Bot"
74.125.151.200 - - [18/Jun/2026:17:16:41 +0200] "GET /wp-content/uploads/elementor/css/post-14146.css?ver=1781753039 HTTP/1.1" 200 428 "https://reggio-emilia.elettroservicegroup.it/assistenza-candy-scandiano/" "AdsBot-Google (+http://www.google.com/adsbot.html)"
74.125.151.199 - - [18/Jun/2026:17:16:41 +0200] "GET /wp-content/uploads/elementor/css/post-17712.css?ver=1781774607 HTTP/1.1" 200 2176 "https://reggio-emilia.elettroservicegroup.it/assistenza-candy-scandiano/" "AdsBot-Google (+http://www.google.com/adsbot.html)"
74.125.151.200 - - [18/Jun/2026:17:16:41 +0200] "GET /wp-content/uploads/elementor/css/post-14366.css?ver=1781753039 HTTP/1.1" 200 302 "https://reggio-emilia.elettroservicegroup.it/assistenza-candy-scandiano/" "AdsBot-Google (+http://www.google.com/adsbot.html)"
74.125.151.199 - - [18/Jun/2026:17:16:41 +0200] "GET /wp-content/plugins/complianz-gdpr-premium/assets/css/cookieblocker.min.css?ver=1781536286 HTTP/1.1" 200 615 "https://reggio-emilia.elettroservicegroup.it/assistenza-candy-scandiano/" "AdsBot-Google (+http://www.google.com/adsbot.html)"
74.125.151.200 - - [18/Jun/2026:17:16:42 +0200] "GET /wp-content/plugins/elementor/assets/css/widget-image.min.css?ver=4.1.3 HTTP/1.1" 200 96 "https://reggio-emilia.elettroservicegroup.it/assistenza-candy-scandiano/" "AdsBot-Google (+http://www.google.com/adsbot.html)"
65.108.235.243 - - [18/Jun/2026:17:16:41 +0200] "GET /assistenza-lavatrici-ariston-reggio-emilia/ HTTP/1.1" 200 22968 "-" "WP Fastest Cache Preload Bot"
74.125.151.200 - - [18/Jun/2026:17:16:42 +0200] "GET /wp-content/uploads/elementor/google-fonts/css/robotoslab.css?ver=1742255003 HTTP/1.1" 200 721 "https://reggio-emilia.elettroservicegroup.it/assistenza-candy-scandiano/" "AdsBot-Google (+http://www.google.com/adsbot.html)"
74.125.151.200 - - [18/Jun/2026:17:16:42 +0200] "GET /wp-content/plugins/elementor/assets/lib/eicons/css/elementor-icons.min.css?ver=5.34.0 HTTP/1.1" 200 4115 "https://reggio-emilia.elettroservicegroup.it/assistenza-candy-scandiano/" "AdsBot-Google (+http://www.google.com/adsbot.html)"
74.125.151.199 - - [18/Jun/2026:17:16:42 +0200] "GET /wp-content/uploads/elementor/google-fonts/css/roboto.css?ver=1742255001 HTTP/1.1" 200 1890 "https://reggio-emilia.elettroservicegroup.it/assistenza-candy-scandiano/" "AdsBot-Google (+http://www.google.com/adsbot.html)"
74.125.151.199 - - [18/Jun/2026:17:16:42 +0200] "GET /wp-content/plugins/complianz-gdpr-premium/cookiebanner/js/complianz.min.js?ver=1781536286 HTTP/1.1" 200 10762 "https://reggio-emilia.elettroservicegroup.it/assistenza-candy-scandiano/" "AdsBot-Google (+http://www.google.com/adsbot.html)"
74.125.151.199 - - [18/Jun/2026:17:16:42 +0200] "GET /wp-content/uploads/elementor/google-fonts/fonts/roboto-kfo7cnqeu92fr1me7ksn66agldtyluama3yuba.woff2 HTTP/1.1" 304 - "https://reggio-emilia.elettroservicegroup.it/wp-content/uploads/elementor/google-fonts/css/roboto.css?ver=1742255001" "AdsBot-Google (+http://www.google.com/adsbot.html)"
74.125.151.200 - - [18/Jun/2026:17:16:42 +0200] "GET /wp-json/complianz/v1/banner?lang=it&locale=it_IT&token=haffc HTTP/1.1" 200 82 "https://reggio-emilia.elettroservicegroup.it/assistenza-candy-scandiano/" "AdsBot-Google (+http://www.google.com/adsbot.html)"
65.108.235.243 - - [18/Jun/2026:17:18:09 +0200] "POST /wp-cron.php?doing_wp_cron=1781795889.3351390361785888671875 HTTP/1.1" 200 1 "-" "WordPress/7.0; https://reggio-emilia.elettroservicegroup.it"
74.125.151.201 - - [18/Jun/2026:17:18:07 +0200] "GET /assistenza-whirlpool-scandiano/ HTTP/1.1" 200 23001 "-" "Mozilla/5.0 (Linux; Android 6.0.1; Nexus 5X Build/MMB29P) AppleWebKit/537.36 (KHTML, like Gecko) Chrome/148.0.7778.96 Mobile Safari/537.36 (compatible; AdsBot-Google-Mobile; +http://www.google.com/mobile/adsbot.html)"
65.108.235.243 - - [18/Jun/2026:17:19:16 +0200] "POST /wp-cron.php?doing_wp_cron=1781795956.8698539733886718750000 HTTP/1.1" 200 1 "-" "WordPress/7.0; https://reggio-emilia.elettroservicegroup.it"
74.125.151.199 - - [18/Jun/2026:17:19:11 +0200] "GET /assistenza-rex-electrolux-correggio/ HTTP/1.1" 200 23054 "-" "Mozilla/5.0 (Linux; Android 6.0.1; Nexus 5X Build/MMB29P) AppleWebKit/537.36 (KHTML, like Gecko) Chrome/148.0.7778.96 Mobile Safari/537.36 (compatible; AdsBot-Google-Mobile; +http://www.google.com/mobile/adsbot.html)"
74.125.151.199 - - [18/Jun/2026:17:19:22 +0200] "GET /wp-content/uploads/elementor/css/post-17823.css?ver=1781787285 HTTP/1.1" 200 2174 "https://reggio-emilia.elettroservicegroup.it/assistenza-rex-electrolux-correggio/" "AdsBot-Google (+http://www.google.com/adsbot.html)"
74.125.151.201 - - [18/Jun/2026:17:37:25 +0200] "GET /wp-content/plugins/elementor/assets/css/widget-image.min.css?ver=4.1.3 HTTP/1.1" 200 96 "https://reggio-emilia.elettroservicegroup.it/assistenza-whirlpool-scandiano/" "AdsBot-Google (+http://www.google.com/adsbot.html)"
74.125.151.200 - - [18/Jun/2026:17:37:25 +0200] "GET /wp-content/uploads/elementor/css/post-17844.css?ver=1781773984 HTTP/1.1" 200 2168 "https://reggio-emilia.elettroservicegroup.it/assistenza-whirlpool-scandiano/" "AdsBot-Google (+http://www.google.com/adsbot.html)"
74.125.151.199 - - [18/Jun/2026:17:37:25 +0200] "GET /wp-content/plugins/elementor/assets/css/frontend.min.css?ver=4.1.3 HTTP/1.1" 200 6618 "https://reggio-emilia.elettroservicegroup.it/assistenza-whirlpool-scandiano/" "AdsBot-Google (+http://www.google.com/adsbot.html)"
74.125.151.201 - - [18/Jun/2026:17:37:25 +0200] "GET /wp-content/uploads/elementor/css/post-14366.css?ver=1781753039 HTTP/1.1" 200 302 "https://reggio-emilia.elettroservicegroup.it/assistenza-whirlpool-scandiano/" "AdsBot-Google (+http://www.google.com/adsbot.html)"
74.125.151.199 - - [18/Jun/2026:17:37:25 +0200] "GET /wp-content/uploads/elementor/css/post-14146.css?ver=1781753039 HTTP/1.1" 200 428 "https://reggio-emilia.elettroservicegroup.it/assistenza-whirlpool-scandiano/" "AdsBot-Google (+http://www.google.com/adsbot.html)"
74.125.151.201 - - [18/Jun/2026:17:37:25 +0200] "GET /wp-content/plugins/elementor/assets/css/widget-icon-list.min.css?ver=3.24.3 HTTP/1.1" 200 928 "https://reggio-emilia.elettroservicegroup.it/assistenza-whirlpool-scandiano/" "AdsBot-Google (+http://www.google.com/adsbot.html)"
74.125.151.199 - - [18/Jun/2026:17:37:26 +0200] "GET /wp-content/plugins/complianz-gdpr-premium/assets/css/cookieblocker.min.css?ver=1781536286 HTTP/1.1" 200 615 "https://reggio-emilia.elettroservicegroup.it/assistenza-whirlpool-scandiano/" "AdsBot-Google (+http://www.google.com/adsbot.html)"
74.125.151.199 - - [18/Jun/2026:17:37:26 +0200] "GET /wp-content/plugins/header-footer-elementor/inc/widgets-css/frontend.css?ver=2.8.8 HTTP/1.1" 200 8711 "https://reggio-emilia.elettroservicegroup.it/assistenza-whirlpool-scandiano/" "AdsBot-Google (+http://www.google.com/adsbot.html)"
74.125.151.201 - - [18/Jun/2026:17:37:27 +0200] "GET /wp-content/plugins/elementor/assets/lib/font-awesome/js/v4-shims.min.js?ver=4.1.3 HTTP/1.1" 200 4043 "https://reggio-emilia.elettroservicegroup.it/assistenza-whirlpool-scandiano/" "AdsBot-Google (+http://www.google.com/adsbot.html)"
74.125.151.201 - - [18/Jun/2026:17:37:27 +0200] "GET /wp-content/plugins/elementor/assets/js/webpack.runtime.min.js?ver=4.1.3 HTTP/1.1" 200 2340 "https://reggio-emilia.elettroservicegroup.it/assistenza-whirlpool-scandiano/" "AdsBot-Google (+http://www.google.com/adsbot.html)"
74.125.151.199 - - [18/Jun/2026:17:37:28 +0200] "GET /wp-content/uploads/elementor/google-fonts/css/robotoslab.css?ver=1742255003 HTTP/1.1" 200 721 "https://reggio-emilia.elettroservicegroup.it/assistenza-whirlpool-scandiano/" "AdsBot-Google (+http://www.google.com/adsbot.html)"
74.125.151.199 - - [18/Jun/2026:17:37:28 +0200] "GET /wp-content/plugins/all-in-one-seo-pack/dist/Lite/assets/css/table-of-contents/global.e90f6d47.css?ver=4.9.8 HTTP/1.1" 200 420 "https://reggio-emilia.elettroservicegroup.it/assistenza-whirlpool-scandiano/" "AdsBot-Google (+http://www.google.com/adsbot.html)"
74.125.151.199 - - [18/Jun/2026:17:37:28 +0200] "GET /wp-content/plugins/elementor/assets/lib/font-awesome/css/v4-shims.min.css?ver=4.1.3 HTTP/1.1" 200 3986 "https://reggio-emilia.elettroservicegroup.it/assistenza-whirlpool-scandiano/" "AdsBot-Google (+http://www.google.com/adsbot.html)"
74.125.151.200 - - [18/Jun/2026:17:37:29 +0200] "GET /wp-includes/js/jquery/jquery.min.js?ver=3.7.1 HTTP/1.1" 200 29769 "https://reggio-emilia.elettroservicegroup.it/assistenza-whirlpool-scandiano/" "AdsBot-Google (+http://www.google.com/adsbot.html)"
74.125.151.199 - - [18/Jun/2026:17:37:29 +0200] "GET /wp-content/plugins/gp-premium/menu-plus/functions/js/sticky.min.js?ver=2.5.5 HTTP/1.1" 200 2670 "https://reggio-emilia.elettroservicegroup.it/assistenza-whirlpool-scandiano/" "AdsBot-Google (+http://www.google.com/adsbot.html)"
74.125.151.199 - - [18/Jun/2026:17:37:30 +0200] "GET /wp-content/plugins/elementor/assets/lib/animations/styles/zoomIn.min.css?ver=4.1.3 HTTP/1.1" 200 87 "https://reggio-emilia.elettroservicegroup.it/assistenza-whirlpool-scandiano/" "AdsBot-Google (+http://www.google.com/adsbot.html)"
74.125.151.199 - - [18/Jun/2026:17:37:30 +0200] "GET /wp-includes/js/jquery/jquery-migrate.min.js?ver=3.4.1 HTTP/1.1" 200 4685 "https://reggio-emilia.elettroservicegroup.it/assistenza-whirlpool-scandiano/" "AdsBot-Google (+http://www.google.com/adsbot.html)"
74.125.151.200 - - [18/Jun/2026:17:37:31 +0200] "GET /wp-content/plugins/elementor/assets/lib/font-awesome/css/fontawesome.css?ver=5.15.3 HTTP/1.1" 200 12535 "https://reggio-emilia.elettroservicegroup.it/assistenza-whirlpool-scandiano/" "AdsBot-Google (+http://www.google.com/adsbot.html)"
74.125.151.200 - - [18/Jun/2026:17:37:31 +0200] "GET /wp-content/plugins/header-footer-elementor/assets/css/header-footer-elementor.css?ver=2.8.8 HTTP/1.1" 200 260 "https://reggio-emilia.elettroservicegroup.it/assistenza-whirlpool-scandiano/" "AdsBot-Google (+http://www.google.com/adsbot.html)"
74.125.151.200 - - [18/Jun/2026:17:37:31 +0200] "GET /wp-content/plugins/elementor/assets/lib/font-awesome/css/all.min.css?ver=4.1.3 HTTP/1.1" 200 12402 "https://reggio-emilia.elettroservicegroup.it/assistenza-whirlpool-scandiano/" "AdsBot-Google (+http://www.google.com/adsbot.html)"
74.125.151.199 - - [18/Jun/2026:17:37:32 +0200] "GET /wp-content/plugins/elementor/assets/lib/animations/styles/bounceIn.min.css?ver=4.1.3 HTTP/1.1" 200 186 "https://reggio-emilia.elettroservicegroup.it/assistenza-whirlpool-scandiano/" "AdsBot-Google (+http://www.google.com/adsbot.html)"
74.125.151.199 - - [18/Jun/2026:17:37:32 +0200] "GET /wp-content/plugins/elementor/assets/css/widget-social-icons.min.css?ver=3.24.0 HTTP/1.1" 200 1039 "https://reggio-emilia.elettroservicegroup.it/assistenza-whirlpool-scandiano/" "AdsBot-Google (+http://www.google.com/adsbot.html)"
74.125.151.199 - - [18/Jun/2026:17:37:33 +0200] "GET /wp-content/plugins/elementor/assets/lib/eicons/css/elementor-icons.min.css?ver=5.34.0 HTTP/1.1" 200 4115 "https://reggio-emilia.elettroservicegroup.it/assistenza-whirlpool-scandiano/" "AdsBot-Google (+http://www.google.com/adsbot.html)"
74.125.151.199 - - [18/Jun/2026:17:37:33 +0200] "GET /wp-content/plugins/elementor/assets/lib/font-awesome/css/brands.css?ver=5.15.3 HTTP/1.1" 200 298 "https://reggio-emilia.elettroservicegroup.it/assistenza-whirlpool-scandiano/" "AdsBot-Google (+http://www.google.com/adsbot.html)"
74.125.151.199 - - [18/Jun/2026:17:37:33 +0200] "GET /wp-content/plugins/gp-premium/menu-plus/functions/css/navigation-branding-flex.min.css?ver=2.5.5 HTTP/1.1" 200 542 "https://reggio-emilia.elettroservicegroup.it/assistenza-whirlpool-scandiano/" "AdsBot-Google (+http://www.google.com/adsbot.html)"
74.125.151.199 - - [18/Jun/2026:17:37:34 +0200] "GET /wp-content/themes/generatepress/assets/css/main.min.css?ver=3.6.1 HTTP/1.1" 200 4410 "https://reggio-emilia.elettroservicegroup.it/assistenza-whirlpool-scandiano/" "AdsBot-Google (+http://www.google.com/adsbot.html)"
74.125.151.199 - - [18/Jun/2026:17:37:34 +0200] "GET /wp-content/plugins/elementor/assets/lib/font-awesome/css/solid.css?ver=5.15.3 HTTP/1.1" 200 299 "https://reggio-emilia.elettroservicegroup.it/assistenza-whirlpool-scandiano/" "AdsBot-Google (+http://www.google.com/adsbot.html)"
74.125.151.199 - - [18/Jun/2026:17:37:35 +0200] "GET /wp-content/plugins/elementor/assets/css/widget-spacer.min.css?ver=4.1.3 HTTP/1.1" 200 287 "https://reggio-emilia.elettroservicegroup.it/assistenza-whirlpool-scandiano/" "AdsBot-Google (+http://www.google.com/adsbot.html)"
74.125.151.199 - - [18/Jun/2026:17:37:35 +0200] "GET /wp-content/uploads/elementor/google-fonts/css/roboto.css?ver=1742255001 HTTP/1.1" 200 1890 "https://reggio-emilia.elettroservicegroup.it/assistenza-whirlpool-scandiano/" "AdsBot-Google (+http://www.google.com/adsbot.html)"
74.125.151.199 - - [18/Jun/2026:17:37:35 +0200] "GET /wp-content/plugins/elementor/assets/css/widget-heading.min.css?ver=4.1.3 HTTP/1.1" 200 127 "https://reggio-emilia.elettroservicegroup.it/assistenza-whirlpool-scandiano/" "AdsBot-Google (+http://www.google.com/adsbot.html)"
74.125.151.199 - - [18/Jun/2026:17:37:36 +0200] "GET /wp-content/plugins/elementor/assets/js/frontend-modules.min.js?ver=4.1.3 HTTP/1.1" 200 15454 "https://reggio-emilia.elettroservicegroup.it/assistenza-whirlpool-scandiano/" "AdsBot-Google (+http://www.google.com/adsbot.html)"
74.125.151.199 - - [18/Jun/2026:17:37:36 +0200] "GET /wp-includes/js/jquery/ui/core.min.js?ver=1.13.3 HTTP/1.1" 200 6820 "https://reggio-emilia.elettroservicegroup.it/assistenza-whirlpool-scandiano/" "AdsBot-Google (+http://www.google.com/adsbot.html)"
74.125.151.199 - - [18/Jun/2026:17:37:37 +0200] "GET /wp-content/themes/generatepress/assets/js/back-to-top.min.js?ver=3.6.1 HTTP/1.1" 200 336 "https://reggio-emilia.elettroservicegroup.it/assistenza-whirlpool-scandiano/" "AdsBot-Google (+http://www.google.com/adsbot.html)"
74.125.151.199 - - [18/Jun/2026:17:37:37 +0200] "GET /wp-content/plugins/elementor/assets/js/frontend.min.js?ver=4.1.3 HTTP/1.1" 200 10140 "https://reggio-emilia.elettroservicegroup.it/assistenza-whirlpool-scandiano/" "AdsBot-Google (+http://www.google.com/adsbot.html)"
74.125.151.199 - - [18/Jun/2026:17:37:37 +0200] "GET /wp-content/plugins/complianz-gdpr-premium/cookiebanner/js/complianz.min.js?ver=1781536286 HTTP/1.1" 200 10762 "https://reggio-emilia.elettroservicegroup.it/assistenza-whirlpool-scandiano/" "AdsBot-Google (+http://www.google.com/adsbot.html)"
74.125.151.199 - - [18/Jun/2026:17:37:38 +0200] "GET /wp-content/themes/generatepress/assets/js/menu.min.js?ver=3.6.1 HTTP/1.1" 200 1688 "https://reggio-emilia.elettroservicegroup.it/assistenza-whirlpool-scandiano/" "AdsBot-Google (+http://www.google.com/adsbot.html)"
74.125.151.199 - - [18/Jun/2026:17:37:39 +0200] "GET /wp-content/uploads/elementor/google-fonts/fonts/roboto-kfo7cnqeu92fr1me7ksn66agldtyluama3yuba.woff2 HTTP/1.1" 304 - "https://reggio-emilia.elettroservicegroup.it/wp-content/uploads/elementor/google-fonts/css/roboto.css?ver=1742255001" "AdsBot-Google (+http://www.google.com/adsbot.html)"
65.108.235.243 - - [18/Jun/2026:17:37:41 +0200] "POST /wp-cron.php?doing_wp_cron=1781797061.2947020530700683593750 HTTP/1.1" 200 1 "-" "WordPress/7.0; https://reggio-emilia.elettroservicegroup.it"
74.125.151.199 - - [18/Jun/2026:17:37:38 +0200] "GET /wp-json/complianz/v1/banner?lang=it&locale=it_IT&token=oaajn HTTP/1.1" 200 82 "https://reggio-emilia.elettroservicegroup.it/assistenza-whirlpool-scandiano/" "AdsBot-Google (+http://www.google.com/adsbot.html)"
74.125.151.199 - - [18/Jun/2026:17:37:41 +0200] "GET /wp-content/uploads/complianz/css/banner-1-optin.css?v=511 HTTP/1.1" 200 2862 "https://reggio-emilia.elettroservicegroup.it/assistenza-whirlpool-scandiano/" "AdsBot-Google (+http://www.google.com/adsbot.html)"
74.125.151.199 - - [18/Jun/2026:17:37:41 +0200] "GET /wp-json/complianz/v1/cookie_data HTTP/1.1" 200 82 "https://reggio-emilia.elettroservicegroup.it/assistenza-whirlpool-scandiano/" "AdsBot-Google (+http://www.google.com/adsbot.html)"
65.108.235.243 - - [18/Jun/2026:17:37:41 +0200] "GET /assistenza-lavatrici-aeg-rubiera/ HTTP/1.1" 200 22996 "-" "WP Fastest Cache Preload Bot"
65.108.235.243 - - [18/Jun/2026:17:37:43 +0200] "GET /assistenza-lavatrici-aeg-scandiano/ HTTP/1.1" 200 23001 "-" "WP Fastest Cache Preload Bot"
65.108.235.243 - - [18/Jun/2026:17:37:44 +0200] "GET /assistenza-lavatrici-aeg-santilario-denza/ HTTP/1.1" 200 23065 "-" "WP Fastest Cache Preload Bot"
65.108.235.243 - - [18/Jun/2026:17:37:44 +0200] "GET /assistenza-lavatrici-aeg-guastalla/ HTTP/1.1" 200 22999 "-" "WP Fastest Cache Preload Bot"
74.125.151.201 - - [18/Jun/2026:17:38:05 +0200] "GET /wp-content/plugins/elementor/assets/js/text-editor.45609661e409413f1cef.bundle.min.js HTTP/1.1" 200 592 "https://reggio-emilia.elettroservicegroup.it/assistenza-whirlpool-scandiano/" "AdsBot-Google (+http://www.google.com/adsbot.html)"
74.125.151.201 - - [18/Jun/2026:17:38:05 +0200] "GET /wp-content/plugins/elementor/assets/js/section-frontend-handlers.d85ab872da118940910d.bundle.min.js HTTP/1.1" 200 230 "https://reggio-emilia.elettroservicegroup.it/assistenza-whirlpool-scandiano/" "AdsBot-Google (+http://www.google.com/adsbot.html)"
74.125.151.199 - - [18/Jun/2026:17:38:05 +0200] "GET /wp-content/plugins/elementor/assets/js/shared-frontend-handlers.03caa53373b56d3bab67.bundle.min.js HTTP/1.1" 200 2515 "https://reggio-emilia.elettroservicegroup.it/assistenza-whirlpool-scandiano/" "AdsBot-Google (+http://www.google.com/adsbot.html)"
65.108.235.243 - - [18/Jun/2026:17:52:01 +0200] "POST /wp-cron.php?doing_wp_cron=1781797921.0678679943084716796875 HTTP/1.1" 200 1 "-" "WordPress/7.0; https://reggio-emilia.elettroservicegroup.it"
40.77.167.132 - - [18/Jun/2026:17:51:59 +0200] "GET /sitemap.rss HTTP/2.0" 200 1464 "-" "Mozilla/5.0 AppleWebKit/537.36 (KHTML, like Gecko; compatible; bingbot/2.0; +http://www.bing.com/bingbot.htm) Chrome/116.0.1938.76 Safari/537.36"
65.108.235.243 - - [18/Jun/2026:17:52:01 +0200] "GET /assistenza-lavastoviglie-smeg-rubiera/ HTTP/1.1" 200 22870 "-" "WP Fastest Cache Preload Bot"
65.108.235.243 - - [18/Jun/2026:17:52:02 +0200] "GET /assistenza-lavatrici-aeg-correggio/ HTTP/1.1" 200 23002 "-" "WP Fastest Cache Preload Bot"
65.108.235.243 - - [18/Jun/2026:17:52:02 +0200] "GET /assistenza-lavatrici-aeg-reggio-emilia/ HTTP/1.1" 200 23001 "-" "WP Fastest Cache Preload Bot"
65.108.235.243 - - [18/Jun/2026:17:52:03 +0200] "GET /assistenza-lavatrici-rubiera/ HTTP/1.1" 200 23604 "-" "WP Fastest Cache Preload Bot"
65.108.235.243 - - [18/Jun/2026:17:52:04 +0200] "POST /wp-json/complianz/v1/wsc-scan HTTP/1.1" 400 88 "-" "WordPress/7.0; https://reggio-emilia.elettroservicegroup.it"
65.108.235.243 - - [18/Jun/2026:17:52:41 +0200] "POST /wp-cron.php?doing_wp_cron=1781797961.6088919639587402343750 HTTP/1.1" 200 1 "-" "WordPress/7.0; https://reggio-emilia.elettroservicegroup.it"
216.73.217.38 - - [18/Jun/2026:17:52:39 +0200] "GET /robots.txt HTTP/2.0" 200 110 "-" "Mozilla/5.0 AppleWebKit/537.36 (KHTML, like Gecko; compatible; ClaudeBot/1.0; +claudebot@anthropic.com)"
47.128.23.241 - - [18/Jun/2026:18:01:47 +0200] "GET /cosmo-auszahlungsdauer-im-aktuellen-check-wie-schnell-sind-auszahlungen-wirklich/ HTTP/2.0" 200 11741 "-" "Mozilla/5.0 (Linux; Android 5.0) AppleWebKit/537.36 (KHTML, like Gecko) Mobile Safari/537.36 (compatible; Bytespider; spider-feedback@bytedance.com)"
65.108.235.243 - - [18/Jun/2026:18:05:30 +0200] "POST /wp-cron.php?doing_wp_cron=1781798730.0857028961181640625000 HTTP/1.1" 200 1 "-" "WordPress/7.0; https://reggio-emilia.elettroservicegroup.it"
216.73.217.38 - - [18/Jun/2026:18:05:28 +0200] "GET /sitemap.xml HTTP/2.0" 200 337 "-" "Mozilla/5.0 AppleWebKit/537.36 (KHTML, like Gecko; compatible; ClaudeBot/1.0; +claudebot@anthropic.com)"
65.108.235.243 - - [18/Jun/2026:18:05:30 +0200] "GET /assistenza-lavastoviglie-smeg-scandiano/ HTTP/1.1" 200 22865 "-" "WP Fastest Cache Preload Bot"
65.108.235.243 - - [18/Jun/2026:18:05:31 +0200] "GET /assistenza-lavatrici-scandiano/ HTTP/1.1" 200 23598 "-" "WP Fastest Cache Preload Bot"
65.108.235.243 - - [18/Jun/2026:18:05:32 +0200] "GET /assistenza-lavatrici-santilario-denza/ HTTP/1.1" 200 23667 "-" "WP Fastest Cache Preload Bot"
65.108.235.243 - - [18/Jun/2026:18:05:33 +0200] "GET /assistenza-lavastoviglie-smeg-santilario-denza/ HTTP/1.1" 200 22952 "-" "WP Fastest Cache Preload Bot"
47.128.23.216 - - [18/Jun/2026:18:05:48 +0200] "GET /cosmo-auszahlungsdauer-im-aktuellen-check-wie-schnell-sind-auszahlungen-wirklich/ HTTP/2.0" 200 11801 "-" "Mozilla/5.0 (Linux; Android 5.0) AppleWebKit/537.36 (KHTML, like Gecko) Mobile Safari/537.36 (compatible; Bytespider; spider-feedback@bytedance.com)"
65.108.235.243 - - [18/Jun/2026:18:37:56 +0200] "GET /assistenza-lavatrici-guastalla/ HTTP/1.1" 200 23606 "-" "WP Fastest Cache Preload Bot"
65.108.235.243 - - [18/Jun/2026:18:37:57 +0200] "GET /assistenza-lavatrici-correggio/ HTTP/1.1" 200 23587 "-" "WP Fastest Cache Preload Bot"
216.73.217.38 - - [18/Jun/2026:18:37:57 +0200] "GET /sitemap.xml HTTP/2.0" 200 336 "-" "Mozilla/5.0 AppleWebKit/537.36 (KHTML, like Gecko; compatible; ClaudeBot/1.0; +claudebot@anthropic.com)"
65.108.235.243 - - [18/Jun/2026:18:37:57 +0200] "GET /assistenza-lavatrici-reggio-emilia/ HTTP/1.1" 200 23831 "-" "WP Fastest Cache Preload Bot"
65.108.235.243 - - [18/Jun/2026:18:37:58 +0200] "GET /assistenza-lavastoviglie-whirlpool-rubiera/ HTTP/1.1" 200 22900 "-" "WP Fastest Cache Preload Bot"
74.7.227.16 - - [18/Jun/2026:18:44:03 +0200] "GET /sitemap.xml HTTP/2.0" 415 336 "-" "Mozilla/5.0 AppleWebKit/537.36 (KHTML, like Gecko; compatible; GPTBot/1.4; +https://openai.com/gptbot)"
65.108.235.243 - - [18/Jun/2026:18:44:11 +0200] "POST /wp-cron.php?doing_wp_cron=1781801051.0660979747772216796875 HTTP/1.1" 200 1 "-" "WordPress/7.0; https://reggio-emilia.elettroservicegroup.it"
74.7.244.51 - - [18/Jun/2026:18:44:03 +0200] "GET /robots.txt HTTP/2.0" 200 110 "-" "Mozilla/5.0 (Macintosh; Intel Mac OS X 10_15_7) AppleWebKit/537.36 (KHTML, like Gecko) Chrome/131.0.0.0 Safari/537.36; compatible; OAI-SearchBot/1.4; robots.txt; +https://openai.com/searchbot"
65.108.235.243 - - [18/Jun/2026:18:44:12 +0200] "GET /assistenza-lavastoviglie-smeg-guastalla/ HTTP/1.1" 200 22872 "-" "WP Fastest Cache Preload Bot"
65.108.235.243 - - [18/Jun/2026:18:44:15 +0200] "GET /assistenza-lavastoviglie-whirlpool-scandiano/ HTTP/1.1" 200 22903 "-" "WP Fastest Cache Preload Bot"
