87.7.104.104 - - [19/Jun/2026:10:16:58 +0200] "GET /wp-content/uploads/elementor/google-fonts/css/robotoslab.css?ver=1742255003 HTTP/2.0" 200 721 "https://reggio-emilia.elettroservicegroup.it/assistenza-condizionatori-reggio-emilia/?gad_source=1&gad_campaignid=23800353523&gclid=CjwKCAjw0dPRBhAPEiwAE5vTTv40Ca4nAMwFHwJZDh-slA4Vfdu1_DoNnS0cWhadkRY9bKJjLXVAeBoC_-IQAvD_BwE" "Mozilla/5.0 (iPhone; CPU iPhone OS 26_5_0 like Mac OS X) AppleWebKit/605.1.15 (KHTML, like Gecko) GSA/425.6.927981711 Mobile/15E148 Safari/604.1"
87.7.104.104 - - [19/Jun/2026:10:16:58 +0200] "GET /wp-content/plugins/elementor/assets/lib/font-awesome/js/v4-shims.min.js?ver=4.1.3 HTTP/2.0" 200 4043 "https://reggio-emilia.elettroservicegroup.it/assistenza-condizionatori-reggio-emilia/?gad_source=1&gad_campaignid=23800353523&gclid=CjwKCAjw0dPRBhAPEiwAE5vTTv40Ca4nAMwFHwJZDh-slA4Vfdu1_DoNnS0cWhadkRY9bKJjLXVAeBoC_-IQAvD_BwE" "Mozilla/5.0 (iPhone; CPU iPhone OS 26_5_0 like Mac OS X) AppleWebKit/605.1.15 (KHTML, like Gecko) GSA/425.6.927981711 Mobile/15E148 Safari/604.1"
87.7.104.104 - - [19/Jun/2026:10:16:58 +0200] "GET /wp-includes/js/jquery/jquery-migrate.min.js?ver=3.4.1 HTTP/2.0" 200 4685 "https://reggio-emilia.elettroservicegroup.it/assistenza-condizionatori-reggio-emilia/?gad_source=1&gad_campaignid=23800353523&gclid=CjwKCAjw0dPRBhAPEiwAE5vTTv40Ca4nAMwFHwJZDh-slA4Vfdu1_DoNnS0cWhadkRY9bKJjLXVAeBoC_-IQAvD_BwE" "Mozilla/5.0 (iPhone; CPU iPhone OS 26_5_0 like Mac OS X) AppleWebKit/605.1.15 (KHTML, like Gecko) GSA/425.6.927981711 Mobile/15E148 Safari/604.1"
87.7.104.104 - - [19/Jun/2026:10:16:58 +0200] "GET /wp-content/plugins/gp-premium/menu-plus/functions/js/sticky.min.js?ver=2.5.5 HTTP/2.0" 200 2670 "https://reggio-emilia.elettroservicegroup.it/assistenza-condizionatori-reggio-emilia/?gad_source=1&gad_campaignid=23800353523&gclid=CjwKCAjw0dPRBhAPEiwAE5vTTv40Ca4nAMwFHwJZDh-slA4Vfdu1_DoNnS0cWhadkRY9bKJjLXVAeBoC_-IQAvD_BwE" "Mozilla/5.0 (iPhone; CPU iPhone OS 26_5_0 like Mac OS X) AppleWebKit/605.1.15 (KHTML, like Gecko) GSA/425.6.927981711 Mobile/15E148 Safari/604.1"
87.7.104.104 - - [19/Jun/2026:10:16:58 +0200] "GET /wp-content/plugins/elementor/assets/lib/font-awesome/css/fontawesome.css?ver=5.15.3 HTTP/2.0" 200 12535 "https://reggio-emilia.elettroservicegroup.it/assistenza-condizionatori-reggio-emilia/?gad_source=1&gad_campaignid=23800353523&gclid=CjwKCAjw0dPRBhAPEiwAE5vTTv40Ca4nAMwFHwJZDh-slA4Vfdu1_DoNnS0cWhadkRY9bKJjLXVAeBoC_-IQAvD_BwE" "Mozilla/5.0 (iPhone; CPU iPhone OS 26_5_0 like Mac OS X) AppleWebKit/605.1.15 (KHTML, like Gecko) GSA/425.6.927981711 Mobile/15E148 Safari/604.1"
87.7.104.104 - - [19/Jun/2026:10:16:58 +0200] "GET /wp-content/plugins/elementor/assets/js/webpack.runtime.min.js?ver=4.1.3 HTTP/2.0" 200 2340 "https://reggio-emilia.elettroservicegroup.it/assistenza-condizionatori-reggio-emilia/?gad_source=1&gad_campaignid=23800353523&gclid=CjwKCAjw0dPRBhAPEiwAE5vTTv40Ca4nAMwFHwJZDh-slA4Vfdu1_DoNnS0cWhadkRY9bKJjLXVAeBoC_-IQAvD_BwE" "Mozilla/5.0 (iPhone; CPU iPhone OS 26_5_0 like Mac OS X) AppleWebKit/605.1.15 (KHTML, like Gecko) GSA/425.6.927981711 Mobile/15E148 Safari/604.1"
87.7.104.104 - - [19/Jun/2026:10:16:58 +0200] "GET /wp-content/plugins/elementor/assets/js/frontend-modules.min.js?ver=4.1.3 HTTP/2.0" 200 15454 "https://reggio-emilia.elettroservicegroup.it/assistenza-condizionatori-reggio-emilia/?gad_source=1&gad_campaignid=23800353523&gclid=CjwKCAjw0dPRBhAPEiwAE5vTTv40Ca4nAMwFHwJZDh-slA4Vfdu1_DoNnS0cWhadkRY9bKJjLXVAeBoC_-IQAvD_BwE" "Mozilla/5.0 (iPhone; CPU iPhone OS 26_5_0 like Mac OS X) AppleWebKit/605.1.15 (KHTML, like Gecko) GSA/425.6.927981711 Mobile/15E148 Safari/604.1"
87.7.104.104 - - [19/Jun/2026:10:16:58 +0200] "GET /wp-includes/js/jquery/ui/core.min.js?ver=1.13.3 HTTP/2.0" 200 6820 "https://reggio-emilia.elettroservicegroup.it/assistenza-condizionatori-reggio-emilia/?gad_source=1&gad_campaignid=23800353523&gclid=CjwKCAjw0dPRBhAPEiwAE5vTTv40Ca4nAMwFHwJZDh-slA4Vfdu1_DoNnS0cWhadkRY9bKJjLXVAeBoC_-IQAvD_BwE" "Mozilla/5.0 (iPhone; CPU iPhone OS 26_5_0 like Mac OS X) AppleWebKit/605.1.15 (KHTML, like Gecko) GSA/425.6.927981711 Mobile/15E148 Safari/604.1"
87.7.104.104 - - [19/Jun/2026:10:16:58 +0200] "GET /wp-content/plugins/elementor/assets/js/frontend.min.js?ver=4.1.3 HTTP/2.0" 200 10140 "https://reggio-emilia.elettroservicegroup.it/assistenza-condizionatori-reggio-emilia/?gad_source=1&gad_campaignid=23800353523&gclid=CjwKCAjw0dPRBhAPEiwAE5vTTv40Ca4nAMwFHwJZDh-slA4Vfdu1_DoNnS0cWhadkRY9bKJjLXVAeBoC_-IQAvD_BwE" "Mozilla/5.0 (iPhone; CPU iPhone OS 26_5_0 like Mac OS X) AppleWebKit/605.1.15 (KHTML, like Gecko) GSA/425.6.927981711 Mobile/15E148 Safari/604.1"
87.7.104.104 - - [19/Jun/2026:10:16:58 +0200] "GET /wp-content/themes/generatepress/assets/js/menu.min.js?ver=3.6.1 HTTP/2.0" 200 1688 "https://reggio-emilia.elettroservicegroup.it/assistenza-condizionatori-reggio-emilia/?gad_source=1&gad_campaignid=23800353523&gclid=CjwKCAjw0dPRBhAPEiwAE5vTTv40Ca4nAMwFHwJZDh-slA4Vfdu1_DoNnS0cWhadkRY9bKJjLXVAeBoC_-IQAvD_BwE" "Mozilla/5.0 (iPhone; CPU iPhone OS 26_5_0 like Mac OS X) AppleWebKit/605.1.15 (KHTML, like Gecko) GSA/425.6.927981711 Mobile/15E148 Safari/604.1"
87.7.104.104 - - [19/Jun/2026:10:16:58 +0200] "GET /wp-content/themes/generatepress/assets/js/back-to-top.min.js?ver=3.6.1 HTTP/2.0" 200 336 "https://reggio-emilia.elettroservicegroup.it/assistenza-condizionatori-reggio-emilia/?gad_source=1&gad_campaignid=23800353523&gclid=CjwKCAjw0dPRBhAPEiwAE5vTTv40Ca4nAMwFHwJZDh-slA4Vfdu1_DoNnS0cWhadkRY9bKJjLXVAeBoC_-IQAvD_BwE" "Mozilla/5.0 (iPhone; CPU iPhone OS 26_5_0 like Mac OS X) AppleWebKit/605.1.15 (KHTML, like Gecko) GSA/425.6.927981711 Mobile/15E148 Safari/604.1"
87.7.104.104 - - [19/Jun/2026:10:16:58 +0200] "GET /wp-content/plugins/complianz-gdpr-premium/cookiebanner/js/complianz.min.js?ver=1781536286 HTTP/2.0" 200 10762 "https://reggio-emilia.elettroservicegroup.it/assistenza-condizionatori-reggio-emilia/?gad_source=1&gad_campaignid=23800353523&gclid=CjwKCAjw0dPRBhAPEiwAE5vTTv40Ca4nAMwFHwJZDh-slA4Vfdu1_DoNnS0cWhadkRY9bKJjLXVAeBoC_-IQAvD_BwE" "Mozilla/5.0 (iPhone; CPU iPhone OS 26_5_0 like Mac OS X) AppleWebKit/605.1.15 (KHTML, like Gecko) GSA/425.6.927981711 Mobile/15E148 Safari/604.1"
87.7.104.104 - - [19/Jun/2026:10:16:58 +0200] "GET /wp-includes/js/jquery/jquery.min.js?ver=3.7.1 HTTP/2.0" 200 29769 "https://reggio-emilia.elettroservicegroup.it/assistenza-condizionatori-reggio-emilia/?gad_source=1&gad_campaignid=23800353523&gclid=CjwKCAjw0dPRBhAPEiwAE5vTTv40Ca4nAMwFHwJZDh-slA4Vfdu1_DoNnS0cWhadkRY9bKJjLXVAeBoC_-IQAvD_BwE" "Mozilla/5.0 (iPhone; CPU iPhone OS 26_5_0 like Mac OS X) AppleWebKit/605.1.15 (KHTML, like Gecko) GSA/425.6.927981711 Mobile/15E148 Safari/604.1"
87.7.104.104 - - [19/Jun/2026:10:16:58 +0200] "GET /wp-content/uploads/2021/10/cropped-logo_white_background.png HTTP/2.0" 200 15855 "https://reggio-emilia.elettroservicegroup.it/assistenza-condizionatori-reggio-emilia/?gad_source=1&gad_campaignid=23800353523&gclid=CjwKCAjw0dPRBhAPEiwAE5vTTv40Ca4nAMwFHwJZDh-slA4Vfdu1_DoNnS0cWhadkRY9bKJjLXVAeBoC_-IQAvD_BwE" "Mozilla/5.0 (iPhone; CPU iPhone OS 26_5_0 like Mac OS X) AppleWebKit/605.1.15 (KHTML, like Gecko) GSA/425.6.927981711 Mobile/15E148 Safari/604.1"
87.7.104.104 - - [19/Jun/2026:10:16:58 +0200] "GET /wp-content/uploads/elementor/google-fonts/fonts/roboto-kfo7cnqeu92fr1me7ksn66agldtyluama3yuba.woff2 HTTP/2.0" 200 40132 "https://reggio-emilia.elettroservicegroup.it/assistenza-condizionatori-reggio-emilia/?gad_source=1&gad_campaignid=23800353523&gclid=CjwKCAjw0dPRBhAPEiwAE5vTTv40Ca4nAMwFHwJZDh-slA4Vfdu1_DoNnS0cWhadkRY9bKJjLXVAeBoC_-IQAvD_BwE" "Mozilla/5.0 (iPhone; CPU iPhone OS 26_5_0 like Mac OS X) AppleWebKit/605.1.15 (KHTML, like Gecko) GSA/425.6.927981711 Mobile/15E148 Safari/604.1"
87.7.104.104 - - [19/Jun/2026:10:16:58 +0200] "GET /wp-content/uploads/2021/10/TECNICO-ELETTRODOMESTICI-3.jpg HTTP/2.0" 200 23089 "https://reggio-emilia.elettroservicegroup.it/assistenza-condizionatori-reggio-emilia/?gad_source=1&gad_campaignid=23800353523&gclid=CjwKCAjw0dPRBhAPEiwAE5vTTv40Ca4nAMwFHwJZDh-slA4Vfdu1_DoNnS0cWhadkRY9bKJjLXVAeBoC_-IQAvD_BwE" "Mozilla/5.0 (iPhone; CPU iPhone OS 26_5_0 like Mac OS X) AppleWebKit/605.1.15 (KHTML, like Gecko) GSA/425.6.927981711 Mobile/15E148 Safari/604.1"
87.7.104.104 - - [19/Jun/2026:10:16:58 +0200] "GET /wp-content/plugins/elementor/assets/js/shared-frontend-handlers.03caa53373b56d3bab67.bundle.min.js HTTP/2.0" 200 2515 "https://reggio-emilia.elettroservicegroup.it/assistenza-condizionatori-reggio-emilia/?gad_source=1&gad_campaignid=23800353523&gclid=CjwKCAjw0dPRBhAPEiwAE5vTTv40Ca4nAMwFHwJZDh-slA4Vfdu1_DoNnS0cWhadkRY9bKJjLXVAeBoC_-IQAvD_BwE" "Mozilla/5.0 (iPhone; CPU iPhone OS 26_5_0 like Mac OS X) AppleWebKit/605.1.15 (KHTML, like Gecko) GSA/425.6.927981711 Mobile/15E148 Safari/604.1"
87.7.104.104 - - [19/Jun/2026:10:16:58 +0200] "GET /wp-content/plugins/elementor/assets/js/text-editor.45609661e409413f1cef.bundle.min.js HTTP/2.0" 200 592 "https://reggio-emilia.elettroservicegroup.it/assistenza-condizionatori-reggio-emilia/?gad_source=1&gad_campaignid=23800353523&gclid=CjwKCAjw0dPRBhAPEiwAE5vTTv40Ca4nAMwFHwJZDh-slA4Vfdu1_DoNnS0cWhadkRY9bKJjLXVAeBoC_-IQAvD_BwE" "Mozilla/5.0 (iPhone; CPU iPhone OS 26_5_0 like Mac OS X) AppleWebKit/605.1.15 (KHTML, like Gecko) GSA/425.6.927981711 Mobile/15E148 Safari/604.1"
87.7.104.104 - - [19/Jun/2026:10:16:58 +0200] "GET /wp-content/plugins/elementor/assets/js/section-frontend-handlers.d85ab872da118940910d.bundle.min.js HTTP/2.0" 200 230 "https://reggio-emilia.elettroservicegroup.it/assistenza-condizionatori-reggio-emilia/?gad_source=1&gad_campaignid=23800353523&gclid=CjwKCAjw0dPRBhAPEiwAE5vTTv40Ca4nAMwFHwJZDh-slA4Vfdu1_DoNnS0cWhadkRY9bKJjLXVAeBoC_-IQAvD_BwE" "Mozilla/5.0 (iPhone; CPU iPhone OS 26_5_0 like Mac OS X) AppleWebKit/605.1.15 (KHTML, like Gecko) GSA/425.6.927981711 Mobile/15E148 Safari/604.1"
87.7.104.104 - - [19/Jun/2026:10:16:58 +0200] "GET /wp-json/complianz/v1/banner?lang=it&locale=it_IT&token=bdpto HTTP/2.0" 200 82 "https://reggio-emilia.elettroservicegroup.it/assistenza-condizionatori-reggio-emilia/?gad_source=1&gad_campaignid=23800353523&gclid=CjwKCAjw0dPRBhAPEiwAE5vTTv40Ca4nAMwFHwJZDh-slA4Vfdu1_DoNnS0cWhadkRY9bKJjLXVAeBoC_-IQAvD_BwE" "Mozilla/5.0 (iPhone; CPU iPhone OS 26_5_0 like Mac OS X) AppleWebKit/605.1.15 (KHTML, like Gecko) GSA/425.6.927981711 Mobile/15E148 Safari/604.1"
65.108.235.243 - - [19/Jun/2026:10:16:58 +0200] "GET /assistenza-lavastoviglie-indesit-santilario-denza/ HTTP/1.1" 200 22979 "-" "WP Fastest Cache Preload Bot"
87.7.104.104 - - [19/Jun/2026:10:16:59 +0200] "GET /wp-content/uploads/complianz/css/banner-1-optin.css?v=511 HTTP/2.0" 200 2862 "https://reggio-emilia.elettroservicegroup.it/assistenza-condizionatori-reggio-emilia/?gad_source=1&gad_campaignid=23800353523&gclid=CjwKCAjw0dPRBhAPEiwAE5vTTv40Ca4nAMwFHwJZDh-slA4Vfdu1_DoNnS0cWhadkRY9bKJjLXVAeBoC_-IQAvD_BwE" "Mozilla/5.0 (iPhone; CPU iPhone OS 26_5_0 like Mac OS X) AppleWebKit/605.1.15 (KHTML, like Gecko) GSA/425.6.927981711 Mobile/15E148 Safari/604.1"
87.7.104.104 - - [19/Jun/2026:10:16:59 +0200] "GET /wp-json/complianz/v1/cookie_data HTTP/2.0" 200 82 "https://reggio-emilia.elettroservicegroup.it/assistenza-condizionatori-reggio-emilia/?gad_source=1&gad_campaignid=23800353523&gclid=CjwKCAjw0dPRBhAPEiwAE5vTTv40Ca4nAMwFHwJZDh-slA4Vfdu1_DoNnS0cWhadkRY9bKJjLXVAeBoC_-IQAvD_BwE" "Mozilla/5.0 (iPhone; CPU iPhone OS 26_5_0 like Mac OS X) AppleWebKit/605.1.15 (KHTML, like Gecko) GSA/425.6.927981711 Mobile/15E148 Safari/604.1"
65.108.235.243 - - [19/Jun/2026:10:16:59 +0200] "GET /assistenza-lavastoviglie-indesit-guastalla/ HTTP/1.1" 200 22896 "-" "WP Fastest Cache Preload Bot"
65.108.235.243 - - [19/Jun/2026:10:16:59 +0200] "GET /assistenza-lavastoviglie-indesit-correggio/ HTTP/1.1" 200 22899 "-" "WP Fastest Cache Preload Bot"
65.108.235.243 - - [19/Jun/2026:10:16:59 +0200] "GET /assistenza-lavastoviglie-indesit-reggio-emilia/ HTTP/1.1" 200 22891 "-" "WP Fastest Cache Preload Bot"
87.7.104.104 - - [19/Jun/2026:10:17:00 +0200] "POST /wp-json/complianz/v1/track HTTP/2.0" 200 20 "https://reggio-emilia.elettroservicegroup.it/assistenza-condizionatori-reggio-emilia/?gad_source=1&gad_campaignid=23800353523&gclid=CjwKCAjw0dPRBhAPEiwAE5vTTv40Ca4nAMwFHwJZDh-slA4Vfdu1_DoNnS0cWhadkRY9bKJjLXVAeBoC_-IQAvD_BwE" "Mozilla/5.0 (iPhone; CPU iPhone OS 26_5_0 like Mac OS X) AppleWebKit/605.1.15 (KHTML, like Gecko) GSA/425.6.927981711 Mobile/15E148 Safari/604.1"
87.7.104.104 - - [19/Jun/2026:10:17:05 +0200] "GET /wp-content/uploads/2021/10/Condizionatore.jpg HTTP/2.0" 200 21854 "https://reggio-emilia.elettroservicegroup.it/assistenza-condizionatori-reggio-emilia/?gad_source=1&gad_campaignid=23800353523&gclid=CjwKCAjw0dPRBhAPEiwAE5vTTv40Ca4nAMwFHwJZDh-slA4Vfdu1_DoNnS0cWhadkRY9bKJjLXVAeBoC_-IQAvD_BwE" "Mozilla/5.0 (iPhone; CPU iPhone OS 26_5_0 like Mac OS X) AppleWebKit/605.1.15 (KHTML, like Gecko) GSA/425.6.927981711 Mobile/15E148 Safari/604.1"
87.7.104.104 - - [19/Jun/2026:10:18:14 +0200] "GET /wp-content/uploads/2021/10/cropped-cropped-cropped-logo_white_background.png HTTP/2.0" 200 26788 "-" "Google/425.6.927981711 CFNetwork/3860.600.12 Darwin/25.5.0"
65.108.235.243 - - [19/Jun/2026:10:18:19 +0200] "POST /wp-cron.php?doing_wp_cron=1781857099.6071190834045410156250 HTTP/1.1" 200 1 "-" "WordPress/7.0; https://reggio-emilia.elettroservicegroup.it"
87.7.104.104 - - [19/Jun/2026:10:18:12 +0200] "GET /?_gl=1*1n9s529*_up*MQ..*_gs*MQ..&gclid=CjwKCAjw0dPRBhAPEiwAE5vTTv40Ca4nAMwFHwJZDh-slA4Vfdu1_DoNnS0cWhadkRY9bKJjLXVAeBoC_-IQAvD_BwE HTTP/2.0" 301 1 "https://reggio-emilia.elettroservicegroup.it/assistenza-condizionatori-reggio-emilia/?gad_source=1&gad_campaignid=23800353523&gclid=CjwKCAjw0dPRBhAPEiwAE5vTTv40Ca4nAMwFHwJZDh-slA4Vfdu1_DoNnS0cWhadkRY9bKJjLXVAeBoC_-IQAvD_BwE" "Mozilla/5.0 (iPhone; CPU iPhone OS 26_5_0 like Mac OS X) AppleWebKit/605.1.15 (KHTML, like Gecko) GSA/425.6.927981711 Mobile/15E148 Safari/604.1"
87.7.104.104 - - [19/Jun/2026:10:18:20 +0200] "GET /?_gl=1%2A1n9s529%2A_up%2AMQ..%2A_gs%2AMQ..&gclid=CjwKCAjw0dPRBhAPEiwAE5vTTv40Ca4nAMwFHwJZDh-slA4Vfdu1_DoNnS0cWhadkRY9bKJjLXVAeBoC_-IQAvD_BwE HTTP/2.0" 200 23430 "https://reggio-emilia.elettroservicegroup.it/assistenza-condizionatori-reggio-emilia/?gad_source=1&gad_campaignid=23800353523&gclid=CjwKCAjw0dPRBhAPEiwAE5vTTv40Ca4nAMwFHwJZDh-slA4Vfdu1_DoNnS0cWhadkRY9bKJjLXVAeBoC_-IQAvD_BwE" "Mozilla/5.0 (iPhone; CPU iPhone OS 26_5_0 like Mac OS X) AppleWebKit/605.1.15 (KHTML, like Gecko) GSA/425.6.927981711 Mobile/15E148 Safari/604.1"
87.7.104.104 - - [19/Jun/2026:10:18:23 +0200] "GET /wp-content/uploads/elementor/css/post-14227.css?ver=1781760307 HTTP/2.0" 200 2362 "https://reggio-emilia.elettroservicegroup.it/?_gl=1%2A1n9s529%2A_up%2AMQ..%2A_gs%2AMQ..&gclid=CjwKCAjw0dPRBhAPEiwAE5vTTv40Ca4nAMwFHwJZDh-slA4Vfdu1_DoNnS0cWhadkRY9bKJjLXVAeBoC_-IQAvD_BwE" "Mozilla/5.0 (iPhone; CPU iPhone OS 26_5_0 like Mac OS X) AppleWebKit/605.1.15 (KHTML, like Gecko) GSA/425.6.927981711 Mobile/15E148 Safari/604.1"
87.7.104.104 - - [19/Jun/2026:10:18:23 +0200] "GET /wp-content/uploads/2022/01/TECNICO-ELETTRODOMESTICI-1.jpg HTTP/2.0" 200 23089 "https://reggio-emilia.elettroservicegroup.it/?_gl=1%2A1n9s529%2A_up%2AMQ..%2A_gs%2AMQ..&gclid=CjwKCAjw0dPRBhAPEiwAE5vTTv40Ca4nAMwFHwJZDh-slA4Vfdu1_DoNnS0cWhadkRY9bKJjLXVAeBoC_-IQAvD_BwE" "Mozilla/5.0 (iPhone; CPU iPhone OS 26_5_0 like Mac OS X) AppleWebKit/605.1.15 (KHTML, like Gecko) GSA/425.6.927981711 Mobile/15E148 Safari/604.1"
65.108.235.243 - - [19/Jun/2026:10:32:51 +0200] "POST /wp-cron.php?doing_wp_cron=1781857971.8850519657135009765625 HTTP/1.1" 200 1 "-" "WordPress/7.0; https://reggio-emilia.elettroservicegroup.it"
216.73.217.38 - - [19/Jun/2026:10:32:50 +0200] "GET /robots.txt HTTP/2.0" 200 110 "-" "Mozilla/5.0 AppleWebKit/537.36 (KHTML, like Gecko; compatible; ClaudeBot/1.0; +claudebot@anthropic.com)"
216.73.217.38 - - [19/Jun/2026:10:32:52 +0200] "GET /sitemap.rss HTTP/2.0" 200 1464 "-" "Mozilla/5.0 AppleWebKit/537.36 (KHTML, like Gecko; compatible; ClaudeBot/1.0; +claudebot@anthropic.com)"
65.108.235.243 - - [19/Jun/2026:10:32:52 +0200] "GET /assistenza-lavastoviglie-bosch-rubiera/ HTTP/1.1" 200 22891 "-" "WP Fastest Cache Preload Bot"
65.108.235.243 - - [19/Jun/2026:10:32:52 +0200] "GET /assistenza-lavastoviglie-bosch-scandiano/ HTTP/1.1" 200 22896 "-" "WP Fastest Cache Preload Bot"
65.108.235.243 - - [19/Jun/2026:10:32:53 +0200] "GET /assistenza-lavastoviglie-bosch-santilario-denza/ HTTP/1.1" 200 22978 "-" "WP Fastest Cache Preload Bot"
65.108.235.243 - - [19/Jun/2026:10:32:53 +0200] "GET /assistenza-lavastoviglie-bosch-guastalla/ HTTP/1.1" 200 22896 "-" "WP Fastest Cache Preload Bot"
65.108.235.243 - - [19/Jun/2026:10:32:54 +0200] "POST /wp-json/complianz/v1/wsc-scan HTTP/1.1" 400 88 "-" "WordPress/7.0; https://reggio-emilia.elettroservicegroup.it"
65.108.235.243 - - [19/Jun/2026:10:41:49 +0200] "POST /wp-cron.php?doing_wp_cron=1781858509.2264020442962646484375 HTTP/1.1" 200 1 "-" "WordPress/7.0; https://reggio-emilia.elettroservicegroup.it"
81.56.233.62 - - [19/Jun/2026:10:41:47 +0200] "GET /assistenza-condizionatori-reggio-emilia/ HTTP/2.0" 200 20343 "https://www.google.com/url?q=https://reggio-emilia.elettroservicegroup.it/assistenza-condizionatori-reggio-emilia/&sa=U&sqi=2&ved=2ahUKEwi59bKj8JKVAxXR8wIHHf17AJ4QFnoFCIIBEAE&usg=AOvVaw3Ay6u8SrvfL8lv5TXuygfB" "Mozilla/5.0 (iPhone; CPU iPhone OS 26_5_1 like Mac OS X) AppleWebKit/605.1.15 (KHTML, like Gecko) GSA/418.3.902016201 Mobile/15E148 Safari/604.1"
81.56.233.62 - - [19/Jun/2026:10:41:49 +0200] "GET /wp-json/complianz/v1/banner?lang=it&locale=it_IT&token=aouhf HTTP/2.0" 200 82 "https://reggio-emilia.elettroservicegroup.it/assistenza-condizionatori-reggio-emilia/" "Mozilla/5.0 (iPhone; CPU iPhone OS 26_5_1 like Mac OS X) AppleWebKit/605.1.15 (KHTML, like Gecko) GSA/418.3.902016201 Mobile/15E148 Safari/604.1"
65.108.235.243 - - [19/Jun/2026:10:41:49 +0200] "GET /assistenza-lavastoviglie-bosch-correggio/ HTTP/1.1" 200 22898 "-" "WP Fastest Cache Preload Bot"
81.56.233.62 - - [19/Jun/2026:10:41:49 +0200] "GET /wp-json/complianz/v1/cookie_data HTTP/2.0" 200 82 "https://reggio-emilia.elettroservicegroup.it/assistenza-condizionatori-reggio-emilia/" "Mozilla/5.0 (iPhone; CPU iPhone OS 26_5_1 like Mac OS X) AppleWebKit/605.1.15 (KHTML, like Gecko) GSA/418.3.902016201 Mobile/15E148 Safari/604.1"
65.108.235.243 - - [19/Jun/2026:10:41:49 +0200] "GET /assistenza-lavastoviglie-bosch-reggio-emilia/ HTTP/1.1" 200 22894 "-" "WP Fastest Cache Preload Bot"
65.108.235.243 - - [19/Jun/2026:10:41:50 +0200] "GET /assistenza-lavastoviglie-ariston-rubiera/ HTTP/1.1" 200 22927 "-" "WP Fastest Cache Preload Bot"
65.108.235.243 - - [19/Jun/2026:10:41:50 +0200] "GET /assistenza-lavastoviglie-ariston-scandiano/ HTTP/1.1" 200 22929 "-" "WP Fastest Cache Preload Bot"
47.128.23.250 - - [19/Jun/2026:10:43:13 +0200] "GET /robots.txt HTTP/1.1" 200 11809 "-" "Mozilla/5.0 (Linux; Android 5.0) AppleWebKit/537.36 (KHTML, like Gecko) Mobile Safari/537.36 (compatible; Bytespider; spider-feedback@bytedance.com)"
65.108.235.243 - - [19/Jun/2026:11:02:08 +0200] "POST /wp-cron.php?doing_wp_cron=1781859728.7183980941772460937500 HTTP/1.1" 200 1 "-" "WordPress/7.0; https://reggio-emilia.elettroservicegroup.it"
66.249.70.201 - - [19/Jun/2026:11:02:06 +0200] "GET /assistenza-lavatrici-ariston-reggio-emilia/ HTTP/1.1" 200 23037 "-" "Mozilla/5.0 (Linux; Android 6.0.1; Nexus 5X Build/MMB29P) AppleWebKit/537.36 (KHTML, like Gecko) Chrome/148.0.7778.96 Mobile Safari/537.36 (compatible; Googlebot/2.1; +http://www.google.com/bot.html)"
65.108.235.243 - - [19/Jun/2026:11:02:09 +0200] "GET /assistenza-lavastoviglie-ariston-santilario-denza/ HTTP/1.1" 200 23011 "-" "WP Fastest Cache Preload Bot"
65.108.235.243 - - [19/Jun/2026:11:02:09 +0200] "GET /assistenza-lavastoviglie-ariston-guastalla/ HTTP/1.1" 200 22925 "-" "WP Fastest Cache Preload Bot"
65.108.235.243 - - [19/Jun/2026:11:02:10 +0200] "GET /assistenza-lavastoviglie-ariston-correggio/ HTTP/1.1" 200 22923 "-" "WP Fastest Cache Preload Bot"
65.108.235.243 - - [19/Jun/2026:11:02:10 +0200] "GET /assistenza-lavastoviglie-ariston-reggio-emilia/ HTTP/1.1" 200 22925 "-" "WP Fastest Cache Preload Bot"
66.249.70.199 - - [19/Jun/2026:11:02:12 +0200] "GET /wp-content/uploads/elementor/css/post-17780.css?ver=1780704000 HTTP/1.1" 200 2063 "https://reggio-emilia.elettroservicegroup.it/assistenza-lavatrici-ariston-reggio-emilia/" "Mozilla/5.0 (Linux; Android 6.0.1; Nexus 5X Build/MMB29P) AppleWebKit/537.36 (KHTML, like Gecko) Chrome/148.0.7778.96 Mobile Safari/537.36 (compatible; Googlebot/2.1; +http://www.google.com/bot.html)"
66.249.70.200 - - [19/Jun/2026:11:02:12 +0200] "GET /wp-json/complianz/v1/banner?lang=it&locale=it_IT&token=lcps HTTP/1.1" 200 82 "https://reggio-emilia.elettroservicegroup.it/assistenza-lavatrici-ariston-reggio-emilia/" "Mozilla/5.0 (Linux; Android 6.0.1; Nexus 5X Build/MMB29P) AppleWebKit/537.36 (KHTML, like Gecko) Chrome/148.0.7778.96 Mobile Safari/537.36 (compatible; Googlebot/2.1; +http://www.google.com/bot.html)"
65.108.235.243 - - [19/Jun/2026:11:12:16 +0200] "POST /wp-cron.php?doing_wp_cron=1781860336.2905790805816650390625 HTTP/1.1" 200 1 "-" "WordPress/7.0; https://reggio-emilia.elettroservicegroup.it"
66.249.70.200 - - [19/Jun/2026:11:12:09 +0200] "GET /assistenza-aeg-reggio-emilia/ HTTP/1.1" 200 22982 "-" "Mozilla/5.0 (Linux; Android 6.0.1; Nexus 5X Build/MMB29P) AppleWebKit/537.36 (KHTML, like Gecko) Chrome/148.0.7778.96 Mobile Safari/537.36 (compatible; Googlebot/2.1; +http://www.google.com/bot.html)"
66.249.70.200 - - [19/Jun/2026:11:12:17 +0200] "GET /wp-content/uploads/elementor/css/post-17690.css?ver=1780704000 HTTP/1.1" 200 2173 "https://reggio-emilia.elettroservicegroup.it/assistenza-aeg-reggio-emilia/" "Mozilla/5.0 (Linux; Android 6.0.1; Nexus 5X Build/MMB29P) AppleWebKit/537.36 (KHTML, like Gecko) Chrome/148.0.7778.96 Mobile Safari/537.36 (compatible; Googlebot/2.1; +http://www.google.com/bot.html)"
66.249.70.200 - - [19/Jun/2026:11:12:18 +0200] "GET /wp-json/complianz/v1/banner?lang=it&locale=it_IT&token=iwqav HTTP/1.1" 200 82 "https://reggio-emilia.elettroservicegroup.it/assistenza-aeg-reggio-emilia/" "Mozilla/5.0 (Linux; Android 6.0.1; Nexus 5X Build/MMB29P) AppleWebKit/537.36 (KHTML, like Gecko) Chrome/148.0.7778.96 Mobile Safari/537.36 (compatible; Googlebot/2.1; +http://www.google.com/bot.html)"
65.108.235.243 - - [19/Jun/2026:11:12:18 +0200] "GET /assistenza-lavastoviglie-aeg-rubiera/ HTTP/1.1" 200 22911 "-" "WP Fastest Cache Preload Bot"
65.108.235.243 - - [19/Jun/2026:11:12:20 +0200] "GET /assistenza-lavastoviglie-aeg-scandiano/ HTTP/1.1" 200 22917 "-" "WP Fastest Cache Preload Bot"
65.108.235.243 - - [19/Jun/2026:11:12:22 +0200] "GET /assistenza-lavastoviglie-aeg-santilario-denza/ HTTP/1.1" 200 22986 "-" "WP Fastest Cache Preload Bot"
65.108.235.243 - - [19/Jun/2026:11:12:25 +0200] "GET /assistenza-lavastoviglie-aeg-guastalla/ HTTP/1.1" 200 23043 "-" "WP Fastest Cache Preload Bot"
66.249.70.199 - - [19/Jun/2026:11:12:28 +0200] "GET /wp-content/uploads/elementor/css/post-17690.css?ver=1780704000 HTTP/1.1" 200 2173 "https://reggio-emilia.elettroservicegroup.it/assistenza-aeg-reggio-emilia/" "Mozilla/5.0 (Linux; Android 6.0.1; Nexus 5X Build/MMB29P) AppleWebKit/537.36 (KHTML, like Gecko) Chrome/148.0.7778.96 Mobile Safari/537.36 (compatible; Googlebot/2.1; +http://www.google.com/bot.html)"
65.108.235.243 - - [19/Jun/2026:11:29:05 +0200] "POST /wp-cron.php?doing_wp_cron=1781861345.8145420551300048828125 HTTP/1.1" 200 1 "-" "WordPress/7.0; https://reggio-emilia.elettroservicegroup.it"
145.40.129.210 - - [19/Jun/2026:11:29:04 +0200] "GET /wp-json/link-factory/v1/health HTTP/1.1" 404 115 "-" "undici"
65.108.235.243 - - [19/Jun/2026:11:29:06 +0200] "GET /assistenza-lavastoviglie-aeg-correggio/ HTTP/1.1" 200 23044 "-" "WP Fastest Cache Preload Bot"
145.40.129.210 - - [19/Jun/2026:11:29:06 +0200] "GET /wp-login.php HTTP/1.1" 200 3212 "-" "Mozilla/5.0 (X11; Linux x86_64) AppleWebKit/537.36 (KHTML, like Gecko) Chrome/127.0 Safari/537.36"
65.108.235.243 - - [19/Jun/2026:11:29:06 +0200] "GET /assistenza-lavastoviglie-aeg-reggio-emilia/ HTTP/1.1" 200 22906 "-" "WP Fastest Cache Preload Bot"
145.40.129.210 - - [19/Jun/2026:11:29:07 +0200] "POST /wp-login.php HTTP/1.1" 200 3329 "https://reggio-emilia.elettroservicegroup.it/wp-login.php" "Mozilla/5.0 (X11; Linux x86_64) AppleWebKit/537.36 (KHTML, like Gecko) Chrome/127.0 Safari/537.36"
65.108.235.243 - - [19/Jun/2026:11:29:07 +0200] "GET /assistenza-indesit-rubiera/ HTTP/1.1" 200 22928 "-" "WP Fastest Cache Preload Bot"
65.108.235.243 - - [19/Jun/2026:11:29:09 +0200] "GET /assistenza-lavastoviglie-rubiera/ HTTP/1.1" 200 23577 "-" "WP Fastest Cache Preload Bot"
178.209.15.131 - - [19/Jun/2026:11:33:47 +0200] "GET /wp-content/uploads/2021/12/lavatrice-2-300x200.jpg HTTP/1.1" 200 9548 "https://google.com, https://reggio-emilia.elettroservicegroup.it/assistenza-ariston-guastalla/" "Mozilla/5.0 (X11; Linux x86_64) AppleWebKit/537.36 (KHTML, like Gecko) Chrome/71.0.3578.80 Safari/537.36 OPR/56.0.3051.104"
187.62.243.85 - - [19/Jun/2026:11:33:48 +0200] "GET /wp-content/uploads/2022/10/COPERTINA-11-300x150.png HTTP/1.1" 200 30285 "https://google.com, https://reggio-emilia.elettroservicegroup.it/assistenza-ariston-guastalla/" "Mozilla/5.0 (X11; Linux x86_64) AppleWebKit/537.36 (KHTML, like Gecko) Chrome/70.0.3538.67 Safari/537.36"
213.200.15.235 - - [19/Jun/2026:11:33:48 +0200] "GET /wp-content/uploads/2022/10/COPERTINA-11.png HTTP/1.1" 200 238875 "https://reggio-emilia.elettroservicegroup.it/assistenza-ariston-guastalla/" "Mozilla/5.0 (Macintosh; Intel Mac OS X 10_10_4) AppleWebKit/537.36 (KHTML, like Gecko) Chrome/64.0.3282.186 Safari/537.36 OPR/51.0.2830.40"
65.108.235.243 - - [19/Jun/2026:11:43:01 +0200] "POST /wp-cron.php?doing_wp_cron=1781862181.0781528949737548828125 HTTP/1.1" 200 1 "-" "WordPress/7.0; https://reggio-emilia.elettroservicegroup.it"
216.73.217.38 - - [19/Jun/2026:11:42:59 +0200] "GET /robots.txt HTTP/2.0" 200 110 "-" "Mozilla/5.0 AppleWebKit/537.36 (KHTML, like Gecko; compatible; ClaudeBot/1.0; +claudebot@anthropic.com)"
216.73.217.38 - - [19/Jun/2026:11:43:01 +0200] "GET /sitemap.xml HTTP/2.0" 200 335 "-" "Mozilla/5.0 AppleWebKit/537.36 (KHTML, like Gecko; compatible; ClaudeBot/1.0; +claudebot@anthropic.com)"
65.108.235.243 - - [19/Jun/2026:11:43:01 +0200] "GET /assistenza-indesit-scandiano/ HTTP/1.1" 200 22929 "-" "WP Fastest Cache Preload Bot"
65.108.235.243 - - [19/Jun/2026:11:43:01 +0200] "GET /assistenza-lavastoviglie-scandiano/ HTTP/1.1" 200 23425 "-" "WP Fastest Cache Preload Bot"
65.108.235.243 - - [19/Jun/2026:11:43:02 +0200] "GET /assistenza-lavastoviglie-santilario-denza/ HTTP/1.1" 200 23502 "-" "WP Fastest Cache Preload Bot"
65.108.235.243 - - [19/Jun/2026:11:43:02 +0200] "GET /assistenza-indesit-santilario-denza/ HTTP/1.1" 200 22987 "-" "WP Fastest Cache Preload Bot"
65.108.235.243 - - [19/Jun/2026:11:43:03 +0200] "POST /wp-json/complianz/v1/wsc-scan HTTP/1.1" 400 88 "-" "WordPress/7.0; https://reggio-emilia.elettroservicegroup.it"
93.100.112.10 - - [19/Jun/2026:11:49:12 +0200] "POST /xmlrpc.php HTTP/1.1" 403 52 "-" "undici"
65.108.235.243 - - [19/Jun/2026:11:49:14 +0200] "POST /wp-cron.php?doing_wp_cron=1781862554.7987020015716552734375 HTTP/1.1" 200 1 "-" "WordPress/7.0; https://reggio-emilia.elettroservicegroup.it"
93.100.112.10 - - [19/Jun/2026:11:49:13 +0200] "GET /wp-json/wp/v2/categories?search=Uncategorized&per_page=100 HTTP/1.1" 200 1465 "-" "undici"
93.100.112.10 - - [19/Jun/2026:11:49:15 +0200] "POST /wp-json/wp/v2/posts HTTP/1.1" 401 102 "-" "undici"
65.108.235.243 - - [19/Jun/2026:11:49:15 +0200] "GET /assistenza-lavastoviglie-guastalla/ HTTP/1.1" 200 23423 "-" "WP Fastest Cache Preload Bot"
93.100.112.10 - - [19/Jun/2026:11:49:15 +0200] "GET /wp-json/wp/v2/settings HTTP/1.1" 401 84 "-" "undici"
65.108.235.243 - - [19/Jun/2026:11:49:16 +0200] "GET /assistenza-lavastoviglie-correggio/ HTTP/1.1" 200 23424 "-" "WP Fastest Cache Preload Bot"
65.108.235.243 - - [19/Jun/2026:11:49:16 +0200] "GET /assistenza-indesit-guastalla/ HTTP/1.1" 200 22928 "-" "WP Fastest Cache Preload Bot"
65.108.235.243 - - [19/Jun/2026:11:49:17 +0200] "GET /assistenza-lavastoviglie-reggio-emilia/ HTTP/1.1" 200 23369 "-" "WP Fastest Cache Preload Bot"
113.160.132.26 - - [19/Jun/2026:11:56:59 +0200] "GET /wp-login.php HTTP/2.0" 200 11707 "-" "Mozilla/5.0 (Windows NT 10.0; Win64; x64) AppleWebKit/537.36 (KHTML, like Gecko) Chrome/124.0.0.0 Safari/537.36"
113.160.132.26 - - [19/Jun/2026:11:57:01 +0200] "GET /wp-login.php?wp_lang=en_US HTTP/2.0" 200 11800 "-" "Mozilla/5.0 (Macintosh; Intel Mac OS X 10_15_7) AppleWebKit/605.1.15 (KHTML, like Gecko) Version/18.0 Safari/605.1.15"
94.156.114.132 - - [19/Jun/2026:11:58:02 +0200] "GET /wp-login.php?wp_lang=en_US HTTP/2.0" 200 11766 "-" "Mozilla/5.0 (Windows NT 10.0; Win64; x64) AppleWebKit/537.36 (KHTML, like Gecko) Chrome/124.0.0.0 Safari/537.36"
65.108.235.243 - - [19/Jun/2026:11:58:26 +0200] "POST /wp-cron.php?doing_wp_cron=1781863106.7357931137084960937500 HTTP/1.1" 200 1 "-" "WordPress/7.0; https://reggio-emilia.elettroservicegroup.it"
46.17.40.13 - - [19/Jun/2026:11:58:24 +0200] "GET /wp-login.php?wp_lang=en_US HTTP/2.0" 200 2450 "-" "Mozilla/5.0 (Windows NT 10.0; Win64; x64; rv:133.0) Gecko/20100101 Firefox/133.0"
46.17.40.13 - - [19/Jun/2026:11:58:26 +0200] "POST /wp-login.php?wp_lang=en_US HTTP/2.0" 200 2571 "https://reggio-emilia.elettroservicegroup.it/wp-login.php?wp_lang=en_US" "Mozilla/5.0 (Windows NT 10.0; Win64; x64; rv:133.0) Gecko/20100101 Firefox/133.0"
141.148.158.143 - - [19/Jun/2026:11:58:29 +0200] "GET /wp-login.php?wp_lang=en_US HTTP/2.0" 200 11771 "-" "Mozilla/5.0 (Macintosh; Intel Mac OS X 10_15_7) AppleWebKit/605.1.15 (KHTML, like Gecko) Version/18.0 Safari/605.1.15"
65.108.235.243 - - [19/Jun/2026:11:58:27 +0200] "GET /assistenza-indesit-correggio/ HTTP/1.1" 200 22928 "-" "WP Fastest Cache Preload Bot"
65.108.235.243 - - [19/Jun/2026:11:58:29 +0200] "GET /assistenza-indesit-reggio-emilia/ HTTP/1.1" 200 22919 "-" "WP Fastest Cache Preload Bot"
65.108.235.243 - - [19/Jun/2026:11:58:31 +0200] "GET /assistenza-candy-rubiera/ HTTP/1.1" 200 22948 "-" "WP Fastest Cache Preload Bot"
65.108.235.243 - - [19/Jun/2026:11:58:34 +0200] "GET /assistenza-candy-scandiano/ HTTP/1.1" 200 22955 "-" "WP Fastest Cache Preload Bot"
142.54.231.38 - - [19/Jun/2026:11:58:41 +0200] "GET /wp-login.php?wp_lang=en_US HTTP/1.1" 200 11800 "-" "Mozilla/5.0 (Windows NT 10.0; Win64; x64) AppleWebKit/537.36 (KHTML, like Gecko) Chrome/124.0.0.0 Safari/537.36"
192.252.216.81 - - [19/Jun/2026:11:59:28 +0200] "GET /wp-login.php?wp_lang=en_US HTTP/1.1" 200 11695 "-" "Mozilla/5.0 (Windows NT 10.0; Win64; x64) AppleWebKit/537.36 (KHTML, like Gecko) Chrome/124.0.0.0 Safari/537.36"
65.108.235.243 - - [19/Jun/2026:11:59:35 +0200] "POST /wp-cron.php?doing_wp_cron=1781863175.0444939136505126953125 HTTP/1.1" 200 1 "-" "WordPress/7.0; https://reggio-emilia.elettroservicegroup.it"
91.203.179.72 - - [19/Jun/2026:11:59:33 +0200] "GET /wp-login.php?wp_lang=en_US HTTP/2.0" 200 2450 "-" "Mozilla/5.0 (Windows NT 10.0; Win64; x64; rv:133.0) Gecko/20100101 Firefox/133.0"
91.203.179.72 - - [19/Jun/2026:11:59:35 +0200] "POST /wp-login.php?wp_lang=en_US HTTP/2.0" 200 2571 "https://reggio-emilia.elettroservicegroup.it/wp-login.php?wp_lang=en_US" "Mozilla/5.0 (Windows NT 10.0; Win64; x64; rv:133.0) Gecko/20100101 Firefox/133.0"
67.201.33.10 - - [19/Jun/2026:12:00:01 +0200] "GET /wp-login.php?wp_lang=en_US HTTP/1.1" 421 362 "-" "Mozilla/5.0 (Windows NT 10.0; Win64; x64) AppleWebKit/537.36 (KHTML, like Gecko) Chrome/124.0.0.0 Safari/537.36"
82.114.228.67 - - [19/Jun/2026:12:00:29 +0200] "GET /wp-login.php?wp_lang=en_US HTTP/2.0" 200 11770 "-" "Mozilla/5.0 (Macintosh; Intel Mac OS X 10_15_7) AppleWebKit/605.1.15 (KHTML, like Gecko) Version/18.0 Safari/605.1.15"
81.168.119.85 - - [19/Jun/2026:12:00:37 +0200] "GET /wp-login.php?wp_lang=en_US HTTP/2.0" 200 11794 "-" "Mozilla/5.0 (Macintosh; Intel Mac OS X 10_15_7) AppleWebKit/605.1.15 (KHTML, like Gecko) Version/18.0 Safari/605.1.15"
109.191.19.188 - - [19/Jun/2026:12:00:48 +0200] "GET /wp-login.php?wp_lang=en_US HTTP/2.0" 200 11710 "-" "Mozilla/5.0 (Windows NT 10.0; Win64; x64; rv:133.0) Gecko/20100101 Firefox/133.0"
62.113.119.32 - - [19/Jun/2026:12:00:49 +0200] "GET /wp-login.php?wp_lang=en_US HTTP/2.0" 200 11729 "-" "Mozilla/5.0 (Macintosh; Intel Mac OS X 10_15_7) AppleWebKit/605.1.15 (KHTML, like Gecko) Version/18.0 Safari/605.1.15"
84.47.150.125 - - [19/Jun/2026:12:01:00 +0200] "GET /wp-login.php?wp_lang=en_US HTTP/2.0" 200 11770 "-" "Mozilla/5.0 (Windows NT 10.0; Win64; x64) AppleWebKit/537.36 (KHTML, like Gecko) Chrome/124.0.0.0 Safari/537.36"
65.108.235.243 - - [19/Jun/2026:12:01:10 +0200] "POST /wp-cron.php?doing_wp_cron=1781863270.4980320930480957031250 HTTP/1.1" 200 1 "-" "WordPress/7.0; https://reggio-emilia.elettroservicegroup.it"
72.207.109.5 - - [19/Jun/2026:12:01:02 +0200] "GET /wp-login.php?wp_lang=en_US HTTP/1.1" 200 9075 "-" "Mozilla/5.0 (Windows NT 10.0; Win64; x64; rv:133.0) Gecko/20100101 Firefox/133.0"
72.207.109.5 - - [19/Jun/2026:12:01:12 +0200] "POST /wp-login.php?wp_lang=en_US HTTP/1.1" 200 9511 "https://reggio-emilia.elettroservicegroup.it/wp-login.php?wp_lang=en_US" "Mozilla/5.0 (Windows NT 10.0; Win64; x64; rv:133.0) Gecko/20100101 Firefox/133.0"
72.207.113.97 - - [19/Jun/2026:12:01:16 +0200] "GET /wp-login.php?wp_lang=en_US HTTP/1.1" 200 11750 "-" "Mozilla/5.0 (Macintosh; Intel Mac OS X 10_15_7) AppleWebKit/605.1.15 (KHTML, like Gecko) Version/18.0 Safari/605.1.15"
65.108.235.243 - - [19/Jun/2026:12:01:13 +0200] "GET /assistenza-candy-santilario-denza/ HTTP/1.1" 200 23013 "-" "WP Fastest Cache Preload Bot"
65.108.235.243 - - [19/Jun/2026:12:01:16 +0200] "GET /assistenza-candy-guastalla/ HTTP/1.1" 200 22951 "-" "WP Fastest Cache Preload Bot"
65.108.235.243 - - [19/Jun/2026:12:01:20 +0200] "GET /assistenza-candy-correggio/ HTTP/1.1" 200 22948 "-" "WP Fastest Cache Preload Bot"
65.108.235.243 - - [19/Jun/2026:12:01:24 +0200] "GET /assistenza-candy-reggio-emilia/ HTTP/1.1" 200 22934 "-" "WP Fastest Cache Preload Bot"
184.181.217.213 - - [19/Jun/2026:12:01:37 +0200] "GET /wp-login.php?wp_lang=en_US HTTP/1.1" 200 11816 "-" "Mozilla/5.0 (Windows NT 10.0; Win64; x64) AppleWebKit/537.36 (KHTML, like Gecko) Chrome/124.0.0.0 Safari/537.36"
184.181.217.201 - - [19/Jun/2026:12:01:39 +0200] "GET /wp-login.php?wp_lang=en_US HTTP/1.1" 200 11750 "-" "Mozilla/5.0 (Macintosh; Intel Mac OS X 10_15_7) AppleWebKit/605.1.15 (KHTML, like Gecko) Version/18.0 Safari/605.1.15"
65.108.235.243 - - [19/Jun/2026:12:41:51 +0200] "POST /wp-cron.php?doing_wp_cron=1781865711.1110889911651611328125 HTTP/1.1" 200 1 "-" "WordPress/7.0; https://reggio-emilia.elettroservicegroup.it"
74.125.151.199 - - [19/Jun/2026:12:41:47 +0200] "GET /assistenza-whirlpool-rubiera/ HTTP/1.1" 200 23081 "-" "Mozilla/5.0 (Linux; Android 6.0.1; Nexus 5X Build/MMB29P) AppleWebKit/537.36 (KHTML, like Gecko) Chrome/148.0.7778.96 Mobile Safari/537.36 (compatible; AdsBot-Google-Mobile; +http://www.google.com/mobile/adsbot.html)"
74.125.151.200 - - [19/Jun/2026:12:41:54 +0200] "GET /wp-content/plugins/gp-premium/menu-plus/functions/js/sticky.min.js?ver=2.5.5 HTTP/1.1" 200 2670 "https://reggio-emilia.elettroservicegroup.it/assistenza-whirlpool-rubiera/" "AdsBot-Google (+http://www.google.com/adsbot.html)"
74.125.151.200 - - [19/Jun/2026:12:41:54 +0200] "GET /wp-content/uploads/elementor/css/post-17845.css?ver=1781780845 HTTP/1.1" 200 2168 "https://reggio-emilia.elettroservicegroup.it/assistenza-whirlpool-rubiera/" "AdsBot-Google (+http://www.google.com/adsbot.html)"
65.108.235.243 - - [19/Jun/2026:12:41:53 +0200] "GET /assistenza-bosch-rubiera/ HTTP/1.1" 200 22869 "-" "WP Fastest Cache Preload Bot"
65.108.235.243 - - [19/Jun/2026:12:41:55 +0200] "GET /assistenza-bosch-scandiano/ HTTP/1.1" 200 22875 "-" "WP Fastest Cache Preload Bot"
65.108.235.243 - - [19/Jun/2026:12:41:56 +0200] "GET /assistenza-bosch-santilario-denza/ HTTP/1.1" 200 22942 "-" "WP Fastest Cache Preload Bot"
65.108.235.243 - - [19/Jun/2026:12:41:58 +0200] "GET /assistenza-bosch-guastalla/ HTTP/1.1" 200 22875 "-" "WP Fastest Cache Preload Bot"
74.125.151.201 - - [19/Jun/2026:12:42:00 +0200] "GET /wp-json/complianz/v1/banner?lang=it&locale=it_IT&token=haffc HTTP/1.1" 200 82 "https://reggio-emilia.elettroservicegroup.it/assistenza-whirlpool-rubiera/" "AdsBot-Google (+http://www.google.com/adsbot.html)"
65.108.235.243 - - [19/Jun/2026:12:46:24 +0200] "POST /wp-cron.php?doing_wp_cron=1781865984.3858649730682373046875 HTTP/1.1" 200 1 "-" "WordPress/7.0; https://reggio-emilia.elettroservicegroup.it"
66.249.70.200 - - [19/Jun/2026:12:46:16 +0200] "GET /assistenza-bosch-correggio/ HTTP/1.1" 200 22925 "-" "Mozilla/5.0 (Linux; Android 6.0.1; Nexus 5X Build/MMB29P) AppleWebKit/537.36 (KHTML, like Gecko) Chrome/148.0.7778.96 Mobile Safari/537.36 (compatible; Googlebot/2.1; +http://www.google.com/bot.html)"
65.108.235.243 - - [19/Jun/2026:12:46:25 +0200] "GET /assistenza-bosch-correggio/ HTTP/1.1" 200 22874 "-" "WP Fastest Cache Preload Bot"
66.249.70.199 - - [19/Jun/2026:12:46:27 +0200] "GET /wp-content/uploads/elementor/css/post-17703.css?ver=1780704000 HTTP/1.1" 200 2163 "https://reggio-emilia.elettroservicegroup.it/assistenza-bosch-correggio/" "Mozilla/5.0 (Linux; Android 6.0.1; Nexus 5X Build/MMB29P) AppleWebKit/537.36 (KHTML, like Gecko) Chrome/148.0.7778.96 Mobile Safari/537.36 (compatible; Googlebot/2.1; +http://www.google.com/bot.html)"
65.108.235.243 - - [19/Jun/2026:12:46:26 +0200] "GET /assistenza-bosch-reggio-emilia/ HTTP/1.1" 200 22863 "-" "WP Fastest Cache Preload Bot"
65.108.235.243 - - [19/Jun/2026:12:46:28 +0200] "GET /assistenza-ariston-rubiera/ HTTP/1.1" 200 23039 "-" "WP Fastest Cache Preload Bot"
65.108.235.243 - - [19/Jun/2026:12:46:31 +0200] "GET /assistenza-ariston-scandiano/ HTTP/1.1" 200 23008 "-" "WP Fastest Cache Preload Bot"
65.108.235.243 - - [19/Jun/2026:13:01:07 +0200] "POST /wp-cron.php?doing_wp_cron=1781866866.9973289966583251953125 HTTP/1.1" 200 1 "-" "WordPress/7.0; https://reggio-emilia.elettroservicegroup.it"
74.125.151.200 - - [19/Jun/2026:13:01:02 +0200] "GET /assistenza-indesit-rubiera/ HTTP/1.1" 200 22987 "-" "Mozilla/5.0 (Linux; Android 6.0.1; Nexus 5X Build/MMB29P) AppleWebKit/537.36 (KHTML, like Gecko) Chrome/148.0.7778.96 Mobile Safari/537.36 (compatible; AdsBot-Google-Mobile; +http://www.google.com/mobile/adsbot.html)"
74.125.151.199 - - [19/Jun/2026:13:01:10 +0200] "GET /wp-content/uploads/elementor/css/post-17725.css?ver=1781773323 HTTP/1.1" 200 2162 "https://reggio-emilia.elettroservicegroup.it/assistenza-indesit-rubiera/" "AdsBot-Google (+http://www.google.com/adsbot.html)"
65.108.235.243 - - [19/Jun/2026:13:01:09 +0200] "POST /wp-json/complianz/v1/wsc-scan HTTP/1.1" 400 88 "-" "WordPress/7.0; https://reggio-emilia.elettroservicegroup.it"
65.108.235.243 - - [19/Jun/2026:13:01:10 +0200] "GET /assistenza-ariston-santilario-denza/ HTTP/1.1" 200 23053 "-" "WP Fastest Cache Preload Bot"
65.108.235.243 - - [19/Jun/2026:13:01:12 +0200] "GET /assistenza-ariston-guastalla/ HTTP/1.1" 200 23079 "-" "WP Fastest Cache Preload Bot"
65.108.235.243 - - [19/Jun/2026:13:01:15 +0200] "GET /assistenza-ariston-correggio/ HTTP/1.1" 200 23038 "-" "WP Fastest Cache Preload Bot"
65.108.235.243 - - [19/Jun/2026:13:01:18 +0200] "GET /assistenza-ariston-reggio-emilia/ HTTP/1.1" 200 23000 "-" "WP Fastest Cache Preload Bot"