65.108.235.243 - - [27/Jun/2026:14:16:42 +0200] "POST /wp-cron.php?doing_wp_cron=1782562602.7019009590148925781250 HTTP/1.1" 200 1 "-" "WordPress/7.0; https://piacenza.elettroservicegroup.it"
198.235.24.195 - - [27/Jun/2026:14:16:37 +0200] "GET /wp-login.php HTTP/1.1" 200 12756 "-" "Hello from Palo Alto Networks, find out more about our scans in https://docs-cortex.paloaltonetworks.com/r/1/Cortex-Xpanse/Scanning-activity"
66.249.64.165 - - [27/Jun/2026:14:55:05 +0200] "GET /wp-content/uploads/2021/10/sfondo-aeg.jpg HTTP/1.1" 200 33767 "-" "Googlebot-Image/1.0"
65.108.235.243 - - [27/Jun/2026:15:12:16 +0200] "POST /wp-cron.php?doing_wp_cron=1782565936.2982449531555175781250 HTTP/1.1" 200 1 "-" "WordPress/7.0; https://piacenza.elettroservicegroup.it"
66.249.89.231 - - [27/Jun/2026:15:12:11 +0200] "GET /googlee1b2e41219952c04.html HTTP/1.1" 404 16297 "-" "Mozilla/5.0 (compatible; Google-Site-Verification/1.0)"
66.249.89.230 - - [27/Jun/2026:15:12:17 +0200] "GET /google31ff79826d0c121f.html HTTP/1.1" 404 16298 "-" "Mozilla/5.0 (compatible; Google-Site-Verification/1.0)"
65.108.235.243 - - [27/Jun/2026:15:12:17 +0200] "POST /wp-json/complianz/v1/wsc-scan HTTP/1.1" 400 88 "-" "WordPress/7.0; https://piacenza.elettroservicegroup.it"
65.108.235.243 - - [27/Jun/2026:15:12:18 +0200] "GET /imprint/ HTTP/1.1" 200 17185 "-" "WP Fastest Cache Preload Bot"
65.108.235.243 - - [27/Jun/2026:15:12:19 +0200] "GET /dichiarazione-sulla-privacy-ue/ HTTP/1.1" 200 19684 "-" "WP Fastest Cache Preload Bot"
65.108.235.243 - - [27/Jun/2026:15:12:20 +0200] "GET /assistenza-whirlpool-piacenza/ HTTP/1.1" 200 21855 "-" "WP Fastest Cache Preload Bot"
65.108.235.243 - - [27/Jun/2026:15:12:21 +0200] "GET /assistenza-smeg-piacenza/ HTTP/1.1" 200 21800 "-" "WP Fastest Cache Preload Bot"
65.108.235.243 - - [27/Jun/2026:15:12:22 +0200] "GET / HTTP/1.1" 200 21818 "-" "WP Fastest Cache Preload Bot"
177.10.234.198 - - [27/Jun/2026:15:42:56 +0200] "GET / HTTP/2.0" 200 21795 "-" "Mozilla/5.0 (Linux; Android 8.0; Pixel 2 Build/OPD3.170816.012) AppleWebKit/537.36 (KHTML, like Gecko) Chrome/46.0.9693.1348 Mobile Safari/537.36"
103.110.162.230 - - [27/Jun/2026:15:42:59 +0200] "GET /wp-content/uploads/elementor/css/post-14227.css?ver=1782443029 HTTP/2.0" 200 2273 "https://piacenza.elettroservicegroup.it/" "Mozilla/5.0 (Linux; Android 8.0; Pixel 2 Build/OPD3.170816.012) AppleWebKit/537.36 (KHTML, like Gecko) Chrome/46.0.9693.1348 Mobile Safari/537.36"
103.110.162.230 - - [27/Jun/2026:15:42:59 +0200] "GET /wp-content/cache/wpfc-minified/6ykfum2g/2bdz9.css HTTP/2.0" 200 14492 "https://piacenza.elettroservicegroup.it/" "Mozilla/5.0 (Linux; Android 8.0; Pixel 2 Build/OPD3.170816.012) AppleWebKit/537.36 (KHTML, like Gecko) Chrome/46.0.9693.1348 Mobile Safari/537.36"
103.110.162.230 - - [27/Jun/2026:15:42:59 +0200] "GET /wp-content/cache/wpfc-minified/30gnld0u/2b8mf.css HTTP/2.0" 200 19038 "https://piacenza.elettroservicegroup.it/" "Mozilla/5.0 (Linux; Android 8.0; Pixel 2 Build/OPD3.170816.012) AppleWebKit/537.36 (KHTML, like Gecko) Chrome/46.0.9693.1348 Mobile Safari/537.36"
103.110.162.230 - - [27/Jun/2026:15:42:59 +0200] "GET /wp-content/cache/wpfc-minified/kajgjpa1/2b8mf.js HTTP/2.0" 200 37594 "https://piacenza.elettroservicegroup.it/" "Mozilla/5.0 (Linux; Android 8.0; Pixel 2 Build/OPD3.170816.012) AppleWebKit/537.36 (KHTML, like Gecko) Chrome/46.0.9693.1348 Mobile Safari/537.36"
103.110.162.230 - - [27/Jun/2026:15:42:59 +0200] "GET /wp-content/plugins/gp-premium/menu-plus/functions/js/sticky.min.js?ver=2.5.5 HTTP/2.0" 200 2670 "https://piacenza.elettroservicegroup.it/" "Mozilla/5.0 (Linux; Android 8.0; Pixel 2 Build/OPD3.170816.012) AppleWebKit/537.36 (KHTML, like Gecko) Chrome/46.0.9693.1348 Mobile Safari/537.36"
103.110.162.230 - - [27/Jun/2026:15:42:59 +0200] "GET /wp-content/plugins/elementor/assets/js/webpack.runtime.min.js?ver=4.1.4 HTTP/2.0" 200 2340 "https://piacenza.elettroservicegroup.it/" "Mozilla/5.0 (Linux; Android 8.0; Pixel 2 Build/OPD3.170816.012) AppleWebKit/537.36 (KHTML, like Gecko) Chrome/46.0.9693.1348 Mobile Safari/537.36"
103.110.162.230 - - [27/Jun/2026:15:42:59 +0200] "GET /wp-includes/js/jquery/ui/core.min.js?ver=1.13.3 HTTP/2.0" 200 6820 "https://piacenza.elettroservicegroup.it/" "Mozilla/5.0 (Linux; Android 8.0; Pixel 2 Build/OPD3.170816.012) AppleWebKit/537.36 (KHTML, like Gecko) Chrome/46.0.9693.1348 Mobile Safari/537.36"
103.110.162.230 - - [27/Jun/2026:15:43:00 +0200] "GET /wp-content/themes/generatepress/assets/js/menu.min.js?ver=3.6.1 HTTP/2.0" 200 1688 "https://piacenza.elettroservicegroup.it/" "Mozilla/5.0 (Linux; Android 8.0; Pixel 2 Build/OPD3.170816.012) AppleWebKit/537.36 (KHTML, like Gecko) Chrome/46.0.9693.1348 Mobile Safari/537.36"
103.110.162.230 - - [27/Jun/2026:15:43:00 +0200] "GET /wp-content/plugins/elementor/assets/js/frontend.min.js?ver=4.1.4 HTTP/2.0" 200 10140 "https://piacenza.elettroservicegroup.it/" "Mozilla/5.0 (Linux; Android 8.0; Pixel 2 Build/OPD3.170816.012) AppleWebKit/537.36 (KHTML, like Gecko) Chrome/46.0.9693.1348 Mobile Safari/537.36"
103.110.162.230 - - [27/Jun/2026:15:43:00 +0200] "GET /wp-content/plugins/complianz-gdpr-premium/cookiebanner/js/complianz.min.js?ver=1781539588 HTTP/2.0" 200 10762 "https://piacenza.elettroservicegroup.it/" "Mozilla/5.0 (Linux; Android 8.0; Pixel 2 Build/OPD3.170816.012) AppleWebKit/537.36 (KHTML, like Gecko) Chrome/46.0.9693.1348 Mobile Safari/537.36"
103.110.162.230 - - [27/Jun/2026:15:43:00 +0200] "GET /wp-content/uploads/2021/10/asko-e1634463631713-768x506.jpg HTTP/2.0" 206 500 "https://piacenza.elettroservicegroup.it/" "Mozilla/5.0 (Linux; Android 8.0; Pixel 2 Build/OPD3.170816.012) AppleWebKit/537.36 (KHTML, like Gecko) Chrome/46.0.9693.1348 Mobile Safari/537.36"
103.110.162.230 - - [27/Jun/2026:15:43:00 +0200] "GET /wp-content/uploads/2022/01/copertina-Riparazione_Lavastoviglie-1-12.jpg HTTP/2.0" 206 500 "https://piacenza.elettroservicegroup.it/" "Mozilla/5.0 (Linux; Android 8.0; Pixel 2 Build/OPD3.170816.012) AppleWebKit/537.36 (KHTML, like Gecko) Chrome/46.0.9693.1348 Mobile Safari/537.36"
103.110.162.230 - - [27/Jun/2026:15:43:00 +0200] "GET /wp-content/uploads/2021/10/copertina-washing-machine-2668472_1920-768x512.jpg HTTP/2.0" 206 500 "https://piacenza.elettroservicegroup.it/" "Mozilla/5.0 (Linux; Android 8.0; Pixel 2 Build/OPD3.170816.012) AppleWebKit/537.36 (KHTML, like Gecko) Chrome/46.0.9693.1348 Mobile Safari/537.36"
103.110.162.230 - - [27/Jun/2026:15:43:00 +0200] "GET /wp-content/uploads/2022/01/forno-c-768x512.jpg HTTP/2.0" 206 500 "https://piacenza.elettroservicegroup.it/" "Mozilla/5.0 (Linux; Android 8.0; Pixel 2 Build/OPD3.170816.012) AppleWebKit/537.36 (KHTML, like Gecko) Chrome/46.0.9693.1348 Mobile Safari/537.36"
103.110.162.230 - - [27/Jun/2026:15:43:00 +0200] "GET /wp-content/plugins/elementor/assets/js/text-editor.45609661e409413f1cef.bundle.min.js HTTP/2.0" 200 592 "https://piacenza.elettroservicegroup.it/" "Mozilla/5.0 (Linux; Android 8.0; Pixel 2 Build/OPD3.170816.012) AppleWebKit/537.36 (KHTML, like Gecko) Chrome/46.0.9693.1348 Mobile Safari/537.36"
103.110.162.230 - - [27/Jun/2026:15:43:00 +0200] "GET /wp-content/plugins/elementor/assets/js/shared-frontend-handlers.03caa53373b56d3bab67.bundle.min.js HTTP/2.0" 200 2515 "https://piacenza.elettroservicegroup.it/" "Mozilla/5.0 (Linux; Android 8.0; Pixel 2 Build/OPD3.170816.012) AppleWebKit/537.36 (KHTML, like Gecko) Chrome/46.0.9693.1348 Mobile Safari/537.36"
65.108.235.243 - - [27/Jun/2026:15:43:05 +0200] "POST /wp-cron.php?doing_wp_cron=1782567785.4077799320220947265625 HTTP/1.1" 200 1 "-" "WordPress/7.0; https://piacenza.elettroservicegroup.it"
103.110.162.230 - - [27/Jun/2026:15:43:00 +0200] "GET /wp-json/complianz/v1/banner?lang=it&locale=it_IT&token=tpzyb HTTP/2.0" 200 - "https://piacenza.elettroservicegroup.it/" "Mozilla/5.0 (Linux; Android 8.0; Pixel 2 Build/OPD3.170816.012) AppleWebKit/537.36 (KHTML, like Gecko) Chrome/46.0.9693.1348 Mobile Safari/537.36"
65.108.235.243 - - [27/Jun/2026:15:43:06 +0200] "GET /imprint/ HTTP/1.1" 200 17180 "-" "WP Fastest Cache Preload Bot"
65.108.235.243 - - [27/Jun/2026:15:43:10 +0200] "GET /dichiarazione-sulla-privacy-ue/ HTTP/1.1" 200 19675 "-" "WP Fastest Cache Preload Bot"
65.108.235.243 - - [27/Jun/2026:15:43:12 +0200] "GET /assistenza-whirlpool-piacenza/ HTTP/1.1" 200 21855 "-" "WP Fastest Cache Preload Bot"
65.108.235.243 - - [27/Jun/2026:15:43:14 +0200] "GET /assistenza-smeg-piacenza/ HTTP/1.1" 200 21800 "-" "WP Fastest Cache Preload Bot"
47.128.23.5 - - [27/Jun/2026:16:20:53 +0200] "GET /robots.txt HTTP/1.1" 200 11776 "-" "Mozilla/5.0 (Linux; Android 5.0) AppleWebKit/537.36 (KHTML, like Gecko) Mobile Safari/537.36 (compatible; Bytespider; spider-feedback@bytedance.com)"
85.203.44.49 - - [27/Jun/2026:17:08:40 +0200] "POST /xmlrpc.php HTTP/1.1" 200 11680 "-" "Mozilla/5.0 (Windows NT 10.0; Win64; x64) AppleWebKit/537.36 (KHTML, like Gecko) Chrome/114.0.0.0 Safari/537.36"
72.14.201.23 - - [27/Jun/2026:17:37:08 +0200] "GET / HTTP/2.0" 200 21795 "https://www.google.com/" "Mozilla/5.0 (Windows NT 10.0; Win64; x64) AppleWebKit/537.36 (KHTML, like Gecko) Chrome/149.0.0.0 Safari/537.36"
65.108.235.243 - - [27/Jun/2026:17:37:11 +0200] "POST /wp-cron.php?doing_wp_cron=1782574631.9344489574432373046875 HTTP/1.1" 200 1 "-" "WordPress/7.0; https://piacenza.elettroservicegroup.it"
66.249.93.140 - - [27/Jun/2026:17:37:08 +0200] "GET /.well-known/traffic-advice HTTP/1.1" 404 16291 "-" "Chrome Privacy Preserving Prefetch Proxy"
65.108.235.243 - - [27/Jun/2026:17:37:13 +0200] "POST /wp-json/complianz/v1/wsc-scan HTTP/1.1" 400 88 "-" "WordPress/7.0; https://piacenza.elettroservicegroup.it"
65.108.235.243 - - [27/Jun/2026:17:37:13 +0200] "GET /assistenza-siemens-piacenza/ HTTP/1.1" 200 21985 "-" "WP Fastest Cache Preload Bot"
65.108.235.243 - - [27/Jun/2026:17:37:14 +0200] "GET /assistenza-rex-electrolux-piacenza/ HTTP/1.1" 200 21846 "-" "WP Fastest Cache Preload Bot"
65.108.235.243 - - [27/Jun/2026:17:37:15 +0200] "GET /assistenza-miele-piacenza/ HTTP/1.1" 200 22097 "-" "WP Fastest Cache Preload Bot"
65.108.235.243 - - [27/Jun/2026:17:37:17 +0200] "GET /assistenza-lavatrici-whirlpool-piacenza/ HTTP/1.1" 200 21964 "-" "WP Fastest Cache Preload Bot"
3.18.186.238 - - [27/Jun/2026:18:12:30 +0200] "GET / HTTP/1.1" 200 23713 "-" "visionheight.com/scan Mozilla/5.0 (Macintosh; Intel Mac OS X 10_15_7) Chrome/126.0.0.0 Safari/537.36"
65.108.235.243 - - [27/Jun/2026:18:32:01 +0200] "GET /assistenza-lavatrici-smeg-piacenza/ HTTP/1.1" 200 21711 "-" "WP Fastest Cache Preload Bot"
65.108.235.243 - - [27/Jun/2026:18:32:02 +0200] "GET /assistenza-lavatrici-rex-electrolux-piacenza/ HTTP/1.1" 200 21679 "-" "WP Fastest Cache Preload Bot"
65.108.235.243 - - [27/Jun/2026:18:32:03 +0200] "GET /assistenza-lavatrici-indesit-piacenza/ HTTP/1.1" 200 21706 "-" "WP Fastest Cache Preload Bot"
65.108.235.243 - - [27/Jun/2026:18:32:04 +0200] "GET /assistenza-lavatrici-bosch-piacenza/ HTTP/1.1" 200 21748 "-" "WP Fastest Cache Preload Bot"
65.108.235.243 - - [27/Jun/2026:19:08:52 +0200] "POST /wp-cron.php?doing_wp_cron=1782580132.2208530902862548828125 HTTP/1.1" 200 1 "-" "WordPress/7.0; https://piacenza.elettroservicegroup.it"
17.246.19.16 - - [27/Jun/2026:19:08:49 +0200] "GET /robots.txt HTTP/2.0" 200 132 "-" "Mozilla/5.0 (Macintosh; Intel Mac OS X 10_15_7) AppleWebKit/605.1.15 (KHTML, like Gecko) Version/17.4 Safari/605.1.15 (Applebot/0.1; +http://www.apple.com/go/applebot)"
17.246.19.16 - - [27/Jun/2026:19:08:52 +0200] "GET /feed/?attachment_id=16638 HTTP/2.0" 200 477 "-" "Mozilla/5.0 (Macintosh; Intel Mac OS X 10_15_7) AppleWebKit/605.1.15 (KHTML, like Gecko) Version/17.4 Safari/605.1.15 (Applebot/0.1; +http://www.apple.com/go/applebot)"
65.108.235.243 - - [27/Jun/2026:19:08:54 +0200] "POST /wp-json/complianz/v1/wsc-scan HTTP/1.1" 400 88 "-" "WordPress/7.0; https://piacenza.elettroservicegroup.it"
65.108.235.243 - - [27/Jun/2026:19:08:54 +0200] "GET /assistenza-lavatrici-ariston-piacenza/ HTTP/1.1" 200 21766 "-" "WP Fastest Cache Preload Bot"
65.108.235.243 - - [27/Jun/2026:19:08:54 +0200] "GET /assistenza-lavatrici-aeg-piacenza/ HTTP/1.1" 200 21770 "-" "WP Fastest Cache Preload Bot"
65.108.235.243 - - [27/Jun/2026:19:08:56 +0200] "GET /assistenza-lavatrici-piacenza/ HTTP/1.1" 200 22018 "-" "WP Fastest Cache Preload Bot"
65.108.235.243 - - [27/Jun/2026:19:08:58 +0200] "GET /assistenza-lavastoviglie-whirlpool-piacenza/ HTTP/1.1" 200 21717 "-" "WP Fastest Cache Preload Bot"
51.68.179.234 - - [27/Jun/2026:20:01:01 +0200] "GET /blog-verify HTTP/2.0" 301 - "-" "Mozilla/5.0 (Macintosh; Intel Mac OS X 10.15; rv:150.0) Gecko/20100101 Firefox/150.0"
65.108.235.243 - - [27/Jun/2026:20:01:05 +0200] "POST /wp-cron.php?doing_wp_cron=1782583264.9886291027069091796875 HTTP/1.1" 200 1 "-" "WordPress/7.0; https://piacenza.elettroservicegroup.it"
51.68.179.234 - - [27/Jun/2026:20:01:01 +0200] "GET /wp-content/plugins/cidaas-pro-master/composer.json HTTP/2.0" 301 - "-" "Mozilla/5.0 (Windows NT 10.0; Win64; x64) AppleWebKit/537.36 (KHTML, like Gecko) Chrome/149.0.0.0 Safari/537.36"
51.68.179.234 - - [27/Jun/2026:20:01:06 +0200] "GET /wp-content/plugins/cidaas-pro-master/composer.json HTTP/2.0" 404 85275 "-" "Mozilla/5.0 (Windows NT 10.0; Win64; x64) AppleWebKit/537.36 (KHTML, like Gecko) Chrome/149.0.0.0 Safari/537.36"
65.108.235.243 - - [27/Jun/2026:20:01:05 +0200] "GET /assistenza-lavastoviglie-smeg-piacenza/ HTTP/1.1" 200 21661 "-" "WP Fastest Cache Preload Bot"
51.68.179.234 - - [27/Jun/2026:20:01:06 +0200] "GET /blog-verify HTTP/2.0" 404 85023 "-" "Mozilla/5.0 (Macintosh; Intel Mac OS X 10.15; rv:150.0) Gecko/20100101 Firefox/150.0"
65.108.235.243 - - [27/Jun/2026:20:01:07 +0200] "GET /assistenza-lavastoviglie-rex-electrolux-piacenza/ HTTP/1.1" 200 21625 "-" "WP Fastest Cache Preload Bot"
65.108.235.243 - - [27/Jun/2026:20:01:07 +0200] "GET /assistenza-lavastoviglie-indesit-piacenza/ HTTP/1.1" 200 22130 "-" "WP Fastest Cache Preload Bot"
65.108.235.243 - - [27/Jun/2026:20:01:07 +0200] "GET /assistenza-lavastoviglie-bosch-piacenza/ HTTP/1.1" 200 22152 "-" "WP Fastest Cache Preload Bot"
51.68.179.234 - - [27/Jun/2026:20:01:09 +0200] "GET /?wmo_hc=k7Hx9mQp2wRt HTTP/2.0" 301 - "-" "Mozilla/5.0 (X11; Linux x86_64) AppleWebKit/537.36 (KHTML, like Gecko) Chrome/149.0.0.0 Safari/537.36"
51.68.179.234 - - [27/Jun/2026:20:01:11 +0200] "GET /?wmo_hc=k7Hx9mQp2wRt HTTP/2.0" 200 163112 "-" "Mozilla/5.0 (X11; Linux x86_64) AppleWebKit/537.36 (KHTML, like Gecko) Chrome/149.0.0.0 Safari/537.36"
65.108.235.243 - - [27/Jun/2026:20:37:05 +0200] "POST /wp-cron.php?doing_wp_cron=1782585425.7993130683898925781250 HTTP/1.1" 200 1 "-" "WordPress/7.0; https://piacenza.elettroservicegroup.it"
103.149.130.6 - - [27/Jun/2026:20:36:57 +0200] "GET /wp-content/uploads/2022/01/ARISTON-288x300.jpg HTTP/2.0" 404 85257 "https://piacenza.elettroservicegroup.it/assistenza-ariston-piacenza/" "Mozilla/5.0 (Macintosh; Intel Mac OS X 10_15_7) AppleWebKit/537.36 (KHTML, like Gecko) Chrome/130.0.0.0 Safari/537.36"
65.108.235.243 - - [27/Jun/2026:20:37:08 +0200] "POST /wp-json/complianz/v1/wsc-scan HTTP/1.1" 400 88 "-" "WordPress/7.0; https://piacenza.elettroservicegroup.it"
65.108.235.243 - - [27/Jun/2026:20:37:09 +0200] "GET /assistenza-lavastoviglie-ariston-piacenza/ HTTP/1.1" 200 22089 "-" "WP Fastest Cache Preload Bot"
65.108.235.243 - - [27/Jun/2026:20:37:11 +0200] "GET /assistenza-lavastoviglie-aeg-piacenza/ HTTP/1.1" 200 22145 "-" "WP Fastest Cache Preload Bot"
65.108.235.243 - - [27/Jun/2026:20:37:13 +0200] "GET /assistenza-lavastoviglie-piacenza/ HTTP/1.1" 200 21764 "-" "WP Fastest Cache Preload Bot"
65.108.235.243 - - [27/Jun/2026:20:37:15 +0200] "GET /assistenza-indesit-piacenza/ HTTP/1.1" 200 21798 "-" "WP Fastest Cache Preload Bot"
65.108.235.243 - - [27/Jun/2026:21:07:17 +0200] "POST /wp-cron.php?doing_wp_cron=1782587237.0892910957336425781250 HTTP/1.1" 200 1 "-" "WordPress/7.0; https://piacenza.elettroservicegroup.it"
51.89.44.65 - - [27/Jun/2026:21:07:11 +0200] "GET /wp-content/plugins/clean-tools/clean-tools.php?root=admin888 HTTP/2.0" 301 - "-" "Mozilla/5.0 (Macintosh; Intel Mac OS X 10.15; rv:150.0) Gecko/20100101 Firefox/150.0"
51.89.44.65 - - [27/Jun/2026:21:07:17 +0200] "GET /wp-content/plugins/clean-tools/clean-tools.php?root=admin888 HTTP/2.0" 404 85227 "-" "Mozilla/5.0 (Macintosh; Intel Mac OS X 10.15; rv:150.0) Gecko/20100101 Firefox/150.0"
65.108.235.243 - - [27/Jun/2026:21:07:19 +0200] "GET /assistenza-candy-piacenza/ HTTP/1.1" 200 21895 "-" "WP Fastest Cache Preload Bot"
65.108.235.243 - - [27/Jun/2026:21:07:22 +0200] "GET /assistenza-bosch-piacenza/ HTTP/1.1" 200 21897 "-" "WP Fastest Cache Preload Bot"
51.89.44.65 - - [27/Jun/2026:21:07:25 +0200] "GET /wp-content/wplog.php?root=admin888 HTTP/2.0" 301 - "-" "Mozilla/5.0 (X11; Linux x86_64) AppleWebKit/537.36 (KHTML, like Gecko) Chrome/149.0.0.0 Safari/537.36"
65.108.235.243 - - [27/Jun/2026:21:07:25 +0200] "GET /assistenza-ariston-piacenza/ HTTP/1.1" 200 21886 "-" "WP Fastest Cache Preload Bot"
51.89.44.65 - - [27/Jun/2026:21:07:26 +0200] "GET /wp-content/wplog.php?root=admin888 HTTP/2.0" 404 85059 "-" "Mozilla/5.0 (X11; Linux x86_64) AppleWebKit/537.36 (KHTML, like Gecko) Chrome/149.0.0.0 Safari/537.36"
65.108.235.243 - - [27/Jun/2026:21:07:28 +0200] "GET /assistenza-aeg-piacenza/ HTTP/1.1" 200 21886 "-" "WP Fastest Cache Preload Bot"
65.108.235.243 - - [27/Jun/2026:21:08:22 +0200] "POST /wp-cron.php?doing_wp_cron=1782587302.7032420635223388671875 HTTP/1.1" 200 1 "-" "WordPress/7.0; https://piacenza.elettroservicegroup.it"
40.77.167.101 - - [27/Jun/2026:21:08:20 +0200] "GET /robots.txt HTTP/2.0" 200 108 "-" "Mozilla/5.0 AppleWebKit/537.36 (KHTML, like Gecko; compatible; bingbot/2.0; +http://www.bing.com/bingbot.htm) Chrome/116.0.1938.76 Safari/537.36"
65.108.235.243 - - [27/Jun/2026:21:08:34 +0200] "POST /wp-cron.php?doing_wp_cron=1782587313.9945468902587890625000 HTTP/1.1" 200 1 "-" "WordPress/7.0; https://piacenza.elettroservicegroup.it"
207.46.13.125 - - [27/Jun/2026:21:08:32 +0200] "GET /sitemap.rss HTTP/2.0" 200 1299 "-" "Mozilla/5.0 AppleWebKit/537.36 (KHTML, like Gecko; compatible; bingbot/2.0; +http://www.bing.com/bingbot.htm) Chrome/116.0.1938.76 Safari/537.36"
65.108.235.243 - - [27/Jun/2026:21:35:22 +0200] "POST /wp-cron.php?doing_wp_cron=1782588921.9973061084747314453125 HTTP/1.1" 200 1 "-" "WordPress/7.0; https://piacenza.elettroservicegroup.it"
66.249.64.166 - - [27/Jun/2026:21:35:14 +0200] "GET /page-sitemap.xml HTTP/1.1" 200 1724 "-" "Mozilla/5.0 (compatible; Googlebot/2.1; +http://www.google.com/bot.html)"
65.108.235.243 - - [27/Jun/2026:21:35:24 +0200] "GET /cookie-policy/ HTTP/1.1" 200 18008 "-" "WP Fastest Cache Preload Bot"
65.108.235.243 - - [27/Jun/2026:21:35:27 +0200] "GET /termini-e-condizioni/ HTTP/1.1" 200 17571 "-" "WP Fastest Cache Preload Bot"
65.108.235.243 - - [27/Jun/2026:21:35:30 +0200] "GET /cookie-policy-ue/ HTTP/1.1" 200 19443 "-" "WP Fastest Cache Preload Bot"
65.108.235.243 - - [27/Jun/2026:21:35:32 +0200] "GET /informativa-privacy/ HTTP/1.1" 200 19816 "-" "WP Fastest Cache Preload Bot"
65.108.235.243 - - [27/Jun/2026:21:39:54 +0200] "POST /wp-cron.php?doing_wp_cron=1782589194.6886839866638183593750 HTTP/1.1" 200 1 "-" "WordPress/7.0; https://piacenza.elettroservicegroup.it"
52.167.144.228 - - [27/Jun/2026:21:39:51 +0200] "GET /sitemap.xml HTTP/2.0" 200 332 "-" "Mozilla/5.0 AppleWebKit/537.36 (KHTML, like Gecko; compatible; bingbot/2.0; +http://www.bing.com/bingbot.htm) Chrome/116.0.1938.76 Safari/537.36"
65.108.235.243 - - [27/Jun/2026:21:39:58 +0200] "POST /wp-json/complianz/v1/wsc-scan HTTP/1.1" 400 88 "-" "WordPress/7.0; https://piacenza.elettroservicegroup.it"
65.108.235.243 - - [27/Jun/2026:21:40:01 +0200] "GET /assistenza-frigoriferi/ HTTP/1.1" 200 19893 "-" "WP Fastest Cache Preload Bot"
65.108.235.243 - - [27/Jun/2026:21:40:05 +0200] "GET /assistenza-lavastoviglie/ HTTP/1.1" 200 19948 "-" "WP Fastest Cache Preload Bot"
65.108.235.243 - - [27/Jun/2026:21:40:08 +0200] "GET /assistenza-asciugatrici/ HTTP/1.1" 200 19703 "-" "WP Fastest Cache Preload Bot"
65.108.235.243 - - [27/Jun/2026:21:40:11 +0200] "GET /assistenza-lavatrici/ HTTP/1.1" 200 19446 "-" "WP Fastest Cache Preload Bot"
66.249.64.166 - - [27/Jun/2026:21:45:34 +0200] "GET /assistenza-candy-piacenza/ HTTP/1.1" 200 21873 "-" "Mozilla/5.0 (compatible; Googlebot/2.1; +http://www.google.com/bot.html)"
65.108.235.243 - - [27/Jun/2026:22:18:33 +0200] "POST /wp-cron.php?doing_wp_cron=1782591513.6983690261840820312500 HTTP/1.1" 200 1 "-" "WordPress/7.0; https://piacenza.elettroservicegroup.it"
104.210.140.141 - - [27/Jun/2026:22:18:25 +0200] "GET /robots.txt HTTP/2.0" 200 108 "-" "Mozilla/5.0 (Macintosh; Intel Mac OS X 10_15_7) AppleWebKit/537.36 (KHTML, like Gecko) Chrome/131.0.0.0 Safari/537.36; compatible; OAI-SearchBot/1.0; +https://openai.com/searchbot"
65.108.235.243 - - [27/Jun/2026:22:18:36 +0200] "GET / HTTP/1.1" 200 21818 "-" "WP Fastest Cache Preload Bot"
65.108.235.243 - - [27/Jun/2026:22:18:41 +0200] "POST /wp-admin/admin-ajax.php?action=wordfence_testAjax HTTP/1.1" 200 16 "-" "WordPress/7.0; https://piacenza.elettroservicegroup.it"
65.108.235.243 - - [27/Jun/2026:22:18:44 +0200] "GET /wp-admin/admin-ajax.php?action=wordfence_doScan&isFork=0&scanMode=quick&cronKey=014886707bc9d53165a39b4974aa89f9&signature=a3cf83f1a87d4ea32a5f8fe4b43131bd23d314716e5811f1b0e3f0471f221bc8 HTTP/1.1" 200 1 "-" "WordPress/7.0; https://piacenza.elettroservicegroup.it"
43.165.170.119 - - [27/Jun/2026:22:43:43 +0200] "GET / HTTP/1.1" 200 23712 "http://piacenza.elettroservicegroup.it" "Mozilla/5.0 (iPhone; CPU iPhone OS 13_2_3 like Mac OS X) AppleWebKit/605.1.15 (KHTML, like Gecko) Version/13.0.3 Mobile/15E148 Safari/604.1"
65.108.235.243 - - [27/Jun/2026:22:43:43 +0200] "POST /wp-json/complianz/v1/wsc-scan HTTP/1.1" 400 88 "-" "WordPress/7.0; https://piacenza.elettroservicegroup.it"
49.51.243.156 - - [27/Jun/2026:23:56:21 +0200] "GET /wp-json/oembed/1.0/embed?url=https%3A%2F%2Fpiacenza.elettroservicegroup.it%2F&format=xml HTTP/1.1" 200 11784 "-" "Mozilla/5.0 (iPhone; CPU iPhone OS 13_2_3 like Mac OS X) AppleWebKit/605.1.15 (KHTML, like Gecko) Version/13.0.3 Mobile/15E148 Safari/604.1"
43.166.247.82 - - [28/Jun/2026:00:05:49 +0200] "GET /assistenza-ariston-piacenza/ HTTP/1.1" 200 23664 "-" "Mozilla/5.0 (iPhone; CPU iPhone OS 13_2_3 like Mac OS X) AppleWebKit/605.1.15 (KHTML, like Gecko) Version/13.0.3 Mobile/15E148 Safari/604.1"
65.108.235.243 - - [28/Jun/2026:00:07:43 +0200] "POST /wp-cron.php?doing_wp_cron=1782598063.7137620449066162109375 HTTP/1.1" 200 1 "-" "WordPress/7.0; https://piacenza.elettroservicegroup.it"
66.249.64.167 - - [28/Jun/2026:00:07:36 +0200] "GET /feed/ HTTP/1.1" 200 501 "-" "Mozilla/5.0 (Linux; Android 6.0.1; Nexus 5X Build/MMB29P) AppleWebKit/537.36 (KHTML, like Gecko) Chrome/148.0.7778.96 Mobile Safari/537.36 (compatible; Googlebot/2.1; +http://www.google.com/bot.html)"
65.108.235.243 - - [28/Jun/2026:00:07:44 +0200] "GET /imprint/ HTTP/1.1" 200 17190 "-" "WP Fastest Cache Preload Bot"
65.108.235.243 - - [28/Jun/2026:00:07:46 +0200] "GET /dichiarazione-sulla-privacy-ue/ HTTP/1.1" 200 19683 "-" "WP Fastest Cache Preload Bot"
65.108.235.243 - - [28/Jun/2026:00:07:48 +0200] "GET /assistenza-whirlpool-piacenza/ HTTP/1.1" 200 21855 "-" "WP Fastest Cache Preload Bot"
65.108.235.243 - - [28/Jun/2026:00:07:51 +0200] "GET /assistenza-smeg-piacenza/ HTTP/1.1" 200 21800 "-" "WP Fastest Cache Preload Bot"
65.108.235.243 - - [28/Jun/2026:00:07:54 +0200] "GET / HTTP/1.1" 200 21818 "-" "WP Fastest Cache Preload Bot"
65.108.235.243 - - [28/Jun/2026:00:07:58 +0200] "POST /wp-json/complianz/v1/wsc-scan HTTP/1.1" 400 88 "-" "WordPress/7.0; https://piacenza.elettroservicegroup.it"
43.153.67.21 - - [28/Jun/2026:00:15:43 +0200] "GET / HTTP/1.1" 200 11704 "-" "Mozilla/5.0 (iPhone; CPU iPhone OS 13_2_3 like Mac OS X) AppleWebKit/605.1.15 (KHTML, like Gecko) Version/13.0.3 Mobile/15E148 Safari/604.1"
65.108.235.243 - - [28/Jun/2026:00:25:39 +0200] "GET /imprint/ HTTP/1.1" 200 17188 "-" "WP Fastest Cache Preload Bot"
65.108.235.243 - - [28/Jun/2026:00:25:43 +0200] "GET /dichiarazione-sulla-privacy-ue/ HTTP/1.1" 200 19690 "-" "WP Fastest Cache Preload Bot"
65.108.235.243 - - [28/Jun/2026:00:25:46 +0200] "GET /assistenza-whirlpool-piacenza/ HTTP/1.1" 200 21855 "-" "WP Fastest Cache Preload Bot"
65.108.235.243 - - [28/Jun/2026:00:25:48 +0200] "GET /assistenza-smeg-piacenza/ HTTP/1.1" 200 21800 "-" "WP Fastest Cache Preload Bot"
65.108.235.243 - - [28/Jun/2026:00:27:37 +0200] "POST /wp-cron.php?doing_wp_cron=1782599257.3942940235137939453125 HTTP/1.1" 200 1 "-" "WordPress/7.0; https://piacenza.elettroservicegroup.it"
43.133.60.94 - - [28/Jun/2026:00:27:30 +0200] "GET /comments/feed/ HTTP/1.1" 200 439 "-" "Mozilla/5.0 (iPhone; CPU iPhone OS 13_2_3 like Mac OS X) AppleWebKit/605.1.15 (KHTML, like Gecko) Version/13.0.3 Mobile/15E148 Safari/604.1"
65.108.235.243 - - [28/Jun/2026:00:35:47 +0200] "POST /wp-cron.php?doing_wp_cron=1782599746.7888720035552978515625 HTTP/1.1" 200 1 "-" "WordPress/7.0; https://piacenza.elettroservicegroup.it"
49.51.132.100 - - [28/Jun/2026:00:35:37 +0200] "GET /assistenza-lavatrici-piacenza HTTP/1.1" 301 - "-" "Mozilla/5.0 (iPhone; CPU iPhone OS 13_2_3 like Mac OS X) AppleWebKit/605.1.15 (KHTML, like Gecko) Version/13.0.3 Mobile/15E148 Safari/604.1"
49.51.132.100 - - [28/Jun/2026:00:35:48 +0200] "GET /assistenza-lavatrici-piacenza/ HTTP/1.1" 200 23822 "https://piacenza.elettroservicegroup.it/assistenza-lavatrici-piacenza" "Mozilla/5.0 (iPhone; CPU iPhone OS 13_2_3 like Mac OS X) AppleWebKit/605.1.15 (KHTML, like Gecko) Version/13.0.3 Mobile/15E148 Safari/604.1"
65.108.235.243 - - [28/Jun/2026:00:35:50 +0200] "GET /assistenza-siemens-piacenza/ HTTP/1.1" 200 21986 "-" "WP Fastest Cache Preload Bot"
65.108.235.243 - - [28/Jun/2026:00:35:54 +0200] "GET /assistenza-rex-electrolux-piacenza/ HTTP/1.1" 200 21845 "-" "WP Fastest Cache Preload Bot"
65.108.235.243 - - [28/Jun/2026:00:35:57 +0200] "GET /assistenza-miele-piacenza/ HTTP/1.1" 200 22097 "-" "WP Fastest Cache Preload Bot"
65.108.235.243 - - [28/Jun/2026:00:36:02 +0200] "GET /assistenza-lavatrici-whirlpool-piacenza/ HTTP/1.1" 200 21964 "-" "WP Fastest Cache Preload Bot"
74.7.242.25 - - [28/Jun/2026:00:43:02 +0200] "GET /sitemap.xml HTTP/2.0" 415 333 "-" "Mozilla/5.0 AppleWebKit/537.36 (KHTML, like Gecko; compatible; GPTBot/1.4; +https://openai.com/gptbot)"
65.108.235.243 - - [28/Jun/2026:00:43:09 +0200] "POST /wp-cron.php?doing_wp_cron=1782600189.6029009819030761718750 HTTP/1.1" 200 1 "-" "WordPress/7.0; https://piacenza.elettroservicegroup.it"
74.7.228.55 - - [28/Jun/2026:00:43:03 +0200] "GET /robots.txt HTTP/2.0" 200 108 "-" "Mozilla/5.0 (Macintosh; Intel Mac OS X 10_15_7) AppleWebKit/537.36 (KHTML, like Gecko) Chrome/131.0.0.0 Safari/537.36; compatible; OAI-SearchBot/1.4; robots.txt; +https://openai.com/searchbot"
65.108.235.243 - - [28/Jun/2026:00:43:11 +0200] "GET /assistenza-lavatrici-smeg-piacenza/ HTTP/1.1" 200 21711 "-" "WP Fastest Cache Preload Bot"
65.108.235.243 - - [28/Jun/2026:00:43:13 +0200] "GET /assistenza-lavatrici-rex-electrolux-piacenza/ HTTP/1.1" 200 21679 "-" "WP Fastest Cache Preload Bot"
65.108.235.243 - - [28/Jun/2026:00:43:15 +0200] "GET /assistenza-lavatrici-indesit-piacenza/ HTTP/1.1" 200 21706 "-" "WP Fastest Cache Preload Bot"
65.108.235.243 - - [28/Jun/2026:00:43:17 +0200] "GET /assistenza-lavatrici-bosch-piacenza/ HTTP/1.1" 200 21748 "-" "WP Fastest Cache Preload Bot"
43.157.191.20 - - [28/Jun/2026:00:45:04 +0200] "GET /assistenza-bosch-piacenza/ HTTP/1.1" 200 23738 "-" "Mozilla/5.0 (iPhone; CPU iPhone OS 13_2_3 like Mac OS X) AppleWebKit/605.1.15 (KHTML, like Gecko) Version/13.0.3 Mobile/15E148 Safari/604.1"
65.108.235.243 - - [28/Jun/2026:00:45:22 +0200] "POST /wp-cron.php?doing_wp_cron=1782600322.6994130611419677734375 HTTP/1.1" 200 1 "-" "WordPress/7.0; https://piacenza.elettroservicegroup.it"
74.7.242.25 - - [28/Jun/2026:00:45:16 +0200] "GET /sitemap.rss HTTP/2.0" 415 1299 "-" "Mozilla/5.0 AppleWebKit/537.36 (KHTML, like Gecko; compatible; GPTBot/1.4; +https://openai.com/gptbot)"
65.108.235.243 - - [28/Jun/2026:00:45:23 +0200] "GET /assistenza-lavatrici-ariston-piacenza/ HTTP/1.1" 200 21765 "-" "WP Fastest Cache Preload Bot"
65.108.235.243 - - [28/Jun/2026:00:45:26 +0200] "GET /assistenza-lavatrici-aeg-piacenza/ HTTP/1.1" 200 21770 "-" "WP Fastest Cache Preload Bot"
65.108.235.243 - - [28/Jun/2026:00:45:28 +0200] "GET /assistenza-lavatrici-piacenza/ HTTP/1.1" 200 22018 "-" "WP Fastest Cache Preload Bot"
65.108.235.243 - - [28/Jun/2026:00:45:30 +0200] "GET /assistenza-lavastoviglie-whirlpool-piacenza/ HTTP/1.1" 200 21717 "-" "WP Fastest Cache Preload Bot"
43.133.253.253 - - [28/Jun/2026:01:05:30 +0200] "GET /assistenza-bosch-piacenza/ HTTP/1.1" 200 23738 "-" "Mozilla/5.0 (iPhone; CPU iPhone OS 13_2_3 like Mac OS X) AppleWebKit/605.1.15 (KHTML, like Gecko) Version/13.0.3 Mobile/15E148 Safari/604.1"
43.166.130.123 - - [28/Jun/2026:01:15:21 +0200] "GET /assistenza-indesit-piacenza/ HTTP/1.1" 200 23646 "-" "Mozilla/5.0 (iPhone; CPU iPhone OS 13_2_3 like Mac OS X) AppleWebKit/605.1.15 (KHTML, like Gecko) Version/13.0.3 Mobile/15E148 Safari/604.1"
65.108.235.243 - - [28/Jun/2026:01:24:49 +0200] "POST /wp-cron.php?doing_wp_cron=1782602688.8891339302062988281250 HTTP/1.1" 200 1 "-" "WordPress/7.0; https://piacenza.elettroservicegroup.it"
114.119.137.153 - - [28/Jun/2026:01:24:41 +0200] "GET /robots.txt HTTP/1.1" 200 108 "https://piacenza.elettroservicegroup.it/robots.txt" "Mozilla/5.0 (Windows NT 10.0; Win64; x64) AppleWebKit/537.36 (KHTML, like Gecko) Chrome/148.0.0.0 Safari/537.36"
65.108.235.243 - - [28/Jun/2026:01:24:50 +0200] "POST /wp-json/complianz/v1/wsc-scan HTTP/1.1" 400 88 "-" "WordPress/7.0; https://piacenza.elettroservicegroup.it"
65.108.235.243 - - [28/Jun/2026:01:24:52 +0200] "GET /assistenza-lavastoviglie-smeg-piacenza/ HTTP/1.1" 200 21662 "-" "WP Fastest Cache Preload Bot"
65.108.235.243 - - [28/Jun/2026:01:24:55 +0200] "GET /assistenza-lavastoviglie-rex-electrolux-piacenza/ HTTP/1.1" 200 21625 "-" "WP Fastest Cache Preload Bot"
65.108.235.243 - - [28/Jun/2026:01:24:57 +0200] "GET /assistenza-lavastoviglie-indesit-piacenza/ HTTP/1.1" 200 22130 "-" "WP Fastest Cache Preload Bot"
65.108.235.243 - - [28/Jun/2026:01:24:58 +0200] "GET /assistenza-lavastoviglie-bosch-piacenza/ HTTP/1.1" 200 22151 "-" "WP Fastest Cache Preload Bot"
43.154.250.181 - - [28/Jun/2026:01:27:29 +0200] "GET /assistenza-smeg-piacenza/ HTTP/1.1" 200 23589 "-" "Mozilla/5.0 (iPhone; CPU iPhone OS 13_2_3 like Mac OS X) AppleWebKit/605.1.15 (KHTML, like Gecko) Version/13.0.3 Mobile/15E148 Safari/604.1"
43.155.27.244 - - [28/Jun/2026:01:35:01 +0200] "GET /comments/feed/ HTTP/1.1" 200 11772 "-" "Mozilla/5.0 (iPhone; CPU iPhone OS 13_2_3 like Mac OS X) AppleWebKit/605.1.15 (KHTML, like Gecko) Version/13.0.3 Mobile/15E148 Safari/604.1"
66.249.64.166 - - [28/Jun/2026:01:35:14 +0200] "GET /wp-content/uploads/2021/10/cropped-cropped-cropped-cropped-logo_white_background-32x32.png HTTP/1.1" 200 1242 "-" "Googlebot-Image/1.0"
65.108.235.243 - - [28/Jun/2026:01:43:50 +0200] "POST /wp-cron.php?doing_wp_cron=1782603829.9856400489807128906250 HTTP/1.1" 200 1 "-" "WordPress/7.0; https://piacenza.elettroservicegroup.it"
43.157.170.13 - - [28/Jun/2026:01:43:42 +0200] "GET /wp-json/oembed/1.0/embed?url=https%3A%2F%2Fpiacenza.elettroservicegroup.it%2Fassistenza-ariston-piacenza%2F HTTP/1.1" 200 2259 "-" "Mozilla/5.0 (iPhone; CPU iPhone OS 13_2_3 like Mac OS X) AppleWebKit/605.1.15 (KHTML, like Gecko) Version/13.0.3 Mobile/15E148 Safari/604.1"
65.108.235.243 - - [28/Jun/2026:01:43:52 +0200] "GET /assistenza-lavastoviglie-ariston-piacenza/ HTTP/1.1" 200 22089 "-" "WP Fastest Cache Preload Bot"
65.108.235.243 - - [28/Jun/2026:01:43:54 +0200] "GET /assistenza-lavastoviglie-aeg-piacenza/ HTTP/1.1" 200 22145 "-" "WP Fastest Cache Preload Bot"
65.108.235.243 - - [28/Jun/2026:01:43:56 +0200] "GET /assistenza-lavastoviglie-piacenza/ HTTP/1.1" 200 21764 "-" "WP Fastest Cache Preload Bot"
65.108.235.243 - - [28/Jun/2026:01:43:59 +0200] "GET /assistenza-indesit-piacenza/ HTTP/1.1" 200 21798 "-" "WP Fastest Cache Preload Bot"
65.108.235.243 - - [28/Jun/2026:01:56:51 +0200] "POST /wp-cron.php?doing_wp_cron=1782604611.1838490962982177734375 HTTP/1.1" 200 1 "-" "WordPress/7.0; https://piacenza.elettroservicegroup.it"
43.167.157.80 - - [28/Jun/2026:01:56:45 +0200] "GET /wp-json/oembed/1.0/embed?url=https%3A%2F%2Fpiacenza.elettroservicegroup.it%2Fassistenza-ariston-piacenza%2F&format=xml HTTP/1.1" 200 1108 "-" "Mozilla/5.0 (iPhone; CPU iPhone OS 13_2_3 like Mac OS X) AppleWebKit/605.1.15 (KHTML, like Gecko) Version/13.0.3 Mobile/15E148 Safari/604.1"
65.108.235.243 - - [28/Jun/2026:01:56:52 +0200] "GET /assistenza-candy-piacenza/ HTTP/1.1" 200 21895 "-" "WP Fastest Cache Preload Bot"
65.108.235.243 - - [28/Jun/2026:01:56:55 +0200] "GET /assistenza-bosch-piacenza/ HTTP/1.1" 200 21897 "-" "WP Fastest Cache Preload Bot"
65.108.235.243 - - [28/Jun/2026:01:56:57 +0200] "GET /assistenza-ariston-piacenza/ HTTP/1.1" 200 21886 "-" "WP Fastest Cache Preload Bot"
65.108.235.243 - - [28/Jun/2026:01:57:00 +0200] "GET /assistenza-aeg-piacenza/ HTTP/1.1" 200 21886 "-" "WP Fastest Cache Preload Bot"
110.249.201.144 - - [28/Jun/2026:01:57:27 +0200] "GET /assistenza-lavatrici-whirlpool-piacenza/ HTTP/2.0" 200 11871 "-" "Mozilla/5.0 (Linux; Android 5.0) AppleWebKit/537.36 (KHTML, like Gecko) Mobile Safari/537.36 (compatible; Bytespider; https://zhanzhang.toutiao.com/)"
65.108.235.243 - - [28/Jun/2026:01:57:30 +0200] "POST /wp-cron.php?doing_wp_cron=1782604650.4920840263366699218750 HTTP/1.1" 200 1 "-" "WordPress/7.0; https://piacenza.elettroservicegroup.it"
110.249.201.144 - - [28/Jun/2026:01:57:28 +0200] "GET /z0f76a1d14fd21a8fb5fd0d03e0fdc3d3cedae52f?id=a6105c0a611b41b08f1209506350279e&ts=1782604647&wsidchk=13145702&pdata=https%253A%252F%252Fpiacenza.elettroservicegroup.it%252Fassistenza-lavatrici-whirlpool-piacenza%252F&failedChecks=userAgentCheck HTTP/2.0" 404 16289 "https://piacenza.elettroservicegroup.it/assistenza-lavatrici-whirlpool-piacenza/" "Mozilla/5.0 (Linux; Android 5.0) AppleWebKit/537.36 (KHTML, like Gecko) Mobile Safari/537.36 (compatible; Bytespider; https://zhanzhang.toutiao.com/)"
124.156.226.179 - - [28/Jun/2026:02:05:39 +0200] "GET /assistenza-miele-piacenza/ HTTP/1.1" 200 23922 "-" "Mozilla/5.0 (iPhone; CPU iPhone OS 13_2_3 like Mac OS X) AppleWebKit/605.1.15 (KHTML, like Gecko) Version/13.0.3 Mobile/15E148 Safari/604.1"
49.51.203.164 - - [28/Jun/2026:02:15:52 +0200] "GET / HTTP/1.1" 200 11772 "-" "Mozilla/5.0 (iPhone; CPU iPhone OS 13_2_3 like Mac OS X) AppleWebKit/605.1.15 (KHTML, like Gecko) Version/13.0.3 Mobile/15E148 Safari/604.1"
170.106.192.3 - - [28/Jun/2026:02:25:58 +0200] "GET /assistenza-lavatrici-piacenza/ HTTP/1.1" 200 23822 "-" "Mozilla/5.0 (iPhone; CPU iPhone OS 13_2_3 like Mac OS X) AppleWebKit/605.1.15 (KHTML, like Gecko) Version/13.0.3 Mobile/15E148 Safari/604.1"
65.108.235.243 - - [28/Jun/2026:02:35:34 +0200] "POST /wp-cron.php?doing_wp_cron=1782606934.6113510131835937500000 HTTP/1.1" 200 1 "-" "WordPress/7.0; https://piacenza.elettroservicegroup.it"
43.167.241.46 - - [28/Jun/2026:02:35:27 +0200] "GET /wp-json/wp/v2/pages/16936 HTTP/1.1" 200 75012 "-" "Mozilla/5.0 (iPhone; CPU iPhone OS 13_2_3 like Mac OS X) AppleWebKit/605.1.15 (KHTML, like Gecko) Version/13.0.3 Mobile/15E148 Safari/604.1"
65.108.235.243 - - [28/Jun/2026:02:35:35 +0200] "POST /wp-json/complianz/v1/wsc-scan HTTP/1.1" 400 88 "-" "WordPress/7.0; https://piacenza.elettroservicegroup.it"
65.108.235.243 - - [28/Jun/2026:02:35:35 +0200] "GET /cookie-policy/ HTTP/1.1" 200 18008 "-" "WP Fastest Cache Preload Bot"
65.108.235.243 - - [28/Jun/2026:02:35:36 +0200] "GET /termini-e-condizioni/ HTTP/1.1" 200 17571 "-" "WP Fastest Cache Preload Bot"
65.108.235.243 - - [28/Jun/2026:02:35:37 +0200] "GET /cookie-policy-ue/ HTTP/1.1" 200 19431 "-" "WP Fastest Cache Preload Bot"
65.108.235.243 - - [28/Jun/2026:02:35:40 +0200] "GET /informativa-privacy/ HTTP/1.1" 200 19815 "-" "WP Fastest Cache Preload Bot"
13.216.227.78 - - [28/Jun/2026:02:43:17 +0200] "GET / HTTP/1.1" 200 23713 "-" "Mozilla/5.0 (Macintosh; Intel Mac OS X 10_15_7) AppleWebKit/537.36 (KHTML, like Gecko) Chrome/128.0.0.0 Safari/537.36"
65.108.235.243 - - [28/Jun/2026:02:43:17 +0200] "GET /assistenza-frigoriferi/ HTTP/1.1" 200 19893 "-" "WP Fastest Cache Preload Bot"
65.108.235.243 - - [28/Jun/2026:02:43:19 +0200] "GET /assistenza-lavastoviglie/ HTTP/1.1" 200 19947 "-" "WP Fastest Cache Preload Bot"
65.108.235.243 - - [28/Jun/2026:02:43:21 +0200] "GET /assistenza-asciugatrici/ HTTP/1.1" 200 19702 "-" "WP Fastest Cache Preload Bot"
65.108.235.243 - - [28/Jun/2026:02:43:23 +0200] "GET /assistenza-lavatrici/ HTTP/1.1" 200 19446 "-" "WP Fastest Cache Preload Bot"
65.108.235.243 - - [28/Jun/2026:02:44:45 +0200] "POST /wp-cron.php?doing_wp_cron=1782607485.8916258811950683593750 HTTP/1.1" 200 1 "-" "WordPress/7.0; https://piacenza.elettroservicegroup.it"
101.33.81.73 - - [28/Jun/2026:02:44:40 +0200] "GET /wp-json/wp/v2/pages/16893 HTTP/1.1" 200 75006 "-" "Mozilla/5.0 (iPhone; CPU iPhone OS 13_2_3 like Mac OS X) AppleWebKit/605.1.15 (KHTML, like Gecko) Version/13.0.3 Mobile/15E148 Safari/604.1"
65.108.235.243 - - [28/Jun/2026:02:44:47 +0200] "GET / HTTP/1.1" 200 21817 "-" "WP Fastest Cache Preload Bot"
43.135.135.57 - - [28/Jun/2026:02:55:23 +0200] "GET /xmlrpc.php?rsd HTTP/1.1" 403 52 "-" "Mozilla/5.0 (iPhone; CPU iPhone OS 13_2_3 like Mac OS X) AppleWebKit/605.1.15 (KHTML, like Gecko) Version/13.0.3 Mobile/15E148 Safari/604.1"
65.108.235.243 - - [28/Jun/2026:03:05:41 +0200] "POST /wp-cron.php?doing_wp_cron=1782608740.9100658893585205078125 HTTP/1.1" 200 1 "-" "WordPress/7.0; https://piacenza.elettroservicegroup.it"
66.249.64.166 - - [28/Jun/2026:03:05:34 +0200] "GET /?p=17278 HTTP/1.1" 404 16240 "-" "Mozilla/5.0 (Linux; Android 6.0.1; Nexus 5X Build/MMB29P) AppleWebKit/537.36 (KHTML, like Gecko) Chrome/148.0.7778.96 Mobile Safari/537.36 (compatible; Googlebot/2.1; +http://www.google.com/bot.html)"
49.51.233.46 - - [28/Jun/2026:03:05:49 +0200] "GET /assistenza-indesit-piacenza/ HTTP/1.1" 200 23645 "-" "Mozilla/5.0 (iPhone; CPU iPhone OS 13_2_3 like Mac OS X) AppleWebKit/605.1.15 (KHTML, like Gecko) Version/13.0.3 Mobile/15E148 Safari/604.1"
65.108.235.243 - - [28/Jun/2026:03:17:15 +0200] "POST /wp-cron.php?doing_wp_cron=1782609435.2995240688323974609375 HTTP/1.1" 200 1 "-" "WordPress/7.0; https://piacenza.elettroservicegroup.it"
43.166.247.82 - - [28/Jun/2026:03:17:09 +0200] "GET /wp-json/oembed/1.0/embed?url=https%3A%2F%2Fpiacenza.elettroservicegroup.it%2Fassistenza-indesit-piacenza%2F HTTP/1.1" 200 2259 "-" "Mozilla/5.0 (iPhone; CPU iPhone OS 13_2_3 like Mac OS X) AppleWebKit/605.1.15 (KHTML, like Gecko) Version/13.0.3 Mobile/15E148 Safari/604.1"
65.108.235.243 - - [28/Jun/2026:03:17:17 +0200] "GET /imprint/ HTTP/1.1" 200 17176 "-" "WP Fastest Cache Preload Bot"
65.108.235.243 - - [28/Jun/2026:03:17:20 +0200] "GET /dichiarazione-sulla-privacy-ue/ HTTP/1.1" 200 19685 "-" "WP Fastest Cache Preload Bot"
65.108.235.243 - - [28/Jun/2026:03:17:22 +0200] "GET /assistenza-whirlpool-piacenza/ HTTP/1.1" 200 21854 "-" "WP Fastest Cache Preload Bot"
65.108.235.243 - - [28/Jun/2026:03:17:24 +0200] "GET /assistenza-smeg-piacenza/ HTTP/1.1" 200 21801 "-" "WP Fastest Cache Preload Bot"
65.108.235.243 - - [28/Jun/2026:03:17:26 +0200] "GET / HTTP/1.1" 200 21817 "-" "WP Fastest Cache Preload Bot"
65.108.235.243 - - [28/Jun/2026:03:25:38 +0200] "POST /wp-cron.php?doing_wp_cron=1782609938.0988280773162841796875 HTTP/1.1" 200 1 "-" "WordPress/7.0; https://piacenza.elettroservicegroup.it"
43.130.154.56 - - [28/Jun/2026:03:25:32 +0200] "GET /wp-json/oembed/1.0/embed?url=https%3A%2F%2Fpiacenza.elettroservicegroup.it%2Fassistenza-smeg-piacenza%2F&format=xml HTTP/1.1" 200 1105 "-" "Mozilla/5.0 (iPhone; CPU iPhone OS 13_2_3 like Mac OS X) AppleWebKit/605.1.15 (KHTML, like Gecko) Version/13.0.3 Mobile/15E148 Safari/604.1"
65.108.235.243 - - [28/Jun/2026:03:25:39 +0200] "GET /imprint/ HTTP/1.1" 200 17188 "-" "WP Fastest Cache Preload Bot"
65.108.235.243 - - [28/Jun/2026:03:25:41 +0200] "GET /dichiarazione-sulla-privacy-ue/ HTTP/1.1" 200 19694 "-" "WP Fastest Cache Preload Bot"
65.108.235.243 - - [28/Jun/2026:03:25:44 +0200] "GET /assistenza-whirlpool-piacenza/ HTTP/1.1" 200 21855 "-" "WP Fastest Cache Preload Bot"
65.108.235.243 - - [28/Jun/2026:03:25:47 +0200] "GET /assistenza-smeg-piacenza/ HTTP/1.1" 200 21801 "-" "WP Fastest Cache Preload Bot"
43.134.100.175 - - [28/Jun/2026:03:34:02 +0200] "GET /assistenza-ariston-piacenza/embed/ HTTP/1.1" 200 11803 "-" "Mozilla/5.0 (iPhone; CPU iPhone OS 13_2_3 like Mac OS X) AppleWebKit/605.1.15 (KHTML, like Gecko) Version/13.0.3 Mobile/15E148 Safari/604.1"
49.51.204.74 - - [28/Jun/2026:03:43:26 +0200] "GET /wp-json/wp/v2/pages/16971 HTTP/1.1" 200 11768 "-" "Mozilla/5.0 (iPhone; CPU iPhone OS 13_2_3 like Mac OS X) AppleWebKit/605.1.15 (KHTML, like Gecko) Version/13.0.3 Mobile/15E148 Safari/604.1"
65.108.235.243 - - [28/Jun/2026:03:54:20 +0200] "POST /wp-cron.php?doing_wp_cron=1782611660.0663969516754150390625 HTTP/1.1" 200 1 "-" "WordPress/7.0; https://piacenza.elettroservicegroup.it"
43.157.53.115 - - [28/Jun/2026:03:54:06 +0200] "GET /wp-json/oembed/1.0/embed?url=https%3A%2F%2Fpiacenza.elettroservicegroup.it%2Fassistenza-miele-piacenza%2F HTTP/1.1" 200 2249 "-" "Mozilla/5.0 (iPhone; CPU iPhone OS 13_2_3 like Mac OS X) AppleWebKit/605.1.15 (KHTML, like Gecko) Version/13.0.3 Mobile/15E148 Safari/604.1"
65.108.235.243 - - [28/Jun/2026:03:54:23 +0200] "POST /wp-json/complianz/v1/wsc-scan HTTP/1.1" 400 88 "-" "WordPress/7.0; https://piacenza.elettroservicegroup.it"
65.108.235.243 - - [28/Jun/2026:03:54:24 +0200] "GET /assistenza-siemens-piacenza/ HTTP/1.1" 200 21986 "-" "WP Fastest Cache Preload Bot"
65.108.235.243 - - [28/Jun/2026:03:54:26 +0200] "GET /assistenza-rex-electrolux-piacenza/ HTTP/1.1" 200 21845 "-" "WP Fastest Cache Preload Bot"
65.108.235.243 - - [28/Jun/2026:03:54:29 +0200] "GET /assistenza-miele-piacenza/ HTTP/1.1" 200 22097 "-" "WP Fastest Cache Preload Bot"
65.108.235.243 - - [28/Jun/2026:03:54:32 +0200] "GET /assistenza-lavatrici-whirlpool-piacenza/ HTTP/1.1" 200 21964 "-" "WP Fastest Cache Preload Bot"
43.157.181.189 - - [28/Jun/2026:04:04:53 +0200] "GET /?p=16971 HTTP/1.1" 200 11716 "-" "Mozilla/5.0 (iPhone; CPU iPhone OS 13_2_3 like Mac OS X) AppleWebKit/605.1.15 (KHTML, like Gecko) Version/13.0.3 Mobile/15E148 Safari/604.1"
43.130.91.95 - - [28/Jun/2026:04:15:58 +0200] "GET /assistenza-whirlpool-piacenza/ HTTP/1.1" 200 23659 "-" "Mozilla/5.0 (iPhone; CPU iPhone OS 13_2_3 like Mac OS X) AppleWebKit/605.1.15 (KHTML, like Gecko) Version/13.0.3 Mobile/15E148 Safari/604.1"
170.106.152.218 - - [28/Jun/2026:04:16:40 +0200] "GET / HTTP/1.1" 200 23713 "http://piacenza.elettroservicegroup.it" "Mozilla/5.0 (iPhone; CPU iPhone OS 13_2_3 like Mac OS X) AppleWebKit/605.1.15 (KHTML, like Gecko) Version/13.0.3 Mobile/15E148 Safari/604.1"
65.108.235.243 - - [28/Jun/2026:04:16:40 +0200] "GET /assistenza-lavatrici-smeg-piacenza/ HTTP/1.1" 200 21711 "-" "WP Fastest Cache Preload Bot"
65.108.235.243 - - [28/Jun/2026:04:16:42 +0200] "GET /assistenza-lavatrici-rex-electrolux-piacenza/ HTTP/1.1" 200 21678 "-" "WP Fastest Cache Preload Bot"
65.108.235.243 - - [28/Jun/2026:04:16:44 +0200] "GET /assistenza-lavatrici-indesit-piacenza/ HTTP/1.1" 200 21703 "-" "WP Fastest Cache Preload Bot"
65.108.235.243 - - [28/Jun/2026:04:16:47 +0200] "GET /assistenza-lavatrici-bosch-piacenza/ HTTP/1.1" 200 21746 "-" "WP Fastest Cache Preload Bot"
65.108.235.243 - - [28/Jun/2026:04:21:32 +0200] "POST /wp-cron.php?doing_wp_cron=1782613292.6995689868927001953125 HTTP/1.1" 200 1 "-" "WordPress/7.0; https://piacenza.elettroservicegroup.it"
66.249.64.167 - - [28/Jun/2026:04:21:22 +0200] "GET /?p=18155 HTTP/1.1" 404 16240 "-" "Mozilla/5.0 (Linux; Android 6.0.1; Nexus 5X Build/MMB29P) AppleWebKit/537.36 (KHTML, like Gecko) Chrome/148.0.7778.96 Mobile Safari/537.36 (compatible; Googlebot/2.1; +http://www.google.com/bot.html)"
65.108.235.243 - - [28/Jun/2026:04:21:34 +0200] "GET /assistenza-lavatrici-ariston-piacenza/ HTTP/1.1" 200 21765 "-" "WP Fastest Cache Preload Bot"
65.108.235.243 - - [28/Jun/2026:04:21:36 +0200] "GET /assistenza-lavatrici-aeg-piacenza/ HTTP/1.1" 200 21770 "-" "WP Fastest Cache Preload Bot"
65.108.235.243 - - [28/Jun/2026:04:21:39 +0200] "GET /assistenza-lavatrici-piacenza/ HTTP/1.1" 200 22018 "-" "WP Fastest Cache Preload Bot"
65.108.235.243 - - [28/Jun/2026:04:21:41 +0200] "GET /assistenza-lavastoviglie-whirlpool-piacenza/ HTTP/1.1" 200 21716 "-" "WP Fastest Cache Preload Bot"
43.166.1.243 - - [28/Jun/2026:04:26:59 +0200] "GET /assistenza-rex-electrolux-piacenza/ HTTP/1.1" 200 23625 "-" "Mozilla/5.0 (iPhone; CPU iPhone OS 13_2_3 like Mac OS X) AppleWebKit/605.1.15 (KHTML, like Gecko) Version/13.0.3 Mobile/15E148 Safari/604.1"
43.159.34.167 - - [28/Jun/2026:04:35:01 +0200] "GET /assistenza-siemens-piacenza/ HTTP/1.1" 200 11800 "-" "Mozilla/5.0 (iPhone; CPU iPhone OS 13_2_3 like Mac OS X) AppleWebKit/605.1.15 (KHTML, like Gecko) Version/13.0.3 Mobile/15E148 Safari/604.1"
65.108.235.243 - - [28/Jun/2026:04:46:57 +0200] "POST /wp-cron.php?doing_wp_cron=1782614817.7078390121459960937500 HTTP/1.1" 200 1 "-" "WordPress/7.0; https://piacenza.elettroservicegroup.it"
170.106.161.78 - - [28/Jun/2026:04:46:51 +0200] "GET /assistenza-smeg-piacenza/embed/ HTTP/1.1" 200 6401 "-" "Mozilla/5.0 (iPhone; CPU iPhone OS 13_2_3 like Mac OS X) AppleWebKit/605.1.15 (KHTML, like Gecko) Version/13.0.3 Mobile/15E148 Safari/604.1"
65.108.235.243 - - [28/Jun/2026:04:46:58 +0200] "GET /assistenza-lavastoviglie-smeg-piacenza/ HTTP/1.1" 200 21661 "-" "WP Fastest Cache Preload Bot"
65.108.235.243 - - [28/Jun/2026:04:46:58 +0200] "GET /assistenza-lavastoviglie-rex-electrolux-piacenza/ HTTP/1.1" 200 21624 "-" "WP Fastest Cache Preload Bot"
65.108.235.243 - - [28/Jun/2026:04:46:59 +0200] "GET /assistenza-lavastoviglie-indesit-piacenza/ HTTP/1.1" 200 22128 "-" "WP Fastest Cache Preload Bot"
65.108.235.243 - - [28/Jun/2026:04:47:00 +0200] "GET /assistenza-lavastoviglie-bosch-piacenza/ HTTP/1.1" 200 22151 "-" "WP Fastest Cache Preload Bot"
65.108.235.243 - - [28/Jun/2026:04:55:53 +0200] "POST /wp-cron.php?doing_wp_cron=1782615353.9500041007995605468750 HTTP/1.1" 200 1 "-" "WordPress/7.0; https://piacenza.elettroservicegroup.it"
43.166.134.47 - - [28/Jun/2026:04:55:52 +0200] "GET /wp-json/wp/v2/pages/16991 HTTP/1.1" 200 74935 "-" "Mozilla/5.0 (iPhone; CPU iPhone OS 13_2_3 like Mac OS X) AppleWebKit/605.1.15 (KHTML, like Gecko) Version/13.0.3 Mobile/15E148 Safari/604.1"
65.108.235.243 - - [28/Jun/2026:04:55:54 +0200] "POST /wp-json/complianz/v1/wsc-scan HTTP/1.1" 400 88 "-" "WordPress/7.0; https://piacenza.elettroservicegroup.it"
65.108.235.243 - - [28/Jun/2026:04:55:54 +0200] "GET /assistenza-lavastoviglie-ariston-piacenza/ HTTP/1.1" 200 22087 "-" "WP Fastest Cache Preload Bot"
65.108.235.243 - - [28/Jun/2026:04:55:54 +0200] "GET /assistenza-lavastoviglie-aeg-piacenza/ HTTP/1.1" 200 22145 "-" "WP Fastest Cache Preload Bot"
65.108.235.243 - - [28/Jun/2026:04:55:55 +0200] "GET /assistenza-lavastoviglie-piacenza/ HTTP/1.1" 200 21763 "-" "WP Fastest Cache Preload Bot"
65.108.235.243 - - [28/Jun/2026:04:55:55 +0200] "GET /assistenza-indesit-piacenza/ HTTP/1.1" 200 21797 "-" "WP Fastest Cache Preload Bot"
65.108.235.243 - - [28/Jun/2026:05:04:58 +0200] "POST /wp-cron.php?doing_wp_cron=1782615897.9025130271911621093750 HTTP/1.1" 200 1 "-" "WordPress/7.0; https://piacenza.elettroservicegroup.it"
43.130.72.177 - - [28/Jun/2026:05:04:51 +0200] "GET /?p=16991 HTTP/1.1" 301 - "-" "Mozilla/5.0 (iPhone; CPU iPhone OS 13_2_3 like Mac OS X) AppleWebKit/605.1.15 (KHTML, like Gecko) Version/13.0.3 Mobile/15E148 Safari/604.1"
43.130.72.177 - - [28/Jun/2026:05:05:01 +0200] "GET /assistenza-whirlpool-piacenza/ HTTP/1.1" 200 23659 "https://piacenza.elettroservicegroup.it/?p=16991" "Mozilla/5.0 (iPhone; CPU iPhone OS 13_2_3 like Mac OS X) AppleWebKit/605.1.15 (KHTML, like Gecko) Version/13.0.3 Mobile/15E148 Safari/604.1"
65.108.235.243 - - [28/Jun/2026:05:05:00 +0200] "GET /assistenza-candy-piacenza/ HTTP/1.1" 200 21894 "-" "WP Fastest Cache Preload Bot"
65.108.235.243 - - [28/Jun/2026:05:05:03 +0200] "GET /assistenza-bosch-piacenza/ HTTP/1.1" 200 21897 "-" "WP Fastest Cache Preload Bot"
65.108.235.243 - - [28/Jun/2026:05:05:06 +0200] "GET /assistenza-ariston-piacenza/ HTTP/1.1" 200 21885 "-" "WP Fastest Cache Preload Bot"
65.108.235.243 - - [28/Jun/2026:05:05:07 +0200] "GET /assistenza-aeg-piacenza/ HTTP/1.1" 200 21885 "-" "WP Fastest Cache Preload Bot"
65.108.235.243 - - [28/Jun/2026:05:15:43 +0200] "POST /wp-cron.php?doing_wp_cron=1782616543.3859770298004150390625 HTTP/1.1" 200 1 "-" "WordPress/7.0; https://piacenza.elettroservicegroup.it"
43.135.144.81 - - [28/Jun/2026:05:15:35 +0200] "GET /wp-json/oembed/1.0/embed?url=https%3A%2F%2Fpiacenza.elettroservicegroup.it%2Fassistenza-whirlpool-piacenza%2F&format=xml HTTP/1.1" 200 1111 "-" "Mozilla/5.0 (iPhone; CPU iPhone OS 13_2_3 like Mac OS X) AppleWebKit/605.1.15 (KHTML, like Gecko) Version/13.0.3 Mobile/15E148 Safari/604.1"
65.108.235.243 - - [28/Jun/2026:05:15:46 +0200] "GET /cookie-policy/ HTTP/1.1" 200 18008 "-" "WP Fastest Cache Preload Bot"
65.108.235.243 - - [28/Jun/2026:05:15:50 +0200] "GET /termini-e-condizioni/ HTTP/1.1" 200 17571 "-" "WP Fastest Cache Preload Bot"
65.108.235.243 - - [28/Jun/2026:05:15:53 +0200] "GET /cookie-policy-ue/ HTTP/1.1" 200 19416 "-" "WP Fastest Cache Preload Bot"
65.108.235.243 - - [28/Jun/2026:05:15:56 +0200] "GET /informativa-privacy/ HTTP/1.1" 200 19815 "-" "WP Fastest Cache Preload Bot"
65.108.235.243 - - [28/Jun/2026:05:25:50 +0200] "POST /wp-cron.php?doing_wp_cron=1782617150.6154239177703857421875 HTTP/1.1" 200 1 "-" "WordPress/7.0; https://piacenza.elettroservicegroup.it"
