66.249.64.171 - - [25/Jun/2026:16:52:10 +0200] "GET /index.php/?id=top1014232841100 HTTP/1.1" 301 - "-" "Mozilla/5.0 (Linux; Android 6.0.1; Nexus 5X Build/MMB29P) AppleWebKit/537.36 (KHTML, like Gecko) Chrome/148.0.7778.96 Mobile Safari/537.36 (compatible; Googlebot/2.1; +http://www.google.com/bot.html)"
66.249.64.169 - - [25/Jun/2026:16:52:44 +0200] "GET /?h=26318179841100 HTTP/1.1" 301 313 "-" "Mozilla/5.0 (Linux; Android 6.0.1; Nexus 5X Build/MMB29P) AppleWebKit/537.36 (KHTML, like Gecko) Chrome/148.0.7778.96 Mobile Safari/537.36 (compatible; Googlebot/2.1; +http://www.google.com/bot.html)"
66.249.64.169 - - [25/Jun/2026:16:52:44 +0200] "GET /index.php/?h=26318179841100 HTTP/1.1" 301 - "-" "Mozilla/5.0 (Linux; Android 6.0.1; Nexus 5X Build/MMB29P) AppleWebKit/537.36 (KHTML, like Gecko) Chrome/148.0.7778.96 Mobile Safari/537.36 (compatible; Googlebot/2.1; +http://www.google.com/bot.html)"
66.249.64.169 - - [25/Jun/2026:16:52:53 +0200] "GET /?h=36290230401100 HTTP/1.1" 301 313 "-" "Mozilla/5.0 (Linux; Android 6.0.1; Nexus 5X Build/MMB29P) AppleWebKit/537.36 (KHTML, like Gecko) Chrome/148.0.7778.96 Mobile Safari/537.36 (compatible; Googlebot/2.1; +http://www.google.com/bot.html)"
66.249.64.169 - - [25/Jun/2026:16:52:54 +0200] "GET /index.php/?h=36290230401100 HTTP/1.1" 301 - "-" "Mozilla/5.0 (Linux; Android 6.0.1; Nexus 5X Build/MMB29P) AppleWebKit/537.36 (KHTML, like Gecko) Chrome/148.0.7778.96 Mobile Safari/537.36 (compatible; Googlebot/2.1; +http://www.google.com/bot.html)"
66.249.64.170 - - [25/Jun/2026:16:54:31 +0200] "GET /?h=40023453121100 HTTP/1.1" 301 313 "-" "Mozilla/5.0 (Linux; Android 6.0.1; Nexus 5X Build/MMB29P) AppleWebKit/537.36 (KHTML, like Gecko) Chrome/148.0.7778.96 Mobile Safari/537.36 (compatible; Googlebot/2.1; +http://www.google.com/bot.html)"
66.249.64.171 - - [25/Jun/2026:16:54:31 +0200] "GET /index.php/?h=40023453121100 HTTP/1.1" 301 - "-" "Mozilla/5.0 (Linux; Android 6.0.1; Nexus 5X Build/MMB29P) AppleWebKit/537.36 (KHTML, like Gecko) Chrome/148.0.7778.96 Mobile Safari/537.36 (compatible; Googlebot/2.1; +http://www.google.com/bot.html)"
66.249.64.170 - - [25/Jun/2026:16:54:50 +0200] "GET /shop/sold?id=top14216970681100 HTTP/1.1" 301 317 "-" "Mozilla/5.0 (Linux; Android 6.0.1; Nexus 5X Build/MMB29P) AppleWebKit/537.36 (KHTML, like Gecko) Chrome/148.0.7778.96 Mobile Safari/537.36 (compatible; Googlebot/2.1; +http://www.google.com/bot.html)"
66.249.64.170 - - [25/Jun/2026:16:54:50 +0200] "GET /shop/sold?id=top26664592401100 HTTP/1.1" 301 317 "-" "Mozilla/5.0 (Linux; Android 6.0.1; Nexus 5X Build/MMB29P) AppleWebKit/537.36 (KHTML, like Gecko) Chrome/148.0.7778.96 Mobile Safari/537.36 (compatible; Googlebot/2.1; +http://www.google.com/bot.html)"
66.249.64.169 - - [25/Jun/2026:16:54:50 +0200] "GET /index.php/?id=top14216970681100 HTTP/1.1" 301 - "-" "Mozilla/5.0 (Linux; Android 6.0.1; Nexus 5X Build/MMB29P) AppleWebKit/537.36 (KHTML, like Gecko) Chrome/148.0.7778.96 Mobile Safari/537.36 (compatible; Googlebot/2.1; +http://www.google.com/bot.html)"
66.249.64.169 - - [25/Jun/2026:16:54:50 +0200] "GET /index.php/?id=top26664592401100 HTTP/1.1" 301 - "-" "Mozilla/5.0 (Linux; Android 6.0.1; Nexus 5X Build/MMB29P) AppleWebKit/537.36 (KHTML, like Gecko) Chrome/148.0.7778.96 Mobile Safari/537.36 (compatible; Googlebot/2.1; +http://www.google.com/bot.html)"
66.249.64.170 - - [25/Jun/2026:16:58:06 +0200] "GET /productSearch/pictureSearch?id=9570629041100 HTTP/1.1" 301 313 "-" "Mozilla/5.0 (Linux; Android 6.0.1; Nexus 5X Build/MMB29P) AppleWebKit/537.36 (KHTML, like Gecko) Chrome/148.0.7778.96 Mobile Safari/537.36 (compatible; Googlebot/2.1; +http://www.google.com/bot.html)"
66.249.64.169 - - [25/Jun/2026:16:58:06 +0200] "GET /index.php/?id=9570629041100 HTTP/1.1" 301 - "-" "Mozilla/5.0 (Linux; Android 6.0.1; Nexus 5X Build/MMB29P) AppleWebKit/537.36 (KHTML, like Gecko) Chrome/148.0.7778.96 Mobile Safari/537.36 (compatible; Googlebot/2.1; +http://www.google.com/bot.html)"
66.249.64.169 - - [25/Jun/2026:16:58:14 +0200] "GET /product/category/view_more/3712649121100 HTTP/1.1" 301 296 "-" "Mozilla/5.0 (Linux; Android 6.0.1; Nexus 5X Build/MMB29P) AppleWebKit/537.36 (KHTML, like Gecko) Chrome/148.0.7778.96 Mobile Safari/537.36 (compatible; Googlebot/2.1; +http://www.google.com/bot.html)"
66.249.64.169 - - [25/Jun/2026:16:59:03 +0200] "GET /?h=39044596681100 HTTP/1.1" 301 313 "-" "Mozilla/5.0 (compatible; Googlebot/2.1; +http://www.google.com/bot.html)"
66.249.64.169 - - [25/Jun/2026:16:59:03 +0200] "GET /index.php/?h=39044596681100 HTTP/1.1" 301 - "-" "Mozilla/5.0 (compatible; Googlebot/2.1; +http://www.google.com/bot.html)"
66.249.64.169 - - [25/Jun/2026:16:59:25 +0200] "GET /?h=34716483721100 HTTP/1.1" 301 313 "-" "Mozilla/5.0 (compatible; Googlebot/2.1; +http://www.google.com/bot.html)"
66.249.64.170 - - [25/Jun/2026:16:59:25 +0200] "GET /index.php/?h=34716483721100 HTTP/1.1" 301 - "-" "Mozilla/5.0 (compatible; Googlebot/2.1; +http://www.google.com/bot.html)"
27.125.244.76 - - [25/Jun/2026:17:00:40 +0200] "POST /wp-login.php HTTP/1.1" 301 - "-" "Mozilla/5.0 (Windows NT 10.0; Win64; x64) AppleWebKit/537.36 (KHTML, like Gecko) Chrome/124.0 Safari/537.36"
79.177.129.245 - - [25/Jun/2026:17:00:41 +0200] "POST /wp-login.php HTTP/1.1" 301 - "-" "Mozilla/5.0 (Windows NT 10.0; Win64; x64) AppleWebKit/537.36 (KHTML, like Gecko) Chrome/124.0 Safari/537.36"
172.89.130.12 - - [25/Jun/2026:17:00:43 +0200] "POST /wp-login.php HTTP/1.1" 301 - "-" "Mozilla/5.0 (Windows NT 10.0; Win64; x64) AppleWebKit/537.36 (KHTML, like Gecko) Chrome/124.0 Safari/537.36"
186.182.180.83 - - [25/Jun/2026:17:00:45 +0200] "POST /wp-login.php HTTP/1.1" 301 - "-" "Mozilla/5.0 (Windows NT 10.0; Win64; x64) AppleWebKit/537.36 (KHTML, like Gecko) Chrome/124.0 Safari/537.36"
65.108.235.243 - - [25/Jun/2026:17:00:48 +0200] "POST /wp-cron.php?doing_wp_cron=1782399648.8001089096069335937500 HTTP/1.1" 200 1 "-" "WordPress/7.0; https://verona.elettroservicegroup.it"
191.37.21.38 - - [25/Jun/2026:17:00:47 +0200] "POST /wp-login.php HTTP/1.1" 200 10925 "-" "Mozilla/5.0 (Windows NT 10.0; Win64; x64) AppleWebKit/537.36 (KHTML, like Gecko) Chrome/124.0 Safari/537.36"
65.108.235.243 - - [25/Jun/2026:17:00:49 +0200] "POST /wp-json/complianz/v1/wsc-scan HTTP/1.1" 301 296 "-" "WordPress/7.0; https://verona.elettroservicegroup.it"
65.108.235.243 - - [25/Jun/2026:17:00:49 +0200] "POST /index.php/ HTTP/1.1" 301 - "-" "WordPress/7.0; https://verona.elettroservicegroup.it"
66.249.64.170 - - [25/Jun/2026:17:01:27 +0200] "GET /?h=12068639881100 HTTP/1.1" 301 313 "-" "Mozilla/5.0 (Linux; Android 6.0.1; Nexus 5X Build/MMB29P) AppleWebKit/537.36 (KHTML, like Gecko) Chrome/148.0.7778.96 Mobile Safari/537.36 (compatible; Googlebot/2.1; +http://www.google.com/bot.html)"
66.249.64.169 - - [25/Jun/2026:17:01:27 +0200] "GET /index.php/?h=12068639881100 HTTP/1.1" 301 - "-" "Mozilla/5.0 (Linux; Android 6.0.1; Nexus 5X Build/MMB29P) AppleWebKit/537.36 (KHTML, like Gecko) Chrome/148.0.7778.96 Mobile Safari/537.36 (compatible; Googlebot/2.1; +http://www.google.com/bot.html)"
66.249.64.171 - - [25/Jun/2026:17:03:08 +0200] "GET /?h=3859834921100 HTTP/1.1" 301 312 "-" "Mozilla/5.0 (Linux; Android 6.0.1; Nexus 5X Build/MMB29P) AppleWebKit/537.36 (KHTML, like Gecko) Chrome/148.0.7778.96 Mobile Safari/537.36 (compatible; Googlebot/2.1; +http://www.google.com/bot.html)"
66.249.64.171 - - [25/Jun/2026:17:03:08 +0200] "GET /index.php/?h=3859834921100 HTTP/1.1" 301 - "-" "Mozilla/5.0 (Linux; Android 6.0.1; Nexus 5X Build/MMB29P) AppleWebKit/537.36 (KHTML, like Gecko) Chrome/148.0.7778.96 Mobile Safari/537.36 (compatible; Googlebot/2.1; +http://www.google.com/bot.html)"
65.108.235.243 - - [25/Jun/2026:17:03:25 +0200] "POST /wp-cron.php?doing_wp_cron=1782399805.5904779434204101562500 HTTP/1.1" 200 1 "-" "WordPress/7.0; https://verona.elettroservicegroup.it"
182.53.223.139 - - [25/Jun/2026:17:03:24 +0200] "POST /wp-login.php HTTP/1.1" 200 10925 "-" "Mozilla/5.0 (Windows NT 10.0; Win64; x64) AppleWebKit/537.36 (KHTML, like Gecko) Chrome/124.0 Safari/537.36"
66.249.64.170 - - [25/Jun/2026:17:03:52 +0200] "GET /product/review/20693802361100 HTTP/1.1" 301 296 "-" "Mozilla/5.0 (Linux; Android 6.0.1; Nexus 5X Build/MMB29P) AppleWebKit/537.36 (KHTML, like Gecko) Chrome/148.0.7778.96 Mobile Safari/537.36 (compatible; Googlebot/2.1; +http://www.google.com/bot.html)"
66.249.64.171 - - [25/Jun/2026:17:05:13 +0200] "GET /shop/sold?id=top24315990441100 HTTP/1.1" 301 317 "-" "Mozilla/5.0 (Linux; Android 6.0.1; Nexus 5X Build/MMB29P) AppleWebKit/537.36 (KHTML, like Gecko) Chrome/148.0.7778.96 Mobile Safari/537.36 (compatible; Googlebot/2.1; +http://www.google.com/bot.html)"
66.249.64.170 - - [25/Jun/2026:17:05:13 +0200] "GET /index.php/?id=top24315990441100 HTTP/1.1" 301 - "-" "Mozilla/5.0 (Linux; Android 6.0.1; Nexus 5X Build/MMB29P) AppleWebKit/537.36 (KHTML, like Gecko) Chrome/148.0.7778.96 Mobile Safari/537.36 (compatible; Googlebot/2.1; +http://www.google.com/bot.html)"
65.108.235.243 - - [25/Jun/2026:17:05:31 +0200] "POST /wp-cron.php?doing_wp_cron=1782399931.9189488887786865234375 HTTP/1.1" 200 1 "-" "WordPress/7.0; https://verona.elettroservicegroup.it"
91.167.30.222 - - [25/Jun/2026:17:05:30 +0200] "POST /wp-login.php HTTP/1.1" 200 10925 "-" "Mozilla/5.0 (Windows NT 10.0; Win64; x64) AppleWebKit/537.36 (KHTML, like Gecko) Chrome/124.0 Safari/537.36"
65.108.235.243 - - [25/Jun/2026:17:05:32 +0200] "GET / HTTP/1.1" 301 296 "-" "WP Fastest Cache Preload Bot"
65.108.235.243 - - [25/Jun/2026:17:05:32 +0200] "GET /index.php/ HTTP/1.1" 301 - "-" "WP Fastest Cache Preload Bot"
66.249.64.169 - - [25/Jun/2026:17:06:26 +0200] "GET /productSearch/pictureSearch?id=27228031281100 HTTP/1.1" 301 314 "-" "Mozilla/5.0 (Linux; Android 6.0.1; Nexus 5X Build/MMB29P) AppleWebKit/537.36 (KHTML, like Gecko) Chrome/148.0.7778.96 Mobile Safari/537.36 (compatible; Googlebot/2.1; +http://www.google.com/bot.html)"
66.249.64.170 - - [25/Jun/2026:17:06:27 +0200] "GET /index.php/?id=27228031281100 HTTP/1.1" 301 - "-" "Mozilla/5.0 (Linux; Android 6.0.1; Nexus 5X Build/MMB29P) AppleWebKit/537.36 (KHTML, like Gecko) Chrome/148.0.7778.96 Mobile Safari/537.36 (compatible; Googlebot/2.1; +http://www.google.com/bot.html)"
66.249.64.170 - - [25/Jun/2026:17:06:29 +0200] "GET /?h=36833572041100 HTTP/1.1" 301 313 "-" "Mozilla/5.0 (Linux; Android 6.0.1; Nexus 5X Build/MMB29P) AppleWebKit/537.36 (KHTML, like Gecko) Chrome/148.0.7778.96 Mobile Safari/537.36 (compatible; Googlebot/2.1; +http://www.google.com/bot.html)"
66.249.64.171 - - [25/Jun/2026:17:06:30 +0200] "GET /index.php/?h=36833572041100 HTTP/1.1" 301 - "-" "Mozilla/5.0 (Linux; Android 6.0.1; Nexus 5X Build/MMB29P) AppleWebKit/537.36 (KHTML, like Gecko) Chrome/148.0.7778.96 Mobile Safari/537.36 (compatible; Googlebot/2.1; +http://www.google.com/bot.html)"
66.249.64.169 - - [25/Jun/2026:17:06:53 +0200] "GET /?h=31512354041100 HTTP/1.1" 301 313 "-" "Mozilla/5.0 (Linux; Android 6.0.1; Nexus 5X Build/MMB29P) AppleWebKit/537.36 (KHTML, like Gecko) Chrome/148.0.7778.96 Mobile Safari/537.36 (compatible; Googlebot/2.1; +http://www.google.com/bot.html)"
66.249.64.170 - - [25/Jun/2026:17:06:53 +0200] "GET /index.php/?h=31512354041100 HTTP/1.1" 301 - "-" "Mozilla/5.0 (Linux; Android 6.0.1; Nexus 5X Build/MMB29P) AppleWebKit/537.36 (KHTML, like Gecko) Chrome/148.0.7778.96 Mobile Safari/537.36 (compatible; Googlebot/2.1; +http://www.google.com/bot.html)"
66.249.64.170 - - [25/Jun/2026:17:07:03 +0200] "GET /?h=33608375321100 HTTP/1.1" 301 313 "-" "Mozilla/5.0 (Linux; Android 6.0.1; Nexus 5X Build/MMB29P) AppleWebKit/537.36 (KHTML, like Gecko) Chrome/148.0.7778.96 Mobile Safari/537.36 (compatible; Googlebot/2.1; +http://www.google.com/bot.html)"
66.249.64.169 - - [25/Jun/2026:17:07:04 +0200] "GET /index.php/?h=33608375321100 HTTP/1.1" 301 - "-" "Mozilla/5.0 (Linux; Android 6.0.1; Nexus 5X Build/MMB29P) AppleWebKit/537.36 (KHTML, like Gecko) Chrome/148.0.7778.96 Mobile Safari/537.36 (compatible; Googlebot/2.1; +http://www.google.com/bot.html)"
66.249.64.170 - - [25/Jun/2026:17:07:40 +0200] "GET /product/category/view_more/30148770481100 HTTP/1.1" 301 296 "-" "Mozilla/5.0 (Linux; Android 6.0.1; Nexus 5X Build/MMB29P) AppleWebKit/537.36 (KHTML, like Gecko) Chrome/148.0.7778.96 Mobile Safari/537.36 (compatible; Googlebot/2.1; +http://www.google.com/bot.html)"
66.249.64.169 - - [25/Jun/2026:17:07:45 +0200] "GET /?h=29656947601100 HTTP/1.1" 301 313 "-" "Mozilla/5.0 (Linux; Android 6.0.1; Nexus 5X Build/MMB29P) AppleWebKit/537.36 (KHTML, like Gecko) Chrome/148.0.7778.96 Mobile Safari/537.36 (compatible; Googlebot/2.1; +http://www.google.com/bot.html)"
66.249.64.169 - - [25/Jun/2026:17:07:45 +0200] "GET /index.php/?h=29656947601100 HTTP/1.1" 301 - "-" "Mozilla/5.0 (Linux; Android 6.0.1; Nexus 5X Build/MMB29P) AppleWebKit/537.36 (KHTML, like Gecko) Chrome/148.0.7778.96 Mobile Safari/537.36 (compatible; Googlebot/2.1; +http://www.google.com/bot.html)"
66.249.64.171 - - [25/Jun/2026:17:09:48 +0200] "GET /?h=15551549761100 HTTP/1.1" 301 313 "-" "Mozilla/5.0 (Linux; Android 6.0.1; Nexus 5X Build/MMB29P) AppleWebKit/537.36 (KHTML, like Gecko) Chrome/148.0.7778.96 Mobile Safari/537.36 (compatible; Googlebot/2.1; +http://www.google.com/bot.html)"
66.249.64.171 - - [25/Jun/2026:17:09:48 +0200] "GET /index.php/?h=15551549761100 HTTP/1.1" 301 - "-" "Mozilla/5.0 (Linux; Android 6.0.1; Nexus 5X Build/MMB29P) AppleWebKit/537.36 (KHTML, like Gecko) Chrome/148.0.7778.96 Mobile Safari/537.36 (compatible; Googlebot/2.1; +http://www.google.com/bot.html)"
66.249.64.169 - - [25/Jun/2026:17:10:11 +0200] "GET /product/review/8451897601100 HTTP/1.1" 301 296 "-" "Mozilla/5.0 (Linux; Android 6.0.1; Nexus 5X Build/MMB29P) AppleWebKit/537.36 (KHTML, like Gecko) Chrome/148.0.7778.96 Mobile Safari/537.36 (compatible; Googlebot/2.1; +http://www.google.com/bot.html)"
66.249.64.169 - - [25/Jun/2026:17:10:47 +0200] "GET /?h=3160116761100 HTTP/1.1" 301 312 "-" "Mozilla/5.0 (compatible; Googlebot/2.1; +http://www.google.com/bot.html)"
66.249.64.169 - - [25/Jun/2026:17:10:47 +0200] "GET /index.php/?h=3160116761100 HTTP/1.1" 301 - "-" "Mozilla/5.0 (compatible; Googlebot/2.1; +http://www.google.com/bot.html)"
66.249.64.171 - - [25/Jun/2026:17:11:24 +0200] "GET /shop/sold?id=top34591603321100 HTTP/1.1" 301 317 "-" "Mozilla/5.0 (Linux; Android 6.0.1; Nexus 5X Build/MMB29P) AppleWebKit/537.36 (KHTML, like Gecko) Chrome/148.0.7778.96 Mobile Safari/537.36 (compatible; Googlebot/2.1; +http://www.google.com/bot.html)"
66.249.64.169 - - [25/Jun/2026:17:11:24 +0200] "GET /index.php/?id=top34591603321100 HTTP/1.1" 301 - "-" "Mozilla/5.0 (Linux; Android 6.0.1; Nexus 5X Build/MMB29P) AppleWebKit/537.36 (KHTML, like Gecko) Chrome/148.0.7778.96 Mobile Safari/537.36 (compatible; Googlebot/2.1; +http://www.google.com/bot.html)"
66.249.64.169 - - [25/Jun/2026:17:11:51 +0200] "GET /?h=23622031401100 HTTP/1.1" 301 313 "-" "Mozilla/5.0 (compatible; Googlebot/2.1; +http://www.google.com/bot.html)"
66.249.64.169 - - [25/Jun/2026:17:11:51 +0200] "GET /index.php/?h=23622031401100 HTTP/1.1" 301 - "-" "Mozilla/5.0 (compatible; Googlebot/2.1; +http://www.google.com/bot.html)"
66.249.64.169 - - [25/Jun/2026:17:11:53 +0200] "GET /?h=13080484441100 HTTP/1.1" 301 313 "-" "Mozilla/5.0 (compatible; Googlebot/2.1; +http://www.google.com/bot.html)"
66.249.64.169 - - [25/Jun/2026:17:11:53 +0200] "GET /index.php/?h=13080484441100 HTTP/1.1" 301 - "-" "Mozilla/5.0 (compatible; Googlebot/2.1; +http://www.google.com/bot.html)"
66.249.64.171 - - [25/Jun/2026:17:12:03 +0200] "GET /?h=44052479761100 HTTP/1.1" 301 313 "-" "Mozilla/5.0 (compatible; Googlebot/2.1; +http://www.google.com/bot.html)"
66.249.64.171 - - [25/Jun/2026:17:12:03 +0200] "GET /index.php/?h=44052479761100 HTTP/1.1" 301 - "-" "Mozilla/5.0 (compatible; Googlebot/2.1; +http://www.google.com/bot.html)"
66.249.64.170 - - [25/Jun/2026:17:12:25 +0200] "GET /?h=25265379881100 HTTP/1.1" 301 313 "-" "Mozilla/5.0 (Linux; Android 6.0.1; Nexus 5X Build/MMB29P) AppleWebKit/537.36 (KHTML, like Gecko) Chrome/148.0.7778.96 Mobile Safari/537.36 (compatible; Googlebot/2.1; +http://www.google.com/bot.html)"
66.249.64.170 - - [25/Jun/2026:17:12:26 +0200] "GET /index.php/?h=25265379881100 HTTP/1.1" 301 - "-" "Mozilla/5.0 (Linux; Android 6.0.1; Nexus 5X Build/MMB29P) AppleWebKit/537.36 (KHTML, like Gecko) Chrome/148.0.7778.96 Mobile Safari/537.36 (compatible; Googlebot/2.1; +http://www.google.com/bot.html)"
66.249.64.170 - - [25/Jun/2026:17:13:37 +0200] "GET /?h=16110945321100 HTTP/1.1" 301 313 "-" "Mozilla/5.0 (Linux; Android 6.0.1; Nexus 5X Build/MMB29P) AppleWebKit/537.36 (KHTML, like Gecko) Chrome/148.0.7778.96 Mobile Safari/537.36 (compatible; Googlebot/2.1; +http://www.google.com/bot.html)"
66.249.64.169 - - [25/Jun/2026:17:13:37 +0200] "GET /index.php/?h=16110945321100 HTTP/1.1" 301 - "-" "Mozilla/5.0 (Linux; Android 6.0.1; Nexus 5X Build/MMB29P) AppleWebKit/537.36 (KHTML, like Gecko) Chrome/148.0.7778.96 Mobile Safari/537.36 (compatible; Googlebot/2.1; +http://www.google.com/bot.html)"
41.225.153.253 - - [25/Jun/2026:17:14:58 +0200] "GET /wp-json/wp/v2/users HTTP/1.1" 301 296 "https://www.google.com" "Mozilla/5.0 (X11; Linux x86_64) AppleWebKit/537.36 (KHTML, like Gecko) Chrome/119.0.0.0 Safari/537.36"
190.44.21.134 - - [25/Jun/2026:17:14:59 +0200] "GET /wp-json/wp/v2/users HTTP/1.1" 301 296 "https://www.google.com" "Mozilla/5.0 (X11; Linux x86_64) AppleWebKit/537.36 (KHTML, like Gecko) Chrome/119.0.0.0 Safari/537.36"
41.225.153.253 - - [25/Jun/2026:17:14:59 +0200] "GET /index.php/ HTTP/1.1" 301 - "https://www.google.com" "Mozilla/5.0 (X11; Linux x86_64) AppleWebKit/537.36 (KHTML, like Gecko) Chrome/119.0.0.0 Safari/537.36"
82.194.247.212 - - [25/Jun/2026:17:14:59 +0200] "GET /wp-json/wp/v2/users HTTP/1.1" 301 296 "https://www.google.com" "Mozilla/5.0 (X11; Linux x86_64) AppleWebKit/537.36 (KHTML, like Gecko) Chrome/119.0.0.0 Safari/537.36"
181.42.225.154 - - [25/Jun/2026:17:15:00 +0200] "GET /wp-json/wp/v2/users HTTP/1.1" 301 296 "https://www.google.com" "Mozilla/5.0 (X11; Linux x86_64) AppleWebKit/537.36 (KHTML, like Gecko) Chrome/119.0.0.0 Safari/537.36"
41.225.153.253 - - [25/Jun/2026:17:15:00 +0200] "GET /?author=1 HTTP/1.1" 301 305 "https://www.google.com" "Mozilla/5.0 (X11; Linux x86_64) AppleWebKit/537.36 (KHTML, like Gecko) Chrome/119.0.0.0 Safari/537.36"
82.194.247.212 - - [25/Jun/2026:17:15:00 +0200] "GET /index.php/ HTTP/1.1" 301 - "https://www.google.com" "Mozilla/5.0 (X11; Linux x86_64) AppleWebKit/537.36 (KHTML, like Gecko) Chrome/119.0.0.0 Safari/537.36"
45.175.237.121 - - [25/Jun/2026:17:15:00 +0200] "GET /wp-json/wp/v2/users HTTP/1.1" 301 296 "https://www.google.com" "Mozilla/5.0 (X11; Linux x86_64) AppleWebKit/537.36 (KHTML, like Gecko) Chrome/119.0.0.0 Safari/537.36"
82.194.247.212 - - [25/Jun/2026:17:15:01 +0200] "GET /?author=1 HTTP/1.1" 301 305 "https://www.google.com" "Mozilla/5.0 (X11; Linux x86_64) AppleWebKit/537.36 (KHTML, like Gecko) Chrome/119.0.0.0 Safari/537.36"
143.255.126.3 - - [25/Jun/2026:17:15:01 +0200] "GET /wp-json/wp/v2/users HTTP/1.1" 301 296 "https://www.google.com" "Mozilla/5.0 (X11; Linux x86_64) AppleWebKit/537.36 (KHTML, like Gecko) Chrome/119.0.0.0 Safari/537.36"
190.44.21.134 - - [25/Jun/2026:17:15:01 +0200] "GET /index.php/ HTTP/1.1" 301 - "https://www.google.com" "Mozilla/5.0 (X11; Linux x86_64) AppleWebKit/537.36 (KHTML, like Gecko) Chrome/119.0.0.0 Safari/537.36"
41.225.153.253 - - [25/Jun/2026:17:15:01 +0200] "POST /xmlrpc.php HTTP/1.1" 403 52 "-" "Apache-HttpClient/4.5.13 (Java/11.0.30)"
82.194.247.212 - - [25/Jun/2026:17:15:01 +0200] "POST /xmlrpc.php HTTP/1.1" 403 52 "-" "Apache-HttpClient/4.5.13 (Java/11.0.30)"
45.175.237.121 - - [25/Jun/2026:17:15:02 +0200] "GET /index.php/ HTTP/1.1" 301 - "https://www.google.com" "Mozilla/5.0 (X11; Linux x86_64) AppleWebKit/537.36 (KHTML, like Gecko) Chrome/119.0.0.0 Safari/537.36"
143.255.126.3 - - [25/Jun/2026:17:15:03 +0200] "GET /index.php/ HTTP/1.1" 301 - "https://www.google.com" "Mozilla/5.0 (X11; Linux x86_64) AppleWebKit/537.36 (KHTML, like Gecko) Chrome/119.0.0.0 Safari/537.36"
190.44.21.134 - - [25/Jun/2026:17:15:03 +0200] "GET /?author=1 HTTP/1.1" 301 305 "https://www.google.com" "Mozilla/5.0 (X11; Linux x86_64) AppleWebKit/537.36 (KHTML, like Gecko) Chrome/119.0.0.0 Safari/537.36"
65.108.235.243 - - [25/Jun/2026:17:15:03 +0200] "POST /wp-cron.php?doing_wp_cron=1782400503.9140939712524414062500 HTTP/1.1" 200 1 "-" "WordPress/7.0; https://verona.elettroservicegroup.it"
65.108.235.243 - - [25/Jun/2026:17:15:03 +0200] "POST /wp-cron.php?doing_wp_cron=1782400503.9140930175781250000000 HTTP/1.1" 200 1 "-" "WordPress/7.0; https://verona.elettroservicegroup.it"
82.194.247.212 - - [25/Jun/2026:17:15:02 +0200] "GET /wp-login.php HTTP/1.1" 200 3290 "https://www.google.com" "Mozilla/5.0 (X11; Linux x86_64) AppleWebKit/537.36 (KHTML, like Gecko) Chrome/119.0.0.0 Safari/537.36"
41.225.153.253 - - [25/Jun/2026:17:15:02 +0200] "GET /wp-login.php HTTP/1.1" 200 3290 "https://www.google.com" "Mozilla/5.0 (X11; Linux x86_64) AppleWebKit/537.36 (KHTML, like Gecko) Chrome/119.0.0.0 Safari/537.36"
45.175.237.121 - - [25/Jun/2026:17:15:04 +0200] "GET /?author=1 HTTP/1.1" 301 305 "https://www.google.com" "Mozilla/5.0 (X11; Linux x86_64) AppleWebKit/537.36 (KHTML, like Gecko) Chrome/119.0.0.0 Safari/537.36"
82.209.93.154 - - [25/Jun/2026:17:15:04 +0200] "GET /wp-login.php HTTP/1.1" 200 3290 "https://www.google.com" "Mozilla/5.0 (X11; Linux x86_64) AppleWebKit/537.36 (KHTML, like Gecko) Chrome/119.0.0.0 Safari/537.36"
181.42.225.154 - - [25/Jun/2026:17:15:05 +0200] "GET /index.php/ HTTP/1.1" 301 - "https://www.google.com" "Mozilla/5.0 (X11; Linux x86_64) AppleWebKit/537.36 (KHTML, like Gecko) Chrome/119.0.0.0 Safari/537.36"
143.255.126.3 - - [25/Jun/2026:17:15:05 +0200] "GET /?author=1 HTTP/1.1" 301 305 "https://www.google.com" "Mozilla/5.0 (X11; Linux x86_64) AppleWebKit/537.36 (KHTML, like Gecko) Chrome/119.0.0.0 Safari/537.36"
190.44.21.134 - - [25/Jun/2026:17:15:06 +0200] "POST /xmlrpc.php HTTP/1.1" 403 52 "-" "Apache-HttpClient/4.5.13 (Java/11.0.30)"
201.186.81.236 - - [25/Jun/2026:17:15:06 +0200] "GET /wp-login.php HTTP/1.1" 200 3290 "https://www.google.com" "Mozilla/5.0 (X11; Linux x86_64) AppleWebKit/537.36 (KHTML, like Gecko) Chrome/119.0.0.0 Safari/537.36"
45.175.237.121 - - [25/Jun/2026:17:15:06 +0200] "POST /xmlrpc.php HTTP/1.1" 403 52 "-" "Apache-HttpClient/4.5.13 (Java/11.0.30)"
41.188.109.56 - - [25/Jun/2026:17:15:06 +0200] "GET /wp-login.php HTTP/1.1" 200 3290 "https://www.google.com" "Mozilla/5.0 (X11; Linux x86_64) AppleWebKit/537.36 (KHTML, like Gecko) Chrome/119.0.0.0 Safari/537.36"
143.255.126.3 - - [25/Jun/2026:17:15:07 +0200] "POST /xmlrpc.php HTTP/1.1" 403 52 "-" "Apache-HttpClient/4.5.13 (Java/11.0.30)"
181.42.225.154 - - [25/Jun/2026:17:15:07 +0200] "GET /?author=1 HTTP/1.1" 301 305 "https://www.google.com" "Mozilla/5.0 (X11; Linux x86_64) AppleWebKit/537.36 (KHTML, like Gecko) Chrome/119.0.0.0 Safari/537.36"
190.44.21.134 - - [25/Jun/2026:17:15:07 +0200] "GET /wp-login.php HTTP/1.1" 503 1986 "https://www.google.com" "Mozilla/5.0 (X11; Linux x86_64) AppleWebKit/537.36 (KHTML, like Gecko) Chrome/119.0.0.0 Safari/537.36"
45.175.237.121 - - [25/Jun/2026:17:15:08 +0200] "GET /wp-login.php HTTP/1.1" 503 1986 "https://www.google.com" "Mozilla/5.0 (X11; Linux x86_64) AppleWebKit/537.36 (KHTML, like Gecko) Chrome/119.0.0.0 Safari/537.36"
143.255.126.3 - - [25/Jun/2026:17:15:09 +0200] "GET /wp-login.php HTTP/1.1" 200 3290 "https://www.google.com" "Mozilla/5.0 (X11; Linux x86_64) AppleWebKit/537.36 (KHTML, like Gecko) Chrome/119.0.0.0 Safari/537.36"
181.42.225.154 - - [25/Jun/2026:17:15:09 +0200] "POST /xmlrpc.php HTTP/1.1" 403 52 "-" "Apache-HttpClient/4.5.13 (Java/11.0.30)"
176.96.191.212 - - [25/Jun/2026:17:15:11 +0200] "GET /wp-login.php HTTP/1.1" 200 3290 "https://www.google.com" "Mozilla/5.0 (X11; Linux x86_64) AppleWebKit/537.36 (KHTML, like Gecko) Chrome/119.0.0.0 Safari/537.36"
190.44.21.134 - - [25/Jun/2026:17:15:12 +0200] "GET /wp-login.php HTTP/1.1" 200 3290 "https://www.google.com" "Mozilla/5.0 (X11; Linux x86_64) AppleWebKit/537.36 (KHTML, like Gecko) Chrome/119.0.0.0 Safari/537.36"
181.42.225.154 - - [25/Jun/2026:17:15:12 +0200] "GET /wp-login.php HTTP/1.1" 200 3290 "https://www.google.com" "Mozilla/5.0 (X11; Linux x86_64) AppleWebKit/537.36 (KHTML, like Gecko) Chrome/119.0.0.0 Safari/537.36"
77.79.178.214 - - [25/Jun/2026:17:15:14 +0200] "GET /wp-login.php HTTP/1.1" 200 11761 "https://www.google.com" "Mozilla/5.0 (X11; Linux x86_64) AppleWebKit/537.36 (KHTML, like Gecko) Chrome/119.0.0.0 Safari/537.36"
190.14.134.201 - - [25/Jun/2026:17:15:14 +0200] "GET /wp-login.php HTTP/1.1" 200 3290 "https://www.google.com" "Mozilla/5.0 (X11; Linux x86_64) AppleWebKit/537.36 (KHTML, like Gecko) Chrome/119.0.0.0 Safari/537.36"
181.116.178.210 - - [25/Jun/2026:17:15:15 +0200] "GET /wp-login.php HTTP/1.1" 200 11765 "https://www.google.com" "Mozilla/5.0 (X11; Linux x86_64) AppleWebKit/537.36 (KHTML, like Gecko) Chrome/119.0.0.0 Safari/537.36"
187.146.102.250 - - [25/Jun/2026:17:15:14 +0200] "GET /wp-login.php HTTP/1.1" 200 3290 "https://www.google.com" "Mozilla/5.0 (X11; Linux x86_64) AppleWebKit/537.36 (KHTML, like Gecko) Chrome/119.0.0.0 Safari/537.36"
115.74.133.57 - - [25/Jun/2026:17:15:17 +0200] "GET /wp-login.php HTTP/1.1" 200 3290 "https://www.google.com" "Mozilla/5.0 (X11; Linux x86_64) AppleWebKit/537.36 (KHTML, like Gecko) Chrome/119.0.0.0 Safari/537.36"
95.190.5.125 - - [25/Jun/2026:17:15:19 +0200] "GET /wp-login.php HTTP/1.1" 200 11851 "https://www.google.com" "Mozilla/5.0 (X11; Linux x86_64) AppleWebKit/537.36 (KHTML, like Gecko) Chrome/119.0.0.0 Safari/537.36"
5.194.146.205 - - [25/Jun/2026:17:15:21 +0200] "GET /wp-login.php HTTP/1.1" 200 3290 "https://www.google.com" "Mozilla/5.0 (X11; Linux x86_64) AppleWebKit/537.36 (KHTML, like Gecko) Chrome/119.0.0.0 Safari/537.36"
115.74.133.57 - - [25/Jun/2026:17:15:21 +0200] "POST /wp-login.php HTTP/1.1" 200 3438 "https://verona.elettroservicegroup.it/wp-login.php" "Mozilla/5.0 (X11; Linux x86_64) AppleWebKit/537.36 (KHTML, like Gecko) Chrome/119.0.0.0 Safari/537.36"
79.21.133.164 - - [25/Jun/2026:17:15:22 +0200] "GET /wp-login.php HTTP/1.1" 200 3290 "https://www.google.com" "Mozilla/5.0 (X11; Linux x86_64) AppleWebKit/537.36 (KHTML, like Gecko) Chrome/119.0.0.0 Safari/537.36"
42.112.146.56 - - [25/Jun/2026:17:15:22 +0200] "GET /wp-login.php HTTP/1.1" 200 3290 "https://www.google.com" "Mozilla/5.0 (X11; Linux x86_64) AppleWebKit/537.36 (KHTML, like Gecko) Chrome/119.0.0.0 Safari/537.36"
187.189.198.98 - - [25/Jun/2026:17:15:23 +0200] "GET /wp-login.php HTTP/1.1" 200 3290 "https://www.google.com" "Mozilla/5.0 (X11; Linux x86_64) AppleWebKit/537.36 (KHTML, like Gecko) Chrome/119.0.0.0 Safari/537.36"
115.74.133.57 - - [25/Jun/2026:17:15:24 +0200] "GET /wp-admin/ HTTP/1.1" 302 - "https://verona.elettroservicegroup.it/wp-login.php" "Mozilla/5.0 (X11; Linux x86_64) AppleWebKit/537.36 (KHTML, like Gecko) Chrome/119.0.0.0 Safari/537.36"
177.128.112.243 - - [25/Jun/2026:17:15:25 +0200] "GET /wp-login.php HTTP/1.1" 200 3290 "https://www.google.com" "Mozilla/5.0 (X11; Linux x86_64) AppleWebKit/537.36 (KHTML, like Gecko) Chrome/119.0.0.0 Safari/537.36"
78.81.164.10 - - [25/Jun/2026:17:15:26 +0200] "GET /wp-login.php HTTP/1.1" 200 11701 "https://www.google.com" "Mozilla/5.0 (X11; Linux x86_64) AppleWebKit/537.36 (KHTML, like Gecko) Chrome/119.0.0.0 Safari/537.36"
65.108.235.243 - - [25/Jun/2026:17:15:27 +0200] "POST /wp-cron.php?doing_wp_cron=1782400527.8257610797882080078125 HTTP/1.1" 200 1 "-" "WordPress/7.0; https://verona.elettroservicegroup.it"
115.74.133.57 - - [25/Jun/2026:17:15:27 +0200] "GET /wp-login.php?redirect_to=https%3A%2F%2Fverona.elettroservicegroup.it%2Fwp-admin%2F&reauth=1 HTTP/1.1" 200 3291 "https://verona.elettroservicegroup.it/wp-login.php" "Mozilla/5.0 (X11; Linux x86_64) AppleWebKit/537.36 (KHTML, like Gecko) Chrome/119.0.0.0 Safari/537.36"
91.243.109.204 - - [25/Jun/2026:17:15:28 +0200] "GET /wp-login.php HTTP/1.1" 200 3290 "https://www.google.com" "Mozilla/5.0 (X11; Linux x86_64) AppleWebKit/537.36 (KHTML, like Gecko) Chrome/119.0.0.0 Safari/537.36"
193.0.155.142 - - [25/Jun/2026:17:15:29 +0200] "GET /wp-login.php HTTP/1.1" 200 3290 "https://www.google.com" "Mozilla/5.0 (X11; Linux x86_64) AppleWebKit/537.36 (KHTML, like Gecko) Chrome/119.0.0.0 Safari/537.36"
1.54.118.22 - - [25/Jun/2026:17:15:31 +0200] "GET /wp-login.php HTTP/1.1" 200 3290 "https://www.google.com" "Mozilla/5.0 (X11; Linux x86_64) AppleWebKit/537.36 (KHTML, like Gecko) Chrome/119.0.0.0 Safari/537.36"
217.107.115.145 - - [25/Jun/2026:17:15:32 +0200] "POST /wp-login.php HTTP/1.1" 200 3439 "https://verona.elettroservicegroup.it/wp-login.php" "Mozilla/5.0 (X11; Linux x86_64) AppleWebKit/537.36 (KHTML, like Gecko) Chrome/119.0.0.0 Safari/537.36"
105.100.177.215 - - [25/Jun/2026:17:15:32 +0200] "GET /wp-login.php HTTP/1.1" 200 3290 "https://www.google.com" "Mozilla/5.0 (X11; Linux x86_64) AppleWebKit/537.36 (KHTML, like Gecko) Chrome/119.0.0.0 Safari/537.36"
69.251.53.166 - - [25/Jun/2026:17:15:33 +0200] "GET /wp-login.php HTTP/1.1" 200 11648 "https://www.google.com" "Mozilla/5.0 (X11; Linux x86_64) AppleWebKit/537.36 (KHTML, like Gecko) Chrome/119.0.0.0 Safari/537.36"
193.0.155.142 - - [25/Jun/2026:17:15:33 +0200] "GET /wp-admin/ HTTP/1.1" 302 - "https://verona.elettroservicegroup.it/wp-login.php" "Mozilla/5.0 (X11; Linux x86_64) AppleWebKit/537.36 (KHTML, like Gecko) Chrome/119.0.0.0 Safari/537.36"
195.19.121.6 - - [25/Jun/2026:17:15:33 +0200] "GET /wp-login.php HTTP/1.1" 200 11790 "https://www.google.com" "Mozilla/5.0 (X11; Linux x86_64) AppleWebKit/537.36 (KHTML, like Gecko) Chrome/119.0.0.0 Safari/537.36"
193.0.155.142 - - [25/Jun/2026:17:15:34 +0200] "GET /wp-login.php?redirect_to=https%3A%2F%2Fverona.elettroservicegroup.it%2Fwp-admin%2F&reauth=1 HTTP/1.1" 200 3291 "https://verona.elettroservicegroup.it/wp-login.php" "Mozilla/5.0 (X11; Linux x86_64) AppleWebKit/537.36 (KHTML, like Gecko) Chrome/119.0.0.0 Safari/537.36"
160.176.134.106 - - [25/Jun/2026:17:15:34 +0200] "GET /wp-login.php HTTP/1.1" 200 3290 "https://www.google.com" "Mozilla/5.0 (X11; Linux x86_64) AppleWebKit/537.36 (KHTML, like Gecko) Chrome/119.0.0.0 Safari/537.36"
178.237.234.14 - - [25/Jun/2026:17:15:35 +0200] "GET /wp-login.php HTTP/1.1" 200 11756 "https://www.google.com" "Mozilla/5.0 (X11; Linux x86_64) AppleWebKit/537.36 (KHTML, like Gecko) Chrome/119.0.0.0 Safari/537.36"
27.64.70.38 - - [25/Jun/2026:17:15:36 +0200] "GET /wp-login.php HTTP/1.1" 200 3290 "https://www.google.com" "Mozilla/5.0 (X11; Linux x86_64) AppleWebKit/537.36 (KHTML, like Gecko) Chrome/119.0.0.0 Safari/537.36"
38.25.52.233 - - [25/Jun/2026:17:15:37 +0200] "GET /wp-login.php HTTP/1.1" 200 11664 "https://www.google.com" "Mozilla/5.0 (X11; Linux x86_64) AppleWebKit/537.36 (KHTML, like Gecko) Chrome/119.0.0.0 Safari/537.36"
109.177.61.118 - - [25/Jun/2026:17:15:39 +0200] "GET /wp-login.php HTTP/1.1" 200 11790 "https://www.google.com" "Mozilla/5.0 (X11; Linux x86_64) AppleWebKit/537.36 (KHTML, like Gecko) Chrome/119.0.0.0 Safari/537.36"
27.64.70.38 - - [25/Jun/2026:17:15:39 +0200] "POST /wp-login.php HTTP/1.1" 200 3444 "https://verona.elettroservicegroup.it/wp-login.php" "Mozilla/5.0 (X11; Linux x86_64) AppleWebKit/537.36 (KHTML, like Gecko) Chrome/119.0.0.0 Safari/537.36"
212.220.224.120 - - [25/Jun/2026:17:15:40 +0200] "GET /wp-login.php HTTP/1.1" 200 3290 "https://www.google.com" "Mozilla/5.0 (X11; Linux x86_64) AppleWebKit/537.36 (KHTML, like Gecko) Chrome/119.0.0.0 Safari/537.36"
27.64.70.38 - - [25/Jun/2026:17:15:41 +0200] "GET /wp-admin/ HTTP/1.1" 302 - "https://verona.elettroservicegroup.it/wp-login.php" "Mozilla/5.0 (X11; Linux x86_64) AppleWebKit/537.36 (KHTML, like Gecko) Chrome/119.0.0.0 Safari/537.36"
92.101.82.43 - - [25/Jun/2026:17:15:42 +0200] "GET /wp-login.php HTTP/1.1" 200 11845 "https://www.google.com" "Mozilla/5.0 (X11; Linux x86_64) AppleWebKit/537.36 (KHTML, like Gecko) Chrome/119.0.0.0 Safari/537.36"
196.117.89.67 - - [25/Jun/2026:17:15:42 +0200] "GET /wp-login.php HTTP/1.1" 200 3290 "https://www.google.com" "Mozilla/5.0 (X11; Linux x86_64) AppleWebKit/537.36 (KHTML, like Gecko) Chrome/119.0.0.0 Safari/537.36"
91.228.96.184 - - [25/Jun/2026:17:15:43 +0200] "GET /wp-login.php HTTP/1.1" 200 3290 "https://www.google.com" "Mozilla/5.0 (X11; Linux x86_64) AppleWebKit/537.36 (KHTML, like Gecko) Chrome/119.0.0.0 Safari/537.36"
27.64.70.38 - - [25/Jun/2026:17:15:44 +0200] "GET /wp-login.php?redirect_to=https%3A%2F%2Fverona.elettroservicegroup.it%2Fwp-admin%2F&reauth=1 HTTP/1.1" 200 3291 "https://verona.elettroservicegroup.it/wp-login.php" "Mozilla/5.0 (X11; Linux x86_64) AppleWebKit/537.36 (KHTML, like Gecko) Chrome/119.0.0.0 Safari/537.36"
109.252.179.147 - - [25/Jun/2026:17:15:45 +0200] "GET /wp-login.php HTTP/1.1" 200 3290 "https://www.google.com" "Mozilla/5.0 (X11; Linux x86_64) AppleWebKit/537.36 (KHTML, like Gecko) Chrome/119.0.0.0 Safari/537.36"
115.134.104.27 - - [25/Jun/2026:17:15:45 +0200] "GET /wp-login.php HTTP/1.1" 200 11725 "https://www.google.com" "Mozilla/5.0 (X11; Linux x86_64) AppleWebKit/537.36 (KHTML, like Gecko) Chrome/119.0.0.0 Safari/537.36"
91.182.255.103 - - [25/Jun/2026:17:15:46 +0200] "GET /wp-login.php HTTP/1.1" 200 11594 "https://www.google.com" "Mozilla/5.0 (X11; Linux x86_64) AppleWebKit/537.36 (KHTML, like Gecko) Chrome/119.0.0.0 Safari/537.36"
193.188.123.74 - - [25/Jun/2026:17:15:47 +0200] "GET /wp-login.php HTTP/1.1" 200 3290 "https://www.google.com" "Mozilla/5.0 (X11; Linux x86_64) AppleWebKit/537.36 (KHTML, like Gecko) Chrome/119.0.0.0 Safari/537.36"
195.114.121.182 - - [25/Jun/2026:17:15:48 +0200] "GET /wp-login.php HTTP/1.1" 200 11841 "https://www.google.com" "Mozilla/5.0 (X11; Linux x86_64) AppleWebKit/537.36 (KHTML, like Gecko) Chrome/119.0.0.0 Safari/537.36"
103.244.176.70 - - [25/Jun/2026:17:15:50 +0200] "GET /wp-login.php HTTP/1.1" 200 3290 "https://www.google.com" "Mozilla/5.0 (X11; Linux x86_64) AppleWebKit/537.36 (KHTML, like Gecko) Chrome/119.0.0.0 Safari/537.36"
190.139.18.169 - - [25/Jun/2026:17:15:51 +0200] "GET /wp-login.php HTTP/1.1" 200 3290 "https://www.google.com" "Mozilla/5.0 (X11; Linux x86_64) AppleWebKit/537.36 (KHTML, like Gecko) Chrome/119.0.0.0 Safari/537.36"
217.24.245.58 - - [25/Jun/2026:17:15:51 +0200] "GET /wp-login.php HTTP/1.1" 200 3290 "https://www.google.com" "Mozilla/5.0 (X11; Linux x86_64) AppleWebKit/537.36 (KHTML, like Gecko) Chrome/119.0.0.0 Safari/537.36"
116.98.254.197 - - [25/Jun/2026:17:15:54 +0200] "GET /wp-login.php HTTP/1.1" 200 11726 "https://www.google.com" "Mozilla/5.0 (X11; Linux x86_64) AppleWebKit/537.36 (KHTML, like Gecko) Chrome/119.0.0.0 Safari/537.36"
217.107.115.145 - - [25/Jun/2026:17:15:53 +0200] "POST /wp-login.php HTTP/1.1" 200 3441 "https://verona.elettroservicegroup.it/wp-login.php" "Mozilla/5.0 (X11; Linux x86_64) AppleWebKit/537.36 (KHTML, like Gecko) Chrome/119.0.0.0 Safari/537.36"
176.212.20.237 - - [25/Jun/2026:17:15:54 +0200] "GET /wp-login.php HTTP/1.1" 200 3290 "https://www.google.com" "Mozilla/5.0 (X11; Linux x86_64) AppleWebKit/537.36 (KHTML, like Gecko) Chrome/119.0.0.0 Safari/537.36"
181.31.145.107 - - [25/Jun/2026:17:15:55 +0200] "GET /wp-login.php HTTP/1.1" 200 11650 "https://www.google.com" "Mozilla/5.0 (X11; Linux x86_64) AppleWebKit/537.36 (KHTML, like Gecko) Chrome/119.0.0.0 Safari/537.36"
190.139.18.169 - - [25/Jun/2026:17:15:55 +0200] "POST /wp-login.php HTTP/1.1" 200 3441 "https://verona.elettroservicegroup.it/wp-login.php" "Mozilla/5.0 (X11; Linux x86_64) AppleWebKit/537.36 (KHTML, like Gecko) Chrome/119.0.0.0 Safari/537.36"
193.188.123.74 - - [25/Jun/2026:17:15:55 +0200] "GET /wp-admin/ HTTP/1.1" 302 - "https://verona.elettroservicegroup.it/wp-login.php" "Mozilla/5.0 (X11; Linux x86_64) AppleWebKit/537.36 (KHTML, like Gecko) Chrome/119.0.0.0 Safari/537.36"
193.188.123.74 - - [25/Jun/2026:17:15:57 +0200] "GET /wp-login.php?redirect_to=https%3A%2F%2Fverona.elettroservicegroup.it%2Fwp-admin%2F&reauth=1 HTTP/1.1" 200 3291 "https://verona.elettroservicegroup.it/wp-login.php" "Mozilla/5.0 (X11; Linux x86_64) AppleWebKit/537.36 (KHTML, like Gecko) Chrome/119.0.0.0 Safari/537.36"
181.31.145.107 - - [25/Jun/2026:17:15:57 +0200] "POST /wp-login.php HTTP/1.1" 200 11812 "https://verona.elettroservicegroup.it/wp-login.php" "Mozilla/5.0 (X11; Linux x86_64) AppleWebKit/537.36 (KHTML, like Gecko) Chrome/119.0.0.0 Safari/537.36"
190.139.18.169 - - [25/Jun/2026:17:15:57 +0200] "GET /wp-admin/ HTTP/1.1" 302 - "https://verona.elettroservicegroup.it/wp-login.php" "Mozilla/5.0 (X11; Linux x86_64) AppleWebKit/537.36 (KHTML, like Gecko) Chrome/119.0.0.0 Safari/537.36"
181.31.145.107 - - [25/Jun/2026:17:16:00 +0200] "GET /wp-admin/ HTTP/1.1" 200 11792 "https://verona.elettroservicegroup.it/wp-login.php" "Mozilla/5.0 (X11; Linux x86_64) AppleWebKit/537.36 (KHTML, like Gecko) Chrome/119.0.0.0 Safari/537.36"
190.139.18.169 - - [25/Jun/2026:17:16:00 +0200] "GET /wp-login.php?redirect_to=https%3A%2F%2Fverona.elettroservicegroup.it%2Fwp-admin%2F&reauth=1 HTTP/1.1" 200 3291 "https://verona.elettroservicegroup.it/wp-login.php" "Mozilla/5.0 (X11; Linux x86_64) AppleWebKit/537.36 (KHTML, like Gecko) Chrome/119.0.0.0 Safari/537.36"
59.153.224.25 - - [25/Jun/2026:17:16:02 +0200] "GET /wp-login.php HTTP/1.1" 200 3290 "https://www.google.com" "Mozilla/5.0 (X11; Linux x86_64) AppleWebKit/537.36 (KHTML, like Gecko) Chrome/119.0.0.0 Safari/537.36"
115.64.60.114 - - [25/Jun/2026:17:16:04 +0200] "GET /wp-login.php HTTP/1.1" 200 11715 "https://www.google.com" "Mozilla/5.0 (X11; Linux x86_64) AppleWebKit/537.36 (KHTML, like Gecko) Chrome/119.0.0.0 Safari/537.36"
115.64.60.114 - - [25/Jun/2026:17:16:07 +0200] "POST /wp-login.php HTTP/1.1" 200 11843 "https://verona.elettroservicegroup.it/wp-login.php" "Mozilla/5.0 (X11; Linux x86_64) AppleWebKit/537.36 (KHTML, like Gecko) Chrome/119.0.0.0 Safari/537.36"
76.33.232.24 - - [25/Jun/2026:17:16:09 +0200] "GET /wp-login.php HTTP/1.1" 200 3290 "https://www.google.com" "Mozilla/5.0 (X11; Linux x86_64) AppleWebKit/537.36 (KHTML, like Gecko) Chrome/119.0.0.0 Safari/537.36"
92.40.212.34 - - [25/Jun/2026:17:16:09 +0200] "GET /wp-login.php HTTP/1.1" 200 11640 "https://www.google.com" "Mozilla/5.0 (X11; Linux x86_64) AppleWebKit/537.36 (KHTML, like Gecko) Chrome/119.0.0.0 Safari/537.36"
115.64.60.114 - - [25/Jun/2026:17:16:10 +0200] "GET /wp-admin/ HTTP/1.1" 200 11805 "https://verona.elettroservicegroup.it/wp-login.php" "Mozilla/5.0 (X11; Linux x86_64) AppleWebKit/537.36 (KHTML, like Gecko) Chrome/119.0.0.0 Safari/537.36"
185.24.61.84 - - [25/Jun/2026:17:16:14 +0200] "GET /wp-login.php HTTP/1.1" 200 3290 "https://www.google.com" "Mozilla/5.0 (X11; Linux x86_64) AppleWebKit/537.36 (KHTML, like Gecko) Chrome/119.0.0.0 Safari/537.36"
147.235.193.147 - - [25/Jun/2026:17:16:18 +0200] "GET /wp-login.php HTTP/1.1" 200 11806 "https://www.google.com" "Mozilla/5.0 (X11; Linux x86_64) AppleWebKit/537.36 (KHTML, like Gecko) Chrome/119.0.0.0 Safari/537.36"
185.24.61.84 - - [25/Jun/2026:17:16:18 +0200] "POST /wp-login.php HTTP/1.1" 200 3441 "https://verona.elettroservicegroup.it/wp-login.php" "Mozilla/5.0 (X11; Linux x86_64) AppleWebKit/537.36 (KHTML, like Gecko) Chrome/119.0.0.0 Safari/537.36"
185.24.61.84 - - [25/Jun/2026:17:16:22 +0200] "GET /wp-admin/ HTTP/1.1" 302 - "https://verona.elettroservicegroup.it/wp-login.php" "Mozilla/5.0 (X11; Linux x86_64) AppleWebKit/537.36 (KHTML, like Gecko) Chrome/119.0.0.0 Safari/537.36"
185.24.61.84 - - [25/Jun/2026:17:16:25 +0200] "GET /wp-login.php?redirect_to=https%3A%2F%2Fverona.elettroservicegroup.it%2Fwp-admin%2F&reauth=1 HTTP/1.1" 200 3291 "https://verona.elettroservicegroup.it/wp-login.php" "Mozilla/5.0 (X11; Linux x86_64) AppleWebKit/537.36 (KHTML, like Gecko) Chrome/119.0.0.0 Safari/537.36"
66.249.64.169 - - [25/Jun/2026:17:16:32 +0200] "GET /?h=41559317921100 HTTP/1.1" 301 313 "-" "Mozilla/5.0 (Linux; Android 6.0.1; Nexus 5X Build/MMB29P) AppleWebKit/537.36 (KHTML, like Gecko) Chrome/148.0.7778.96 Mobile Safari/537.36 (compatible; Googlebot/2.1; +http://www.google.com/bot.html)"
66.249.64.171 - - [25/Jun/2026:17:16:33 +0200] "GET /index.php/?h=41559317921100 HTTP/1.1" 301 - "-" "Mozilla/5.0 (Linux; Android 6.0.1; Nexus 5X Build/MMB29P) AppleWebKit/537.36 (KHTML, like Gecko) Chrome/148.0.7778.96 Mobile Safari/537.36 (compatible; Googlebot/2.1; +http://www.google.com/bot.html)"
65.108.235.243 - - [25/Jun/2026:17:17:17 +0200] "POST /wp-cron.php?doing_wp_cron=1782400637.0790228843688964843750 HTTP/1.1" 200 1 "-" "WordPress/7.0; https://verona.elettroservicegroup.it"
186.225.216.63 - - [25/Jun/2026:17:17:15 +0200] "GET /wp-login.php HTTP/1.1" 200 3290 "https://www.google.com" "Mozilla/5.0 (X11; Linux x86_64) AppleWebKit/537.36 (KHTML, like Gecko) Chrome/119.0.0.0 Safari/537.36"
66.249.64.171 - - [25/Jun/2026:17:17:28 +0200] "GET /?h=15400231121100 HTTP/1.1" 301 313 "-" "Mozilla/5.0 (Linux; Android 6.0.1; Nexus 5X Build/MMB29P) AppleWebKit/537.36 (KHTML, like Gecko) Chrome/148.0.7778.96 Mobile Safari/537.36 (compatible; Googlebot/2.1; +http://www.google.com/bot.html)"
66.249.64.169 - - [25/Jun/2026:17:17:29 +0200] "GET /index.php/?h=15400231121100 HTTP/1.1" 301 - "-" "Mozilla/5.0 (Linux; Android 6.0.1; Nexus 5X Build/MMB29P) AppleWebKit/537.36 (KHTML, like Gecko) Chrome/148.0.7778.96 Mobile Safari/537.36 (compatible; Googlebot/2.1; +http://www.google.com/bot.html)"
66.249.64.169 - - [25/Jun/2026:17:17:30 +0200] "GET /?h=35484714521100 HTTP/1.1" 301 313 "-" "Mozilla/5.0 (Linux; Android 6.0.1; Nexus 5X Build/MMB29P) AppleWebKit/537.36 (KHTML, like Gecko) Chrome/148.0.7778.96 Mobile Safari/537.36 (compatible; Googlebot/2.1; +http://www.google.com/bot.html)"
66.249.64.170 - - [25/Jun/2026:17:17:30 +0200] "GET /index.php/?h=35484714521100 HTTP/1.1" 301 - "-" "Mozilla/5.0 (Linux; Android 6.0.1; Nexus 5X Build/MMB29P) AppleWebKit/537.36 (KHTML, like Gecko) Chrome/148.0.7778.96 Mobile Safari/537.36 (compatible; Googlebot/2.1; +http://www.google.com/bot.html)"
66.249.64.171 - - [25/Jun/2026:17:18:32 +0200] "GET /?h=43930061161100 HTTP/1.1" 301 313 "-" "Mozilla/5.0 (compatible; Googlebot/2.1; +http://www.google.com/bot.html)"
66.249.64.169 - - [25/Jun/2026:17:18:32 +0200] "GET /index.php/?h=43930061161100 HTTP/1.1" 301 - "-" "Mozilla/5.0 (compatible; Googlebot/2.1; +http://www.google.com/bot.html)"
66.249.64.169 - - [25/Jun/2026:17:18:38 +0200] "GET /?h=19310599001100 HTTP/1.1" 301 313 "-" "Mozilla/5.0 (Linux; Android 6.0.1; Nexus 5X Build/MMB29P) AppleWebKit/537.36 (KHTML, like Gecko) Chrome/148.0.7778.96 Mobile Safari/537.36 (compatible; Googlebot/2.1; +http://www.google.com/bot.html)"
66.249.64.170 - - [25/Jun/2026:17:18:39 +0200] "GET /index.php/?h=19310599001100 HTTP/1.1" 301 - "-" "Mozilla/5.0 (Linux; Android 6.0.1; Nexus 5X Build/MMB29P) AppleWebKit/537.36 (KHTML, like Gecko) Chrome/148.0.7778.96 Mobile Safari/537.36 (compatible; Googlebot/2.1; +http://www.google.com/bot.html)"
66.249.64.169 - - [25/Jun/2026:17:21:27 +0200] "GET /?h=44295287841100 HTTP/1.1" 301 313 "-" "Mozilla/5.0 (Linux; Android 6.0.1; Nexus 5X Build/MMB29P) AppleWebKit/537.36 (KHTML, like Gecko) Chrome/148.0.7778.96 Mobile Safari/537.36 (compatible; Googlebot/2.1; +http://www.google.com/bot.html)"
66.249.64.169 - - [25/Jun/2026:17:21:27 +0200] "GET /index.php/?h=44295287841100 HTTP/1.1" 301 - "-" "Mozilla/5.0 (Linux; Android 6.0.1; Nexus 5X Build/MMB29P) AppleWebKit/537.36 (KHTML, like Gecko) Chrome/148.0.7778.96 Mobile Safari/537.36 (compatible; Googlebot/2.1; +http://www.google.com/bot.html)"
66.249.64.169 - - [25/Jun/2026:17:23:47 +0200] "GET /product/category/view_more/44402861041100 HTTP/1.1" 301 296 "-" "Mozilla/5.0 (Linux; Android 6.0.1; Nexus 5X Build/MMB29P) AppleWebKit/537.36 (KHTML, like Gecko) Chrome/148.0.7778.96 Mobile Safari/537.36 (compatible; Googlebot/2.1; +http://www.google.com/bot.html)"
66.249.64.169 - - [25/Jun/2026:17:25:36 +0200] "GET /?h=30699109601100 HTTP/1.1" 301 313 "-" "Mozilla/5.0 (Linux; Android 6.0.1; Nexus 5X Build/MMB29P) AppleWebKit/537.36 (KHTML, like Gecko) Chrome/148.0.7778.96 Mobile Safari/537.36 (compatible; Googlebot/2.1; +http://www.google.com/bot.html)"
66.249.64.170 - - [25/Jun/2026:17:25:36 +0200] "GET /index.php/?h=30699109601100 HTTP/1.1" 301 - "-" "Mozilla/5.0 (Linux; Android 6.0.1; Nexus 5X Build/MMB29P) AppleWebKit/537.36 (KHTML, like Gecko) Chrome/148.0.7778.96 Mobile Safari/537.36 (compatible; Googlebot/2.1; +http://www.google.com/bot.html)"
66.249.64.171 - - [25/Jun/2026:17:25:38 +0200] "GET /?h=41558109401100 HTTP/1.1" 301 313 "-" "Mozilla/5.0 (Linux; Android 6.0.1; Nexus 5X Build/MMB29P) AppleWebKit/537.36 (KHTML, like Gecko) Chrome/148.0.7778.96 Mobile Safari/537.36 (compatible; Googlebot/2.1; +http://www.google.com/bot.html)"
66.249.64.169 - - [25/Jun/2026:17:25:38 +0200] "GET /index.php/?h=41558109401100 HTTP/1.1" 301 - "-" "Mozilla/5.0 (Linux; Android 6.0.1; Nexus 5X Build/MMB29P) AppleWebKit/537.36 (KHTML, like Gecko) Chrome/148.0.7778.96 Mobile Safari/537.36 (compatible; Googlebot/2.1; +http://www.google.com/bot.html)"
66.249.64.169 - - [25/Jun/2026:17:25:45 +0200] "GET /?h=35332426081100 HTTP/1.1" 301 313 "-" "Mozilla/5.0 (Linux; Android 6.0.1; Nexus 5X Build/MMB29P) AppleWebKit/537.36 (KHTML, like Gecko) Chrome/148.0.7778.96 Mobile Safari/537.36 (compatible; Googlebot/2.1; +http://www.google.com/bot.html)"
66.249.64.169 - - [25/Jun/2026:17:25:45 +0200] "GET /index.php/?h=35332426081100 HTTP/1.1" 301 - "-" "Mozilla/5.0 (Linux; Android 6.0.1; Nexus 5X Build/MMB29P) AppleWebKit/537.36 (KHTML, like Gecko) Chrome/148.0.7778.96 Mobile Safari/537.36 (compatible; Googlebot/2.1; +http://www.google.com/bot.html)"
66.249.64.169 - - [25/Jun/2026:17:26:40 +0200] "GET /?h=25663803561100 HTTP/1.1" 301 313 "-" "Mozilla/5.0 (compatible; Googlebot/2.1; +http://www.google.com/bot.html)"
66.249.64.171 - - [25/Jun/2026:17:26:41 +0200] "GET /index.php/?h=25663803561100 HTTP/1.1" 301 - "-" "Mozilla/5.0 (compatible; Googlebot/2.1; +http://www.google.com/bot.html)"
66.249.64.170 - - [25/Jun/2026:17:26:49 +0200] "GET /?h=2878486841100 HTTP/1.1" 301 312 "-" "Mozilla/5.0 (Linux; Android 6.0.1; Nexus 5X Build/MMB29P) AppleWebKit/537.36 (KHTML, like Gecko) Chrome/148.0.7778.96 Mobile Safari/537.36 (compatible; Googlebot/2.1; +http://www.google.com/bot.html)"
66.249.64.169 - - [25/Jun/2026:17:26:50 +0200] "GET /index.php/?h=2878486841100 HTTP/1.1" 301 - "-" "Mozilla/5.0 (Linux; Android 6.0.1; Nexus 5X Build/MMB29P) AppleWebKit/537.36 (KHTML, like Gecko) Chrome/148.0.7778.96 Mobile Safari/537.36 (compatible; Googlebot/2.1; +http://www.google.com/bot.html)"
66.249.64.171 - - [25/Jun/2026:17:27:45 +0200] "GET /?h=6351922521100 HTTP/1.1" 301 312 "-" "Mozilla/5.0 (Linux; Android 6.0.1; Nexus 5X Build/MMB29P) AppleWebKit/537.36 (KHTML, like Gecko) Chrome/148.0.7778.96 Mobile Safari/537.36 (compatible; Googlebot/2.1; +http://www.google.com/bot.html)"
66.249.64.171 - - [25/Jun/2026:17:27:45 +0200] "GET /index.php/?h=6351922521100 HTTP/1.1" 301 - "-" "Mozilla/5.0 (Linux; Android 6.0.1; Nexus 5X Build/MMB29P) AppleWebKit/537.36 (KHTML, like Gecko) Chrome/148.0.7778.96 Mobile Safari/537.36 (compatible; Googlebot/2.1; +http://www.google.com/bot.html)"
66.249.64.171 - - [25/Jun/2026:17:28:30 +0200] "GET /?h=37689621961100 HTTP/1.1" 301 313 "-" "Mozilla/5.0 (Linux; Android 6.0.1; Nexus 5X Build/MMB29P) AppleWebKit/537.36 (KHTML, like Gecko) Chrome/148.0.7778.96 Mobile Safari/537.36 (compatible; Googlebot/2.1; +http://www.google.com/bot.html)"
66.249.64.169 - - [25/Jun/2026:17:28:30 +0200] "GET /index.php/?h=37689621961100 HTTP/1.1" 301 - "-" "Mozilla/5.0 (Linux; Android 6.0.1; Nexus 5X Build/MMB29P) AppleWebKit/537.36 (KHTML, like Gecko) Chrome/148.0.7778.96 Mobile Safari/537.36 (compatible; Googlebot/2.1; +http://www.google.com/bot.html)"
66.249.64.169 - - [25/Jun/2026:17:28:50 +0200] "GET /?h=33173114161100 HTTP/1.1" 301 313 "-" "Mozilla/5.0 (compatible; Googlebot/2.1; +http://www.google.com/bot.html)"
66.249.64.170 - - [25/Jun/2026:17:28:51 +0200] "GET /index.php/?h=33173114161100 HTTP/1.1" 301 - "-" "Mozilla/5.0 (compatible; Googlebot/2.1; +http://www.google.com/bot.html)"
66.249.64.170 - - [25/Jun/2026:17:29:43 +0200] "GET /?h=4021821361100 HTTP/1.1" 301 312 "-" "Mozilla/5.0 (Linux; Android 6.0.1; Nexus 5X Build/MMB29P) AppleWebKit/537.36 (KHTML, like Gecko) Chrome/148.0.7778.96 Mobile Safari/537.36 (compatible; Googlebot/2.1; +http://www.google.com/bot.html)"
66.249.64.171 - - [25/Jun/2026:17:29:44 +0200] "GET /index.php/?h=4021821361100 HTTP/1.1" 301 - "-" "Mozilla/5.0 (Linux; Android 6.0.1; Nexus 5X Build/MMB29P) AppleWebKit/537.36 (KHTML, like Gecko) Chrome/148.0.7778.96 Mobile Safari/537.36 (compatible; Googlebot/2.1; +http://www.google.com/bot.html)"
66.249.64.169 - - [25/Jun/2026:17:29:50 +0200] "GET /?h=16097323361100 HTTP/1.1" 301 313 "-" "Mozilla/5.0 (Linux; Android 6.0.1; Nexus 5X Build/MMB29P) AppleWebKit/537.36 (KHTML, like Gecko) Chrome/148.0.7778.96 Mobile Safari/537.36 (compatible; Googlebot/2.1; +http://www.google.com/bot.html)"
66.249.64.170 - - [25/Jun/2026:17:29:50 +0200] "GET /index.php/?h=16097323361100 HTTP/1.1" 301 - "-" "Mozilla/5.0 (Linux; Android 6.0.1; Nexus 5X Build/MMB29P) AppleWebKit/537.36 (KHTML, like Gecko) Chrome/148.0.7778.96 Mobile Safari/537.36 (compatible; Googlebot/2.1; +http://www.google.com/bot.html)"
66.249.64.169 - - [25/Jun/2026:17:30:21 +0200] "GET /?h=37249884801100 HTTP/1.1" 301 313 "-" "Mozilla/5.0 (compatible; Googlebot/2.1; +http://www.google.com/bot.html)"
66.249.64.169 - - [25/Jun/2026:17:30:22 +0200] "GET /index.php/?h=37249884801100 HTTP/1.1" 301 - "-" "Mozilla/5.0 (compatible; Googlebot/2.1; +http://www.google.com/bot.html)"
66.249.64.169 - - [25/Jun/2026:17:31:26 +0200] "GET /?h=4278609481100 HTTP/1.1" 301 312 "-" "Mozilla/5.0 (compatible; Googlebot/2.1; +http://www.google.com/bot.html)"
66.249.64.171 - - [25/Jun/2026:17:31:27 +0200] "GET /index.php/?h=4278609481100 HTTP/1.1" 301 - "-" "Mozilla/5.0 (compatible; Googlebot/2.1; +http://www.google.com/bot.html)"
