65.108.235.243 - - [25/Jun/2026:14:08:14 +0200] "POST /wp-cron.php?doing_wp_cron=1782389294.6524159908294677734375 HTTP/1.1" 200 1 "-" "WordPress/7.0; https://elettroservicegroup.it"
216.73.217.167 - - [25/Jun/2026:14:08:10 +0200] "GET /robots.txt HTTP/2.0" 200 99 "-" "Mozilla/5.0 AppleWebKit/537.36 (KHTML, like Gecko; compatible; ClaudeBot/1.0; +claudebot@anthropic.com)"
216.73.217.167 - - [25/Jun/2026:14:08:23 +0200] "GET /wp-content/cache/wpfc-minified/8mnxu7sd/5tqf7.css HTTP/2.0" 200 16200 "-" "Mozilla/5.0 AppleWebKit/537.36 (KHTML, like Gecko; compatible; ClaudeBot/1.0; +claudebot@anthropic.com)"
65.108.235.243 - - [25/Jun/2026:14:33:14 +0200] "POST /wp-cron.php?doing_wp_cron=1782390794.7496640682220458984375 HTTP/1.1" 200 1 "-" "WordPress/7.0; https://elettroservicegroup.it"
216.73.217.167 - - [25/Jun/2026:14:33:10 +0200] "GET /sitemap.xml HTTP/2.0" 200 310 "-" "Mozilla/5.0 AppleWebKit/537.36 (KHTML, like Gecko; compatible; ClaudeBot/1.0; +claudebot@anthropic.com)"
43.165.7.132 - - [25/Jun/2026:14:36:36 +0200] "GET / HTTP/1.1" 200 23481 "http://www.elettroservicegroup.it" "Mozilla/5.0 (iPhone; CPU iPhone OS 13_2_3 like Mac OS X) AppleWebKit/605.1.15 (KHTML, like Gecko) Version/13.0.3 Mobile/15E148 Safari/604.1"
65.108.235.243 - - [25/Jun/2026:14:59:52 +0200] "POST /wp-cron.php?doing_wp_cron=1782392392.7646300792694091796875 HTTP/1.1" 200 1 "-" "WordPress/7.0; https://elettroservicegroup.it"
176.120.103.222 - - [25/Jun/2026:14:59:47 +0200] "POST /xmlrpc.php HTTP/1.1" 404 83669 "-" "Mozilla/5.0 (X11; Ubuntu; Linux x86_64; x64) AppleWebKit/537.36 (KHTML, like Gecko) Edge/88.0.0.0 Safari/537.36"
65.108.235.243 - - [25/Jun/2026:14:59:54 +0200] "POST /wp-json/complianz/v1/wsc-scan HTTP/1.1" 400 88 "-" "WordPress/7.0; https://elettroservicegroup.it"
192.71.224.103 - - [25/Jun/2026:15:22:45 +0200] "GET / HTTP/1.1" 200 23238 "http://elettroservicegroup.it/" "Mozilla/5.0 (Windows NT 10.0; Win64; x64) AppleWebKit/537.36 (KHTML, like Gecko) Chrome/120.0.0.0 Safari/537.36 Viewer/99.9.8853.8"
192.71.2.9 - - [25/Jun/2026:15:22:46 +0200] "GET /dichiarazione-sulla-privacy-ue/ HTTP/1.1" 200 22199 "-" "Mozilla/5.0 (Windows NT 10.0; Win64; x64) AppleWebKit/537.36 (KHTML, like Gecko) Chrome/120.0.0.0 Safari/537.36 Viewer/99.9.8853.8"
192.71.142.150 - - [25/Jun/2026:15:22:46 +0200] "GET /termini-e-condizioni/ HTTP/1.1" 200 19987 "-" "Mozilla/5.0 (Windows NT 10.0; Win64; x64) AppleWebKit/537.36 (KHTML, like Gecko) Chrome/120.0.0.0 Safari/537.36 Viewer/99.9.8853.8"
192.71.142.146 - - [25/Jun/2026:15:22:46 +0200] "GET /cookie-policy-ue/ HTTP/1.1" 200 22299 "-" "Mozilla/5.0 (Windows NT 10.0; Win64; x64) AppleWebKit/537.36 (KHTML, like Gecko) Chrome/120.0.0.0 Safari/537.36 Viewer/99.9.8853.8"
65.108.235.243 - - [25/Jun/2026:15:46:41 +0200] "POST /wp-cron.php?doing_wp_cron=1782395201.7568650245666503906250 HTTP/1.1" 200 1 "-" "WordPress/7.0; https://elettroservicegroup.it"
212.18.113.65 - - [25/Jun/2026:15:46:30 +0200] "HEAD /?aboutus_domain-help-ajax=41031&_=1782395189771562500 HTTP/1.1" 200 - "-" "Mozilla/5.0 (Windows NT 10.0; Win64; x64) AppleWebKit/537.36 (KHTML, like Gecko) Chrome/120.0.0.0 Safari/537.36"
162.252.53.138 - - [25/Jun/2026:15:46:42 +0200] "HEAD /?aboutus_domain-help-ajax=41031&_=1782395189771562500 HTTP/1.1" 200 - "-" "Mozilla/5.0 (Windows NT 10.0; Win64; x64) AppleWebKit/537.36 (KHTML, like Gecko) Chrome/120.0.0.0 Safari/537.36"
95.237.174.199 - - [25/Jun/2026:15:50:19 +0200] "GET /chi-siamo/ HTTP/2.0" 200 21770 "https://parma.elettroservicegroup.it/" "Mozilla/5.0 (Windows NT 10.0; Win64; x64) AppleWebKit/537.36 (KHTML, like Gecko) Chrome/149.0.0.0 Safari/537.36 Edg/149.0.0.0"
95.237.174.199 - - [25/Jun/2026:15:50:19 +0200] "GET /wp-content/cache/wpfc-minified/10hpkmg7/5tqf4.css HTTP/2.0" 200 418 "https://elettroservicegroup.it/chi-siamo/" "Mozilla/5.0 (Windows NT 10.0; Win64; x64) AppleWebKit/537.36 (KHTML, like Gecko) Chrome/149.0.0.0 Safari/537.36 Edg/149.0.0.0"
95.237.174.199 - - [25/Jun/2026:15:50:19 +0200] "GET /wp-content/cache/wpfc-minified/m8vzkiox/5tqf4.css HTTP/2.0" 200 23329 "https://elettroservicegroup.it/chi-siamo/" "Mozilla/5.0 (Windows NT 10.0; Win64; x64) AppleWebKit/537.36 (KHTML, like Gecko) Chrome/149.0.0.0 Safari/537.36 Edg/149.0.0.0"
95.237.174.199 - - [25/Jun/2026:15:50:19 +0200] "GET /wp-content/cache/wpfc-minified/eh40z7s2/5tqf4.css HTTP/2.0" 200 11338 "https://elettroservicegroup.it/chi-siamo/" "Mozilla/5.0 (Windows NT 10.0; Win64; x64) AppleWebKit/537.36 (KHTML, like Gecko) Chrome/149.0.0.0 Safari/537.36 Edg/149.0.0.0"
95.237.174.199 - - [25/Jun/2026:15:50:19 +0200] "GET /wp-content/uploads/elementor/css/post-14146.css?ver=1782313774 HTTP/2.0" 200 428 "https://elettroservicegroup.it/chi-siamo/" "Mozilla/5.0 (Windows NT 10.0; Win64; x64) AppleWebKit/537.36 (KHTML, like Gecko) Chrome/149.0.0.0 Safari/537.36 Edg/149.0.0.0"
95.237.174.199 - - [25/Jun/2026:15:50:19 +0200] "GET /wp-content/cache/wpfc-minified/fspqf2ba/5tqf4.css HTTP/2.0" 200 16112 "https://elettroservicegroup.it/chi-siamo/" "Mozilla/5.0 (Windows NT 10.0; Win64; x64) AppleWebKit/537.36 (KHTML, like Gecko) Chrome/149.0.0.0 Safari/537.36 Edg/149.0.0.0"
95.237.174.199 - - [25/Jun/2026:15:50:19 +0200] "GET /wp-content/uploads/elementor/css/post-15145.css?ver=1782313775 HTTP/2.0" 200 704 "https://elettroservicegroup.it/chi-siamo/" "Mozilla/5.0 (Windows NT 10.0; Win64; x64) AppleWebKit/537.36 (KHTML, like Gecko) Chrome/149.0.0.0 Safari/537.36 Edg/149.0.0.0"
95.237.174.199 - - [25/Jun/2026:15:50:19 +0200] "GET /wp-content/uploads/elementor/css/post-14366.css?ver=1782313775 HTTP/2.0" 200 310 "https://elettroservicegroup.it/chi-siamo/" "Mozilla/5.0 (Windows NT 10.0; Win64; x64) AppleWebKit/537.36 (KHTML, like Gecko) Chrome/149.0.0.0 Safari/537.36 Edg/149.0.0.0"
95.237.174.199 - - [25/Jun/2026:15:50:19 +0200] "GET /wp-content/cache/wpfc-minified/7ahyfouu/5tqf4.css HTTP/2.0" 200 4410 "https://elettroservicegroup.it/chi-siamo/" "Mozilla/5.0 (Windows NT 10.0; Win64; x64) AppleWebKit/537.36 (KHTML, like Gecko) Chrome/149.0.0.0 Safari/537.36 Edg/149.0.0.0"
95.237.174.199 - - [25/Jun/2026:15:50:19 +0200] "GET /wp-content/cache/wpfc-minified/dih7xtos/5tqf4.css HTTP/2.0" 200 19027 "https://elettroservicegroup.it/chi-siamo/" "Mozilla/5.0 (Windows NT 10.0; Win64; x64) AppleWebKit/537.36 (KHTML, like Gecko) Chrome/149.0.0.0 Safari/537.36 Edg/149.0.0.0"
95.237.174.199 - - [25/Jun/2026:15:50:19 +0200] "GET /wp-content/cache/wpfc-minified/6yk1ya41/5tqf4.css HTTP/2.0" 200 14481 "https://elettroservicegroup.it/chi-siamo/" "Mozilla/5.0 (Windows NT 10.0; Win64; x64) AppleWebKit/537.36 (KHTML, like Gecko) Chrome/149.0.0.0 Safari/537.36 Edg/149.0.0.0"
95.237.174.199 - - [25/Jun/2026:15:50:19 +0200] "GET /wp-content/cache/wpfc-minified/qwjjwn1t/5tqf4.js HTTP/2.0" 200 8744 "https://elettroservicegroup.it/chi-siamo/" "Mozilla/5.0 (Windows NT 10.0; Win64; x64) AppleWebKit/537.36 (KHTML, like Gecko) Chrome/149.0.0.0 Safari/537.36 Edg/149.0.0.0"
95.237.174.199 - - [25/Jun/2026:15:50:19 +0200] "GET /wp-content/uploads/2021/10/cropped-cropped-cropped-logo_white_background.png HTTP/2.0" 200 38971 "https://elettroservicegroup.it/chi-siamo/" "Mozilla/5.0 (Windows NT 10.0; Win64; x64) AppleWebKit/537.36 (KHTML, like Gecko) Chrome/149.0.0.0 Safari/537.36 Edg/149.0.0.0"
95.237.174.199 - - [25/Jun/2026:15:50:19 +0200] "GET /wp-content/uploads/2026/05/COPERTINA-11-300x150-1.png HTTP/2.0" 200 30285 "https://elettroservicegroup.it/chi-siamo/" "Mozilla/5.0 (Windows NT 10.0; Win64; x64) AppleWebKit/537.36 (KHTML, like Gecko) Chrome/149.0.0.0 Safari/537.36 Edg/149.0.0.0"
95.237.174.199 - - [25/Jun/2026:15:50:19 +0200] "GET /wp-content/cache/wpfc-minified/kdwvm73z/5tqf4.js HTTP/2.0" 200 32843 "https://elettroservicegroup.it/chi-siamo/" "Mozilla/5.0 (Windows NT 10.0; Win64; x64) AppleWebKit/537.36 (KHTML, like Gecko) Chrome/149.0.0.0 Safari/537.36 Edg/149.0.0.0"
95.237.174.199 - - [25/Jun/2026:15:50:19 +0200] "GET /wp-content/plugins/gp-premium/menu-plus/functions/js/sticky.min.js?ver=2.5.5 HTTP/2.0" 200 2670 "https://elettroservicegroup.it/chi-siamo/" "Mozilla/5.0 (Windows NT 10.0; Win64; x64) AppleWebKit/537.36 (KHTML, like Gecko) Chrome/149.0.0.0 Safari/537.36 Edg/149.0.0.0"
95.237.174.199 - - [25/Jun/2026:15:50:20 +0200] "GET /wp-content/plugins/elementor/assets/js/webpack.runtime.min.js?ver=4.1.4 HTTP/2.0" 200 2340 "https://elettroservicegroup.it/chi-siamo/" "Mozilla/5.0 (Windows NT 10.0; Win64; x64) AppleWebKit/537.36 (KHTML, like Gecko) Chrome/149.0.0.0 Safari/537.36 Edg/149.0.0.0"
95.237.174.199 - - [25/Jun/2026:15:50:20 +0200] "GET /wp-content/plugins/elementor/assets/js/frontend-modules.min.js?ver=4.1.4 HTTP/2.0" 200 15454 "https://elettroservicegroup.it/chi-siamo/" "Mozilla/5.0 (Windows NT 10.0; Win64; x64) AppleWebKit/537.36 (KHTML, like Gecko) Chrome/149.0.0.0 Safari/537.36 Edg/149.0.0.0"
95.237.174.199 - - [25/Jun/2026:15:50:20 +0200] "GET /wp-includes/js/jquery/ui/core.min.js?ver=1.13.3 HTTP/2.0" 200 6820 "https://elettroservicegroup.it/chi-siamo/" "Mozilla/5.0 (Windows NT 10.0; Win64; x64) AppleWebKit/537.36 (KHTML, like Gecko) Chrome/149.0.0.0 Safari/537.36 Edg/149.0.0.0"
95.237.174.199 - - [25/Jun/2026:15:50:20 +0200] "GET /wp-content/plugins/elementor/assets/js/frontend.min.js?ver=4.1.4 HTTP/2.0" 200 10140 "https://elettroservicegroup.it/chi-siamo/" "Mozilla/5.0 (Windows NT 10.0; Win64; x64) AppleWebKit/537.36 (KHTML, like Gecko) Chrome/149.0.0.0 Safari/537.36 Edg/149.0.0.0"
95.237.174.199 - - [25/Jun/2026:15:50:20 +0200] "GET /wp-content/themes/generatepress/assets/js/menu.min.js?ver=3.6.1 HTTP/2.0" 200 1688 "https://elettroservicegroup.it/chi-siamo/" "Mozilla/5.0 (Windows NT 10.0; Win64; x64) AppleWebKit/537.36 (KHTML, like Gecko) Chrome/149.0.0.0 Safari/537.36 Edg/149.0.0.0"
95.237.174.199 - - [25/Jun/2026:15:50:20 +0200] "GET /wp-content/themes/generatepress/assets/js/back-to-top.min.js?ver=3.6.1 HTTP/2.0" 200 336 "https://elettroservicegroup.it/chi-siamo/" "Mozilla/5.0 (Windows NT 10.0; Win64; x64) AppleWebKit/537.36 (KHTML, like Gecko) Chrome/149.0.0.0 Safari/537.36 Edg/149.0.0.0"
95.237.174.199 - - [25/Jun/2026:15:50:20 +0200] "GET /wp-content/plugins/complianz-gdpr-premium/cookiebanner/js/complianz.min.js?ver=1781535054 HTTP/2.0" 200 10762 "https://elettroservicegroup.it/chi-siamo/" "Mozilla/5.0 (Windows NT 10.0; Win64; x64) AppleWebKit/537.36 (KHTML, like Gecko) Chrome/149.0.0.0 Safari/537.36 Edg/149.0.0.0"
95.237.174.199 - - [25/Jun/2026:15:50:20 +0200] "GET /wp-content/uploads/2026/05/RECENSIONI-gOOGLE.png HTTP/2.0" 200 5052 "https://elettroservicegroup.it/chi-siamo/" "Mozilla/5.0 (Windows NT 10.0; Win64; x64) AppleWebKit/537.36 (KHTML, like Gecko) Chrome/149.0.0.0 Safari/537.36 Edg/149.0.0.0"
95.237.174.199 - - [25/Jun/2026:15:50:20 +0200] "GET /wp-content/uploads/2021/10/COPERTINA.png HTTP/2.0" 200 238875 "https://elettroservicegroup.it/chi-siamo/" "Mozilla/5.0 (Windows NT 10.0; Win64; x64) AppleWebKit/537.36 (KHTML, like Gecko) Chrome/149.0.0.0 Safari/537.36 Edg/149.0.0.0"
95.237.174.199 - - [25/Jun/2026:15:50:20 +0200] "GET /wp-content/plugins/elementor/assets/lib/font-awesome/webfonts/fa-solid-900.woff2 HTTP/2.0" 200 78201 "https://elettroservicegroup.it/wp-content/cache/wpfc-minified/fspqf2ba/5tqf4.css" "Mozilla/5.0 (Windows NT 10.0; Win64; x64) AppleWebKit/537.36 (KHTML, like Gecko) Chrome/149.0.0.0 Safari/537.36 Edg/149.0.0.0"
95.237.174.199 - - [25/Jun/2026:15:50:20 +0200] "GET /wp-content/uploads/elementor/google-fonts/fonts/robotoslab-bngmuxzytxpivibgjjsb6ufn5qu.woff2 HTTP/2.0" 200 34328 "https://elettroservicegroup.it/wp-content/cache/wpfc-minified/6yk1ya41/5tqf4.css" "Mozilla/5.0 (Windows NT 10.0; Win64; x64) AppleWebKit/537.36 (KHTML, like Gecko) Chrome/149.0.0.0 Safari/537.36 Edg/149.0.0.0"
95.237.174.199 - - [25/Jun/2026:15:50:20 +0200] "GET /wp-content/plugins/elementor/assets/lib/font-awesome/webfonts/fa-regular-400.woff2 HTTP/2.0" 200 13277 "https://elettroservicegroup.it/wp-content/cache/wpfc-minified/fspqf2ba/5tqf4.css" "Mozilla/5.0 (Windows NT 10.0; Win64; x64) AppleWebKit/537.36 (KHTML, like Gecko) Chrome/149.0.0.0 Safari/537.36 Edg/149.0.0.0"
95.237.174.199 - - [25/Jun/2026:15:50:21 +0200] "GET /wp-content/plugins/elementor/assets/js/section-frontend-handlers.d85ab872da118940910d.bundle.min.js HTTP/2.0" 200 230 "https://elettroservicegroup.it/chi-siamo/" "Mozilla/5.0 (Windows NT 10.0; Win64; x64) AppleWebKit/537.36 (KHTML, like Gecko) Chrome/149.0.0.0 Safari/537.36 Edg/149.0.0.0"
95.237.174.199 - - [25/Jun/2026:15:50:21 +0200] "GET /wp-content/plugins/elementor/assets/js/shared-frontend-handlers.03caa53373b56d3bab67.bundle.min.js HTTP/2.0" 200 2515 "https://elettroservicegroup.it/chi-siamo/" "Mozilla/5.0 (Windows NT 10.0; Win64; x64) AppleWebKit/537.36 (KHTML, like Gecko) Chrome/149.0.0.0 Safari/537.36 Edg/149.0.0.0"
95.237.174.199 - - [25/Jun/2026:15:50:21 +0200] "GET /wp-content/plugins/elementor/assets/js/text-editor.45609661e409413f1cef.bundle.min.js HTTP/2.0" 200 592 "https://elettroservicegroup.it/chi-siamo/" "Mozilla/5.0 (Windows NT 10.0; Win64; x64) AppleWebKit/537.36 (KHTML, like Gecko) Chrome/149.0.0.0 Safari/537.36 Edg/149.0.0.0"
95.237.174.199 - - [25/Jun/2026:15:50:21 +0200] "GET /wp-content/uploads/2021/10/cropped-cropped-cropped-cropped-logo_white_background-32x32.png HTTP/2.0" 200 1525 "https://elettroservicegroup.it/chi-siamo/" "Mozilla/5.0 (Windows NT 10.0; Win64; x64) AppleWebKit/537.36 (KHTML, like Gecko) Chrome/149.0.0.0 Safari/537.36 Edg/149.0.0.0"
65.108.235.243 - - [25/Jun/2026:15:50:31 +0200] "POST /wp-cron.php?doing_wp_cron=1782395431.2507541179656982421875 HTTP/1.1" 200 1 "-" "WordPress/7.0; https://elettroservicegroup.it"
95.237.174.199 - - [25/Jun/2026:15:50:20 +0200] "GET /wp-json/complianz/v1/banner?lang=it&locale=it_IT&token=ajtwj HTTP/2.0" 200 82 "https://elettroservicegroup.it/chi-siamo/" "Mozilla/5.0 (Windows NT 10.0; Win64; x64) AppleWebKit/537.36 (KHTML, like Gecko) Chrome/149.0.0.0 Safari/537.36 Edg/149.0.0.0"
95.237.174.199 - - [25/Jun/2026:15:50:31 +0200] "GET /wp-content/uploads/complianz/css/banner-1-optin.css?v=45 HTTP/2.0" 200 2893 "https://elettroservicegroup.it/chi-siamo/" "Mozilla/5.0 (Windows NT 10.0; Win64; x64) AppleWebKit/537.36 (KHTML, like Gecko) Chrome/149.0.0.0 Safari/537.36 Edg/149.0.0.0"
95.237.174.199 - - [25/Jun/2026:15:50:31 +0200] "GET /wp-json/complianz/v1/cookie_data HTTP/2.0" 200 97 "https://elettroservicegroup.it/chi-siamo/" "Mozilla/5.0 (Windows NT 10.0; Win64; x64) AppleWebKit/537.36 (KHTML, like Gecko) Chrome/149.0.0.0 Safari/537.36 Edg/149.0.0.0"
95.237.174.199 - - [25/Jun/2026:15:50:40 +0200] "GET /wp-content/plugins/complianz-gdpr-premium/assets/images/placeholders/google-maps-minimal-1280x920.jpg HTTP/2.0" 200 55264 "https://elettroservicegroup.it/chi-siamo/" "Mozilla/5.0 (Windows NT 10.0; Win64; x64) AppleWebKit/537.36 (KHTML, like Gecko) Chrome/149.0.0.0 Safari/537.36 Edg/149.0.0.0"
65.108.235.243 - - [25/Jun/2026:15:58:12 +0200] "POST /wp-cron.php?doing_wp_cron=1782395892.1469299793243408203125 HTTP/1.1" 200 1 "-" "WordPress/7.0; https://elettroservicegroup.it"
114.119.132.207 - - [25/Jun/2026:15:58:03 +0200] "GET /robots.txt HTTP/1.1" 200 99 "https://elettroservicegroup.it/robots.txt" "Mozilla/5.0 (Windows NT 10.0; Win64; x64) AppleWebKit/537.36 (KHTML, like Gecko) Chrome/148.0.0.0 Safari/537.36"
65.108.235.243 - - [25/Jun/2026:16:05:00 +0200] "POST /wp-cron.php?doing_wp_cron=1782396300.6576180458068847656250 HTTP/1.1" 200 1 "-" "WordPress/7.0; https://elettroservicegroup.it"
167.253.17.202 - - [25/Jun/2026:16:04:50 +0200] "HEAD /?wp_set_current_user=2&_=1782396288427597300 HTTP/1.1" 200 - "-" "Mozilla/5.0 (Windows NT 10.0; Win64; x64) AppleWebKit/537.36 (KHTML, like Gecko) Chrome/120.0.0.0 Safari/537.36"
77.83.27.24 - - [25/Jun/2026:16:05:00 +0200] "HEAD /?wp_set_current_user=2&_=1782396288427597300 HTTP/1.1" 200 - "-" "Mozilla/5.0 (Windows NT 10.0; Win64; x64) AppleWebKit/537.36 (KHTML, like Gecko) Chrome/120.0.0.0 Safari/537.36"
65.108.235.243 - - [25/Jun/2026:16:05:03 +0200] "POST /wp-json/complianz/v1/wsc-scan HTTP/1.1" 400 88 "-" "WordPress/7.0; https://elettroservicegroup.it"
65.108.235.243 - - [25/Jun/2026:16:47:17 +0200] "POST /wp-cron.php?doing_wp_cron=1782398837.4536359310150146484375 HTTP/1.1" 200 1 "-" "WordPress/7.0; https://elettroservicegroup.it"
217.113.194.88 - - [25/Jun/2026:16:47:09 +0200] "GET /robots.txt HTTP/1.1" 200 126 "-" "Mozilla/5.0 (compatible; Barkrowler/0.9; +https://babbar.tech/crawler)"
217.113.194.220 - - [25/Jun/2026:16:48:03 +0200] "GET /termini-e-condizioni/ HTTP/1.1" 200 19987 "-" "Mozilla/5.0 (compatible; Barkrowler/0.9; +https://babbar.tech/crawler)"
217.113.194.219 - - [25/Jun/2026:16:48:33 +0200] "GET /dichiarazione-sulla-privacy-ue/ HTTP/1.1" 200 22199 "-" "Mozilla/5.0 (compatible; Barkrowler/0.9; +https://babbar.tech/crawler)"
45.77.63.2 - - [25/Jun/2026:16:52:29 +0200] "GET /style.php HTTP/1.1" 200 11735 "-" "Mozilla/5.0 (X11; Linux x86_64) AppleWebKit/537.36 (KHTML, like Gecko) Chrome/143.0.0.0 Safari/537.36"
65.108.235.243 - - [25/Jun/2026:17:06:39 +0200] "POST /wp-cron.php?doing_wp_cron=1782399999.5076420307159423828125 HTTP/1.1" 200 1 "-" "WordPress/7.0; https://elettroservicegroup.it"
94.154.127.131 - - [25/Jun/2026:17:06:37 +0200] "HEAD /?wp-clear-cacheds=10254&_=1782399995757976800 HTTP/1.1" 200 - "-" "Mozilla/5.0 (Windows NT 10.0; Win64; x64) AppleWebKit/537.36 (KHTML, like Gecko) Chrome/120.0.0.0 Safari/537.36"
65.108.235.243 - - [25/Jun/2026:17:06:46 +0200] "POST /wp-json/complianz/v1/wsc-scan HTTP/1.1" 400 88 "-" "WordPress/7.0; https://elettroservicegroup.it"
65.108.235.243 - - [25/Jun/2026:17:06:46 +0200] "POST /wp-admin/admin-ajax.php?action=wordfence_testAjax HTTP/1.1" 200 16 "-" "WordPress/7.0; https://elettroservicegroup.it"
65.108.235.243 - - [25/Jun/2026:17:06:47 +0200] "GET /wp-admin/admin-ajax.php?action=wordfence_doScan&isFork=0&scanMode=quick&cronKey=0f9b8ad1d1535a613d0f4b4ad5dacf86&signature=41a090c5335929d4cd3539d22d866712607ea8018d9c99bd79dcf47571607fc3 HTTP/1.1" 200 1 "-" "WordPress/7.0; https://elettroservicegroup.it"
65.108.235.243 - - [25/Jun/2026:17:18:26 +0200] "POST /wp-cron.php?doing_wp_cron=1782400706.9655029773712158203125 HTTP/1.1" 200 1 "-" "WordPress/7.0; https://elettroservicegroup.it"
216.73.217.167 - - [25/Jun/2026:17:18:26 +0200] "GET /robots.txt HTTP/2.0" 200 99 "-" "Mozilla/5.0 AppleWebKit/537.36 (KHTML, like Gecko; compatible; ClaudeBot/1.0; +claudebot@anthropic.com)"
107.189.2.75 - - [25/Jun/2026:17:26:35 +0200] "POST / HTTP/1.1" 415 140601 "-" "python-requests/2.34.2"
54.237.105.242 - - [25/Jun/2026:17:37:29 +0200] "GET / HTTP/1.1" 200 11683 "-" "Mozilla/5.0 (OS/2; Warp 4.5; rv:24.0) Gecko/20100101 Firefox/24.0"
47.128.23.206 - - [25/Jun/2026:17:51:46 +0200] "GET /robots.txt HTTP/1.1" 200 11664 "-" "Mozilla/5.0 (Linux; Android 5.0) AppleWebKit/537.36 (KHTML, like Gecko) Mobile Safari/537.36 (compatible; Bytespider; spider-feedback@bytedance.com)"
45.80.104.78 - - [25/Jun/2026:18:01:44 +0200] "HEAD / HTTP/1.1" 200 - "-" "curl/7.88.1"
185.61.222.84 - - [25/Jun/2026:18:01:44 +0200] "POST /xmlrpc.php HTTP/1.1" 403 52 "-" "curl/8.6.0"
185.61.222.84 - - [25/Jun/2026:18:01:45 +0200] "POST /xmlrpc.php HTTP/1.1" 403 52 "-" "curl/8.6.0"
43.167.157.80 - - [25/Jun/2026:18:01:36 +0200] "GET / HTTP/1.1" 200 23486 "http://elettroservicegroup.it" "Mozilla/5.0 (iPhone; CPU iPhone OS 13_2_3 like Mac OS X) AppleWebKit/605.1.15 (KHTML, like Gecko) Version/13.0.3 Mobile/15E148 Safari/604.1"
185.61.222.84 - - [25/Jun/2026:18:01:46 +0200] "POST /xmlrpc.php HTTP/1.1" 403 52 "-" "curl/8.6.0"
45.148.232.165 - - [25/Jun/2026:18:01:47 +0200] "GET /wp-login.php HTTP/1.1" 200 5541 "-" "Wget/1.21.4"
45.148.232.165 - - [25/Jun/2026:18:01:51 +0200] "POST /wp-login.php HTTP/1.1" 200 5683 "https://elettroservicegroup.it/wp-login.php" "curl/8.6.0"
65.108.235.243 - - [25/Jun/2026:18:38:34 +0200] "POST /wp-json/complianz/v1/wsc-scan HTTP/1.1" 400 88 "-" "WordPress/7.0; https://elettroservicegroup.it"
43.157.180.116 - - [25/Jun/2026:19:01:08 +0200] "GET / HTTP/1.1" 200 23432 "http://www.elettroservicegroup.it" "Mozilla/5.0 (iPhone; CPU iPhone OS 13_2_3 like Mac OS X) AppleWebKit/605.1.15 (KHTML, like Gecko) Version/13.0.3 Mobile/15E148 Safari/604.1"
65.108.235.243 - - [25/Jun/2026:19:42:45 +0200] "POST /wp-json/complianz/v1/wsc-scan HTTP/1.1" 400 88 "-" "WordPress/7.0; https://elettroservicegroup.it"
216.73.217.167 - - [25/Jun/2026:19:43:58 +0200] "GET /robots.txt HTTP/2.0" 200 99 "-" "Mozilla/5.0 AppleWebKit/537.36 (KHTML, like Gecko; compatible; ClaudeBot/1.0; +claudebot@anthropic.com)"