216.73.216.44 - - [13/Jul/2026:14:34:49 +0200] "GET /imprint/ HTTP/2.0" 200 17172 "-" "Mozilla/5.0 AppleWebKit/537.36 (KHTML, like Gecko; compatible; ClaudeBot/1.0; +claudebot@anthropic.com)"
216.73.216.44 - - [13/Jul/2026:14:34:49 +0200] "GET /xmlrpc.php HTTP/2.0" 403 52 "-" "Mozilla/5.0 AppleWebKit/537.36 (KHTML, like Gecko; compatible; ClaudeBot/1.0; +claudebot@anthropic.com)"
216.73.216.44 - - [13/Jul/2026:14:34:49 +0200] "GET /comments/feed/ HTTP/2.0" 200 374 "-" "Mozilla/5.0 AppleWebKit/537.36 (KHTML, like Gecko; compatible; ClaudeBot/1.0; +claudebot@anthropic.com)"
216.73.216.44 - - [13/Jul/2026:14:34:49 +0200] "GET /feed/ HTTP/2.0" 200 501 "-" "Mozilla/5.0 AppleWebKit/537.36 (KHTML, like Gecko; compatible; ClaudeBot/1.0; +claudebot@anthropic.com)"
216.73.216.44 - - [13/Jul/2026:14:34:49 +0200] "GET /sitemap.xml HTTP/2.0" 200 334 "-" "Mozilla/5.0 AppleWebKit/537.36 (KHTML, like Gecko; compatible; ClaudeBot/1.0; +claudebot@anthropic.com)"
65.108.235.243 - - [13/Jul/2026:14:34:57 +0200] "POST /wp-cron.php?doing_wp_cron=1783946097.2642168998718261718750 HTTP/1.1" 200 1 "-" "WordPress/7.0.1; https://piacenza.elettroservicegroup.it"
216.73.216.44 - - [13/Jul/2026:14:34:49 +0200] "GET /sitemap.rss HTTP/2.0" 200 1299 "-" "Mozilla/5.0 AppleWebKit/537.36 (KHTML, like Gecko; compatible; ClaudeBot/1.0; +claudebot@anthropic.com)"
65.108.235.243 - - [13/Jul/2026:14:34:59 +0200] "POST /wp-json/complianz/v1/wsc-scan HTTP/1.1" 400 88 "-" "WordPress/7.0.1; https://piacenza.elettroservicegroup.it"
65.108.235.243 - - [13/Jul/2026:14:35:02 +0200] "GET /assistenza-lavastoviglie-smeg-piacenza/ HTTP/1.1" 200 21664 "-" "WP Fastest Cache Preload Bot"
65.108.235.243 - - [13/Jul/2026:14:35:05 +0200] "GET /assistenza-lavastoviglie-rex-electrolux-piacenza/ HTTP/1.1" 200 21627 "-" "WP Fastest Cache Preload Bot"
65.108.235.243 - - [13/Jul/2026:14:35:08 +0200] "GET /assistenza-lavastoviglie-indesit-piacenza/ HTTP/1.1" 200 22127 "-" "WP Fastest Cache Preload Bot"
65.108.235.243 - - [13/Jul/2026:14:35:11 +0200] "GET /assistenza-lavastoviglie-bosch-piacenza/ HTTP/1.1" 200 22154 "-" "WP Fastest Cache Preload Bot"
65.108.235.243 - - [13/Jul/2026:14:40:08 +0200] "POST /wp-cron.php?doing_wp_cron=1783946408.2712900638580322265625 HTTP/1.1" 200 1 "-" "WordPress/7.0.1; https://piacenza.elettroservicegroup.it"
66.249.64.167 - - [13/Jul/2026:14:39:55 +0200] "GET /assistenza-ariston-castel-san-giovanni/ HTTP/1.1" 404 16276 "-" "Mozilla/5.0 (Linux; Android 6.0.1; Nexus 5X Build/MMB29P) AppleWebKit/537.36 (KHTML, like Gecko) Chrome/150.0.7871.46 Mobile Safari/537.36 (compatible; Googlebot/2.1; +http://www.google.com/bot.html)"
65.108.235.243 - - [13/Jul/2026:14:40:12 +0200] "GET /assistenza-lavastoviglie-ariston-piacenza/ HTTP/1.1" 200 22091 "-" "WP Fastest Cache Preload Bot"
65.108.235.243 - - [13/Jul/2026:14:40:16 +0200] "GET /assistenza-lavastoviglie-aeg-piacenza/ HTTP/1.1" 200 22145 "-" "WP Fastest Cache Preload Bot"
65.108.235.243 - - [13/Jul/2026:14:40:18 +0200] "GET /assistenza-lavastoviglie-piacenza/ HTTP/1.1" 200 21760 "-" "WP Fastest Cache Preload Bot"
65.108.235.243 - - [13/Jul/2026:14:40:20 +0200] "GET /assistenza-indesit-piacenza/ HTTP/1.1" 200 21797 "-" "WP Fastest Cache Preload Bot"
65.108.235.243 - - [13/Jul/2026:15:03:38 +0200] "POST /wp-cron.php?doing_wp_cron=1783947818.3624939918518066406250 HTTP/1.1" 200 1 "-" "WordPress/7.0.1; https://piacenza.elettroservicegroup.it"
216.73.216.44 - - [13/Jul/2026:15:03:28 +0200] "GET /robots.txt HTTP/2.0" 200 108 "-" "Mozilla/5.0 AppleWebKit/537.36 (KHTML, like Gecko; compatible; ClaudeBot/1.0; +claudebot@anthropic.com)"
216.73.216.44 - - [13/Jul/2026:15:03:38 +0200] "GET /termini-e-condizioni HTTP/2.0" 301 1 "-" "Mozilla/5.0 AppleWebKit/537.36 (KHTML, like Gecko; compatible; ClaudeBot/1.0; +claudebot@anthropic.com)"
216.73.216.44 - - [13/Jul/2026:15:03:40 +0200] "GET /termini-e-condizioni/ HTTP/2.0" 200 17563 "https://piacenza.elettroservicegroup.it/termini-e-condizioni" "Mozilla/5.0 AppleWebKit/537.36 (KHTML, like Gecko; compatible; ClaudeBot/1.0; +claudebot@anthropic.com)"
65.108.235.243 - - [13/Jul/2026:15:03:40 +0200] "GET /assistenza-candy-piacenza/ HTTP/1.1" 200 21893 "-" "WP Fastest Cache Preload Bot"
65.108.235.243 - - [13/Jul/2026:15:03:44 +0200] "GET /assistenza-bosch-piacenza/ HTTP/1.1" 200 21896 "-" "WP Fastest Cache Preload Bot"
65.108.235.243 - - [13/Jul/2026:15:03:48 +0200] "GET /assistenza-ariston-piacenza/ HTTP/1.1" 200 21885 "-" "WP Fastest Cache Preload Bot"
65.108.235.243 - - [13/Jul/2026:15:03:52 +0200] "GET /assistenza-aeg-piacenza/ HTTP/1.1" 200 21890 "-" "WP Fastest Cache Preload Bot"
65.108.235.243 - - [13/Jul/2026:15:30:03 +0200] "POST /wp-cron.php?doing_wp_cron=1783949403.7625141143798828125000 HTTP/1.1" 200 1 "-" "WordPress/7.0.1; https://piacenza.elettroservicegroup.it"
74.7.175.168 - - [13/Jul/2026:15:29:55 +0200] "GET /robots.txt HTTP/2.0" 200 108 "-" "Mozilla/5.0 (Macintosh; Intel Mac OS X 10_15_7) AppleWebKit/537.36 (KHTML, like Gecko) Chrome/131.0.0.0 Safari/537.36; compatible; OAI-SearchBot/1.4; robots.txt; +https://openai.com/searchbot"
65.108.235.243 - - [13/Jul/2026:15:30:06 +0200] "GET /cookie-policy/ HTTP/1.1" 200 18019 "-" "WP Fastest Cache Preload Bot"
65.108.235.243 - - [13/Jul/2026:15:30:11 +0200] "GET /termini-e-condizioni/ HTTP/1.1" 200 17584 "-" "WP Fastest Cache Preload Bot"
65.108.235.243 - - [13/Jul/2026:15:30:16 +0200] "GET /cookie-policy-ue/ HTTP/1.1" 200 19426 "-" "WP Fastest Cache Preload Bot"
65.108.235.243 - - [13/Jul/2026:15:30:20 +0200] "GET /informativa-privacy/ HTTP/1.1" 200 19824 "-" "WP Fastest Cache Preload Bot"
114.119.141.228 - - [13/Jul/2026:15:30:39 +0200] "GET /robots.txt HTTP/1.1" 200 108 "https://piacenza.elettroservicegroup.it/robots.txt" "Mozilla/5.0 (compatible;PetalBot;+https://webmaster.petalsearch.com/site/petalbot)"
40.77.167.22 - - [13/Jul/2026:15:36:33 +0200] "GET /sitemap.rss HTTP/2.0" 200 1297 "-" "Mozilla/5.0 AppleWebKit/537.36 (KHTML, like Gecko; compatible; bingbot/2.0; +http://www.bing.com/bingbot.htm) Chrome/116.0.1938.76 Safari/537.36"
65.108.235.243 - - [13/Jul/2026:15:36:46 +0200] "GET /assistenza-frigoriferi/ HTTP/1.1" 200 19890 "-" "WP Fastest Cache Preload Bot"
65.108.235.243 - - [13/Jul/2026:15:36:50 +0200] "GET /assistenza-lavastoviglie/ HTTP/1.1" 200 19948 "-" "WP Fastest Cache Preload Bot"
65.108.235.243 - - [13/Jul/2026:15:36:54 +0200] "GET /assistenza-asciugatrici/ HTTP/1.1" 200 19712 "-" "WP Fastest Cache Preload Bot"
65.108.235.243 - - [13/Jul/2026:15:36:56 +0200] "GET /assistenza-lavatrici/ HTTP/1.1" 200 19450 "-" "WP Fastest Cache Preload Bot"
43.153.36.110 - - [13/Jul/2026:15:38:25 +0200] "GET / HTTP/1.1" 200 23703 "http://piacenza.elettroservicegroup.it" "Mozilla/5.0 (iPhone; CPU iPhone OS 13_2_3 like Mac OS X) AppleWebKit/605.1.15 (KHTML, like Gecko) Version/13.0.3 Mobile/15E148 Safari/604.1"
65.108.235.243 - - [13/Jul/2026:15:38:24 +0200] "POST /wp-json/complianz/v1/wsc-scan HTTP/1.1" 400 88 "-" "WordPress/7.0.1; https://piacenza.elettroservicegroup.it"
65.108.235.243 - - [13/Jul/2026:16:39:09 +0200] "POST /wp-cron.php?doing_wp_cron=1783953549.8601999282836914062500 HTTP/1.1" 200 1 "-" "WordPress/7.0.1; https://piacenza.elettroservicegroup.it"
40.77.167.27 - - [13/Jul/2026:16:38:59 +0200] "GET /sitemap.rss HTTP/2.0" 200 1299 "-" "Mozilla/5.0 AppleWebKit/537.36 (KHTML, like Gecko; compatible; bingbot/2.0; +http://www.bing.com/bingbot.htm) Chrome/116.0.1938.76 Safari/537.36"
65.108.235.243 - - [13/Jul/2026:16:39:12 +0200] "GET / HTTP/1.1" 200 21814 "-" "WP Fastest Cache Preload Bot"
65.108.235.243 - - [13/Jul/2026:16:39:17 +0200] "POST /wp-json/complianz/v1/wsc-scan HTTP/1.1" 400 88 "-" "WordPress/7.0.1; https://piacenza.elettroservicegroup.it"
47.128.23.43 - - [13/Jul/2026:17:03:22 +0200] "GET /robots.txt HTTP/1.1" 200 11922 "-" "Mozilla/5.0 (Linux; Android 5.0) AppleWebKit/537.36 (KHTML, like Gecko) Mobile Safari/537.36 (compatible; Bytespider; spider-feedback@bytedance.com)"
98.82.107.102 - - [13/Jul/2026:17:15:41 +0200] "GET /robots.txt HTTP/1.1" 200 11876 "-" "Mozilla/5.0 AppleWebKit/537.36 (KHTML, like Gecko; compatible; Amazonbot/0.1; +https://developer.amazon.com/support/amazonbot) Chrome/119.0.6045.214 Safari/537.36"
3.221.244.28 - - [13/Jul/2026:17:15:46 +0200] "GET / HTTP/1.1" 403 159280 "-" "Mozilla/5.0 AppleWebKit/537.36 (KHTML, like Gecko; compatible; Amazonbot/0.1; +https://developer.amazon.com/support/amazonbot) Chrome/119.0.6045.214 Safari/537.36"
65.108.235.243 - - [13/Jul/2026:17:44:24 +0200] "POST /wp-cron.php?doing_wp_cron=1783957464.8729751110076904296875 HTTP/1.1" 200 1 "-" "WordPress/7.0.1; https://piacenza.elettroservicegroup.it"
216.73.216.44 - - [13/Jul/2026:17:44:15 +0200] "GET /robots.txt HTTP/2.0" 200 108 "-" "Mozilla/5.0 AppleWebKit/537.36 (KHTML, like Gecko; compatible; ClaudeBot/1.0; +claudebot@anthropic.com)"
65.108.235.243 - - [13/Jul/2026:17:44:27 +0200] "POST /wp-json/complianz/v1/wsc-scan HTTP/1.1" 400 88 "-" "WordPress/7.0.1; https://piacenza.elettroservicegroup.it"
65.108.235.243 - - [13/Jul/2026:18:37:17 +0200] "POST /wp-cron.php?doing_wp_cron=1783960637.8210039138793945312500 HTTP/1.1" 200 1 "-" "WordPress/7.0.1; https://piacenza.elettroservicegroup.it"
40.77.167.63 - - [13/Jul/2026:18:37:13 +0200] "GET /sitemap.xml HTTP/2.0" 200 334 "-" "Mozilla/5.0 AppleWebKit/537.36 (KHTML, like Gecko; compatible; bingbot/2.0; +http://www.bing.com/bingbot.htm) Chrome/116.0.1938.76 Safari/537.36"
65.108.235.243 - - [13/Jul/2026:18:37:18 +0200] "GET /imprint/ HTTP/1.1" 200 17181 "-" "WP Fastest Cache Preload Bot"
65.108.235.243 - - [13/Jul/2026:18:37:19 +0200] "GET /dichiarazione-sulla-privacy-ue/ HTTP/1.1" 200 19690 "-" "WP Fastest Cache Preload Bot"
65.108.235.243 - - [13/Jul/2026:18:37:19 +0200] "GET /assistenza-whirlpool-piacenza/ HTTP/1.1" 200 21855 "-" "WP Fastest Cache Preload Bot"
65.108.235.243 - - [13/Jul/2026:18:37:20 +0200] "GET /assistenza-smeg-piacenza/ HTTP/1.1" 200 21804 "-" "WP Fastest Cache Preload Bot"
65.108.235.243 - - [13/Jul/2026:18:37:21 +0200] "GET / HTTP/1.1" 200 21814 "-" "WP Fastest Cache Preload Bot"
51.77.89.183 - - [13/Jul/2026:18:54:20 +0200] "GET / HTTP/2.0" 200 21791 "-" "Mozilla/5.0 (Windows NT 10.0; Win64; x64) AppleWebKit/537.36 (KHTML, like Gecko) Chrome/122.0.0.0 Safari/537.36 Edg/122.0.0.0"
51.77.89.183 - - [13/Jul/2026:18:54:20 +0200] "GET /wp-content/cache/wpfc-minified/lkeozi6d/w4sl.css HTTP/2.0" 200 7521 "https://piacenza.elettroservicegroup.it/" "Mozilla/5.0 (Windows NT 10.0; Win64; x64) AppleWebKit/537.36 (KHTML, like Gecko) Chrome/122.0.0.0 Safari/537.36 Edg/122.0.0.0"
51.77.89.183 - - [13/Jul/2026:18:54:20 +0200] "GET /wp-content/uploads/elementor/css/post-14366.css?ver=1783702306 HTTP/2.0" 200 302 "https://piacenza.elettroservicegroup.it/" "Mozilla/5.0 (Windows NT 10.0; Win64; x64) AppleWebKit/537.36 (KHTML, like Gecko) Chrome/122.0.0.0 Safari/537.36 Edg/122.0.0.0"
51.77.89.183 - - [13/Jul/2026:18:54:20 +0200] "GET /wp-content/cache/wpfc-minified/98f2uwim/w4sl.css HTTP/2.0" 200 418 "https://piacenza.elettroservicegroup.it/" "Mozilla/5.0 (Windows NT 10.0; Win64; x64) AppleWebKit/537.36 (KHTML, like Gecko) Chrome/122.0.0.0 Safari/537.36 Edg/122.0.0.0"
51.77.89.183 - - [13/Jul/2026:18:54:20 +0200] "GET /wp-content/uploads/elementor/css/post-14146.css?ver=1783702306 HTTP/2.0" 200 428 "https://piacenza.elettroservicegroup.it/" "Mozilla/5.0 (Windows NT 10.0; Win64; x64) AppleWebKit/537.36 (KHTML, like Gecko) Chrome/122.0.0.0 Safari/537.36 Edg/122.0.0.0"
51.77.89.183 - - [13/Jul/2026:18:54:20 +0200] "GET /wp-content/uploads/elementor/css/post-14227.css?ver=1783702306 HTTP/2.0" 200 2273 "https://piacenza.elettroservicegroup.it/" "Mozilla/5.0 (Windows NT 10.0; Win64; x64) AppleWebKit/537.36 (KHTML, like Gecko) Chrome/122.0.0.0 Safari/537.36 Edg/122.0.0.0"
51.77.89.183 - - [13/Jul/2026:18:54:20 +0200] "GET /wp-content/cache/wpfc-minified/9h35mpo4/w4sl.css HTTP/2.0" 200 4410 "https://piacenza.elettroservicegroup.it/" "Mozilla/5.0 (Windows NT 10.0; Win64; x64) AppleWebKit/537.36 (KHTML, like Gecko) Chrome/122.0.0.0 Safari/537.36 Edg/122.0.0.0"
51.77.89.183 - - [13/Jul/2026:18:54:20 +0200] "GET /wp-content/cache/wpfc-minified/qha2vzve/w4sl.css HTTP/2.0" 200 11343 "https://piacenza.elettroservicegroup.it/" "Mozilla/5.0 (Windows NT 10.0; Win64; x64) AppleWebKit/537.36 (KHTML, like Gecko) Chrome/122.0.0.0 Safari/537.36 Edg/122.0.0.0"
51.77.89.183 - - [13/Jul/2026:18:54:20 +0200] "GET /wp-content/cache/wpfc-minified/eujroqks/w4sl.css HTTP/2.0" 200 16488 "https://piacenza.elettroservicegroup.it/" "Mozilla/5.0 (Windows NT 10.0; Win64; x64) AppleWebKit/537.36 (KHTML, like Gecko) Chrome/122.0.0.0 Safari/537.36 Edg/122.0.0.0"
51.77.89.183 - - [13/Jul/2026:18:54:20 +0200] "GET /wp-content/cache/wpfc-minified/6ykfum2g/w4sl.css HTTP/2.0" 200 14492 "https://piacenza.elettroservicegroup.it/" "Mozilla/5.0 (Windows NT 10.0; Win64; x64) AppleWebKit/537.36 (KHTML, like Gecko) Chrome/122.0.0.0 Safari/537.36 Edg/122.0.0.0"
51.77.89.183 - - [13/Jul/2026:18:54:20 +0200] "GET /wp-content/cache/wpfc-minified/30gnld0u/w4sl.css HTTP/2.0" 200 19038 "https://piacenza.elettroservicegroup.it/" "Mozilla/5.0 (Windows NT 10.0; Win64; x64) AppleWebKit/537.36 (KHTML, like Gecko) Chrome/122.0.0.0 Safari/537.36 Edg/122.0.0.0"
51.77.89.183 - - [13/Jul/2026:18:54:20 +0200] "GET /wp-content/uploads/2022/01/TECNICO-ELETTRODOMESTICI-2.jpg HTTP/2.0" 200 24210 "https://piacenza.elettroservicegroup.it/" "Mozilla/5.0 (Windows NT 10.0; Win64; x64) AppleWebKit/537.36 (KHTML, like Gecko) Chrome/122.0.0.0 Safari/537.36 Edg/122.0.0.0"
51.77.89.183 - - [13/Jul/2026:18:54:20 +0200] "GET /wp-content/uploads/2021/10/cropped-cropped-cropped-logo_white_background.png HTTP/2.0" 200 10924 "https://piacenza.elettroservicegroup.it/" "Mozilla/5.0 (Windows NT 10.0; Win64; x64) AppleWebKit/537.36 (KHTML, like Gecko) Chrome/122.0.0.0 Safari/537.36 Edg/122.0.0.0"
51.77.89.183 - - [13/Jul/2026:18:54:20 +0200] "GET /wp-content/cache/wpfc-minified/kajgjpa1/w4sl.js HTTP/2.0" 200 37594 "https://piacenza.elettroservicegroup.it/" "Mozilla/5.0 (Windows NT 10.0; Win64; x64) AppleWebKit/537.36 (KHTML, like Gecko) Chrome/122.0.0.0 Safari/537.36 Edg/122.0.0.0"
51.77.89.183 - - [13/Jul/2026:18:54:21 +0200] "GET /wp-content/plugins/gp-premium/menu-plus/functions/js/sticky.min.js?ver=2.5.5 HTTP/2.0" 200 2670 "https://piacenza.elettroservicegroup.it/" "Mozilla/5.0 (Windows NT 10.0; Win64; x64) AppleWebKit/537.36 (KHTML, like Gecko) Chrome/122.0.0.0 Safari/537.36 Edg/122.0.0.0"
51.77.89.183 - - [13/Jul/2026:18:54:21 +0200] "GET /wp-content/plugins/elementor/assets/js/webpack.runtime.min.js?ver=4.1.4 HTTP/2.0" 200 2340 "https://piacenza.elettroservicegroup.it/" "Mozilla/5.0 (Windows NT 10.0; Win64; x64) AppleWebKit/537.36 (KHTML, like Gecko) Chrome/122.0.0.0 Safari/537.36 Edg/122.0.0.0"
51.77.89.183 - - [13/Jul/2026:18:54:21 +0200] "GET /wp-content/plugins/elementor/assets/js/frontend-modules.min.js?ver=4.1.4 HTTP/2.0" 200 15454 "https://piacenza.elettroservicegroup.it/" "Mozilla/5.0 (Windows NT 10.0; Win64; x64) AppleWebKit/537.36 (KHTML, like Gecko) Chrome/122.0.0.0 Safari/537.36 Edg/122.0.0.0"
51.77.89.183 - - [13/Jul/2026:18:54:21 +0200] "GET /wp-includes/js/jquery/ui/core.min.js?ver=1.13.3 HTTP/2.0" 200 6820 "https://piacenza.elettroservicegroup.it/" "Mozilla/5.0 (Windows NT 10.0; Win64; x64) AppleWebKit/537.36 (KHTML, like Gecko) Chrome/122.0.0.0 Safari/537.36 Edg/122.0.0.0"
51.77.89.183 - - [13/Jul/2026:18:54:21 +0200] "GET /wp-content/plugins/elementor/assets/js/frontend.min.js?ver=4.1.4 HTTP/2.0" 200 10140 "https://piacenza.elettroservicegroup.it/" "Mozilla/5.0 (Windows NT 10.0; Win64; x64) AppleWebKit/537.36 (KHTML, like Gecko) Chrome/122.0.0.0 Safari/537.36 Edg/122.0.0.0"
51.77.89.183 - - [13/Jul/2026:18:54:21 +0200] "GET /wp-content/uploads/2022/01/copertina-Riparazione_Lavastoviglie-1-12.jpg HTTP/2.0" 200 35425 "https://piacenza.elettroservicegroup.it/" "Mozilla/5.0 (Windows NT 10.0; Win64; x64) AppleWebKit/537.36 (KHTML, like Gecko) Chrome/122.0.0.0 Safari/537.36 Edg/122.0.0.0"
51.77.89.183 - - [13/Jul/2026:18:54:21 +0200] "GET /wp-content/themes/generatepress/assets/js/back-to-top.min.js?ver=3.6.1 HTTP/2.0" 200 336 "https://piacenza.elettroservicegroup.it/" "Mozilla/5.0 (Windows NT 10.0; Win64; x64) AppleWebKit/537.36 (KHTML, like Gecko) Chrome/122.0.0.0 Safari/537.36 Edg/122.0.0.0"
51.77.89.183 - - [13/Jul/2026:18:54:21 +0200] "GET /wp-content/uploads/2021/10/copertina-washing-machine-2668472_1920-1024x683.jpg HTTP/2.0" 200 51558 "https://piacenza.elettroservicegroup.it/" "Mozilla/5.0 (Windows NT 10.0; Win64; x64) AppleWebKit/537.36 (KHTML, like Gecko) Chrome/122.0.0.0 Safari/537.36 Edg/122.0.0.0"
51.77.89.183 - - [13/Jul/2026:18:54:21 +0200] "GET /wp-content/uploads/2021/11/Frigorifero-combinato.jpg HTTP/2.0" 200 40876 "https://piacenza.elettroservicegroup.it/" "Mozilla/5.0 (Windows NT 10.0; Win64; x64) AppleWebKit/537.36 (KHTML, like Gecko) Chrome/122.0.0.0 Safari/537.36 Edg/122.0.0.0"
51.77.89.183 - - [13/Jul/2026:18:54:21 +0200] "GET /wp-content/uploads/2022/01/TECNICO-FRIGO-2-1-300x197.jpg HTTP/2.0" 200 15322 "https://piacenza.elettroservicegroup.it/" "Mozilla/5.0 (Windows NT 10.0; Win64; x64) AppleWebKit/537.36 (KHTML, like Gecko) Chrome/122.0.0.0 Safari/537.36 Edg/122.0.0.0"
51.77.89.183 - - [13/Jul/2026:18:54:21 +0200] "GET /wp-content/themes/generatepress/assets/js/menu.min.js?ver=3.6.1 HTTP/2.0" 200 1688 "https://piacenza.elettroservicegroup.it/" "Mozilla/5.0 (Windows NT 10.0; Win64; x64) AppleWebKit/537.36 (KHTML, like Gecko) Chrome/122.0.0.0 Safari/537.36 Edg/122.0.0.0"
51.77.89.183 - - [13/Jul/2026:18:54:21 +0200] "GET /wp-content/uploads/2021/10/asko-e1634463631713-1024x675.jpg HTTP/2.0" 200 30076 "https://piacenza.elettroservicegroup.it/" "Mozilla/5.0 (Windows NT 10.0; Win64; x64) AppleWebKit/537.36 (KHTML, like Gecko) Chrome/122.0.0.0 Safari/537.36 Edg/122.0.0.0"
51.77.89.183 - - [13/Jul/2026:18:54:21 +0200] "GET /wp-content/uploads/2022/01/forno-c-1024x682.jpg HTTP/2.0" 200 28592 "https://piacenza.elettroservicegroup.it/" "Mozilla/5.0 (Windows NT 10.0; Win64; x64) AppleWebKit/537.36 (KHTML, like Gecko) Chrome/122.0.0.0 Safari/537.36 Edg/122.0.0.0"
51.77.89.183 - - [13/Jul/2026:18:54:21 +0200] "GET /wp-content/uploads/2022/01/tecnico-elettro-3-300x200.jpg HTTP/2.0" 200 15134 "https://piacenza.elettroservicegroup.it/" "Mozilla/5.0 (Windows NT 10.0; Win64; x64) AppleWebKit/537.36 (KHTML, like Gecko) Chrome/122.0.0.0 Safari/537.36 Edg/122.0.0.0"
51.77.89.183 - - [13/Jul/2026:18:54:22 +0200] "GET /wp-content/plugins/complianz-gdpr-premium/cookiebanner/js/complianz.min.js?ver=1783097777 HTTP/2.0" 200 10762 "https://piacenza.elettroservicegroup.it/" "Mozilla/5.0 (Windows NT 10.0; Win64; x64) AppleWebKit/537.36 (KHTML, like Gecko) Chrome/122.0.0.0 Safari/537.36 Edg/122.0.0.0"
51.77.89.183 - - [13/Jul/2026:18:54:22 +0200] "GET /wp-content/uploads/2022/01/TECNICO-ELETTRODOMESTICI-1.jpg HTTP/2.0" 200 24210 "https://piacenza.elettroservicegroup.it/wp-content/uploads/elementor/css/post-14227.css?ver=1783702306" "Mozilla/5.0 (Windows NT 10.0; Win64; x64) AppleWebKit/537.36 (KHTML, like Gecko) Chrome/122.0.0.0 Safari/537.36 Edg/122.0.0.0"
51.77.89.183 - - [13/Jul/2026:18:54:22 +0200] "GET /wp-content/uploads/elementor/google-fonts/fonts/roboto-kfo7cnqeu92fr1me7ksn66agldtyluama3yuba.woff2 HTTP/2.0" 200 40132 "https://piacenza.elettroservicegroup.it/wp-content/cache/wpfc-minified/6ykfum2g/w4sl.css" "Mozilla/5.0 (Windows NT 10.0; Win64; x64) AppleWebKit/537.36 (KHTML, like Gecko) Chrome/122.0.0.0 Safari/537.36 Edg/122.0.0.0"
51.77.89.183 - - [13/Jul/2026:18:54:22 +0200] "GET /wp-content/plugins/elementor/assets/lib/font-awesome/webfonts/fa-regular-400.woff2 HTTP/2.0" 200 13277 "https://piacenza.elettroservicegroup.it/wp-content/cache/wpfc-minified/eujroqks/w4sl.css" "Mozilla/5.0 (Windows NT 10.0; Win64; x64) AppleWebKit/537.36 (KHTML, like Gecko) Chrome/122.0.0.0 Safari/537.36 Edg/122.0.0.0"
51.77.89.183 - - [13/Jul/2026:18:54:22 +0200] "GET /wp-content/uploads/2021/10/HOME-COPERTINA.jpg HTTP/2.0" 200 53954 "https://piacenza.elettroservicegroup.it/wp-content/uploads/elementor/css/post-14227.css?ver=1783702306" "Mozilla/5.0 (Windows NT 10.0; Win64; x64) AppleWebKit/537.36 (KHTML, like Gecko) Chrome/122.0.0.0 Safari/537.36 Edg/122.0.0.0"
51.77.89.183 - - [13/Jul/2026:18:54:22 +0200] "GET /wp-content/plugins/elementor/assets/lib/font-awesome/webfonts/fa-solid-900.woff2 HTTP/2.0" 200 78201 "https://piacenza.elettroservicegroup.it/wp-content/cache/wpfc-minified/eujroqks/w4sl.css" "Mozilla/5.0 (Windows NT 10.0; Win64; x64) AppleWebKit/537.36 (KHTML, like Gecko) Chrome/122.0.0.0 Safari/537.36 Edg/122.0.0.0"
65.108.235.243 - - [13/Jul/2026:18:54:24 +0200] "POST /wp-cron.php?doing_wp_cron=1783961663.9725689888000488281250 HTTP/1.1" 200 1 "-" "WordPress/7.0.1; https://piacenza.elettroservicegroup.it"
216.73.216.44 - - [13/Jul/2026:18:54:14 +0200] "GET /robots.txt HTTP/2.0" 200 108 "-" "Mozilla/5.0 AppleWebKit/537.36 (KHTML, like Gecko; compatible; ClaudeBot/1.0; +claudebot@anthropic.com)"
51.77.89.183 - - [13/Jul/2026:18:54:22 +0200] "GET /wp-json/complianz/v1/banner?lang=it&locale=it_IT&token=tclpy HTTP/2.0" 200 81 "https://piacenza.elettroservicegroup.it/" "Mozilla/5.0 (Windows NT 10.0; Win64; x64) AppleWebKit/537.36 (KHTML, like Gecko) Chrome/122.0.0.0 Safari/537.36 Edg/122.0.0.0"
51.77.89.183 - - [13/Jul/2026:18:54:25 +0200] "GET /wp-content/uploads/complianz/css/banner-1-optin.css?v=40 HTTP/2.0" 200 2857 "https://piacenza.elettroservicegroup.it/" "Mozilla/5.0 (Windows NT 10.0; Win64; x64) AppleWebKit/537.36 (KHTML, like Gecko) Chrome/122.0.0.0 Safari/537.36 Edg/122.0.0.0"
51.77.89.183 - - [13/Jul/2026:18:54:25 +0200] "GET /wp-json/complianz/v1/cookie_data HTTP/2.0" 200 69 "https://piacenza.elettroservicegroup.it/" "Mozilla/5.0 (Windows NT 10.0; Win64; x64) AppleWebKit/537.36 (KHTML, like Gecko) Chrome/122.0.0.0 Safari/537.36 Edg/122.0.0.0"
65.108.235.243 - - [13/Jul/2026:18:54:26 +0200] "POST /wp-json/complianz/v1/wsc-scan HTTP/1.1" 400 88 "-" "WordPress/7.0.1; https://piacenza.elettroservicegroup.it"
65.108.235.243 - - [13/Jul/2026:18:54:28 +0200] "GET /imprint/ HTTP/1.1" 200 17195 "-" "WP Fastest Cache Preload Bot"
51.77.89.183 - - [13/Jul/2026:18:54:32 +0200] "GET /wp-content/uploads/2021/10/cropped-cropped-cropped-cropped-logo_white_background-192x192.png HTTP/2.0" 200 8888 "-" "Mozilla/5.0 (Windows NT 10.0; Win64; x64) AppleWebKit/537.36 (KHTML, like Gecko) Chrome/122.0.0.0 Safari/537.36 Edg/122.0.0.0"
65.108.235.243 - - [13/Jul/2026:18:54:31 +0200] "GET /dichiarazione-sulla-privacy-ue/ HTTP/1.1" 200 19691 "-" "WP Fastest Cache Preload Bot"
51.77.89.183 - - [13/Jul/2026:18:54:35 +0200] "GET /wp-content/plugins/elementor/assets/lib/font-awesome/webfonts/fa-regular-400.woff2 HTTP/2.0" 200 13276 "-" "Mozilla/5.0 (Windows NT 10.0; Win64; x64) AppleWebKit/537.36 (KHTML, like Gecko) Chrome/122.0.0.0 Safari/537.36 Edg/122.0.0.0"
51.77.89.183 - - [13/Jul/2026:18:54:35 +0200] "GET /wp-content/uploads/elementor/google-fonts/fonts/roboto-kfo7cnqeu92fr1me7ksn66agldtyluama3yuba.woff2 HTTP/2.0" 200 40128 "-" "Mozilla/5.0 (Windows NT 10.0; Win64; x64) AppleWebKit/537.36 (KHTML, like Gecko) Chrome/122.0.0.0 Safari/537.36 Edg/122.0.0.0"
51.77.89.183 - - [13/Jul/2026:18:54:35 +0200] "GET /wp-content/plugins/elementor/assets/lib/font-awesome/webfonts/fa-solid-900.woff2 HTTP/2.0" 200 78196 "-" "Mozilla/5.0 (Windows NT 10.0; Win64; x64) AppleWebKit/537.36 (KHTML, like Gecko) Chrome/122.0.0.0 Safari/537.36 Edg/122.0.0.0"
51.77.89.183 - - [13/Jul/2026:18:54:35 +0200] "GET /wp-json/complianz/v1/cookie_data HTTP/2.0" 200 85 "-" "Mozilla/5.0 (Windows NT 10.0; Win64; x64) AppleWebKit/537.36 (KHTML, like Gecko) Chrome/122.0.0.0 Safari/537.36 Edg/122.0.0.0"
51.77.89.183 - - [13/Jul/2026:18:54:35 +0200] "GET /wp-json/complianz/v1/banner?lang=it&locale=it_IT&token=tclpy HTTP/2.0" 200 102 "-" "Mozilla/5.0 (Windows NT 10.0; Win64; x64) AppleWebKit/537.36 (KHTML, like Gecko) Chrome/122.0.0.0 Safari/537.36 Edg/122.0.0.0"
65.108.235.243 - - [13/Jul/2026:18:54:34 +0200] "GET /assistenza-whirlpool-piacenza/ HTTP/1.1" 200 21855 "-" "WP Fastest Cache Preload Bot"
65.108.235.243 - - [13/Jul/2026:18:54:37 +0200] "GET /assistenza-smeg-piacenza/ HTTP/1.1" 200 21804 "-" "WP Fastest Cache Preload Bot"
216.73.216.44 - - [13/Jul/2026:18:56:22 +0200] "GET /cookie-policy-ue/ HTTP/2.0" 200 19405 "-" "Mozilla/5.0 AppleWebKit/537.36 (KHTML, like Gecko; compatible; ClaudeBot/1.0; +claudebot@anthropic.com)"
170.106.160.90 - - [13/Jul/2026:19:00:40 +0200] "GET / HTTP/1.1" 200 23704 "http://piacenza.elettroservicegroup.it" "Mozilla/5.0 (iPhone; CPU iPhone OS 13_2_3 like Mac OS X) AppleWebKit/605.1.15 (KHTML, like Gecko) Version/13.0.3 Mobile/15E148 Safari/604.1"
65.108.235.243 - - [13/Jul/2026:19:00:49 +0200] "GET /assistenza-siemens-piacenza/ HTTP/1.1" 200 21992 "-" "WP Fastest Cache Preload Bot"
65.108.235.243 - - [13/Jul/2026:19:00:50 +0200] "GET /assistenza-rex-electrolux-piacenza/ HTTP/1.1" 200 21846 "-" "WP Fastest Cache Preload Bot"
65.108.235.243 - - [13/Jul/2026:19:00:53 +0200] "GET /assistenza-miele-piacenza/ HTTP/1.1" 200 22100 "-" "WP Fastest Cache Preload Bot"
65.108.235.243 - - [13/Jul/2026:19:00:56 +0200] "GET /assistenza-lavatrici-whirlpool-piacenza/ HTTP/1.1" 200 21967 "-" "WP Fastest Cache Preload Bot"
74.7.241.14 - - [13/Jul/2026:20:09:07 +0200] "GET /wp-content/uploads/elementor/css/post-15414.css?ver=1783714019 HTTP/2.0" 200 58 "https://www.vicenza.elettroservicegroup.it" "Mozilla/5.0 AppleWebKit/537.36 (KHTML, like Gecko; compatible; GPTBot/1.4; +https://openai.com/gptbot)"
65.108.235.243 - - [13/Jul/2026:20:09:14 +0200] "POST /wp-cron.php?doing_wp_cron=1783966154.7842500209808349609375 HTTP/1.1" 200 1 "-" "WordPress/7.0.1; https://piacenza.elettroservicegroup.it"
74.7.241.14 - - [13/Jul/2026:20:09:10 +0200] "GET /wp-json/oembed/1.0/embed?url=https%3A%2F%2Fpiacenza.elettroservicegroup.it%2Finformativa-privacy%2F HTTP/2.0" 200 967 "https://www.vicenza.elettroservicegroup.it" "Mozilla/5.0 AppleWebKit/537.36 (KHTML, like Gecko; compatible; GPTBot/1.4; +https://openai.com/gptbot)"
74.7.241.14 - - [13/Jul/2026:20:09:15 +0200] "GET /wp-json/oembed/1.0/embed?format=xml&url=https%3A%2F%2Fpiacenza.elettroservicegroup.it%2Finformativa-privacy%2F HTTP/2.0" 200 978 "https://www.vicenza.elettroservicegroup.it" "Mozilla/5.0 AppleWebKit/537.36 (KHTML, like Gecko; compatible; GPTBot/1.4; +https://openai.com/gptbot)"
65.108.235.243 - - [13/Jul/2026:20:09:16 +0200] "POST /wp-json/complianz/v1/wsc-scan HTTP/1.1" 400 88 "-" "WordPress/7.0.1; https://piacenza.elettroservicegroup.it"
74.7.241.14 - - [13/Jul/2026:20:09:17 +0200] "GET /wp-json/wp/v2/pages/15414 HTTP/2.0" 200 6620 "https://www.vicenza.elettroservicegroup.it" "Mozilla/5.0 AppleWebKit/537.36 (KHTML, like Gecko; compatible; GPTBot/1.4; +https://openai.com/gptbot)"
65.108.235.243 - - [13/Jul/2026:20:09:17 +0200] "GET /assistenza-lavatrici-smeg-piacenza/ HTTP/1.1" 200 21709 "-" "WP Fastest Cache Preload Bot"
74.7.241.14 - - [13/Jul/2026:20:09:20 +0200] "GET /wp-content/cache/wpfc-minified/kmqim6e1/w9h0.css HTTP/2.0" 200 2040 "https://www.vicenza.elettroservicegroup.it" "Mozilla/5.0 AppleWebKit/537.36 (KHTML, like Gecko; compatible; GPTBot/1.4; +https://openai.com/gptbot)"
65.108.235.243 - - [13/Jul/2026:20:09:19 +0200] "GET /assistenza-lavatrici-rex-electrolux-piacenza/ HTTP/1.1" 200 21677 "-" "WP Fastest Cache Preload Bot"
65.108.235.243 - - [13/Jul/2026:20:09:21 +0200] "GET /assistenza-lavatrici-indesit-piacenza/ HTTP/1.1" 200 21704 "-" "WP Fastest Cache Preload Bot"
74.7.241.14 - - [13/Jul/2026:20:09:22 +0200] "GET /?p=15414 HTTP/2.0" 301 1 "https://www.vicenza.elettroservicegroup.it" "Mozilla/5.0 AppleWebKit/537.36 (KHTML, like Gecko; compatible; GPTBot/1.4; +https://openai.com/gptbot)"
74.7.241.14 - - [13/Jul/2026:20:09:23 +0200] "GET /informativa-privacy/ HTTP/2.0" 200 19801 "https://piacenza.elettroservicegroup.it/?p=15414" "Mozilla/5.0 AppleWebKit/537.36 (KHTML, like Gecko; compatible; GPTBot/1.4; +https://openai.com/gptbot)"
65.108.235.243 - - [13/Jul/2026:20:09:22 +0200] "GET /assistenza-lavatrici-bosch-piacenza/ HTTP/1.1" 200 21748 "-" "WP Fastest Cache Preload Bot"
74.7.241.14 - - [13/Jul/2026:20:09:24 +0200] "GET /informativa-privacy/ HTTP/2.0" 200 19801 "https://www.vicenza.elettroservicegroup.it" "Mozilla/5.0 AppleWebKit/537.36 (KHTML, like Gecko; compatible; GPTBot/1.4; +https://openai.com/gptbot)"
74.7.241.14 - - [13/Jul/2026:20:09:25 +0200] "GET /wp-content/cache/wpfc-minified/lnrgtxtf/2036d.css HTTP/2.0" 200 16112 "https://www.vicenza.elettroservicegroup.it" "Mozilla/5.0 AppleWebKit/537.36 (KHTML, like Gecko; compatible; GPTBot/1.4; +https://openai.com/gptbot)"
74.7.241.14 - - [13/Jul/2026:20:13:45 +0200] "GET /wp-content/uploads/elementor/css/post-17043.css?ver=1783703092 HTTP/2.0" 200 57 "https://www.vicenza.elettroservicegroup.it" "Mozilla/5.0 AppleWebKit/537.36 (KHTML, like Gecko; compatible; GPTBot/1.4; +https://openai.com/gptbot)"
65.108.235.243 - - [13/Jul/2026:20:13:48 +0200] "POST /wp-cron.php?doing_wp_cron=1783966428.4669969081878662109375 HTTP/1.1" 200 1 "-" "WordPress/7.0.1; https://piacenza.elettroservicegroup.it"
74.7.241.14 - - [13/Jul/2026:20:13:47 +0200] "GET /?p=17043 HTTP/2.0" 301 1 "https://www.vicenza.elettroservicegroup.it" "Mozilla/5.0 AppleWebKit/537.36 (KHTML, like Gecko; compatible; GPTBot/1.4; +https://openai.com/gptbot)"
74.7.241.14 - - [13/Jul/2026:20:13:48 +0200] "GET /imprint/ HTTP/2.0" 200 17173 "https://piacenza.elettroservicegroup.it/?p=17043" "Mozilla/5.0 AppleWebKit/537.36 (KHTML, like Gecko; compatible; GPTBot/1.4; +https://openai.com/gptbot)"
74.7.241.14 - - [13/Jul/2026:20:13:48 +0200] "GET /wp-content/cache/wpfc-minified/2pngyhab/w9h0.css HTTP/2.0" 200 13809 "https://www.vicenza.elettroservicegroup.it" "Mozilla/5.0 AppleWebKit/537.36 (KHTML, like Gecko; compatible; GPTBot/1.4; +https://openai.com/gptbot)"
65.108.235.243 - - [13/Jul/2026:20:13:48 +0200] "GET /assistenza-lavatrici-ariston-piacenza/ HTTP/1.1" 200 21765 "-" "WP Fastest Cache Preload Bot"
65.108.235.243 - - [13/Jul/2026:20:13:49 +0200] "GET /assistenza-lavatrici-aeg-piacenza/ HTTP/1.1" 200 21775 "-" "WP Fastest Cache Preload Bot"
65.108.235.243 - - [13/Jul/2026:20:13:49 +0200] "GET /assistenza-lavatrici-piacenza/ HTTP/1.1" 200 22019 "-" "WP Fastest Cache Preload Bot"
74.7.241.14 - - [13/Jul/2026:20:13:50 +0200] "GET /wp-content/cache/wpfc-minified/7bizmdj7/w9h0.css HTTP/2.0" 200 16210 "https://www.vicenza.elettroservicegroup.it" "Mozilla/5.0 AppleWebKit/537.36 (KHTML, like Gecko; compatible; GPTBot/1.4; +https://openai.com/gptbot)"
65.108.235.243 - - [13/Jul/2026:20:13:49 +0200] "GET /assistenza-lavastoviglie-whirlpool-piacenza/ HTTP/1.1" 200 21717 "-" "WP Fastest Cache Preload Bot"
74.7.241.14 - - [13/Jul/2026:20:13:51 +0200] "GET /wp-content/plugins/complianz-gdpr-premium/DNSMPD/script.min.js?ver=1783097780 HTTP/2.0" 200 425 "https://www.vicenza.elettroservicegroup.it" "Mozilla/5.0 AppleWebKit/537.36 (KHTML, like Gecko; compatible; GPTBot/1.4; +https://openai.com/gptbot)"
74.7.241.14 - - [13/Jul/2026:20:13:51 +0200] "GET /wp-content/plugins/complianz-gdpr-premium/assets/images/chevron-down.svg HTTP/2.0" 200 262 "https://piacenza.elettroservicegroup.it/wp-content/cache/wpfc-minified/2pngyhab/w9h0.css" "Mozilla/5.0 AppleWebKit/537.36 (KHTML, like Gecko; compatible; GPTBot/1.4; +https://openai.com/gptbot)"
65.108.235.243 - - [13/Jul/2026:20:18:02 +0200] "POST /wp-cron.php?doing_wp_cron=1783966682.4728229045867919921875 HTTP/1.1" 200 1 "-" "WordPress/7.0.1; https://piacenza.elettroservicegroup.it"
17.22.237.39 - - [13/Jul/2026:20:17:52 +0200] "GET /feed/?attachment_id=15831 HTTP/2.0" 200 458 "-" "Mozilla/5.0 (Macintosh; Intel Mac OS X 10_15_7) AppleWebKit/605.1.15 (KHTML, like Gecko) Version/17.4 Safari/605.1.15 (Applebot/0.1; +http://www.apple.com/go/applebot)"
65.108.235.243 - - [13/Jul/2026:20:18:04 +0200] "GET /assistenza-lavastoviglie-smeg-piacenza/ HTTP/1.1" 200 21663 "-" "WP Fastest Cache Preload Bot"
65.108.235.243 - - [13/Jul/2026:20:18:08 +0200] "GET /assistenza-lavastoviglie-rex-electrolux-piacenza/ HTTP/1.1" 200 21626 "-" "WP Fastest Cache Preload Bot"
65.108.235.243 - - [13/Jul/2026:20:18:11 +0200] "GET /assistenza-lavastoviglie-indesit-piacenza/ HTTP/1.1" 200 22127 "-" "WP Fastest Cache Preload Bot"
65.108.235.243 - - [13/Jul/2026:20:18:14 +0200] "GET /assistenza-lavastoviglie-bosch-piacenza/ HTTP/1.1" 200 22154 "-" "WP Fastest Cache Preload Bot"
65.108.235.243 - - [13/Jul/2026:20:19:25 +0200] "POST /wp-cron.php?doing_wp_cron=1783966765.5670540332794189453125 HTTP/1.1" 200 1 "-" "WordPress/7.0.1; https://piacenza.elettroservicegroup.it"
74.7.241.14 - - [13/Jul/2026:20:19:15 +0200] "GET /wp-json/wp/v2/media/15817 HTTP/2.0" 200 2846 "https://www.vicenza.elettroservicegroup.it" "Mozilla/5.0 AppleWebKit/537.36 (KHTML, like Gecko; compatible; GPTBot/1.4; +https://openai.com/gptbot)"
74.7.241.14 - - [13/Jul/2026:20:19:26 +0200] "GET /?p=15817 HTTP/2.0" 301 1 "https://www.vicenza.elettroservicegroup.it" "Mozilla/5.0 AppleWebKit/537.36 (KHTML, like Gecko; compatible; GPTBot/1.4; +https://openai.com/gptbot)"
74.7.241.14 - - [13/Jul/2026:20:19:28 +0200] "GET /logo-rex-electrolux/ HTTP/2.0" 200 17154 "https://piacenza.elettroservicegroup.it/?p=15817" "Mozilla/5.0 AppleWebKit/537.36 (KHTML, like Gecko; compatible; GPTBot/1.4; +https://openai.com/gptbot)"
74.7.241.14 - - [13/Jul/2026:20:19:28 +0200] "GET /wp-content/cache/wpfc-minified/jno40hfd/1xn7k.css HTTP/2.0" 200 23329 "https://www.vicenza.elettroservicegroup.it" "Mozilla/5.0 AppleWebKit/537.36 (KHTML, like Gecko; compatible; GPTBot/1.4; +https://openai.com/gptbot)"
74.7.241.14 - - [13/Jul/2026:20:19:29 +0200] "GET /wp-content/cache/wpfc-minified/32rneldi/1xn7k.css HTTP/2.0" 200 15849 "https://www.vicenza.elettroservicegroup.it" "Mozilla/5.0 AppleWebKit/537.36 (KHTML, like Gecko; compatible; GPTBot/1.4; +https://openai.com/gptbot)"
74.7.241.14 - - [13/Jul/2026:20:19:29 +0200] "GET /feed/?attachment_id=15817 HTTP/2.0" 200 403 "https://www.vicenza.elettroservicegroup.it" "Mozilla/5.0 AppleWebKit/537.36 (KHTML, like Gecko; compatible; GPTBot/1.4; +https://openai.com/gptbot)"
74.7.241.14 - - [13/Jul/2026:20:19:31 +0200] "GET /wp-content/uploads/2022/01/logo-rex-electrolux-300x300.jpg HTTP/2.0" 200 6519 "https://www.vicenza.elettroservicegroup.it" "Mozilla/5.0 AppleWebKit/537.36 (KHTML, like Gecko; compatible; GPTBot/1.4; +https://openai.com/gptbot)"
74.7.241.14 - - [13/Jul/2026:20:19:31 +0200] "GET /wp-content/uploads/2022/01/logo-rex-electrolux.jpg HTTP/2.0" 200 29418 "https://www.vicenza.elettroservicegroup.it" "Mozilla/5.0 AppleWebKit/537.36 (KHTML, like Gecko; compatible; GPTBot/1.4; +https://openai.com/gptbot)"
74.7.241.14 - - [13/Jul/2026:20:19:32 +0200] "GET /wp-content/cache/wpfc-minified/e6ekqzwv/1xn7k.css HTTP/2.0" 200 4741 "https://www.vicenza.elettroservicegroup.it" "Mozilla/5.0 AppleWebKit/537.36 (KHTML, like Gecko; compatible; GPTBot/1.4; +https://openai.com/gptbot)"
74.7.241.14 - - [13/Jul/2026:20:19:32 +0200] "GET /logo-rex-electrolux/ HTTP/2.0" 200 17154 "https://www.vicenza.elettroservicegroup.it" "Mozilla/5.0 AppleWebKit/537.36 (KHTML, like Gecko; compatible; GPTBot/1.4; +https://openai.com/gptbot)"
74.7.241.14 - - [13/Jul/2026:20:19:33 +0200] "GET /wp-includes/js/comment-reply.min.js?ver=7.0.1 HTTP/2.0" 200 1248 "https://www.vicenza.elettroservicegroup.it" "Mozilla/5.0 AppleWebKit/537.36 (KHTML, like Gecko; compatible; GPTBot/1.4; +https://openai.com/gptbot)"
74.7.241.14 - - [13/Jul/2026:20:19:34 +0200] "GET /wp-content/uploads/elementor/css/post-15546.css?ver=1783714013 HTTP/2.0" 200 173 "https://www.vicenza.elettroservicegroup.it" "Mozilla/5.0 AppleWebKit/537.36 (KHTML, like Gecko; compatible; GPTBot/1.4; +https://openai.com/gptbot)"
65.108.235.243 - - [13/Jul/2026:20:19:36 +0200] "POST /wp-cron.php?doing_wp_cron=1783966776.2619071006774902343750 HTTP/1.1" 200 1 "-" "WordPress/7.0.1; https://piacenza.elettroservicegroup.it"
74.7.241.14 - - [13/Jul/2026:20:19:34 +0200] "GET /wp-json/oembed/1.0/embed?url=https%3A%2F%2Fpiacenza.elettroservicegroup.it%2Flogo-rex-electrolux%2F HTTP/2.0" 200 1017 "https://www.vicenza.elettroservicegroup.it" "Mozilla/5.0 AppleWebKit/537.36 (KHTML, like Gecko; compatible; GPTBot/1.4; +https://openai.com/gptbot)"
74.7.241.14 - - [13/Jul/2026:20:19:36 +0200] "GET /wp-json/oembed/1.0/embed?format=xml&url=https%3A%2F%2Fpiacenza.elettroservicegroup.it%2Flogo-rex-electrolux%2F HTTP/2.0" 200 1031 "https://www.vicenza.elettroservicegroup.it" "Mozilla/5.0 AppleWebKit/537.36 (KHTML, like Gecko; compatible; GPTBot/1.4; +https://openai.com/gptbot)"
74.7.241.14 - - [13/Jul/2026:20:19:38 +0200] "GET /?p=15546 HTTP/2.0" 301 1 "https://www.vicenza.elettroservicegroup.it" "Mozilla/5.0 AppleWebKit/537.36 (KHTML, like Gecko; compatible; GPTBot/1.4; +https://openai.com/gptbot)"
74.7.241.14 - - [13/Jul/2026:20:19:40 +0200] "GET /termini-e-condizioni/ HTTP/2.0" 200 17561 "https://piacenza.elettroservicegroup.it/?p=15546" "Mozilla/5.0 AppleWebKit/537.36 (KHTML, like Gecko; compatible; GPTBot/1.4; +https://openai.com/gptbot)"
74.7.241.14 - - [13/Jul/2026:20:19:41 +0200] "GET /wp-content/uploads/2022/01/logo-rex-electrolux-768x768.jpg HTTP/2.0" 200 21153 "https://piacenza.elettroservicegroup.it/wp-json/oembed/1.0/embed?format=xml&url=https%3A%2F%2Fpiacenza.elettroservicegroup.it%2Flogo-rex-electrolux%2F" "Mozilla/5.0 AppleWebKit/537.36 (KHTML, like Gecko; compatible; GPTBot/1.4; +https://openai.com/gptbot)"
65.108.235.243 - - [13/Jul/2026:20:19:37 +0200] "GET /assistenza-lavastoviglie-ariston-piacenza/ HTTP/1.1" 200 22091 "-" "WP Fastest Cache Preload Bot"
65.108.235.243 - - [13/Jul/2026:20:19:42 +0200] "GET /assistenza-lavastoviglie-aeg-piacenza/ HTTP/1.1" 200 22145 "-" "WP Fastest Cache Preload Bot"
65.108.235.243 - - [13/Jul/2026:20:19:45 +0200] "GET /assistenza-lavastoviglie-piacenza/ HTTP/1.1" 200 21760 "-" "WP Fastest Cache Preload Bot"
65.108.235.243 - - [13/Jul/2026:20:19:49 +0200] "GET /assistenza-indesit-piacenza/ HTTP/1.1" 200 21798 "-" "WP Fastest Cache Preload Bot"
65.108.235.243 - - [13/Jul/2026:20:28:10 +0200] "POST /wp-cron.php?doing_wp_cron=1783967290.9631600379943847656250 HTTP/1.1" 200 1 "-" "WordPress/7.0.1; https://piacenza.elettroservicegroup.it"
216.73.216.242 - - [13/Jul/2026:20:28:00 +0200] "GET /robots.txt HTTP/2.0" 200 108 "-" "Mozilla/5.0 AppleWebKit/537.36 (KHTML, like Gecko; compatible; ClaudeBot/1.0; +claudebot@anthropic.com)"
65.108.235.243 - - [13/Jul/2026:20:28:12 +0200] "GET /assistenza-candy-piacenza/ HTTP/1.1" 200 21893 "-" "WP Fastest Cache Preload Bot"
65.108.235.243 - - [13/Jul/2026:20:28:15 +0200] "GET /assistenza-bosch-piacenza/ HTTP/1.1" 200 21895 "-" "WP Fastest Cache Preload Bot"
65.108.235.243 - - [13/Jul/2026:20:28:19 +0200] "GET /assistenza-ariston-piacenza/ HTTP/1.1" 200 21888 "-" "WP Fastest Cache Preload Bot"
65.108.235.243 - - [13/Jul/2026:20:28:23 +0200] "GET /assistenza-aeg-piacenza/ HTTP/1.1" 200 21890 "-" "WP Fastest Cache Preload Bot"
65.108.235.243 - - [13/Jul/2026:20:28:55 +0200] "POST /wp-cron.php?doing_wp_cron=1783967335.1821219921112060546875 HTTP/1.1" 200 1 "-" "WordPress/7.0.1; https://piacenza.elettroservicegroup.it"
216.73.216.242 - - [13/Jul/2026:20:28:53 +0200] "GET /?p=15775 HTTP/2.0" 301 1 "-" "Mozilla/5.0 AppleWebKit/537.36 (KHTML, like Gecko; compatible; ClaudeBot/1.0; +claudebot@anthropic.com)"
216.73.216.242 - - [13/Jul/2026:20:28:55 +0200] "GET /elettro7-3/ HTTP/2.0" 200 17163 "https://piacenza.elettroservicegroup.it/?p=15775" "Mozilla/5.0 AppleWebKit/537.36 (KHTML, like Gecko; compatible; ClaudeBot/1.0; +claudebot@anthropic.com)"
65.108.235.243 - - [13/Jul/2026:20:54:02 +0200] "POST /wp-cron.php?doing_wp_cron=1783968842.0701770782470703125000 HTTP/1.1" 200 1 "-" "WordPress/7.0.1; https://piacenza.elettroservicegroup.it"
74.7.241.14 - - [13/Jul/2026:20:53:50 +0200] "GET /?p=15775 HTTP/2.0" 301 1 "https://www.vicenza.elettroservicegroup.it" "Mozilla/5.0 AppleWebKit/537.36 (KHTML, like Gecko; compatible; GPTBot/1.4; +https://openai.com/gptbot)"
74.7.241.14 - - [13/Jul/2026:20:54:02 +0200] "GET /elettro7-3/ HTTP/2.0" 200 17163 "https://piacenza.elettroservicegroup.it/?p=15775" "Mozilla/5.0 AppleWebKit/537.36 (KHTML, like Gecko; compatible; GPTBot/1.4; +https://openai.com/gptbot)"
74.7.241.14 - - [13/Jul/2026:20:54:03 +0200] "GET /wp-json/oembed/1.0/embed?url=https%3A%2F%2Fpiacenza.elettroservicegroup.it%2Felettro7-3%2F HTTP/2.0" 200 1007 "https://www.vicenza.elettroservicegroup.it" "Mozilla/5.0 AppleWebKit/537.36 (KHTML, like Gecko; compatible; GPTBot/1.4; +https://openai.com/gptbot)"
74.7.241.14 - - [13/Jul/2026:20:54:05 +0200] "GET /wp-content/uploads/2022/01/elettro7-3-300x120.jpg HTTP/2.0" 200 8069 "https://www.vicenza.elettroservicegroup.it" "Mozilla/5.0 AppleWebKit/537.36 (KHTML, like Gecko; compatible; GPTBot/1.4; +https://openai.com/gptbot)"
65.108.235.243 - - [13/Jul/2026:20:54:05 +0200] "GET /cookie-policy/ HTTP/1.1" 200 18019 "-" "WP Fastest Cache Preload Bot"
74.7.241.14 - - [13/Jul/2026:20:54:08 +0200] "GET /wp-json/oembed/1.0/embed?format=xml&url=https%3A%2F%2Fpiacenza.elettroservicegroup.it%2Felettro7-3%2F HTTP/2.0" 200 1020 "https://www.vicenza.elettroservicegroup.it" "Mozilla/5.0 AppleWebKit/537.36 (KHTML, like Gecko; compatible; GPTBot/1.4; +https://openai.com/gptbot)"
65.108.235.243 - - [13/Jul/2026:20:54:08 +0200] "GET /termini-e-condizioni/ HTTP/1.1" 200 17585 "-" "WP Fastest Cache Preload Bot"
74.7.241.14 - - [13/Jul/2026:20:54:10 +0200] "GET /wp-json/wp/v2/media/15775 HTTP/2.0" 200 2902 "https://www.vicenza.elettroservicegroup.it" "Mozilla/5.0 AppleWebKit/537.36 (KHTML, like Gecko; compatible; GPTBot/1.4; +https://openai.com/gptbot)"
74.7.241.14 - - [13/Jul/2026:20:54:13 +0200] "GET /wp-content/uploads/2022/01/elettro7-3.jpg HTTP/2.0" 200 93477 "https://www.vicenza.elettroservicegroup.it" "Mozilla/5.0 AppleWebKit/537.36 (KHTML, like Gecko; compatible; GPTBot/1.4; +https://openai.com/gptbot)"
65.108.235.243 - - [13/Jul/2026:20:54:11 +0200] "GET /cookie-policy-ue/ HTTP/1.1" 200 19432 "-" "WP Fastest Cache Preload Bot"
74.7.241.14 - - [13/Jul/2026:20:54:15 +0200] "GET /feed/?attachment_id=15775 HTTP/2.0" 200 394 "https://www.vicenza.elettroservicegroup.it" "Mozilla/5.0 AppleWebKit/537.36 (KHTML, like Gecko; compatible; GPTBot/1.4; +https://openai.com/gptbot)"
74.7.241.14 - - [13/Jul/2026:20:54:17 +0200] "GET /elettro7-3/ HTTP/2.0" 200 17163 "https://www.vicenza.elettroservicegroup.it" "Mozilla/5.0 AppleWebKit/537.36 (KHTML, like Gecko; compatible; GPTBot/1.4; +https://openai.com/gptbot)"
65.108.235.243 - - [13/Jul/2026:20:54:15 +0200] "GET /informativa-privacy/ HTTP/1.1" 200 19824 "-" "WP Fastest Cache Preload Bot"
74.7.241.14 - - [13/Jul/2026:20:54:18 +0200] "GET /?p=15733 HTTP/2.0" 301 1 "https://www.vicenza.elettroservicegroup.it" "Mozilla/5.0 AppleWebKit/537.36 (KHTML, like Gecko; compatible; GPTBot/1.4; +https://openai.com/gptbot)"
74.7.241.14 - - [13/Jul/2026:20:54:20 +0200] "GET /elettro4-3/ HTTP/2.0" 200 17171 "https://piacenza.elettroservicegroup.it/?p=15733" "Mozilla/5.0 AppleWebKit/537.36 (KHTML, like Gecko; compatible; GPTBot/1.4; +https://openai.com/gptbot)"
74.7.241.14 - - [13/Jul/2026:20:54:21 +0200] "GET /wp-includes/js/comment-reply.min.js?ver=7.0 HTTP/2.0" 200 1248 "https://www.vicenza.elettroservicegroup.it" "Mozilla/5.0 AppleWebKit/537.36 (KHTML, like Gecko; compatible; GPTBot/1.4; +https://openai.com/gptbot)"
74.7.241.14 - - [13/Jul/2026:20:54:22 +0200] "GET /feed/?attachment_id=15733 HTTP/2.0" 200 394 "https://www.vicenza.elettroservicegroup.it" "Mozilla/5.0 AppleWebKit/537.36 (KHTML, like Gecko; compatible; GPTBot/1.4; +https://openai.com/gptbot)"
74.7.241.14 - - [13/Jul/2026:20:54:24 +0200] "GET /wp-content/uploads/2022/01/elettro4-3.jpg HTTP/2.0" 200 85208 "https://www.vicenza.elettroservicegroup.it" "Mozilla/5.0 AppleWebKit/537.36 (KHTML, like Gecko; compatible; GPTBot/1.4; +https://openai.com/gptbot)"
74.7.241.14 - - [13/Jul/2026:20:54:25 +0200] "GET /wp-content/uploads/elementor/css/post-14146.css?ver=1783609816 HTTP/2.0" 200 428 "https://www.vicenza.elettroservicegroup.it" "Mozilla/5.0 AppleWebKit/537.36 (KHTML, like Gecko; compatible; GPTBot/1.4; +https://openai.com/gptbot)"
74.7.241.14 - - [13/Jul/2026:20:54:26 +0200] "GET /wp-json/oembed/1.0/embed?format=xml&url=https%3A%2F%2Fpiacenza.elettroservicegroup.it%2Felettro4-3%2F HTTP/2.0" 200 1017 "https://www.vicenza.elettroservicegroup.it" "Mozilla/5.0 AppleWebKit/537.36 (KHTML, like Gecko; compatible; GPTBot/1.4; +https://openai.com/gptbot)"
74.7.241.14 - - [13/Jul/2026:20:54:28 +0200] "GET /wp-json/wp/v2/media/15733 HTTP/2.0" 200 2903 "https://www.vicenza.elettroservicegroup.it" "Mozilla/5.0 AppleWebKit/537.36 (KHTML, like Gecko; compatible; GPTBot/1.4; +https://openai.com/gptbot)"
74.7.241.14 - - [13/Jul/2026:20:54:30 +0200] "GET /wp-content/uploads/2022/01/elettro7-3-768x307.jpg HTTP/2.0" 200 25706 "https://piacenza.elettroservicegroup.it/wp-json/oembed/1.0/embed?format=xml&url=https%3A%2F%2Fpiacenza.elettroservicegroup.it%2Felettro7-3%2F" "Mozilla/5.0 AppleWebKit/537.36 (KHTML, like Gecko; compatible; GPTBot/1.4; +https://openai.com/gptbot)"
74.7.241.14 - - [13/Jul/2026:20:54:31 +0200] "GET /wp-content/uploads/2022/01/elettro4-3-300x117.jpg HTTP/2.0" 200 4871 "https://www.vicenza.elettroservicegroup.it" "Mozilla/5.0 AppleWebKit/537.36 (KHTML, like Gecko; compatible; GPTBot/1.4; +https://openai.com/gptbot)"
74.7.241.14 - - [13/Jul/2026:20:54:32 +0200] "GET /wp-content/uploads/elementor/css/post-14366.css?ver=1783609818 HTTP/2.0" 200 302 "https://www.vicenza.elettroservicegroup.it" "Mozilla/5.0 AppleWebKit/537.36 (KHTML, like Gecko; compatible; GPTBot/1.4; +https://openai.com/gptbot)"
74.7.241.14 - - [13/Jul/2026:20:54:32 +0200] "GET /elettro4-3/ HTTP/2.0" 200 17171 "https://www.vicenza.elettroservicegroup.it" "Mozilla/5.0 AppleWebKit/537.36 (KHTML, like Gecko; compatible; GPTBot/1.4; +https://openai.com/gptbot)"
74.7.241.14 - - [13/Jul/2026:20:54:33 +0200] "GET /wp-json/oembed/1.0/embed?url=https%3A%2F%2Fpiacenza.elettroservicegroup.it%2Felettro4-3%2F HTTP/2.0" 200 1006 "https://www.vicenza.elettroservicegroup.it" "Mozilla/5.0 AppleWebKit/537.36 (KHTML, like Gecko; compatible; GPTBot/1.4; +https://openai.com/gptbot)"
74.7.241.14 - - [13/Jul/2026:20:54:34 +0200] "GET /wp-content/uploads/2022/01/elettro4-3-768x301.jpg HTTP/2.0" 200 20413 "https://piacenza.elettroservicegroup.it/wp-json/oembed/1.0/embed?format=xml&url=https%3A%2F%2Fpiacenza.elettroservicegroup.it%2Felettro4-3%2F" "Mozilla/5.0 AppleWebKit/537.36 (KHTML, like Gecko; compatible; GPTBot/1.4; +https://openai.com/gptbot)"
89.182.202.110 - - [13/Jul/2026:21:26:10 +0200] "GET / HTTP/1.1" 200 11924 "-" "Mozilla/5.0 (Windows NT 10.0; Win64; x64)"
89.182.202.110 - - [13/Jul/2026:21:26:11 +0200] "GET /wpx_ioc_baseline_404_check.php HTTP/1.1" 200 11875 "-" "Mozilla/5.0 (Windows NT 10.0; Win64; x64)"
89.182.202.110 - - [13/Jul/2026:21:26:11 +0200] "GET /query-pagination-previous.php HTTP/1.1" 200 11874 "-" "Mozilla/5.0 (Windows NT 10.0; Win64; x64)"
89.182.202.110 - - [13/Jul/2026:21:26:11 +0200] "GET /wp-slgnup.gz HTTP/1.1" 200 11857 "-" "Mozilla/5.0 (Windows NT 10.0; Win64; x64)"
89.182.202.110 - - [13/Jul/2026:21:26:12 +0200] "GET /d7007b HTTP/1.1" 200 11927 "-" "Mozilla/5.0 (Windows NT 10.0; Win64; x64)"
89.182.202.110 - - [13/Jul/2026:21:26:12 +0200] "GET /robots.txt HTTP/1.1" 200 11931 "-" "Mozilla/5.0 (Windows NT 10.0; Win64; x64)"
89.182.202.110 - - [13/Jul/2026:21:26:13 +0200] "GET / HTTP/1.1" 200 11857 "-" "Mozilla/5.0 (compatible; Googlebot/2.1; +http://www.google.com/bot.html)"
89.182.202.110 - - [13/Jul/2026:21:26:13 +0200] "GET /wp-content/plugins/wp-robust-module/readme.txt HTTP/1.1" 200 11851 "-" "Mozilla/5.0 (Windows NT 10.0; Win64; x64)"
89.182.202.110 - - [13/Jul/2026:21:26:14 +0200] "GET /wp-content/plugins/wp-compat/wp-compat.php HTTP/1.1" 200 11979 "-" "Mozilla/5.0 (Windows NT 10.0; Win64; x64)"
196.118.50.133 - - [13/Jul/2026:21:44:13 +0200] "GET /wp-content/uploads/2022/01/logo-rex-electrolux.jpg HTTP/1.1" 200 29418 "-" "Mozilla/5.0 (Windows NT 11.0; az-AZ; rv:1.9.2.20) Gecko/4279-06-26 03:40:05.465530 Firefox/14.0"
186.218.28.11 - - [13/Jul/2026:21:47:28 +0200] "GET /wp-content/uploads/2022/01/logo-rex-electrolux-768x768.jpg HTTP/1.1" 200 21153 "-" "Mozilla/5.0 (iPhone; CPU iPhone OS 12_4_4 like Mac OS X) AppleWebKit/535.1 (KHTML, like Gecko) FxiOS/12.3o5284.0 Mobile/58X733 Safari/535.1"
84.77.208.167 - - [13/Jul/2026:21:47:30 +0200] "GET /wp-content/uploads/2022/01/logo-rex-electrolux-300x300.jpg HTTP/1.1" 200 6519 "-" "Mozilla/5.0 (X11; Linux x86_64; rv:1.9.5.20) Gecko/7156-10-01 22:51:39.005737 Firefox/10.0"
65.108.235.243 - - [13/Jul/2026:21:48:04 +0200] "POST /wp-cron.php?doing_wp_cron=1783972084.2681329250335693359375 HTTP/1.1" 200 1 "-" "WordPress/7.0.1; https://piacenza.elettroservicegroup.it"
216.73.216.242 - - [13/Jul/2026:21:47:54 +0200] "GET /robots.txt HTTP/2.0" 200 108 "-" "Mozilla/5.0 AppleWebKit/537.36 (KHTML, like Gecko; compatible; ClaudeBot/1.0; +claudebot@anthropic.com)"
65.108.235.243 - - [13/Jul/2026:21:48:06 +0200] "GET /assistenza-frigoriferi/ HTTP/1.1" 200 19891 "-" "WP Fastest Cache Preload Bot"
65.108.235.243 - - [13/Jul/2026:21:48:09 +0200] "GET /assistenza-lavastoviglie/ HTTP/1.1" 200 19950 "-" "WP Fastest Cache Preload Bot"
65.108.235.243 - - [13/Jul/2026:21:48:12 +0200] "GET /assistenza-asciugatrici/ HTTP/1.1" 200 19705 "-" "WP Fastest Cache Preload Bot"
65.108.235.243 - - [13/Jul/2026:21:48:16 +0200] "GET /assistenza-lavatrici/ HTTP/1.1" 200 19450 "-" "WP Fastest Cache Preload Bot"
65.108.235.243 - - [13/Jul/2026:21:48:19 +0200] "POST /wp-json/complianz/v1/wsc-scan HTTP/1.1" 400 88 "-" "WordPress/7.0.1; https://piacenza.elettroservicegroup.it"
65.108.235.243 - - [13/Jul/2026:22:05:19 +0200] "POST /wp-cron.php?doing_wp_cron=1783973119.5639429092407226562500 HTTP/1.1" 200 1 "-" "WordPress/7.0.1; https://piacenza.elettroservicegroup.it"
