65.108.235.243 - - [19/Jun/2026:14:10:55 +0200] "POST /wp-cron.php?doing_wp_cron=1781871055.0032041072845458984375 HTTP/1.1" 200 1 "-" "WordPress/7.0; https://reggio-emilia.elettroservicegroup.it"
74.125.151.199 - - [19/Jun/2026:14:10:52 +0200] "GET /assistenza-bosch-reggio-emilia/ HTTP/1.1" 200 22922 "-" "Mozilla/5.0 (Linux; Android 6.0.1; Nexus 5X Build/MMB29P) AppleWebKit/537.36 (KHTML, like Gecko) Chrome/148.0.7778.96 Mobile Safari/537.36 (compatible; AdsBot-Google-Mobile; +http://www.google.com/mobile/adsbot.html)"
65.108.235.243 - - [19/Jun/2026:14:10:55 +0200] "GET / HTTP/1.1" 200 23350 "-" "WP Fastest Cache Preload Bot"
74.125.151.200 - - [19/Jun/2026:14:10:58 +0200] "GET /wp-content/uploads/2021/10/cropped-logo_white_background.png HTTP/1.1" 200 15855 "https://reggio-emilia.elettroservicegroup.it/assistenza-bosch-reggio-emilia/" "AdsBot-Google (+http://www.google.com/adsbot.html)"
74.125.151.200 - - [19/Jun/2026:14:10:58 +0200] "GET /wp-content/uploads/elementor/css/post-17702.css?ver=1781776189 HTTP/1.1" 200 2163 "https://reggio-emilia.elettroservicegroup.it/assistenza-bosch-reggio-emilia/" "AdsBot-Google (+http://www.google.com/adsbot.html)"
74.125.151.200 - - [19/Jun/2026:14:10:58 +0200] "GET /wp-content/uploads/2021/10/cropped-cropped-cropped-logo_white_background.png HTTP/1.1" 200 26788 "https://reggio-emilia.elettroservicegroup.it/assistenza-bosch-reggio-emilia/" "AdsBot-Google (+http://www.google.com/adsbot.html)"
74.125.151.199 - - [19/Jun/2026:14:10:59 +0200] "GET /wp-json/complianz/v1/banner?lang=it&locale=it_IT&token=haffc HTTP/1.1" 200 82 "https://reggio-emilia.elettroservicegroup.it/assistenza-bosch-reggio-emilia/" "AdsBot-Google (+http://www.google.com/adsbot.html)"
74.125.151.199 - - [19/Jun/2026:14:11:14 +0200] "GET /wp-content/uploads/2022/01/elettro3.jpg HTTP/1.1" 200 7012 "https://reggio-emilia.elettroservicegroup.it/assistenza-bosch-reggio-emilia/" "AdsBot-Google (+http://www.google.com/adsbot.html)"
74.125.151.201 - - [19/Jun/2026:14:11:14 +0200] "GET /wp-content/uploads/2022/01/elett5-2.jpg HTTP/1.1" 200 10185 "https://reggio-emilia.elettroservicegroup.it/assistenza-bosch-reggio-emilia/" "AdsBot-Google (+http://www.google.com/adsbot.html)"
74.125.151.199 - - [19/Jun/2026:14:11:14 +0200] "GET /wp-content/uploads/2021/12/copertina-Riparazione_Lavastoviglie-1-5.jpg HTTP/1.1" 200 35425 "https://reggio-emilia.elettroservicegroup.it/assistenza-bosch-reggio-emilia/" "AdsBot-Google (+http://www.google.com/adsbot.html)"
74.125.151.199 - - [19/Jun/2026:14:11:15 +0200] "GET /wp-content/uploads/2026/05/logo.png HTTP/1.1" 200 48185 "https://reggio-emilia.elettroservicegroup.it/assistenza-bosch-reggio-emilia/" "AdsBot-Google (+http://www.google.com/adsbot.html)"
74.125.151.201 - - [19/Jun/2026:14:11:15 +0200] "GET /wp-content/uploads/2022/01/elett2.jpg HTTP/1.1" 200 28330 "https://reggio-emilia.elettroservicegroup.it/assistenza-bosch-reggio-emilia/" "AdsBot-Google (+http://www.google.com/adsbot.html)"
74.125.151.199 - - [19/Jun/2026:14:11:15 +0200] "GET /wp-content/plugins/complianz-gdpr-premium/assets/images/placeholders/google-maps-minimal-1280x920.jpg HTTP/1.1" 200 55264 "https://reggio-emilia.elettroservicegroup.it/assistenza-bosch-reggio-emilia/" "AdsBot-Google (+http://www.google.com/adsbot.html)"
65.108.235.243 - - [19/Jun/2026:14:13:15 +0200] "POST /wp-cron.php?doing_wp_cron=1781871195.2956809997558593750000 HTTP/1.1" 200 1 "-" "WordPress/7.0; https://reggio-emilia.elettroservicegroup.it"
74.125.151.199 - - [19/Jun/2026:14:13:05 +0200] "GET /assistenza-ariston-reggio-emilia/ HTTP/1.1" 200 23052 "-" "Mozilla/5.0 (Linux; Android 6.0.1; Nexus 5X Build/MMB29P) AppleWebKit/537.36 (KHTML, like Gecko) Chrome/148.0.7778.96 Mobile Safari/537.36 (compatible; AdsBot-Google-Mobile; +http://www.google.com/mobile/adsbot.html)"
74.125.151.201 - - [19/Jun/2026:14:13:54 +0200] "GET /wp-content/uploads/elementor/css/post-17696.css?ver=1781776422 HTTP/1.1" 200 2167 "https://reggio-emilia.elettroservicegroup.it/assistenza-ariston-reggio-emilia/" "AdsBot-Google (+http://www.google.com/adsbot.html)"
65.108.235.243 - - [19/Jun/2026:14:13:58 +0200] "POST /wp-cron.php?doing_wp_cron=1781871238.3020930290222167968750 HTTP/1.1" 200 1 "-" "WordPress/7.0; https://reggio-emilia.elettroservicegroup.it"
74.125.151.200 - - [19/Jun/2026:14:13:54 +0200] "GET /wp-json/complianz/v1/banner?lang=it&locale=it_IT&token=lcps HTTP/1.1" 200 82 "https://reggio-emilia.elettroservicegroup.it/assistenza-ariston-reggio-emilia/" "AdsBot-Google (+http://www.google.com/adsbot.html)"
65.108.235.243 - - [19/Jun/2026:14:15:01 +0200] "POST /wp-cron.php?doing_wp_cron=1781871300.9937920570373535156250 HTTP/1.1" 200 1 "-" "WordPress/7.0; https://reggio-emilia.elettroservicegroup.it"
74.125.151.201 - - [19/Jun/2026:14:14:52 +0200] "GET /assistenza-lavatrici/riparazione-1/ HTTP/1.1" 200 16962 "-" "Mozilla/5.0 (Linux; Android 6.0.1; Nexus 5X Build/MMB29P) AppleWebKit/537.36 (KHTML, like Gecko) Chrome/148.0.7778.96 Mobile Safari/537.36 (compatible; AdsBot-Google-Mobile; +http://www.google.com/mobile/adsbot.html)"
74.125.151.200 - - [19/Jun/2026:14:15:36 +0200] "GET /wp-content/themes/generatepress/assets/css/components/comments.min.css?ver=3.6.1 HTTP/1.1" 200 488 "https://reggio-emilia.elettroservicegroup.it/assistenza-lavatrici/riparazione-1/" "AdsBot-Google (+http://www.google.com/adsbot.html)"
74.125.151.200 - - [19/Jun/2026:14:15:36 +0200] "GET /wp-includes/js/comment-reply.min.js?ver=7.0 HTTP/1.1" 200 1248 "https://reggio-emilia.elettroservicegroup.it/assistenza-lavatrici/riparazione-1/" "AdsBot-Google (+http://www.google.com/adsbot.html)"
74.125.151.200 - - [19/Jun/2026:14:15:37 +0200] "GET /wp-includes/css/dist/block-library/style.min.css?ver=7.0 HTTP/1.1" 200 15998 "https://reggio-emilia.elettroservicegroup.it/assistenza-lavatrici/riparazione-1/" "AdsBot-Google (+http://www.google.com/adsbot.html)"
74.125.151.200 - - [19/Jun/2026:14:15:37 +0200] "GET /wp-content/uploads/elementor/google-fonts/fonts/robotoslab-bngmuxzytxpivibgjjsb6ufn5qu.woff2 HTTP/1.1" 200 34328 "https://reggio-emilia.elettroservicegroup.it/wp-content/uploads/elementor/google-fonts/css/robotoslab.css?ver=1742255003" "AdsBot-Google (+http://www.google.com/adsbot.html)"
74.125.151.200 - - [19/Jun/2026:14:15:37 +0200] "GET /wp-content/plugins/elementor/assets/css/conditionals/lightbox.min.css?ver=4.1.3 HTTP/1.1" 200 1760 "https://reggio-emilia.elettroservicegroup.it/assistenza-lavatrici/riparazione-1/" "AdsBot-Google (+http://www.google.com/adsbot.html)"
74.125.151.200 - - [19/Jun/2026:14:15:38 +0200] "GET /wp-content/plugins/elementor/assets/lib/share-link/share-link.min.js?ver=4.1.3 HTTP/1.1" 200 1077 "https://reggio-emilia.elettroservicegroup.it/assistenza-lavatrici/riparazione-1/" "AdsBot-Google (+http://www.google.com/adsbot.html)"
74.125.151.200 - - [19/Jun/2026:14:15:38 +0200] "GET /wp-content/plugins/elementor/assets/js/397f2d183c19202777d6.bundle.min.js HTTP/1.1" 200 8477 "https://reggio-emilia.elettroservicegroup.it/assistenza-lavatrici/riparazione-1/" "AdsBot-Google (+http://www.google.com/adsbot.html)"
74.125.151.200 - - [19/Jun/2026:14:15:38 +0200] "GET /wp-content/plugins/elementor/assets/js/lightbox.570c05c5a283cfb6b223.bundle.min.js HTTP/1.1" 200 9102 "https://reggio-emilia.elettroservicegroup.it/assistenza-lavatrici/riparazione-1/" "AdsBot-Google (+http://www.google.com/adsbot.html)"
74.125.151.199 - - [19/Jun/2026:14:15:38 +0200] "GET /wp-content/plugins/elementor/assets/lib/dialog/dialog.min.js?ver=4.9.3 HTTP/1.1" 200 3595 "https://reggio-emilia.elettroservicegroup.it/assistenza-lavatrici/riparazione-1/" "AdsBot-Google (+http://www.google.com/adsbot.html)"
74.125.151.200 - - [19/Jun/2026:14:15:38 +0200] "GET /wp-content/plugins/elementor/assets/css/conditionals/dialog.min.css?ver=4.1.3 HTTP/1.1" 200 1428 "https://reggio-emilia.elettroservicegroup.it/assistenza-lavatrici/riparazione-1/" "AdsBot-Google (+http://www.google.com/adsbot.html)"
74.125.151.199 - - [19/Jun/2026:14:15:38 +0200] "GET /wp-content/plugins/elementor/assets/lib/swiper/v8/css/swiper.min.css?ver=8.4.5 HTTP/1.1" 200 4251 "https://reggio-emilia.elettroservicegroup.it/assistenza-lavatrici/riparazione-1/" "AdsBot-Google (+http://www.google.com/adsbot.html)"
65.108.235.243 - - [19/Jun/2026:14:28:39 +0200] "POST /wp-cron.php?doing_wp_cron=1781872119.4858698844909667968750 HTTP/1.1" 200 1 "-" "WordPress/7.0; https://reggio-emilia.elettroservicegroup.it"
157.55.39.13 - - [19/Jun/2026:14:28:34 +0200] "GET /sitemap.xml HTTP/2.0" 200 336 "-" "Mozilla/5.0 AppleWebKit/537.36 (KHTML, like Gecko; compatible; bingbot/2.0; +http://www.bing.com/bingbot.htm) Chrome/116.0.1938.76 Safari/537.36"
65.108.235.243 - - [19/Jun/2026:14:35:12 +0200] "POST /wp-cron.php?doing_wp_cron=1781872512.5907850265502929687500 HTTP/1.1" 200 1 "-" "WordPress/7.0; https://reggio-emilia.elettroservicegroup.it"
47.128.23.47 - - [19/Jun/2026:14:35:07 +0200] "GET /robots.txt HTTP/1.1" 403 205 "-" "Mozilla/5.0 (Linux; Android 5.0) AppleWebKit/537.36 (KHTML, like Gecko) Mobile Safari/537.36 (compatible; Bytespider; spider-feedback@bytedance.com)"
65.108.235.243 - - [19/Jun/2026:14:35:14 +0200] "GET /dichiarazione-sulla-privacy-ue/ HTTP/1.1" 200 19230 "-" "WP Fastest Cache Preload Bot"
65.108.235.243 - - [19/Jun/2026:14:35:15 +0200] "GET /imprint/ HTTP/1.1" 200 16726 "-" "WP Fastest Cache Preload Bot"
65.108.235.243 - - [19/Jun/2026:14:35:16 +0200] "GET /assistenza-whirlpool-rubiera/ HTTP/1.1" 200 23035 "-" "WP Fastest Cache Preload Bot"
65.108.235.243 - - [19/Jun/2026:14:35:17 +0200] "GET /assistenza-whirlpool-scandiano/ HTTP/1.1" 200 22949 "-" "WP Fastest Cache Preload Bot"
65.108.235.243 - - [19/Jun/2026:14:35:18 +0200] "GET / HTTP/1.1" 200 23348 "-" "WP Fastest Cache Preload Bot"
65.108.235.243 - - [19/Jun/2026:15:11:07 +0200] "POST /wp-cron.php?doing_wp_cron=1781874667.9228239059448242187500 HTTP/1.1" 200 1 "-" "WordPress/7.0; https://reggio-emilia.elettroservicegroup.it"
66.249.70.200 - - [19/Jun/2026:15:11:04 +0200] "GET /robots.txt HTTP/1.1" 200 110 "-" "Mozilla/5.0 (compatible; Googlebot/2.1; +http://www.google.com/bot.html)"
66.249.70.200 - - [19/Jun/2026:15:11:08 +0200] "GET /sitemap.xml HTTP/1.1" 200 336 "-" "Mozilla/5.0 (compatible; Googlebot/2.1; +http://www.google.com/bot.html)"
65.108.235.243 - - [19/Jun/2026:15:11:08 +0200] "GET /dichiarazione-sulla-privacy-ue/ HTTP/1.1" 200 19243 "-" "WP Fastest Cache Preload Bot"
65.108.235.243 - - [19/Jun/2026:15:11:10 +0200] "GET /imprint/ HTTP/1.1" 200 16742 "-" "WP Fastest Cache Preload Bot"
65.108.235.243 - - [19/Jun/2026:15:11:11 +0200] "GET /assistenza-whirlpool-rubiera/ HTTP/1.1" 200 23035 "-" "WP Fastest Cache Preload Bot"
65.108.235.243 - - [19/Jun/2026:15:11:13 +0200] "GET /assistenza-whirlpool-scandiano/ HTTP/1.1" 200 22949 "-" "WP Fastest Cache Preload Bot"
65.108.235.243 - - [19/Jun/2026:15:11:15 +0200] "POST /wp-json/complianz/v1/wsc-scan HTTP/1.1" 400 88 "-" "WordPress/7.0; https://reggio-emilia.elettroservicegroup.it"
65.108.235.243 - - [19/Jun/2026:15:16:21 +0200] "POST /wp-cron.php?doing_wp_cron=1781874981.5877699851989746093750 HTTP/1.1" 200 1 "-" "WordPress/7.0; https://reggio-emilia.elettroservicegroup.it"
66.249.70.199 - - [19/Jun/2026:15:16:17 +0200] "GET /?p=19233 HTTP/1.1" 404 15821 "-" "Mozilla/5.0 (Linux; Android 6.0.1; Nexus 5X Build/MMB29P) AppleWebKit/537.36 (KHTML, like Gecko) Chrome/148.0.7778.96 Mobile Safari/537.36 (compatible; Googlebot/2.1; +http://www.google.com/bot.html)"
65.108.235.243 - - [19/Jun/2026:15:16:23 +0200] "GET /assistenza-whirlpool-santilario-denza/ HTTP/1.1" 200 23094 "-" "WP Fastest Cache Preload Bot"
65.108.235.243 - - [19/Jun/2026:15:16:25 +0200] "GET /assistenza-whirlpool-guastalla/ HTTP/1.1" 200 23044 "-" "WP Fastest Cache Preload Bot"
65.108.235.243 - - [19/Jun/2026:15:16:28 +0200] "GET /assistenza-whirlpool-correggio/ HTTP/1.1" 200 23075 "-" "WP Fastest Cache Preload Bot"
65.108.235.243 - - [19/Jun/2026:15:16:31 +0200] "GET /assistenza-whirlpool-reggio-emilia/ HTTP/1.1" 200 23033 "-" "WP Fastest Cache Preload Bot"
65.108.235.243 - - [19/Jun/2026:15:26:38 +0200] "POST /wp-cron.php?doing_wp_cron=1781875598.4221959114074707031250 HTTP/1.1" 200 1 "-" "WordPress/7.0; https://reggio-emilia.elettroservicegroup.it"
216.73.217.38 - - [19/Jun/2026:15:26:36 +0200] "GET /robots.txt HTTP/2.0" 200 110 "-" "Mozilla/5.0 AppleWebKit/537.36 (KHTML, like Gecko; compatible; ClaudeBot/1.0; +claudebot@anthropic.com)"
65.108.235.243 - - [19/Jun/2026:15:26:38 +0200] "GET /assistenza-smeg-rubiera/ HTTP/1.1" 200 22980 "-" "WP Fastest Cache Preload Bot"
216.73.217.38 - - [19/Jun/2026:15:26:39 +0200] "GET /sitemap.xml HTTP/2.0" 200 337 "-" "Mozilla/5.0 AppleWebKit/537.36 (KHTML, like Gecko; compatible; ClaudeBot/1.0; +claudebot@anthropic.com)"
65.108.235.243 - - [19/Jun/2026:15:26:39 +0200] "GET /assistenza-smeg-scandiano/ HTTP/1.1" 200 22985 "-" "WP Fastest Cache Preload Bot"
65.108.235.243 - - [19/Jun/2026:15:26:39 +0200] "GET /assistenza-smeg-santilario-denza/ HTTP/1.1" 200 23034 "-" "WP Fastest Cache Preload Bot"
65.108.235.243 - - [19/Jun/2026:15:26:40 +0200] "GET /assistenza-smeg-guastalla/ HTTP/1.1" 200 22985 "-" "WP Fastest Cache Preload Bot"
20.169.78.115 - - [19/Jun/2026:15:45:23 +0200] "GET /assistenza-condizionatori-reggio-emilia/ HTTP/2.0" 200 20252 "-" "Mozilla/5.0 AppleWebKit/537.36 (KHTML, like Gecko); compatible; ChatGPT-User/1.0; +https://openai.com/bot"
74.7.243.38 - - [19/Jun/2026:15:45:25 +0200] "GET /assistenza-condizionatori-reggio-emilia/ HTTP/2.0" 200 20252 "-" "Mozilla/5.0 (Macintosh; Intel Mac OS X 10_15_7) AppleWebKit/537.36 (KHTML, like Gecko) Chrome/131.0.0.0 Safari/537.36; compatible; OAI-SearchBot/1.4; +https://openai.com/searchbot"
65.108.235.243 - - [19/Jun/2026:15:45:28 +0200] "POST /wp-cron.php?doing_wp_cron=1781876728.0847370624542236328125 HTTP/1.1" 200 1 "-" "WordPress/7.0; https://reggio-emilia.elettroservicegroup.it"
74.7.244.51 - - [19/Jun/2026:15:45:25 +0200] "GET /robots.txt HTTP/2.0" 200 110 "-" "Mozilla/5.0 (Macintosh; Intel Mac OS X 10_15_7) AppleWebKit/537.36 (KHTML, like Gecko) Chrome/131.0.0.0 Safari/537.36; compatible; OAI-SearchBot/1.4; robots.txt; +https://openai.com/searchbot"
74.7.227.16 - - [19/Jun/2026:15:45:26 +0200] "GET /wp-content/plugins/gp-premium/menu-plus/functions/js/sticky.min.js?ver=2.5.5 HTTP/2.0" 404 17170 "https://reggio-emilia.elettroservicegroup.it/assistenza-condizionatori-reggio-emilia/" "Mozilla/5.0 AppleWebKit/537.36 (KHTML, like Gecko; compatible; GPTBot/1.4; +https://openai.com/gptbot)"
74.7.229.207 - - [19/Jun/2026:15:45:29 +0200] "GET /wp-content/cache/wpfc-minified/kwp9n0f5/2roag.css HTTP/2.0" 200 7263 "https://reggio-emilia.elettroservicegroup.it/assistenza-condizionatori-reggio-emilia/" "Mozilla/5.0 (Macintosh; Intel Mac OS X 10_15_7) AppleWebKit/537.36 (KHTML, like Gecko) Chrome/131.0.0.0 Safari/537.36; compatible; OAI-SearchBot/1.4; +https://openai.com/searchbot"
74.7.227.16 - - [19/Jun/2026:15:45:29 +0200] "GET /wp-content/plugins/elementor/assets/js/webpack.runtime.min.js?ver=4.1.3 HTTP/2.0" 404 17163 "https://reggio-emilia.elettroservicegroup.it/assistenza-condizionatori-reggio-emilia/" "Mozilla/5.0 AppleWebKit/537.36 (KHTML, like Gecko; compatible; GPTBot/1.4; +https://openai.com/gptbot)"
65.108.235.243 - - [19/Jun/2026:15:45:29 +0200] "GET /assistenza-smeg-correggio/ HTTP/1.1" 200 22987 "-" "WP Fastest Cache Preload Bot"
65.108.235.243 - - [19/Jun/2026:15:45:30 +0200] "GET /assistenza-smeg-reggio-emilia/ HTTP/1.1" 200 22987 "-" "WP Fastest Cache Preload Bot"
74.7.243.38 - - [19/Jun/2026:15:45:32 +0200] "GET /wp-json/oembed/1.0/embed?format=xml&url=https%3A%2F%2Freggio-emilia.elettroservicegroup.it%2Fassistenza-condizionatori-reggio-emilia%2F HTTP/2.0" 200 1000 "https://reggio-emilia.elettroservicegroup.it/assistenza-condizionatori-reggio-emilia/" "Mozilla/5.0 (Macintosh; Intel Mac OS X 10_15_7) AppleWebKit/537.36 (KHTML, like Gecko) Chrome/131.0.0.0 Safari/537.36; compatible; OAI-SearchBot/1.4; +https://openai.com/searchbot"
65.108.235.243 - - [19/Jun/2026:15:45:31 +0200] "GET /assistenza-siemens-rubiera/ HTTP/1.1" 200 22910 "-" "WP Fastest Cache Preload Bot"
74.7.227.16 - - [19/Jun/2026:15:45:32 +0200] "GET /wp-content/cache/wpfc-minified/6jxfx2dx/43zik.js HTTP/2.0" 415 37598 "https://reggio-emilia.elettroservicegroup.it/assistenza-condizionatori-reggio-emilia/" "Mozilla/5.0 AppleWebKit/537.36 (KHTML, like Gecko; compatible; GPTBot/1.4; +https://openai.com/gptbot)"
65.108.235.243 - - [19/Jun/2026:15:45:32 +0200] "GET /assistenza-siemens-scandiano/ HTTP/1.1" 200 22900 "-" "WP Fastest Cache Preload Bot"
74.7.243.32 - - [19/Jun/2026:15:45:34 +0200] "GET /wp-content/cache/wpfc-minified/8tnr6p1l/2roae.css HTTP/2.0" 200 2043 "https://reggio-emilia.elettroservicegroup.it/assistenza-condizionatori-reggio-emilia/" "Mozilla/5.0 (Macintosh; Intel Mac OS X 10_15_7) AppleWebKit/537.36 (KHTML, like Gecko) Chrome/131.0.0.0 Safari/537.36; compatible; OAI-SearchBot/1.4; +https://openai.com/searchbot"
74.7.229.124 - - [19/Jun/2026:15:45:36 +0200] "GET /wp-content/cache/wpfc-minified/m8ydgnxm/2roae.css HTTP/2.0" 200 4410 "https://reggio-emilia.elettroservicegroup.it/assistenza-condizionatori-reggio-emilia/" "Mozilla/5.0 (Macintosh; Intel Mac OS X 10_15_7) AppleWebKit/537.36 (KHTML, like Gecko) Chrome/131.0.0.0 Safari/537.36; compatible; OAI-SearchBot/1.4; +https://openai.com/searchbot"
74.7.227.16 - - [19/Jun/2026:15:45:36 +0200] "GET /wp-content/themes/generatepress/assets/js/menu.min.js?ver=3.6.1 HTTP/2.0" 404 17164 "https://reggio-emilia.elettroservicegroup.it/assistenza-condizionatori-reggio-emilia/" "Mozilla/5.0 AppleWebKit/537.36 (KHTML, like Gecko; compatible; GPTBot/1.4; +https://openai.com/gptbot)"
65.108.235.243 - - [19/Jun/2026:15:45:39 +0200] "POST /wp-cron.php?doing_wp_cron=1781876739.0842320919036865234375 HTTP/1.1" 200 1 "-" "WordPress/7.0; https://reggio-emilia.elettroservicegroup.it"
74.7.243.3 - - [19/Jun/2026:15:45:38 +0200] "GET /wp-json/oembed/1.0/embed?url=https%3A%2F%2Freggio-emilia.elettroservicegroup.it%2Fassistenza-condizionatori-reggio-emilia%2F HTTP/2.0" 400 100 "https://reggio-emilia.elettroservicegroup.it/assistenza-condizionatori-reggio-emilia/" "Mozilla/5.0 (Macintosh; Intel Mac OS X 10_15_7) AppleWebKit/537.36 (KHTML, like Gecko) Chrome/131.0.0.0 Safari/537.36; compatible; OAI-SearchBot/1.4; +https://openai.com/searchbot"
74.7.227.16 - - [19/Jun/2026:15:45:39 +0200] "GET /wp-content/plugins/complianz-gdpr-premium/cookiebanner/js/complianz.min.js?ver=1781536286 HTTP/2.0" 404 17165 "https://reggio-emilia.elettroservicegroup.it/assistenza-condizionatori-reggio-emilia/" "Mozilla/5.0 AppleWebKit/537.36 (KHTML, like Gecko; compatible; GPTBot/1.4; +https://openai.com/gptbot)"
74.7.243.38 - - [19/Jun/2026:15:45:40 +0200] "GET /wp-includes/js/jquery/ui/core.min.js?ver=1.13.3 HTTP/2.0" 200 6820 "https://reggio-emilia.elettroservicegroup.it/assistenza-condizionatori-reggio-emilia/" "Mozilla/5.0 (Macintosh; Intel Mac OS X 10_15_7) AppleWebKit/537.36 (KHTML, like Gecko) Chrome/131.0.0.0 Safari/537.36; compatible; OAI-SearchBot/1.4; +https://openai.com/searchbot"
74.7.228.250 - - [19/Jun/2026:15:45:42 +0200] "GET /wp-content/plugins/gp-premium/menu-plus/functions/js/sticky.min.js?ver=2.5.5 HTTP/2.0" 200 2670 "https://reggio-emilia.elettroservicegroup.it/assistenza-condizionatori-reggio-emilia/" "Mozilla/5.0 (Macintosh; Intel Mac OS X 10_15_7) AppleWebKit/537.36 (KHTML, like Gecko) Chrome/131.0.0.0 Safari/537.36; compatible; OAI-SearchBot/1.4; +https://openai.com/searchbot"
74.7.227.16 - - [19/Jun/2026:15:45:42 +0200] "GET /wp-content/cache/wpfc-minified/l9m140dq/2roae.css HTTP/2.0" 415 7521 "https://reggio-emilia.elettroservicegroup.it/assistenza-condizionatori-reggio-emilia/" "Mozilla/5.0 AppleWebKit/537.36 (KHTML, like Gecko; compatible; GPTBot/1.4; +https://openai.com/gptbot)"
74.7.228.250 - - [19/Jun/2026:15:45:43 +0200] "GET /wp-content/cache/wpfc-minified/6jxfx2dx/43zik.js HTTP/2.0" 200 37598 "https://reggio-emilia.elettroservicegroup.it/assistenza-condizionatori-reggio-emilia/" "Mozilla/5.0 (Macintosh; Intel Mac OS X 10_15_7) AppleWebKit/537.36 (KHTML, like Gecko) Chrome/131.0.0.0 Safari/537.36; compatible; OAI-SearchBot/1.4; +https://openai.com/searchbot"
74.7.227.16 - - [19/Jun/2026:15:45:45 +0200] "GET /wp-content/cache/wpfc-minified/g52dp1tu/2roae.css HTTP/2.0" 415 19034 "https://reggio-emilia.elettroservicegroup.it/assistenza-condizionatori-reggio-emilia/" "Mozilla/5.0 AppleWebKit/537.36 (KHTML, like Gecko; compatible; GPTBot/1.4; +https://openai.com/gptbot)"
65.108.235.243 - - [19/Jun/2026:15:45:46 +0200] "POST /wp-cron.php?doing_wp_cron=1781876746.2894361019134521484375 HTTP/1.1" 200 1 "-" "WordPress/7.0; https://reggio-emilia.elettroservicegroup.it"
74.7.228.252 - - [19/Jun/2026:15:45:45 +0200] "GET /wp-content/uploads/elementor/css/post-14146.css?ver=1781753039 HTTP/2.0" 404 17156 "https://reggio-emilia.elettroservicegroup.it/assistenza-condizionatori-reggio-emilia/" "Mozilla/5.0 (Macintosh; Intel Mac OS X 10_15_7) AppleWebKit/537.36 (KHTML, like Gecko) Chrome/131.0.0.0 Safari/537.36; compatible; OAI-SearchBot/1.4; +https://openai.com/searchbot"
74.7.243.57 - - [19/Jun/2026:15:45:46 +0200] "GET /wp-content/themes/generatepress/assets/js/menu.min.js?ver=3.6.1 HTTP/2.0" 200 1688 "https://reggio-emilia.elettroservicegroup.it/assistenza-condizionatori-reggio-emilia/" "Mozilla/5.0 (Macintosh; Intel Mac OS X 10_15_7) AppleWebKit/537.36 (KHTML, like Gecko) Chrome/131.0.0.0 Safari/537.36; compatible; OAI-SearchBot/1.4; +https://openai.com/searchbot"
65.108.235.243 - - [19/Jun/2026:15:45:47 +0200] "GET /assistenza-siemens-santilario-denza/ HTTP/1.1" 200 22969 "-" "WP Fastest Cache Preload Bot"
74.7.243.3 - - [19/Jun/2026:15:45:48 +0200] "GET /wp-content/plugins/complianz-gdpr-premium/cookiebanner/js/complianz.min.js?ver=1781536286 HTTP/2.0" 404 17165 "https://reggio-emilia.elettroservicegroup.it/assistenza-condizionatori-reggio-emilia/" "Mozilla/5.0 (Macintosh; Intel Mac OS X 10_15_7) AppleWebKit/537.36 (KHTML, like Gecko) Chrome/131.0.0.0 Safari/537.36; compatible; OAI-SearchBot/1.4; +https://openai.com/searchbot"
74.7.227.16 - - [19/Jun/2026:15:45:48 +0200] "GET /wp-content/plugins/elementor/assets/js/frontend.min.js?ver=4.1.3 HTTP/2.0" 404 17156 "https://reggio-emilia.elettroservicegroup.it/assistenza-condizionatori-reggio-emilia/" "Mozilla/5.0 AppleWebKit/537.36 (KHTML, like Gecko; compatible; GPTBot/1.4; +https://openai.com/gptbot)"
74.7.243.38 - - [19/Jun/2026:15:45:51 +0200] "GET /wp-content/uploads/elementor/css/post-15289.css?ver=1781764564 HTTP/2.0" 200 1794 "https://reggio-emilia.elettroservicegroup.it/assistenza-condizionatori-reggio-emilia/" "Mozilla/5.0 (Macintosh; Intel Mac OS X 10_15_7) AppleWebKit/537.36 (KHTML, like Gecko) Chrome/131.0.0.0 Safari/537.36; compatible; OAI-SearchBot/1.4; +https://openai.com/searchbot"
74.7.227.16 - - [19/Jun/2026:15:45:51 +0200] "GET /wp-content/cache/wpfc-minified/kwp9n0f5/2roag.css HTTP/2.0" 415 7263 "https://reggio-emilia.elettroservicegroup.it/assistenza-condizionatori-reggio-emilia/" "Mozilla/5.0 AppleWebKit/537.36 (KHTML, like Gecko; compatible; GPTBot/1.4; +https://openai.com/gptbot)"
65.108.235.243 - - [19/Jun/2026:15:45:49 +0200] "GET /assistenza-siemens-guastalla/ HTTP/1.1" 200 22899 "-" "WP Fastest Cache Preload Bot"
74.7.228.252 - - [19/Jun/2026:15:45:52 +0200] "GET /wp-content/plugins/elementor/assets/js/frontend-modules.min.js?ver=4.1.3 HTTP/2.0" 404 17160 "https://reggio-emilia.elettroservicegroup.it/assistenza-condizionatori-reggio-emilia/" "Mozilla/5.0 (Macintosh; Intel Mac OS X 10_15_7) AppleWebKit/537.36 (KHTML, like Gecko) Chrome/131.0.0.0 Safari/537.36; compatible; OAI-SearchBot/1.4; +https://openai.com/searchbot"
74.7.228.250 - - [19/Jun/2026:15:45:55 +0200] "GET /wp-content/cache/wpfc-minified/l9m140dq/2roae.css HTTP/2.0" 200 7521 "https://reggio-emilia.elettroservicegroup.it/assistenza-condizionatori-reggio-emilia/" "Mozilla/5.0 (Macintosh; Intel Mac OS X 10_15_7) AppleWebKit/537.36 (KHTML, like Gecko) Chrome/131.0.0.0 Safari/537.36; compatible; OAI-SearchBot/1.4; +https://openai.com/searchbot"
74.7.227.16 - - [19/Jun/2026:15:45:54 +0200] "GET /wp-content/cache/wpfc-minified/3kc3wt3/3tw7a.css HTTP/2.0" 415 16442 "https://reggio-emilia.elettroservicegroup.it/assistenza-condizionatori-reggio-emilia/" "Mozilla/5.0 AppleWebKit/537.36 (KHTML, like Gecko; compatible; GPTBot/1.4; +https://openai.com/gptbot)"
65.108.235.243 - - [19/Jun/2026:15:45:52 +0200] "GET /assistenza-siemens-correggio/ HTTP/1.1" 200 22899 "-" "WP Fastest Cache Preload Bot"
74.7.243.57 - - [19/Jun/2026:15:45:56 +0200] "GET /wp-content/cache/wpfc-minified/ky0w1tys/2roae.css HTTP/2.0" 200 418 "https://reggio-emilia.elettroservicegroup.it/assistenza-condizionatori-reggio-emilia/" "Mozilla/5.0 (Macintosh; Intel Mac OS X 10_15_7) AppleWebKit/537.36 (KHTML, like Gecko) Chrome/131.0.0.0 Safari/537.36; compatible; OAI-SearchBot/1.4; +https://openai.com/searchbot"
74.7.228.250 - - [19/Jun/2026:15:45:57 +0200] "GET /wp-content/cache/wpfc-minified/g52dp1tu/2roae.css HTTP/2.0" 200 19034 "https://reggio-emilia.elettroservicegroup.it/assistenza-condizionatori-reggio-emilia/" "Mozilla/5.0 (Macintosh; Intel Mac OS X 10_15_7) AppleWebKit/537.36 (KHTML, like Gecko) Chrome/131.0.0.0 Safari/537.36; compatible; OAI-SearchBot/1.4; +https://openai.com/searchbot"
65.108.235.243 - - [19/Jun/2026:15:45:55 +0200] "GET /assistenza-siemens-reggio-emilia/ HTTP/1.1" 200 22895 "-" "WP Fastest Cache Preload Bot"
74.7.243.32 - - [19/Jun/2026:15:45:58 +0200] "GET /wp-content/uploads/elementor/css/post-14366.css?ver=1781753039 HTTP/2.0" 200 302 "https://reggio-emilia.elettroservicegroup.it/assistenza-condizionatori-reggio-emilia/" "Mozilla/5.0 (Macintosh; Intel Mac OS X 10_15_7) AppleWebKit/537.36 (KHTML, like Gecko) Chrome/131.0.0.0 Safari/537.36; compatible; OAI-SearchBot/1.4; +https://openai.com/searchbot"
74.7.227.16 - - [19/Jun/2026:15:45:58 +0200] "GET /wp-content/cache/wpfc-minified/8tnr6p1l/2roae.css HTTP/2.0" 415 2043 "https://reggio-emilia.elettroservicegroup.it/assistenza-condizionatori-reggio-emilia/" "Mozilla/5.0 AppleWebKit/537.36 (KHTML, like Gecko; compatible; GPTBot/1.4; +https://openai.com/gptbot)"
74.7.243.57 - - [19/Jun/2026:15:45:58 +0200] "GET /wp-content/plugins/elementor/assets/js/frontend.min.js?ver=4.1.3 HTTP/2.0" 200 10140 "https://reggio-emilia.elettroservicegroup.it/assistenza-condizionatori-reggio-emilia/" "Mozilla/5.0 (Macintosh; Intel Mac OS X 10_15_7) AppleWebKit/537.36 (KHTML, like Gecko) Chrome/131.0.0.0 Safari/537.36; compatible; OAI-SearchBot/1.4; +https://openai.com/searchbot"
74.7.228.252 - - [19/Jun/2026:15:45:59 +0200] "GET /wp-content/cache/wpfc-minified/3kc3wt3/3tw7a.css HTTP/2.0" 415 16442 "https://reggio-emilia.elettroservicegroup.it/assistenza-condizionatori-reggio-emilia/" "Mozilla/5.0 (Macintosh; Intel Mac OS X 10_15_7) AppleWebKit/537.36 (KHTML, like Gecko) Chrome/131.0.0.0 Safari/537.36; compatible; OAI-SearchBot/1.4; +https://openai.com/searchbot"
74.7.243.32 - - [19/Jun/2026:15:46:00 +0200] "GET /xmlrpc.php?rsd HTTP/2.0" 403 52 "https://reggio-emilia.elettroservicegroup.it/assistenza-condizionatori-reggio-emilia/" "Mozilla/5.0 (Macintosh; Intel Mac OS X 10_15_7) AppleWebKit/537.36 (KHTML, like Gecko) Chrome/131.0.0.0 Safari/537.36; compatible; OAI-SearchBot/1.4; +https://openai.com/searchbot"
74.7.227.16 - - [19/Jun/2026:15:46:01 +0200] "GET /wp-content/cache/wpfc-minified/m8ydgnxm/2roae.css HTTP/2.0" 415 4410 "https://reggio-emilia.elettroservicegroup.it/assistenza-condizionatori-reggio-emilia/" "Mozilla/5.0 AppleWebKit/537.36 (KHTML, like Gecko; compatible; GPTBot/1.4; +https://openai.com/gptbot)"
74.7.243.38 - - [19/Jun/2026:15:46:01 +0200] "GET /?p=15289 HTTP/2.0" 301 1 "https://reggio-emilia.elettroservicegroup.it/assistenza-condizionatori-reggio-emilia/" "Mozilla/5.0 (Macintosh; Intel Mac OS X 10_15_7) AppleWebKit/537.36 (KHTML, like Gecko) Chrome/131.0.0.0 Safari/537.36; compatible; OAI-SearchBot/1.4; +https://openai.com/searchbot"
74.7.228.250 - - [19/Jun/2026:15:46:01 +0200] "GET /wp-json/wp/v2/pages/15289 HTTP/2.0" 200 7600 "https://reggio-emilia.elettroservicegroup.it/assistenza-condizionatori-reggio-emilia/" "Mozilla/5.0 (Macintosh; Intel Mac OS X 10_15_7) AppleWebKit/537.36 (KHTML, like Gecko) Chrome/131.0.0.0 Safari/537.36; compatible; OAI-SearchBot/1.4; +https://openai.com/searchbot"
74.7.243.38 - - [19/Jun/2026:15:46:02 +0200] "GET /?p=15289 HTTP/2.0" 301 1 "https://reggio-emilia.elettroservicegroup.it/assistenza-condizionatori-reggio-emilia/" "Mozilla/5.0 (Macintosh; Intel Mac OS X 10_15_7) AppleWebKit/537.36 (KHTML, like Gecko) Chrome/131.0.0.0 Safari/537.36; compatible; OAI-SearchBot/1.4; +https://openai.com/searchbot"
74.7.228.250 - - [19/Jun/2026:15:46:02 +0200] "GET /wp-json/wp/v2/pages/15289 HTTP/2.0" 200 7600 "https://reggio-emilia.elettroservicegroup.it/assistenza-condizionatori-reggio-emilia/" "Mozilla/5.0 (Macintosh; Intel Mac OS X 10_15_7) AppleWebKit/537.36 (KHTML, like Gecko) Chrome/131.0.0.0 Safari/537.36; compatible; OAI-SearchBot/1.4; +https://openai.com/searchbot"
74.7.243.3 - - [19/Jun/2026:15:46:03 +0200] "GET /feed/ HTTP/2.0" 415 508 "https://reggio-emilia.elettroservicegroup.it/assistenza-condizionatori-reggio-emilia/" "Mozilla/5.0 (Macintosh; Intel Mac OS X 10_15_7) AppleWebKit/537.36 (KHTML, like Gecko) Chrome/131.0.0.0 Safari/537.36; compatible; OAI-SearchBot/1.4; +https://openai.com/searchbot"
74.7.229.124 - - [19/Jun/2026:15:46:04 +0200] "GET /imprint/ HTTP/2.0" 200 16720 "https://reggio-emilia.elettroservicegroup.it/assistenza-condizionatori-reggio-emilia/" "Mozilla/5.0 (Macintosh; Intel Mac OS X 10_15_7) AppleWebKit/537.36 (KHTML, like Gecko) Chrome/131.0.0.0 Safari/537.36; compatible; OAI-SearchBot/1.4; +https://openai.com/searchbot"
74.7.227.16 - - [19/Jun/2026:15:46:04 +0200] "GET /wp-content/uploads/elementor/google-fonts/fonts/roboto-kfo5cnqeu92fr1mu53zec9_vu3r1gihoszmkbnka.woff2 HTTP/2.0" 404 15907 "https://reggio-emilia.elettroservicegroup.it/wp-content/cache/wpfc-minified/8tnr6p1l/2roae.css" "Mozilla/5.0 AppleWebKit/537.36 (KHTML, like Gecko; compatible; GPTBot/1.4; +https://openai.com/gptbot)"
74.7.243.57 - - [19/Jun/2026:15:46:04 +0200] "GET /dichiarazione-sulla-privacy-ue/ HTTP/2.0" 200 19220 "https://reggio-emilia.elettroservicegroup.it/assistenza-condizionatori-reggio-emilia/" "Mozilla/5.0 (Macintosh; Intel Mac OS X 10_15_7) AppleWebKit/537.36 (KHTML, like Gecko) Chrome/131.0.0.0 Safari/537.36; compatible; OAI-SearchBot/1.4; +https://openai.com/searchbot"
74.7.243.57 - - [19/Jun/2026:15:46:05 +0200] "GET / HTTP/2.0" 200 23326 "https://reggio-emilia.elettroservicegroup.it/assistenza-condizionatori-reggio-emilia/" "Mozilla/5.0 (Macintosh; Intel Mac OS X 10_15_7) AppleWebKit/537.36 (KHTML, like Gecko) Chrome/131.0.0.0 Safari/537.36; compatible; OAI-SearchBot/1.4; +https://openai.com/searchbot"
74.7.228.252 - - [19/Jun/2026:15:46:06 +0200] "GET /comments/feed/ HTTP/2.0" 415 387 "https://reggio-emilia.elettroservicegroup.it/assistenza-condizionatori-reggio-emilia/" "Mozilla/5.0 (Macintosh; Intel Mac OS X 10_15_7) AppleWebKit/537.36 (KHTML, like Gecko) Chrome/131.0.0.0 Safari/537.36; compatible; OAI-SearchBot/1.4; +https://openai.com/searchbot"
74.7.243.38 - - [19/Jun/2026:15:46:06 +0200] "GET /wp-json/oembed/1.0/embed?format=xml&url=https%3A%2F%2Freggio-emilia.elettroservicegroup.it%2Fassistenza-condizionatori-reggio-emilia%2F HTTP/2.0" 200 1001 "https://reggio-emilia.elettroservicegroup.it/assistenza-condizionatori-reggio-emilia/" "Mozilla/5.0 (Macintosh; Intel Mac OS X 10_15_7) AppleWebKit/537.36 (KHTML, like Gecko) Chrome/131.0.0.0 Safari/537.36; compatible; OAI-SearchBot/1.4; +https://openai.com/searchbot"
74.7.243.3 - - [19/Jun/2026:15:46:06 +0200] "GET /wp-json/oembed/1.0/embed?url=https%3A%2F%2Freggio-emilia.elettroservicegroup.it%2Fassistenza-condizionatori-reggio-emilia%2F HTTP/2.0" 400 100 "https://reggio-emilia.elettroservicegroup.it/assistenza-condizionatori-reggio-emilia/" "Mozilla/5.0 (Macintosh; Intel Mac OS X 10_15_7) AppleWebKit/537.36 (KHTML, like Gecko) Chrome/131.0.0.0 Safari/537.36; compatible; OAI-SearchBot/1.4; +https://openai.com/searchbot"
74.7.243.32 - - [19/Jun/2026:15:46:07 +0200] "GET /cookie-policy-ue/ HTTP/2.0" 200 18674 "https://reggio-emilia.elettroservicegroup.it/assistenza-condizionatori-reggio-emilia/" "Mozilla/5.0 (Macintosh; Intel Mac OS X 10_15_7) AppleWebKit/537.36 (KHTML, like Gecko) Chrome/131.0.0.0 Safari/537.36; compatible; OAI-SearchBot/1.4; +https://openai.com/searchbot"
74.7.227.16 - - [19/Jun/2026:15:46:07 +0200] "GET /wp-content/uploads/elementor/google-fonts/fonts/roboto-kfo5cnqeu92fr1mu53zec9_vu3r1gihoszmkc3kawzu.woff2 HTTP/2.0" 404 15912 "https://reggio-emilia.elettroservicegroup.it/wp-content/cache/wpfc-minified/8tnr6p1l/2roae.css" "Mozilla/5.0 AppleWebKit/537.36 (KHTML, like Gecko; compatible; GPTBot/1.4; +https://openai.com/gptbot)"
74.7.227.16 - - [19/Jun/2026:15:46:10 +0200] "GET /wp-includes/js/jquery/ui/core.min.js?ver=1.13.3 HTTP/2.0" 404 17159 "https://reggio-emilia.elettroservicegroup.it/assistenza-condizionatori-reggio-emilia/" "Mozilla/5.0 AppleWebKit/537.36 (KHTML, like Gecko; compatible; GPTBot/1.4; +https://openai.com/gptbot)"
74.7.227.16 - - [19/Jun/2026:15:46:13 +0200] "GET /wp-content/uploads/elementor/css/post-14146.css?ver=1781753039 HTTP/2.0" 404 17156 "https://reggio-emilia.elettroservicegroup.it/assistenza-condizionatori-reggio-emilia/" "Mozilla/5.0 AppleWebKit/537.36 (KHTML, like Gecko; compatible; GPTBot/1.4; +https://openai.com/gptbot)"
74.7.227.16 - - [19/Jun/2026:15:46:16 +0200] "GET /wp-content/uploads/elementor/css/post-15289.css?ver=1781764564 HTTP/2.0" 404 17159 "https://reggio-emilia.elettroservicegroup.it/assistenza-condizionatori-reggio-emilia/" "Mozilla/5.0 AppleWebKit/537.36 (KHTML, like Gecko; compatible; GPTBot/1.4; +https://openai.com/gptbot)"
74.7.227.16 - - [19/Jun/2026:15:46:19 +0200] "GET /wp-content/plugins/elementor/assets/js/frontend-modules.min.js?ver=4.1.3 HTTP/2.0" 404 17160 "https://reggio-emilia.elettroservicegroup.it/assistenza-condizionatori-reggio-emilia/" "Mozilla/5.0 AppleWebKit/537.36 (KHTML, like Gecko; compatible; GPTBot/1.4; +https://openai.com/gptbot)"
74.7.227.16 - - [19/Jun/2026:15:46:22 +0200] "GET /wp-content/uploads/elementor/google-fonts/fonts/roboto-kfo7cnqeu92fr1me7ksn66agldtyluama3kubgee.woff2 HTTP/2.0" 404 15904 "https://reggio-emilia.elettroservicegroup.it/wp-content/cache/wpfc-minified/8tnr6p1l/2roae.css" "Mozilla/5.0 AppleWebKit/537.36 (KHTML, like Gecko; compatible; GPTBot/1.4; +https://openai.com/gptbot)"
74.7.227.16 - - [19/Jun/2026:15:46:26 +0200] "GET /wp-content/uploads/elementor/google-fonts/fonts/roboto-kfo7cnqeu92fr1me7ksn66agldtyluama3cubgee.woff2 HTTP/2.0" 404 15904 "https://reggio-emilia.elettroservicegroup.it/wp-content/cache/wpfc-minified/8tnr6p1l/2roae.css" "Mozilla/5.0 AppleWebKit/537.36 (KHTML, like Gecko; compatible; GPTBot/1.4; +https://openai.com/gptbot)"
74.7.227.16 - - [19/Jun/2026:15:46:29 +0200] "GET /wp-content/uploads/elementor/css/post-14366.css?ver=1781753039 HTTP/2.0" 404 17158 "https://reggio-emilia.elettroservicegroup.it/assistenza-condizionatori-reggio-emilia/" "Mozilla/5.0 AppleWebKit/537.36 (KHTML, like Gecko; compatible; GPTBot/1.4; +https://openai.com/gptbot)"
74.7.227.16 - - [19/Jun/2026:15:46:32 +0200] "GET /wp-content/uploads/elementor/google-fonts/fonts/roboto-kfo5cnqeu92fr1mu53zec9_vu3r1gihoszmkcxkawzu.woff2 HTTP/2.0" 404 15912 "https://reggio-emilia.elettroservicegroup.it/wp-content/cache/wpfc-minified/8tnr6p1l/2roae.css" "Mozilla/5.0 AppleWebKit/537.36 (KHTML, like Gecko; compatible; GPTBot/1.4; +https://openai.com/gptbot)"
74.7.227.16 - - [19/Jun/2026:15:46:35 +0200] "GET /wp-content/uploads/elementor/google-fonts/fonts/roboto-kfo5cnqeu92fr1mu53zec9_vu3r1gihoszmkbxkawzu.woff2 HTTP/2.0" 404 15913 "https://reggio-emilia.elettroservicegroup.it/wp-content/cache/wpfc-minified/8tnr6p1l/2roae.css" "Mozilla/5.0 AppleWebKit/537.36 (KHTML, like Gecko; compatible; GPTBot/1.4; +https://openai.com/gptbot)"
65.108.235.243 - - [19/Jun/2026:15:46:39 +0200] "POST /wp-cron.php?doing_wp_cron=1781876799.0084390640258789062500 HTTP/1.1" 200 1 "-" "WordPress/7.0; https://reggio-emilia.elettroservicegroup.it"
74.7.227.16 - - [19/Jun/2026:15:46:38 +0200] "GET /wp-json/oembed/1.0/embed?url=https%3A%2F%2Freggio-emilia.elettroservicegroup.it%2F HTTP/2.0" 400 100 "https://reggio-emilia.elettroservicegroup.it/" "Mozilla/5.0 AppleWebKit/537.36 (KHTML, like Gecko; compatible; GPTBot/1.4; +https://openai.com/gptbot)"
74.7.227.16 - - [19/Jun/2026:15:46:41 +0200] "GET /wp-content/uploads/elementor/css/post-17908.css?ver=1781780844 HTTP/2.0" 404 17159 "https://reggio-emilia.elettroservicegroup.it/imprint/" "Mozilla/5.0 AppleWebKit/537.36 (KHTML, like Gecko; compatible; GPTBot/1.4; +https://openai.com/gptbot)"
74.7.227.16 - - [19/Jun/2026:15:46:45 +0200] "GET /wp-content/uploads/elementor/css/post-17916.css?ver=1781780844 HTTP/2.0" 404 17159 "https://reggio-emilia.elettroservicegroup.it/dichiarazione-sulla-privacy-ue/" "Mozilla/5.0 AppleWebKit/537.36 (KHTML, like Gecko; compatible; GPTBot/1.4; +https://openai.com/gptbot)"
74.7.227.16 - - [19/Jun/2026:15:46:48 +0200] "GET /?p=17908 HTTP/2.0" 415 23429 "https://reggio-emilia.elettroservicegroup.it/imprint/" "Mozilla/5.0 AppleWebKit/537.36 (KHTML, like Gecko; compatible; GPTBot/1.4; +https://openai.com/gptbot)"
74.7.227.16 - - [19/Jun/2026:15:46:51 +0200] "GET /wp-content/plugins/complianz-gdpr-premium/DNSMPD/script.min.js?ver=1781536287 HTTP/2.0" 404 17163 "https://reggio-emilia.elettroservicegroup.it/dichiarazione-sulla-privacy-ue/" "Mozilla/5.0 AppleWebKit/537.36 (KHTML, like Gecko; compatible; GPTBot/1.4; +https://openai.com/gptbot)"
65.108.235.243 - - [19/Jun/2026:15:46:57 +0200] "POST /wp-cron.php?doing_wp_cron=1781876817.0876009464263916015625 HTTP/1.1" 200 1 "-" "WordPress/7.0; https://reggio-emilia.elettroservicegroup.it"
74.7.227.16 - - [19/Jun/2026:15:46:54 +0200] "GET /wp-json/wp/v2/pages/14227 HTTP/2.0" 415 10800 "https://reggio-emilia.elettroservicegroup.it/" "Mozilla/5.0 AppleWebKit/537.36 (KHTML, like Gecko; compatible; GPTBot/1.4; +https://openai.com/gptbot)"
74.7.227.16 - - [19/Jun/2026:15:46:57 +0200] "GET /wp-json/wp/v2/pages/17908 HTTP/2.0" 415 3593 "https://reggio-emilia.elettroservicegroup.it/imprint/" "Mozilla/5.0 AppleWebKit/537.36 (KHTML, like Gecko; compatible; GPTBot/1.4; +https://openai.com/gptbot)"
74.7.227.16 - - [19/Jun/2026:15:47:00 +0200] "GET /wp-content/uploads/elementor/css/post-14227.css?ver=1781760307 HTTP/2.0" 404 17158 "https://reggio-emilia.elettroservicegroup.it/" "Mozilla/5.0 AppleWebKit/537.36 (KHTML, like Gecko; compatible; GPTBot/1.4; +https://openai.com/gptbot)"
74.7.227.16 - - [19/Jun/2026:15:47:03 +0200] "GET /wp-content/plugins/elementor/assets/lib/font-awesome/webfonts/fa-brands-400.woff HTTP/2.0" 404 15891 "https://reggio-emilia.elettroservicegroup.it/wp-content/cache/wpfc-minified/g52dp1tu/2roae.css" "Mozilla/5.0 AppleWebKit/537.36 (KHTML, like Gecko; compatible; GPTBot/1.4; +https://openai.com/gptbot)"
74.7.227.16 - - [19/Jun/2026:15:47:07 +0200] "GET /wp-content/uploads/elementor/google-fonts/fonts/roboto-kfo7cnqeu92fr1me7ksn66agldtyluamawcubgee.woff2 HTTP/2.0" 404 15904 "https://reggio-emilia.elettroservicegroup.it/wp-content/cache/wpfc-minified/8tnr6p1l/2roae.css" "Mozilla/5.0 AppleWebKit/537.36 (KHTML, like Gecko; compatible; GPTBot/1.4; +https://openai.com/gptbot)"
192.178.16.136 - - [19/Jun/2026:15:47:09 +0200] "GET /assistenza-lavastoviglie-reggio-emilia/ HTTP/1.1" 200 23425 "-" "Mozilla/5.0 (Linux; Android 6.0.1; Nexus 5X Build/MMB29P) AppleWebKit/537.36 (KHTML, like Gecko) Chrome/148.0.7778.96 Mobile Safari/537.36 (compatible; AdsBot-Google-Mobile; +http://www.google.com/mobile/adsbot.html)"
74.7.227.16 - - [19/Jun/2026:15:47:10 +0200] "GET /wp-content/plugins/elementor/assets/lib/font-awesome/webfonts/fa-brands-400.woff2 HTTP/2.0" 404 15895 "https://reggio-emilia.elettroservicegroup.it/wp-content/cache/wpfc-minified/g52dp1tu/2roae.css" "Mozilla/5.0 AppleWebKit/537.36 (KHTML, like Gecko; compatible; GPTBot/1.4; +https://openai.com/gptbot)"
74.7.227.16 - - [19/Jun/2026:15:47:13 +0200] "GET /wp-content/plugins/elementor/assets/lib/font-awesome/webfonts/fa-solid-900.woff2 HTTP/2.0" 404 15893 "https://reggio-emilia.elettroservicegroup.it/wp-content/cache/wpfc-minified/g52dp1tu/2roae.css" "Mozilla/5.0 AppleWebKit/537.36 (KHTML, like Gecko; compatible; GPTBot/1.4; +https://openai.com/gptbot)"
74.7.227.16 - - [19/Jun/2026:15:47:16 +0200] "GET /wp-content/uploads/elementor/css/post-15510.css?ver=1781777965 HTTP/2.0" 404 17159 "https://reggio-emilia.elettroservicegroup.it/cookie-policy-ue/" "Mozilla/5.0 AppleWebKit/537.36 (KHTML, like Gecko; compatible; GPTBot/1.4; +https://openai.com/gptbot)"
192.178.16.136 - - [19/Jun/2026:15:47:18 +0200] "GET /wp-content/uploads/elementor/css/post-17716.css?ver=1781773319 HTTP/1.1" 200 2155 "https://reggio-emilia.elettroservicegroup.it/assistenza-lavastoviglie-reggio-emilia/" "AdsBot-Google (+http://www.google.com/adsbot.html)"
74.7.227.16 - - [19/Jun/2026:15:47:19 +0200] "GET /wp-content/uploads/elementor/google-fonts/fonts/roboto-kfo7cnqeu92fr1me7ksn66agldtyluama3yuba.woff2 HTTP/2.0" 404 15902 "https://reggio-emilia.elettroservicegroup.it/wp-content/cache/wpfc-minified/8tnr6p1l/2roae.css" "Mozilla/5.0 AppleWebKit/537.36 (KHTML, like Gecko; compatible; GPTBot/1.4; +https://openai.com/gptbot)"
74.7.227.16 - - [19/Jun/2026:15:47:22 +0200] "GET /wp-content/uploads/elementor/google-fonts/fonts/roboto-kfo7cnqeu92fr1me7ksn66agldtyluama3iubgee.woff2 HTTP/2.0" 404 15904 "https://reggio-emilia.elettroservicegroup.it/wp-content/cache/wpfc-minified/8tnr6p1l/2roae.css" "Mozilla/5.0 AppleWebKit/537.36 (KHTML, like Gecko; compatible; GPTBot/1.4; +https://openai.com/gptbot)"
74.7.227.16 - - [19/Jun/2026:15:47:26 +0200] "GET /wp-content/uploads/elementor/google-fonts/fonts/robotoslab-bngmuxzytxpivibgjjsb6ufn5qu.woff2 HTTP/2.0" 404 15899 "https://reggio-emilia.elettroservicegroup.it/wp-content/cache/wpfc-minified/8tnr6p1l/2roae.css" "Mozilla/5.0 AppleWebKit/537.36 (KHTML, like Gecko; compatible; GPTBot/1.4; +https://openai.com/gptbot)"
74.7.227.16 - - [19/Jun/2026:15:47:29 +0200] "GET /wp-content/plugins/elementor/assets/lib/font-awesome/webfonts/fa-brands-400.eot HTTP/2.0" 404 15891 "https://reggio-emilia.elettroservicegroup.it/wp-content/cache/wpfc-minified/g52dp1tu/2roae.css" "Mozilla/5.0 AppleWebKit/537.36 (KHTML, like Gecko; compatible; GPTBot/1.4; +https://openai.com/gptbot)"
74.7.227.16 - - [19/Jun/2026:15:47:32 +0200] "GET /wp-content/plugins/elementor/assets/lib/font-awesome/webfonts/fa-brands-400.svg HTTP/2.0" 404 15892 "https://reggio-emilia.elettroservicegroup.it/wp-content/cache/wpfc-minified/g52dp1tu/2roae.css" "Mozilla/5.0 AppleWebKit/537.36 (KHTML, like Gecko; compatible; GPTBot/1.4; +https://openai.com/gptbot)"
74.7.227.16 - - [19/Jun/2026:15:47:35 +0200] "GET /wp-content/plugins/elementor/assets/lib/font-awesome/webfonts/fa-brands-400.ttf HTTP/2.0" 404 15891 "https://reggio-emilia.elettroservicegroup.it/wp-content/cache/wpfc-minified/g52dp1tu/2roae.css" "Mozilla/5.0 AppleWebKit/537.36 (KHTML, like Gecko; compatible; GPTBot/1.4; +https://openai.com/gptbot)"
65.108.235.243 - - [19/Jun/2026:15:47:38 +0200] "POST /wp-cron.php?doing_wp_cron=1781876858.9206740856170654296875 HTTP/1.1" 200 1 "-" "WordPress/7.0; https://reggio-emilia.elettroservicegroup.it"
74.7.227.16 - - [19/Jun/2026:15:47:38 +0200] "GET /wp-content/plugins/elementor/assets/lib/font-awesome/webfonts/fa-solid-900.woff HTTP/2.0" 404 15892 "https://reggio-emilia.elettroservicegroup.it/wp-content/cache/wpfc-minified/g52dp1tu/2roae.css" "Mozilla/5.0 AppleWebKit/537.36 (KHTML, like Gecko; compatible; GPTBot/1.4; +https://openai.com/gptbot)"
74.7.227.16 - - [19/Jun/2026:15:47:41 +0200] "GET /wp-content/plugins/elementor/assets/lib/font-awesome/webfonts/fa-solid-900.svg HTTP/2.0" 404 15891 "https://reggio-emilia.elettroservicegroup.it/wp-content/cache/wpfc-minified/g52dp1tu/2roae.css" "Mozilla/5.0 AppleWebKit/537.36 (KHTML, like Gecko; compatible; GPTBot/1.4; +https://openai.com/gptbot)"
74.7.227.16 - - [19/Jun/2026:15:47:45 +0200] "GET /wp-content/plugins/elementor/assets/lib/font-awesome/webfonts/fa-solid-900.eot HTTP/2.0" 404 15891 "https://reggio-emilia.elettroservicegroup.it/wp-content/cache/wpfc-minified/g52dp1tu/2roae.css" "Mozilla/5.0 AppleWebKit/537.36 (KHTML, like Gecko; compatible; GPTBot/1.4; +https://openai.com/gptbot)"
74.7.227.16 - - [19/Jun/2026:15:47:48 +0200] "GET /wp-content/plugins/elementor/assets/lib/font-awesome/webfonts/fa-solid-900.ttf HTTP/2.0" 404 15891 "https://reggio-emilia.elettroservicegroup.it/wp-content/cache/wpfc-minified/g52dp1tu/2roae.css" "Mozilla/5.0 AppleWebKit/537.36 (KHTML, like Gecko; compatible; GPTBot/1.4; +https://openai.com/gptbot)"
74.7.227.16 - - [19/Jun/2026:15:47:51 +0200] "GET /wp-content/uploads/complianz/css/banner-%7Bbanner_id%7D-%7Btype%7D.css?v=511 HTTP/2.0" 404 17177 "https://reggio-emilia.elettroservicegroup.it/assistenza-condizionatori-reggio-emilia/" "Mozilla/5.0 AppleWebKit/537.36 (KHTML, like Gecko; compatible; GPTBot/1.4; +https://openai.com/gptbot)"
74.7.227.16 - - [19/Jun/2026:15:47:54 +0200] "GET /wp-content/uploads/elementor/google-fonts/fonts/roboto-kfo7cnqeu92fr1me7ksn66agldtyluamaxkubgee.woff2 HTTP/2.0" 404 15904 "https://reggio-emilia.elettroservicegroup.it/wp-content/cache/wpfc-minified/8tnr6p1l/2roae.css" "Mozilla/5.0 AppleWebKit/537.36 (KHTML, like Gecko; compatible; GPTBot/1.4; +https://openai.com/gptbot)"
74.7.227.16 - - [19/Jun/2026:15:47:57 +0200] "GET /wp-content/cache/wpfc-minified/7c9cexmg/2roae.css HTTP/2.0" 415 16217 "https://reggio-emilia.elettroservicegroup.it/dichiarazione-sulla-privacy-ue/" "Mozilla/5.0 AppleWebKit/537.36 (KHTML, like Gecko; compatible; GPTBot/1.4; +https://openai.com/gptbot)"
74.7.227.16 - - [19/Jun/2026:15:48:00 +0200] "GET /wp-content/uploads/elementor/google-fonts/fonts/roboto-kfo7cnqeu92fr1me7ksn66agldtyluama3-ubgee.woff2 HTTP/2.0" 404 15904 "https://reggio-emilia.elettroservicegroup.it/wp-content/cache/wpfc-minified/8tnr6p1l/2roae.css" "Mozilla/5.0 AppleWebKit/537.36 (KHTML, like Gecko; compatible; GPTBot/1.4; +https://openai.com/gptbot)"
74.7.227.16 - - [19/Jun/2026:15:48:03 +0200] "GET /wp-json/oembed/1.0/embed?format=xml&url=https%3A%2F%2Freggio-emilia.elettroservicegroup.it%2Fimprint%2F HTTP/2.0" 400 100 "https://reggio-emilia.elettroservicegroup.it/imprint/" "Mozilla/5.0 AppleWebKit/537.36 (KHTML, like Gecko; compatible; GPTBot/1.4; +https://openai.com/gptbot)"
65.108.235.243 - - [19/Jun/2026:15:48:08 +0200] "POST /wp-cron.php?doing_wp_cron=1781876888.2002480030059814453125 HTTP/1.1" 200 1 "-" "WordPress/7.0; https://reggio-emilia.elettroservicegroup.it"
74.7.227.16 - - [19/Jun/2026:15:48:07 +0200] "GET /wp-content/uploads/elementor/google-fonts/fonts/roboto-kfo7cnqeu92fr1me7ksn66agldtyluama3oubgee.woff2 HTTP/2.0" 404 15904 "https://reggio-emilia.elettroservicegroup.it/wp-content/cache/wpfc-minified/8tnr6p1l/2roae.css" "Mozilla/5.0 AppleWebKit/537.36 (KHTML, like Gecko; compatible; GPTBot/1.4; +https://openai.com/gptbot)"
74.7.227.16 - - [19/Jun/2026:15:48:10 +0200] "GET /wp-content/uploads/elementor/google-fonts/fonts/roboto-kfo7cnqeu92fr1me7ksn66agldtyluama3gubgee.woff2 HTTP/2.0" 404 15904 "https://reggio-emilia.elettroservicegroup.it/wp-content/cache/wpfc-minified/8tnr6p1l/2roae.css" "Mozilla/5.0 AppleWebKit/537.36 (KHTML, like Gecko; compatible; GPTBot/1.4; +https://openai.com/gptbot)"
74.7.227.16 - - [19/Jun/2026:15:48:13 +0200] "GET /?p=17916 HTTP/2.0" 415 23429 "https://reggio-emilia.elettroservicegroup.it/dichiarazione-sulla-privacy-ue/" "Mozilla/5.0 AppleWebKit/537.36 (KHTML, like Gecko; compatible; GPTBot/1.4; +https://openai.com/gptbot)"
74.7.227.16 - - [19/Jun/2026:15:48:16 +0200] "GET /?p=15510 HTTP/2.0" 415 23429 "https://reggio-emilia.elettroservicegroup.it/cookie-policy-ue/" "Mozilla/5.0 AppleWebKit/537.36 (KHTML, like Gecko; compatible; GPTBot/1.4; +https://openai.com/gptbot)"
74.7.227.16 - - [19/Jun/2026:15:48:19 +0200] "GET /wp-json/oembed/1.0/embed?url=https%3A%2F%2Freggio-emilia.elettroservicegroup.it%2Fimprint%2F HTTP/2.0" 400 100 "https://reggio-emilia.elettroservicegroup.it/imprint/" "Mozilla/5.0 AppleWebKit/537.36 (KHTML, like Gecko; compatible; GPTBot/1.4; +https://openai.com/gptbot)"
74.7.227.16 - - [19/Jun/2026:15:48:22 +0200] "GET /wp-content/cache/wpfc-minified/kqcp3zx3/2roah.css HTTP/2.0" 415 16443 "https://reggio-emilia.elettroservicegroup.it/" "Mozilla/5.0 AppleWebKit/537.36 (KHTML, like Gecko; compatible; GPTBot/1.4; +https://openai.com/gptbot)"
74.7.227.16 - - [19/Jun/2026:15:48:26 +0200] "GET /wp-content/cache/wpfc-minified/2prpcwuc/2roae.css HTTP/2.0" 415 9731 "https://reggio-emilia.elettroservicegroup.it/dichiarazione-sulla-privacy-ue/" "Mozilla/5.0 AppleWebKit/537.36 (KHTML, like Gecko; compatible; GPTBot/1.4; +https://openai.com/gptbot)"
74.7.227.16 - - [19/Jun/2026:15:48:29 +0200] "GET /wp-content/uploads/elementor/google-fonts/fonts/roboto-kfo5cnqeu92fr1mu53zec9_vu3r1gihoszmkahkawzu.woff2 HTTP/2.0" 404 15912 "https://reggio-emilia.elettroservicegroup.it/wp-content/cache/wpfc-minified/8tnr6p1l/2roae.css" "Mozilla/5.0 AppleWebKit/537.36 (KHTML, like Gecko; compatible; GPTBot/1.4; +https://openai.com/gptbot)"
74.7.227.16 - - [19/Jun/2026:15:48:32 +0200] "GET /wp-content/uploads/elementor/google-fonts/fonts/roboto-kfo5cnqeu92fr1mu53zec9_vu3r1gihoszmkankawzu.woff2 HTTP/2.0" 404 15912 "https://reggio-emilia.elettroservicegroup.it/wp-content/cache/wpfc-minified/8tnr6p1l/2roae.css" "Mozilla/5.0 AppleWebKit/537.36 (KHTML, like Gecko; compatible; GPTBot/1.4; +https://openai.com/gptbot)"
