216.73.217.89 - - [13/Jun/2026:14:32:18 +0200] "GET /sitemap.rss HTTP/2.0" 200 - "-" "Mozilla/5.0 AppleWebKit/537.36 (KHTML, like Gecko; compatible; ClaudeBot/1.0; +claudebot@anthropic.com)"
65.108.235.243 - - [13/Jun/2026:14:32:24 +0200] "POST /wp-cron.php?doing_wp_cron=1781353944.4038960933685302734375 HTTP/1.1" 200 1 "-" "WordPress/7.0; https://parma.elettroservicegroup.it"
216.73.217.89 - - [13/Jun/2026:14:32:18 +0200] "GET /sitemap.xml HTTP/2.0" 200 - "-" "Mozilla/5.0 AppleWebKit/537.36 (KHTML, like Gecko; compatible; ClaudeBot/1.0; +claudebot@anthropic.com)"
205.210.31.145 - - [13/Jun/2026:14:33:49 +0200] "GET / HTTP/1.1" 200 161085 "http://www.parma.elettroservicegroup.it/" "Hello from Palo Alto Networks, find out more about our scans in https://docs-cortex.paloaltonetworks.com/r/1/Cortex-Xpanse/Scanning-activity"
65.108.235.243 - - [13/Jun/2026:15:00:25 +0200] "POST /wp-cron.php?doing_wp_cron=1781355625.9090569019317626953125 HTTP/1.1" 200 1 "-" "WordPress/7.0; https://parma.elettroservicegroup.it"
170.85.30.208 - - [13/Jun/2026:15:00:22 +0200] "GET /assistenza-aeg-parma/?gad_source=1&gad_campaignid=23795906066&gbraid=0AAAABDgs-LT0WkAOIMDNE7uM01Q16UtVf&gclid=CjwKCAjwuanRBhBSEiwAY5y6VykqFCxcPNUaU3fcFBFIXn2Z3Cn8PnXO_lDKOuW9WiD-oj-OYr6EoxoCIaAQAvD_BwE HTTP/1.1" 200 31097 "https://www.google.com/" "Mozilla/5.0 (Windows NT 10.0; Win64; x64) AppleWebKit/537.36 (KHTML, like Gecko) Chrome/149.0.0.0 Safari/537.36"
170.85.30.208 - - [13/Jun/2026:15:00:26 +0200] "GET /wp-content/plugins/header-footer-elementor/inc/widgets-css/frontend.css?ver=2.8.8 HTTP/1.1" 200 8711 "https://parma.elettroservicegroup.it/assistenza-aeg-parma/?gad_source=1&gad_campaignid=23795906066&gbraid=0AAAABDgs-LT0WkAOIMDNE7uM01Q16UtVf&gclid=CjwKCAjwuanRBhBSEiwAY5y6VykqFCxcPNUaU3fcFBFIXn2Z3Cn8PnXO_lDKOuW9WiD-oj-OYr6EoxoCIaAQAvD_BwE" "Mozilla/5.0 (Windows NT 10.0; Win64; x64) AppleWebKit/537.36 (KHTML, like Gecko) Chrome/149.0.0.0 Safari/537.36"
170.85.30.208 - - [13/Jun/2026:15:00:26 +0200] "GET /wp-content/plugins/all-in-one-seo-pack/dist/Lite/assets/css/table-of-contents/global.e90f6d47.css?ver=4.9.7.2 HTTP/1.1" 200 420 "https://parma.elettroservicegroup.it/assistenza-aeg-parma/?gad_source=1&gad_campaignid=23795906066&gbraid=0AAAABDgs-LT0WkAOIMDNE7uM01Q16UtVf&gclid=CjwKCAjwuanRBhBSEiwAY5y6VykqFCxcPNUaU3fcFBFIXn2Z3Cn8PnXO_lDKOuW9WiD-oj-OYr6EoxoCIaAQAvD_BwE" "Mozilla/5.0 (Windows NT 10.0; Win64; x64) AppleWebKit/537.36 (KHTML, like Gecko) Chrome/149.0.0.0 Safari/537.36"
170.85.30.208 - - [13/Jun/2026:15:00:26 +0200] "GET /wp-content/plugins/complianz-gdpr-premium/assets/css/cookieblocker.min.css?ver=1780326315 HTTP/1.1" 200 615 "https://parma.elettroservicegroup.it/assistenza-aeg-parma/?gad_source=1&gad_campaignid=23795906066&gbraid=0AAAABDgs-LT0WkAOIMDNE7uM01Q16UtVf&gclid=CjwKCAjwuanRBhBSEiwAY5y6VykqFCxcPNUaU3fcFBFIXn2Z3Cn8PnXO_lDKOuW9WiD-oj-OYr6EoxoCIaAQAvD_BwE" "Mozilla/5.0 (Windows NT 10.0; Win64; x64) AppleWebKit/537.36 (KHTML, like Gecko) Chrome/149.0.0.0 Safari/537.36"
170.85.30.208 - - [13/Jun/2026:15:00:26 +0200] "GET /wp-content/plugins/header-footer-elementor/assets/css/header-footer-elementor.css?ver=2.8.8 HTTP/1.1" 200 260 "https://parma.elettroservicegroup.it/assistenza-aeg-parma/?gad_source=1&gad_campaignid=23795906066&gbraid=0AAAABDgs-LT0WkAOIMDNE7uM01Q16UtVf&gclid=CjwKCAjwuanRBhBSEiwAY5y6VykqFCxcPNUaU3fcFBFIXn2Z3Cn8PnXO_lDKOuW9WiD-oj-OYr6EoxoCIaAQAvD_BwE" "Mozilla/5.0 (Windows NT 10.0; Win64; x64) AppleWebKit/537.36 (KHTML, like Gecko) Chrome/149.0.0.0 Safari/537.36"
170.85.30.208 - - [13/Jun/2026:15:00:26 +0200] "GET /wp-content/plugins/elementor/assets/lib/eicons/css/elementor-icons.min.css?ver=5.49.0 HTTP/1.1" 200 4115 "https://parma.elettroservicegroup.it/assistenza-aeg-parma/?gad_source=1&gad_campaignid=23795906066&gbraid=0AAAABDgs-LT0WkAOIMDNE7uM01Q16UtVf&gclid=CjwKCAjwuanRBhBSEiwAY5y6VykqFCxcPNUaU3fcFBFIXn2Z3Cn8PnXO_lDKOuW9WiD-oj-OYr6EoxoCIaAQAvD_BwE" "Mozilla/5.0 (Windows NT 10.0; Win64; x64) AppleWebKit/537.36 (KHTML, like Gecko) Chrome/149.0.0.0 Safari/537.36"
170.85.30.208 - - [13/Jun/2026:15:00:26 +0200] "GET /wp-content/plugins/elementor/assets/css/frontend.min.css?ver=4.1.3 HTTP/1.1" 200 6618 "https://parma.elettroservicegroup.it/assistenza-aeg-parma/?gad_source=1&gad_campaignid=23795906066&gbraid=0AAAABDgs-LT0WkAOIMDNE7uM01Q16UtVf&gclid=CjwKCAjwuanRBhBSEiwAY5y6VykqFCxcPNUaU3fcFBFIXn2Z3Cn8PnXO_lDKOuW9WiD-oj-OYr6EoxoCIaAQAvD_BwE" "Mozilla/5.0 (Windows NT 10.0; Win64; x64) AppleWebKit/537.36 (KHTML, like Gecko) Chrome/149.0.0.0 Safari/537.36"
170.85.30.208 - - [13/Jun/2026:15:00:26 +0200] "GET /wp-content/plugins/elementor/assets/lib/font-awesome/css/all.min.css?ver=4.1.3 HTTP/1.1" 200 12402 "https://parma.elettroservicegroup.it/assistenza-aeg-parma/?gad_source=1&gad_campaignid=23795906066&gbraid=0AAAABDgs-LT0WkAOIMDNE7uM01Q16UtVf&gclid=CjwKCAjwuanRBhBSEiwAY5y6VykqFCxcPNUaU3fcFBFIXn2Z3Cn8PnXO_lDKOuW9WiD-oj-OYr6EoxoCIaAQAvD_BwE" "Mozilla/5.0 (Windows NT 10.0; Win64; x64) AppleWebKit/537.36 (KHTML, like Gecko) Chrome/149.0.0.0 Safari/537.36"
170.85.30.208 - - [13/Jun/2026:15:00:26 +0200] "GET /wp-content/plugins/elementor/assets/lib/font-awesome/css/v4-shims.min.css?ver=4.1.3 HTTP/1.1" 200 3986 "https://parma.elettroservicegroup.it/assistenza-aeg-parma/?gad_source=1&gad_campaignid=23795906066&gbraid=0AAAABDgs-LT0WkAOIMDNE7uM01Q16UtVf&gclid=CjwKCAjwuanRBhBSEiwAY5y6VykqFCxcPNUaU3fcFBFIXn2Z3Cn8PnXO_lDKOuW9WiD-oj-OYr6EoxoCIaAQAvD_BwE" "Mozilla/5.0 (Windows NT 10.0; Win64; x64) AppleWebKit/537.36 (KHTML, like Gecko) Chrome/149.0.0.0 Safari/537.36"
170.85.30.208 - - [13/Jun/2026:15:00:26 +0200] "GET /wp-content/uploads/elementor/css/post-14146.css?ver=1781190898 HTTP/1.1" 200 428 "https://parma.elettroservicegroup.it/assistenza-aeg-parma/?gad_source=1&gad_campaignid=23795906066&gbraid=0AAAABDgs-LT0WkAOIMDNE7uM01Q16UtVf&gclid=CjwKCAjwuanRBhBSEiwAY5y6VykqFCxcPNUaU3fcFBFIXn2Z3Cn8PnXO_lDKOuW9WiD-oj-OYr6EoxoCIaAQAvD_BwE" "Mozilla/5.0 (Windows NT 10.0; Win64; x64) AppleWebKit/537.36 (KHTML, like Gecko) Chrome/149.0.0.0 Safari/537.36"
170.85.30.208 - - [13/Jun/2026:15:00:26 +0200] "GET /wp-content/plugins/elementor/assets/css/widget-spacer.min.css?ver=4.1.3 HTTP/1.1" 200 287 "https://parma.elettroservicegroup.it/assistenza-aeg-parma/?gad_source=1&gad_campaignid=23795906066&gbraid=0AAAABDgs-LT0WkAOIMDNE7uM01Q16UtVf&gclid=CjwKCAjwuanRBhBSEiwAY5y6VykqFCxcPNUaU3fcFBFIXn2Z3Cn8PnXO_lDKOuW9WiD-oj-OYr6EoxoCIaAQAvD_BwE" "Mozilla/5.0 (Windows NT 10.0; Win64; x64) AppleWebKit/537.36 (KHTML, like Gecko) Chrome/149.0.0.0 Safari/537.36"
170.85.30.208 - - [13/Jun/2026:15:00:26 +0200] "GET /wp-content/plugins/elementor/assets/css/widget-heading.min.css?ver=4.1.3 HTTP/1.1" 200 127 "https://parma.elettroservicegroup.it/assistenza-aeg-parma/?gad_source=1&gad_campaignid=23795906066&gbraid=0AAAABDgs-LT0WkAOIMDNE7uM01Q16UtVf&gclid=CjwKCAjwuanRBhBSEiwAY5y6VykqFCxcPNUaU3fcFBFIXn2Z3Cn8PnXO_lDKOuW9WiD-oj-OYr6EoxoCIaAQAvD_BwE" "Mozilla/5.0 (Windows NT 10.0; Win64; x64) AppleWebKit/537.36 (KHTML, like Gecko) Chrome/149.0.0.0 Safari/537.36"
170.85.30.208 - - [13/Jun/2026:15:00:26 +0200] "GET /wp-content/plugins/elementor/assets/lib/animations/styles/bounceIn.min.css?ver=4.1.3 HTTP/1.1" 200 186 "https://parma.elettroservicegroup.it/assistenza-aeg-parma/?gad_source=1&gad_campaignid=23795906066&gbraid=0AAAABDgs-LT0WkAOIMDNE7uM01Q16UtVf&gclid=CjwKCAjwuanRBhBSEiwAY5y6VykqFCxcPNUaU3fcFBFIXn2Z3Cn8PnXO_lDKOuW9WiD-oj-OYr6EoxoCIaAQAvD_BwE" "Mozilla/5.0 (Windows NT 10.0; Win64; x64) AppleWebKit/537.36 (KHTML, like Gecko) Chrome/149.0.0.0 Safari/537.36"
170.85.30.208 - - [13/Jun/2026:15:00:26 +0200] "GET /wp-content/plugins/elementor/assets/css/widget-image.min.css?ver=4.1.3 HTTP/1.1" 200 96 "https://parma.elettroservicegroup.it/assistenza-aeg-parma/?gad_source=1&gad_campaignid=23795906066&gbraid=0AAAABDgs-LT0WkAOIMDNE7uM01Q16UtVf&gclid=CjwKCAjwuanRBhBSEiwAY5y6VykqFCxcPNUaU3fcFBFIXn2Z3Cn8PnXO_lDKOuW9WiD-oj-OYr6EoxoCIaAQAvD_BwE" "Mozilla/5.0 (Windows NT 10.0; Win64; x64) AppleWebKit/537.36 (KHTML, like Gecko) Chrome/149.0.0.0 Safari/537.36"
170.85.30.208 - - [13/Jun/2026:15:00:26 +0200] "GET /wp-content/plugins/elementor/assets/lib/animations/styles/zoomIn.min.css?ver=4.1.3 HTTP/1.1" 200 87 "https://parma.elettroservicegroup.it/assistenza-aeg-parma/?gad_source=1&gad_campaignid=23795906066&gbraid=0AAAABDgs-LT0WkAOIMDNE7uM01Q16UtVf&gclid=CjwKCAjwuanRBhBSEiwAY5y6VykqFCxcPNUaU3fcFBFIXn2Z3Cn8PnXO_lDKOuW9WiD-oj-OYr6EoxoCIaAQAvD_BwE" "Mozilla/5.0 (Windows NT 10.0; Win64; x64) AppleWebKit/537.36 (KHTML, like Gecko) Chrome/149.0.0.0 Safari/537.36"
170.85.30.208 - - [13/Jun/2026:15:00:26 +0200] "GET /wp-content/uploads/elementor/css/post-17266.css?ver=1781195832 HTTP/1.1" 200 2169 "https://parma.elettroservicegroup.it/assistenza-aeg-parma/?gad_source=1&gad_campaignid=23795906066&gbraid=0AAAABDgs-LT0WkAOIMDNE7uM01Q16UtVf&gclid=CjwKCAjwuanRBhBSEiwAY5y6VykqFCxcPNUaU3fcFBFIXn2Z3Cn8PnXO_lDKOuW9WiD-oj-OYr6EoxoCIaAQAvD_BwE" "Mozilla/5.0 (Windows NT 10.0; Win64; x64) AppleWebKit/537.36 (KHTML, like Gecko) Chrome/149.0.0.0 Safari/537.36"
170.85.30.208 - - [13/Jun/2026:15:00:26 +0200] "GET /wp-content/uploads/elementor/css/post-14366.css?ver=1781190898 HTTP/1.1" 200 302 "https://parma.elettroservicegroup.it/assistenza-aeg-parma/?gad_source=1&gad_campaignid=23795906066&gbraid=0AAAABDgs-LT0WkAOIMDNE7uM01Q16UtVf&gclid=CjwKCAjwuanRBhBSEiwAY5y6VykqFCxcPNUaU3fcFBFIXn2Z3Cn8PnXO_lDKOuW9WiD-oj-OYr6EoxoCIaAQAvD_BwE" "Mozilla/5.0 (Windows NT 10.0; Win64; x64) AppleWebKit/537.36 (KHTML, like Gecko) Chrome/149.0.0.0 Safari/537.36"
170.85.30.208 - - [13/Jun/2026:15:00:26 +0200] "GET /wp-content/themes/generatepress/assets/css/main.min.css?ver=3.6.1 HTTP/1.1" 200 4410 "https://parma.elettroservicegroup.it/assistenza-aeg-parma/?gad_source=1&gad_campaignid=23795906066&gbraid=0AAAABDgs-LT0WkAOIMDNE7uM01Q16UtVf&gclid=CjwKCAjwuanRBhBSEiwAY5y6VykqFCxcPNUaU3fcFBFIXn2Z3Cn8PnXO_lDKOuW9WiD-oj-OYr6EoxoCIaAQAvD_BwE" "Mozilla/5.0 (Windows NT 10.0; Win64; x64) AppleWebKit/537.36 (KHTML, like Gecko) Chrome/149.0.0.0 Safari/537.36"
170.85.30.208 - - [13/Jun/2026:15:00:26 +0200] "GET /wp-content/plugins/elementor/assets/lib/eicons/css/elementor-icons.min.css?ver=5.34.0 HTTP/1.1" 200 4115 "https://parma.elettroservicegroup.it/assistenza-aeg-parma/?gad_source=1&gad_campaignid=23795906066&gbraid=0AAAABDgs-LT0WkAOIMDNE7uM01Q16UtVf&gclid=CjwKCAjwuanRBhBSEiwAY5y6VykqFCxcPNUaU3fcFBFIXn2Z3Cn8PnXO_lDKOuW9WiD-oj-OYr6EoxoCIaAQAvD_BwE" "Mozilla/5.0 (Windows NT 10.0; Win64; x64) AppleWebKit/537.36 (KHTML, like Gecko) Chrome/149.0.0.0 Safari/537.36"
170.85.30.208 - - [13/Jun/2026:15:00:26 +0200] "GET /wp-content/plugins/elementor/assets/css/widget-icon-list.min.css?ver=3.24.3 HTTP/1.1" 200 928 "https://parma.elettroservicegroup.it/assistenza-aeg-parma/?gad_source=1&gad_campaignid=23795906066&gbraid=0AAAABDgs-LT0WkAOIMDNE7uM01Q16UtVf&gclid=CjwKCAjwuanRBhBSEiwAY5y6VykqFCxcPNUaU3fcFBFIXn2Z3Cn8PnXO_lDKOuW9WiD-oj-OYr6EoxoCIaAQAvD_BwE" "Mozilla/5.0 (Windows NT 10.0; Win64; x64) AppleWebKit/537.36 (KHTML, like Gecko) Chrome/149.0.0.0 Safari/537.36"
170.85.30.208 - - [13/Jun/2026:15:00:26 +0200] "GET /wp-content/plugins/elementor/assets/css/widget-social-icons.min.css?ver=3.24.0 HTTP/1.1" 200 1039 "https://parma.elettroservicegroup.it/assistenza-aeg-parma/?gad_source=1&gad_campaignid=23795906066&gbraid=0AAAABDgs-LT0WkAOIMDNE7uM01Q16UtVf&gclid=CjwKCAjwuanRBhBSEiwAY5y6VykqFCxcPNUaU3fcFBFIXn2Z3Cn8PnXO_lDKOuW9WiD-oj-OYr6EoxoCIaAQAvD_BwE" "Mozilla/5.0 (Windows NT 10.0; Win64; x64) AppleWebKit/537.36 (KHTML, like Gecko) Chrome/149.0.0.0 Safari/537.36"
170.85.30.208 - - [13/Jun/2026:15:00:27 +0200] "GET /wp-content/plugins/elementor/assets/lib/font-awesome/css/brands.css?ver=5.15.3 HTTP/1.1" 200 298 "https://parma.elettroservicegroup.it/assistenza-aeg-parma/?gad_source=1&gad_campaignid=23795906066&gbraid=0AAAABDgs-LT0WkAOIMDNE7uM01Q16UtVf&gclid=CjwKCAjwuanRBhBSEiwAY5y6VykqFCxcPNUaU3fcFBFIXn2Z3Cn8PnXO_lDKOuW9WiD-oj-OYr6EoxoCIaAQAvD_BwE" "Mozilla/5.0 (Windows NT 10.0; Win64; x64) AppleWebKit/537.36 (KHTML, like Gecko) Chrome/149.0.0.0 Safari/537.36"
170.85.30.208 - - [13/Jun/2026:15:00:27 +0200] "GET /wp-content/plugins/elementor/assets/lib/font-awesome/css/solid.css?ver=5.15.3 HTTP/1.1" 200 299 "https://parma.elettroservicegroup.it/assistenza-aeg-parma/?gad_source=1&gad_campaignid=23795906066&gbraid=0AAAABDgs-LT0WkAOIMDNE7uM01Q16UtVf&gclid=CjwKCAjwuanRBhBSEiwAY5y6VykqFCxcPNUaU3fcFBFIXn2Z3Cn8PnXO_lDKOuW9WiD-oj-OYr6EoxoCIaAQAvD_BwE" "Mozilla/5.0 (Windows NT 10.0; Win64; x64) AppleWebKit/537.36 (KHTML, like Gecko) Chrome/149.0.0.0 Safari/537.36"
170.85.30.208 - - [13/Jun/2026:15:00:27 +0200] "GET /wp-content/plugins/elementor/assets/lib/font-awesome/css/fontawesome.css?ver=5.15.3 HTTP/1.1" 200 12535 "https://parma.elettroservicegroup.it/assistenza-aeg-parma/?gad_source=1&gad_campaignid=23795906066&gbraid=0AAAABDgs-LT0WkAOIMDNE7uM01Q16UtVf&gclid=CjwKCAjwuanRBhBSEiwAY5y6VykqFCxcPNUaU3fcFBFIXn2Z3Cn8PnXO_lDKOuW9WiD-oj-OYr6EoxoCIaAQAvD_BwE" "Mozilla/5.0 (Windows NT 10.0; Win64; x64) AppleWebKit/537.36 (KHTML, like Gecko) Chrome/149.0.0.0 Safari/537.36"
170.85.30.208 - - [13/Jun/2026:15:00:27 +0200] "GET /wp-content/plugins/gp-premium/menu-plus/functions/css/navigation-branding-flex.min.css?ver=2.5.5 HTTP/1.1" 200 542 "https://parma.elettroservicegroup.it/assistenza-aeg-parma/?gad_source=1&gad_campaignid=23795906066&gbraid=0AAAABDgs-LT0WkAOIMDNE7uM01Q16UtVf&gclid=CjwKCAjwuanRBhBSEiwAY5y6VykqFCxcPNUaU3fcFBFIXn2Z3Cn8PnXO_lDKOuW9WiD-oj-OYr6EoxoCIaAQAvD_BwE" "Mozilla/5.0 (Windows NT 10.0; Win64; x64) AppleWebKit/537.36 (KHTML, like Gecko) Chrome/149.0.0.0 Safari/537.36"
170.85.30.208 - - [13/Jun/2026:15:00:27 +0200] "GET /wp-content/uploads/elementor/google-fonts/css/roboto.css?ver=1742280360 HTTP/1.1" 200 1880 "https://parma.elettroservicegroup.it/assistenza-aeg-parma/?gad_source=1&gad_campaignid=23795906066&gbraid=0AAAABDgs-LT0WkAOIMDNE7uM01Q16UtVf&gclid=CjwKCAjwuanRBhBSEiwAY5y6VykqFCxcPNUaU3fcFBFIXn2Z3Cn8PnXO_lDKOuW9WiD-oj-OYr6EoxoCIaAQAvD_BwE" "Mozilla/5.0 (Windows NT 10.0; Win64; x64) AppleWebKit/537.36 (KHTML, like Gecko) Chrome/149.0.0.0 Safari/537.36"
170.85.30.208 - - [13/Jun/2026:15:00:27 +0200] "GET /wp-content/uploads/elementor/google-fonts/css/robotoslab.css?ver=1742280362 HTTP/1.1" 200 715 "https://parma.elettroservicegroup.it/assistenza-aeg-parma/?gad_source=1&gad_campaignid=23795906066&gbraid=0AAAABDgs-LT0WkAOIMDNE7uM01Q16UtVf&gclid=CjwKCAjwuanRBhBSEiwAY5y6VykqFCxcPNUaU3fcFBFIXn2Z3Cn8PnXO_lDKOuW9WiD-oj-OYr6EoxoCIaAQAvD_BwE" "Mozilla/5.0 (Windows NT 10.0; Win64; x64) AppleWebKit/537.36 (KHTML, like Gecko) Chrome/149.0.0.0 Safari/537.36"
170.85.30.208 - - [13/Jun/2026:15:00:27 +0200] "GET /wp-content/plugins/elementor/assets/lib/font-awesome/css/fontawesome.min.css?ver=5.15.3 HTTP/1.1" 200 12179 "https://parma.elettroservicegroup.it/assistenza-aeg-parma/?gad_source=1&gad_campaignid=23795906066&gbraid=0AAAABDgs-LT0WkAOIMDNE7uM01Q16UtVf&gclid=CjwKCAjwuanRBhBSEiwAY5y6VykqFCxcPNUaU3fcFBFIXn2Z3Cn8PnXO_lDKOuW9WiD-oj-OYr6EoxoCIaAQAvD_BwE" "Mozilla/5.0 (Windows NT 10.0; Win64; x64) AppleWebKit/537.36 (KHTML, like Gecko) Chrome/149.0.0.0 Safari/537.36"
170.85.30.208 - - [13/Jun/2026:15:00:27 +0200] "GET /wp-content/plugins/elementor/assets/lib/font-awesome/css/solid.min.css?ver=5.15.3 HTTP/1.1" 200 286 "https://parma.elettroservicegroup.it/assistenza-aeg-parma/?gad_source=1&gad_campaignid=23795906066&gbraid=0AAAABDgs-LT0WkAOIMDNE7uM01Q16UtVf&gclid=CjwKCAjwuanRBhBSEiwAY5y6VykqFCxcPNUaU3fcFBFIXn2Z3Cn8PnXO_lDKOuW9WiD-oj-OYr6EoxoCIaAQAvD_BwE" "Mozilla/5.0 (Windows NT 10.0; Win64; x64) AppleWebKit/537.36 (KHTML, like Gecko) Chrome/149.0.0.0 Safari/537.36"
170.85.30.208 - - [13/Jun/2026:15:00:27 +0200] "GET /wp-content/plugins/elementor/assets/lib/font-awesome/css/regular.min.css?ver=5.15.3 HTTP/1.1" 200 282 "https://parma.elettroservicegroup.it/assistenza-aeg-parma/?gad_source=1&gad_campaignid=23795906066&gbraid=0AAAABDgs-LT0WkAOIMDNE7uM01Q16UtVf&gclid=CjwKCAjwuanRBhBSEiwAY5y6VykqFCxcPNUaU3fcFBFIXn2Z3Cn8PnXO_lDKOuW9WiD-oj-OYr6EoxoCIaAQAvD_BwE" "Mozilla/5.0 (Windows NT 10.0; Win64; x64) AppleWebKit/537.36 (KHTML, like Gecko) Chrome/149.0.0.0 Safari/537.36"
170.85.30.208 - - [13/Jun/2026:15:00:27 +0200] "GET /wp-includes/js/jquery/jquery.min.js?ver=3.7.1 HTTP/1.1" 200 29769 "https://parma.elettroservicegroup.it/assistenza-aeg-parma/?gad_source=1&gad_campaignid=23795906066&gbraid=0AAAABDgs-LT0WkAOIMDNE7uM01Q16UtVf&gclid=CjwKCAjwuanRBhBSEiwAY5y6VykqFCxcPNUaU3fcFBFIXn2Z3Cn8PnXO_lDKOuW9WiD-oj-OYr6EoxoCIaAQAvD_BwE" "Mozilla/5.0 (Windows NT 10.0; Win64; x64) AppleWebKit/537.36 (KHTML, like Gecko) Chrome/149.0.0.0 Safari/537.36"
170.85.30.208 - - [13/Jun/2026:15:00:27 +0200] "GET /wp-content/plugins/elementor/assets/lib/font-awesome/js/v4-shims.min.js?ver=4.1.3 HTTP/1.1" 200 4043 "https://parma.elettroservicegroup.it/assistenza-aeg-parma/?gad_source=1&gad_campaignid=23795906066&gbraid=0AAAABDgs-LT0WkAOIMDNE7uM01Q16UtVf&gclid=CjwKCAjwuanRBhBSEiwAY5y6VykqFCxcPNUaU3fcFBFIXn2Z3Cn8PnXO_lDKOuW9WiD-oj-OYr6EoxoCIaAQAvD_BwE" "Mozilla/5.0 (Windows NT 10.0; Win64; x64) AppleWebKit/537.36 (KHTML, like Gecko) Chrome/149.0.0.0 Safari/537.36"
170.85.30.208 - - [13/Jun/2026:15:00:27 +0200] "GET /wp-includes/js/jquery/jquery-migrate.min.js?ver=3.4.1 HTTP/1.1" 200 4685 "https://parma.elettroservicegroup.it/assistenza-aeg-parma/?gad_source=1&gad_campaignid=23795906066&gbraid=0AAAABDgs-LT0WkAOIMDNE7uM01Q16UtVf&gclid=CjwKCAjwuanRBhBSEiwAY5y6VykqFCxcPNUaU3fcFBFIXn2Z3Cn8PnXO_lDKOuW9WiD-oj-OYr6EoxoCIaAQAvD_BwE" "Mozilla/5.0 (Windows NT 10.0; Win64; x64) AppleWebKit/537.36 (KHTML, like Gecko) Chrome/149.0.0.0 Safari/537.36"
170.85.30.208 - - [13/Jun/2026:15:00:27 +0200] "GET /wp-content/uploads/2021/10/cropped-cropped-cropped-logo_white_background.png HTTP/1.1" 200 38971 "https://parma.elettroservicegroup.it/assistenza-aeg-parma/?gad_source=1&gad_campaignid=23795906066&gbraid=0AAAABDgs-LT0WkAOIMDNE7uM01Q16UtVf&gclid=CjwKCAjwuanRBhBSEiwAY5y6VykqFCxcPNUaU3fcFBFIXn2Z3Cn8PnXO_lDKOuW9WiD-oj-OYr6EoxoCIaAQAvD_BwE" "Mozilla/5.0 (Windows NT 10.0; Win64; x64) AppleWebKit/537.36 (KHTML, like Gecko) Chrome/149.0.0.0 Safari/537.36"
170.85.30.208 - - [13/Jun/2026:15:00:27 +0200] "GET /wp-content/uploads/2021/10/cropped-logo_white_background.png HTTP/1.1" 200 16623 "https://parma.elettroservicegroup.it/assistenza-aeg-parma/?gad_source=1&gad_campaignid=23795906066&gbraid=0AAAABDgs-LT0WkAOIMDNE7uM01Q16UtVf&gclid=CjwKCAjwuanRBhBSEiwAY5y6VykqFCxcPNUaU3fcFBFIXn2Z3Cn8PnXO_lDKOuW9WiD-oj-OYr6EoxoCIaAQAvD_BwE" "Mozilla/5.0 (Windows NT 10.0; Win64; x64) AppleWebKit/537.36 (KHTML, like Gecko) Chrome/149.0.0.0 Safari/537.36"
170.85.30.208 - - [13/Jun/2026:15:00:27 +0200] "GET /wp-content/plugins/gp-premium/menu-plus/functions/js/sticky.min.js?ver=2.5.5 HTTP/1.1" 200 2670 "https://parma.elettroservicegroup.it/assistenza-aeg-parma/?gad_source=1&gad_campaignid=23795906066&gbraid=0AAAABDgs-LT0WkAOIMDNE7uM01Q16UtVf&gclid=CjwKCAjwuanRBhBSEiwAY5y6VykqFCxcPNUaU3fcFBFIXn2Z3Cn8PnXO_lDKOuW9WiD-oj-OYr6EoxoCIaAQAvD_BwE" "Mozilla/5.0 (Windows NT 10.0; Win64; x64) AppleWebKit/537.36 (KHTML, like Gecko) Chrome/149.0.0.0 Safari/537.36"
170.85.30.208 - - [13/Jun/2026:15:00:27 +0200] "GET /wp-content/plugins/elementor/assets/js/webpack.runtime.min.js?ver=4.1.3 HTTP/1.1" 200 2340 "https://parma.elettroservicegroup.it/assistenza-aeg-parma/?gad_source=1&gad_campaignid=23795906066&gbraid=0AAAABDgs-LT0WkAOIMDNE7uM01Q16UtVf&gclid=CjwKCAjwuanRBhBSEiwAY5y6VykqFCxcPNUaU3fcFBFIXn2Z3Cn8PnXO_lDKOuW9WiD-oj-OYr6EoxoCIaAQAvD_BwE" "Mozilla/5.0 (Windows NT 10.0; Win64; x64) AppleWebKit/537.36 (KHTML, like Gecko) Chrome/149.0.0.0 Safari/537.36"
170.85.30.208 - - [13/Jun/2026:15:00:27 +0200] "GET /wp-includes/js/jquery/ui/core.min.js?ver=1.13.3 HTTP/1.1" 200 6820 "https://parma.elettroservicegroup.it/assistenza-aeg-parma/?gad_source=1&gad_campaignid=23795906066&gbraid=0AAAABDgs-LT0WkAOIMDNE7uM01Q16UtVf&gclid=CjwKCAjwuanRBhBSEiwAY5y6VykqFCxcPNUaU3fcFBFIXn2Z3Cn8PnXO_lDKOuW9WiD-oj-OYr6EoxoCIaAQAvD_BwE" "Mozilla/5.0 (Windows NT 10.0; Win64; x64) AppleWebKit/537.36 (KHTML, like Gecko) Chrome/149.0.0.0 Safari/537.36"
170.85.30.208 - - [13/Jun/2026:15:00:27 +0200] "GET /wp-content/plugins/elementor/assets/js/frontend-modules.min.js?ver=4.1.3 HTTP/1.1" 200 15454 "https://parma.elettroservicegroup.it/assistenza-aeg-parma/?gad_source=1&gad_campaignid=23795906066&gbraid=0AAAABDgs-LT0WkAOIMDNE7uM01Q16UtVf&gclid=CjwKCAjwuanRBhBSEiwAY5y6VykqFCxcPNUaU3fcFBFIXn2Z3Cn8PnXO_lDKOuW9WiD-oj-OYr6EoxoCIaAQAvD_BwE" "Mozilla/5.0 (Windows NT 10.0; Win64; x64) AppleWebKit/537.36 (KHTML, like Gecko) Chrome/149.0.0.0 Safari/537.36"
170.85.30.208 - - [13/Jun/2026:15:00:27 +0200] "GET /wp-content/plugins/elementor/assets/js/frontend.min.js?ver=4.1.3 HTTP/1.1" 200 10140 "https://parma.elettroservicegroup.it/assistenza-aeg-parma/?gad_source=1&gad_campaignid=23795906066&gbraid=0AAAABDgs-LT0WkAOIMDNE7uM01Q16UtVf&gclid=CjwKCAjwuanRBhBSEiwAY5y6VykqFCxcPNUaU3fcFBFIXn2Z3Cn8PnXO_lDKOuW9WiD-oj-OYr6EoxoCIaAQAvD_BwE" "Mozilla/5.0 (Windows NT 10.0; Win64; x64) AppleWebKit/537.36 (KHTML, like Gecko) Chrome/149.0.0.0 Safari/537.36"
170.85.30.208 - - [13/Jun/2026:15:00:27 +0200] "GET /wp-content/themes/generatepress/assets/js/menu.min.js?ver=3.6.1 HTTP/1.1" 200 1688 "https://parma.elettroservicegroup.it/assistenza-aeg-parma/?gad_source=1&gad_campaignid=23795906066&gbraid=0AAAABDgs-LT0WkAOIMDNE7uM01Q16UtVf&gclid=CjwKCAjwuanRBhBSEiwAY5y6VykqFCxcPNUaU3fcFBFIXn2Z3Cn8PnXO_lDKOuW9WiD-oj-OYr6EoxoCIaAQAvD_BwE" "Mozilla/5.0 (Windows NT 10.0; Win64; x64) AppleWebKit/537.36 (KHTML, like Gecko) Chrome/149.0.0.0 Safari/537.36"
170.85.30.208 - - [13/Jun/2026:15:00:27 +0200] "GET /wp-content/themes/generatepress/assets/js/back-to-top.min.js?ver=3.6.1 HTTP/1.1" 200 336 "https://parma.elettroservicegroup.it/assistenza-aeg-parma/?gad_source=1&gad_campaignid=23795906066&gbraid=0AAAABDgs-LT0WkAOIMDNE7uM01Q16UtVf&gclid=CjwKCAjwuanRBhBSEiwAY5y6VykqFCxcPNUaU3fcFBFIXn2Z3Cn8PnXO_lDKOuW9WiD-oj-OYr6EoxoCIaAQAvD_BwE" "Mozilla/5.0 (Windows NT 10.0; Win64; x64) AppleWebKit/537.36 (KHTML, like Gecko) Chrome/149.0.0.0 Safari/537.36"
170.85.30.208 - - [13/Jun/2026:15:00:27 +0200] "GET /wp-content/plugins/burst-statistics/assets/js/timeme/timeme.min.js?ver=1780499187 HTTP/1.1" 200 1835 "https://parma.elettroservicegroup.it/assistenza-aeg-parma/?gad_source=1&gad_campaignid=23795906066&gbraid=0AAAABDgs-LT0WkAOIMDNE7uM01Q16UtVf&gclid=CjwKCAjwuanRBhBSEiwAY5y6VykqFCxcPNUaU3fcFBFIXn2Z3Cn8PnXO_lDKOuW9WiD-oj-OYr6EoxoCIaAQAvD_BwE" "Mozilla/5.0 (Windows NT 10.0; Win64; x64) AppleWebKit/537.36 (KHTML, like Gecko) Chrome/149.0.0.0 Safari/537.36"
170.85.30.208 - - [13/Jun/2026:15:00:27 +0200] "GET /wp-content/uploads/burst/js/burst.min.js?ver=1781344283 HTTP/1.1" 200 3381 "https://parma.elettroservicegroup.it/assistenza-aeg-parma/?gad_source=1&gad_campaignid=23795906066&gbraid=0AAAABDgs-LT0WkAOIMDNE7uM01Q16UtVf&gclid=CjwKCAjwuanRBhBSEiwAY5y6VykqFCxcPNUaU3fcFBFIXn2Z3Cn8PnXO_lDKOuW9WiD-oj-OYr6EoxoCIaAQAvD_BwE" "Mozilla/5.0 (Windows NT 10.0; Win64; x64) AppleWebKit/537.36 (KHTML, like Gecko) Chrome/149.0.0.0 Safari/537.36"
170.85.30.208 - - [13/Jun/2026:15:00:27 +0200] "GET /wp-content/plugins/complianz-gdpr-premium/cookiebanner/js/complianz.min.js?ver=1780326315 HTTP/1.1" 200 10708 "https://parma.elettroservicegroup.it/assistenza-aeg-parma/?gad_source=1&gad_campaignid=23795906066&gbraid=0AAAABDgs-LT0WkAOIMDNE7uM01Q16UtVf&gclid=CjwKCAjwuanRBhBSEiwAY5y6VykqFCxcPNUaU3fcFBFIXn2Z3Cn8PnXO_lDKOuW9WiD-oj-OYr6EoxoCIaAQAvD_BwE" "Mozilla/5.0 (Windows NT 10.0; Win64; x64) AppleWebKit/537.36 (KHTML, like Gecko) Chrome/149.0.0.0 Safari/537.36"
170.85.30.208 - - [13/Jun/2026:15:00:27 +0200] "POST /wp-content/plugins/burst-statistics/endpoint.php HTTP/1.1" 200 1 "https://parma.elettroservicegroup.it/assistenza-aeg-parma/?gad_source=1&gad_campaignid=23795906066&gbraid=0AAAABDgs-LT0WkAOIMDNE7uM01Q16UtVf&gclid=CjwKCAjwuanRBhBSEiwAY5y6VykqFCxcPNUaU3fcFBFIXn2Z3Cn8PnXO_lDKOuW9WiD-oj-OYr6EoxoCIaAQAvD_BwE" "Mozilla/5.0 (Windows NT 10.0; Win64; x64) AppleWebKit/537.36 (KHTML, like Gecko) Chrome/149.0.0.0 Safari/537.36"
170.85.30.208 - - [13/Jun/2026:15:00:27 +0200] "GET /wp-content/uploads/complianz/css/banner-1-optin.css?v=46 HTTP/1.1" 200 2617 "https://parma.elettroservicegroup.it/assistenza-aeg-parma/?gad_source=1&gad_campaignid=23795906066&gbraid=0AAAABDgs-LT0WkAOIMDNE7uM01Q16UtVf&gclid=CjwKCAjwuanRBhBSEiwAY5y6VykqFCxcPNUaU3fcFBFIXn2Z3Cn8PnXO_lDKOuW9WiD-oj-OYr6EoxoCIaAQAvD_BwE" "Mozilla/5.0 (Windows NT 10.0; Win64; x64) AppleWebKit/537.36 (KHTML, like Gecko) Chrome/149.0.0.0 Safari/537.36"
170.85.30.208 - - [13/Jun/2026:15:00:27 +0200] "GET /wp-content/uploads/2022/10/COPERTINA-9.png HTTP/1.1" 200 238875 "https://parma.elettroservicegroup.it/wp-content/uploads/elementor/css/post-17266.css?ver=1781195832" "Mozilla/5.0 (Windows NT 10.0; Win64; x64) AppleWebKit/537.36 (KHTML, like Gecko) Chrome/149.0.0.0 Safari/537.36"
170.85.30.208 - - [13/Jun/2026:15:00:28 +0200] "GET /wp-content/uploads/elementor/google-fonts/fonts/roboto-kfo7cnqeu92fr1me7ksn66agldtyluama3yuba.woff2 HTTP/1.1" 200 40132 "https://parma.elettroservicegroup.it/wp-content/uploads/elementor/google-fonts/css/roboto.css?ver=1742280360" "Mozilla/5.0 (Windows NT 10.0; Win64; x64) AppleWebKit/537.36 (KHTML, like Gecko) Chrome/149.0.0.0 Safari/537.36"
170.85.30.208 - - [13/Jun/2026:15:00:28 +0200] "GET /wp-content/plugins/elementor/assets/lib/font-awesome/webfonts/fa-solid-900.woff2 HTTP/1.1" 200 78201 "https://parma.elettroservicegroup.it/wp-content/plugins/elementor/assets/lib/font-awesome/css/all.min.css?ver=4.1.3" "Mozilla/5.0 (Windows NT 10.0; Win64; x64) AppleWebKit/537.36 (KHTML, like Gecko) Chrome/149.0.0.0 Safari/537.36"
170.85.30.208 - - [13/Jun/2026:15:00:28 +0200] "GET /wp-content/plugins/elementor/assets/lib/font-awesome/webfonts/fa-regular-400.woff2 HTTP/1.1" 200 13277 "https://parma.elettroservicegroup.it/wp-content/plugins/elementor/assets/lib/font-awesome/css/all.min.css?ver=4.1.3" "Mozilla/5.0 (Windows NT 10.0; Win64; x64) AppleWebKit/537.36 (KHTML, like Gecko) Chrome/149.0.0.0 Safari/537.36"
170.85.30.208 - - [13/Jun/2026:15:00:30 +0200] "GET /wp-content/plugins/elementor/assets/js/section-frontend-handlers.d85ab872da118940910d.bundle.min.js HTTP/1.1" 200 230 "https://parma.elettroservicegroup.it/assistenza-aeg-parma/?gad_source=1&gad_campaignid=23795906066&gbraid=0AAAABDgs-LT0WkAOIMDNE7uM01Q16UtVf&gclid=CjwKCAjwuanRBhBSEiwAY5y6VykqFCxcPNUaU3fcFBFIXn2Z3Cn8PnXO_lDKOuW9WiD-oj-OYr6EoxoCIaAQAvD_BwE" "Mozilla/5.0 (Windows NT 10.0; Win64; x64) AppleWebKit/537.36 (KHTML, like Gecko) Chrome/149.0.0.0 Safari/537.36"
170.85.30.208 - - [13/Jun/2026:15:00:30 +0200] "GET /wp-content/plugins/elementor/assets/js/shared-frontend-handlers.03caa53373b56d3bab67.bundle.min.js HTTP/1.1" 200 2515 "https://parma.elettroservicegroup.it/assistenza-aeg-parma/?gad_source=1&gad_campaignid=23795906066&gbraid=0AAAABDgs-LT0WkAOIMDNE7uM01Q16UtVf&gclid=CjwKCAjwuanRBhBSEiwAY5y6VykqFCxcPNUaU3fcFBFIXn2Z3Cn8PnXO_lDKOuW9WiD-oj-OYr6EoxoCIaAQAvD_BwE" "Mozilla/5.0 (Windows NT 10.0; Win64; x64) AppleWebKit/537.36 (KHTML, like Gecko) Chrome/149.0.0.0 Safari/537.36"
170.85.30.208 - - [13/Jun/2026:15:00:31 +0200] "GET /wp-content/plugins/elementor/assets/js/text-editor.45609661e409413f1cef.bundle.min.js HTTP/1.1" 200 592 "https://parma.elettroservicegroup.it/assistenza-aeg-parma/?gad_source=1&gad_campaignid=23795906066&gbraid=0AAAABDgs-LT0WkAOIMDNE7uM01Q16UtVf&gclid=CjwKCAjwuanRBhBSEiwAY5y6VykqFCxcPNUaU3fcFBFIXn2Z3Cn8PnXO_lDKOuW9WiD-oj-OYr6EoxoCIaAQAvD_BwE" "Mozilla/5.0 (Windows NT 10.0; Win64; x64) AppleWebKit/537.36 (KHTML, like Gecko) Chrome/149.0.0.0 Safari/537.36"
69.63.184.21 - - [13/Jun/2026:15:17:07 +0200] "GET / HTTP/2.0" 200 161085 "-" "meta-externalagent/1.1 (+https://developers.facebook.com/docs/sharing/webmasters/crawler)"
57.141.20.39 - - [13/Jun/2026:15:17:07 +0200] "GET /robots.txt HTTP/2.0" 200 189 "-" "facebookexternalhit/1.1 (+http://www.facebook.com/externalhit_uatext.php)"
65.108.235.243 - - [13/Jun/2026:15:17:08 +0200] "POST /wp-cron.php?doing_wp_cron=1781356628.9124040603637695312500 HTTP/1.1" 200 1 "-" "WordPress/7.0; https://parma.elettroservicegroup.it"
69.63.184.4 - - [13/Jun/2026:15:17:05 +0200] "GET /robots.txt HTTP/2.0" 200 - "-" "facebookexternalhit/1.1 (+http://www.facebook.com/externalhit_uatext.php)"
3.139.242.79 - - [13/Jun/2026:15:37:49 +0200] "GET / HTTP/1.1" 415 161085 "-" "visionheight.com/scan Mozilla/5.0 (Macintosh; Intel Mac OS X 10_15_7) Chrome/126.0.0.0 Safari/537.36"
51.107.70.194 - - [13/Jun/2026:15:44:07 +0200] "GET /assistenza-aeg-parma/ HTTP/2.0" 200 30140 "-" "Mozilla/5.0 AppleWebKit/537.36 (KHTML, like Gecko); compatible; ChatGPT-User/1.0; +https://openai.com/bot"
65.108.235.243 - - [13/Jun/2026:15:44:32 +0200] "POST /wp-cron.php?doing_wp_cron=1781358272.2282509803771972656250 HTTP/1.1" 200 1 "-" "WordPress/7.0; https://parma.elettroservicegroup.it"
74.7.241.180 - - [13/Jun/2026:15:44:31 +0200] "GET /robots.txt HTTP/2.0" 200 104 "-" "Mozilla/5.0 (Macintosh; Intel Mac OS X 10_15_7) AppleWebKit/537.36 (KHTML, like Gecko) Chrome/131.0.0.0 Safari/537.36; compatible; OAI-SearchBot/1.4; robots.txt; +https://openai.com/searchbot"
65.108.235.243 - - [13/Jun/2026:15:57:05 +0200] "POST /wp-cron.php?doing_wp_cron=1781359025.5098750591278076171875 HTTP/1.1" 200 1 "-" "WordPress/7.0; https://parma.elettroservicegroup.it"
216.73.217.89 - - [13/Jun/2026:15:57:03 +0200] "GET /robots.txt HTTP/2.0" 200 104 "-" "Mozilla/5.0 AppleWebKit/537.36 (KHTML, like Gecko; compatible; ClaudeBot/1.0; +claudebot@anthropic.com)"
216.73.217.89 - - [13/Jun/2026:15:57:32 +0200] "GET /sitemap.rss HTTP/2.0" 200 1349 "-" "Mozilla/5.0 AppleWebKit/537.36 (KHTML, like Gecko; compatible; ClaudeBot/1.0; +claudebot@anthropic.com)"
65.108.235.243 - - [13/Jun/2026:15:57:33 +0200] "POST /wp-cron.php?doing_wp_cron=1781359053.0016739368438720703125 HTTP/1.1" 200 1 "-" "WordPress/7.0; https://parma.elettroservicegroup.it"
216.73.217.89 - - [13/Jun/2026:15:57:32 +0200] "GET /logo_white_background HTTP/2.0" 301 1 "-" "Mozilla/5.0 AppleWebKit/537.36 (KHTML, like Gecko; compatible; ClaudeBot/1.0; +claudebot@anthropic.com)"
216.73.217.89 - - [13/Jun/2026:15:57:33 +0200] "GET /logo_white_background/ HTTP/2.0" 200 25719 "https://parma.elettroservicegroup.it/logo_white_background" "Mozilla/5.0 AppleWebKit/537.36 (KHTML, like Gecko; compatible; ClaudeBot/1.0; +claudebot@anthropic.com)"
65.108.235.243 - - [13/Jun/2026:16:16:56 +0200] "POST /wp-cron.php?doing_wp_cron=1781360216.6910939216613769531250 HTTP/1.1" 200 1 "-" "WordPress/7.0; https://parma.elettroservicegroup.it"
74.7.227.134 - - [13/Jun/2026:16:16:52 +0200] "GET /sitemap.rss HTTP/2.0" 415 1348 "-" "Mozilla/5.0 AppleWebKit/537.36 (KHTML, like Gecko; compatible; GPTBot/1.4; +https://openai.com/gptbot)"
170.168.29.76 - - [13/Jun/2026:16:21:18 +0200] "POST /xmlrpc.php HTTP/2.0" 403 52 "-" "WordPress/XMLRPC Client"
65.108.235.243 - - [13/Jun/2026:16:26:09 +0200] "POST /wp-cron.php?doing_wp_cron=1781360769.7935099601745605468750 HTTP/1.1" 200 1 "-" "WordPress/7.0; https://parma.elettroservicegroup.it"
74.7.227.134 - - [13/Jun/2026:16:26:07 +0200] "GET /sitemap.xml HTTP/2.0" 415 314 "-" "Mozilla/5.0 AppleWebKit/537.36 (KHTML, like Gecko; compatible; GPTBot/1.4; +https://openai.com/gptbot)"
205.169.39.1 - - [13/Jun/2026:16:26:48 +0200] "GET / HTTP/1.1" 200 11757 "-" "Mozilla/5.0 (Windows NT 10.0) AppleWebKit/537.36 (KHTML, like Gecko) Chrome/106.0.0.0 Safari/537.36"
65.108.235.243 - - [13/Jun/2026:16:50:55 +0200] "POST /wp-cron.php?doing_wp_cron=1781362255.2176549434661865234375 HTTP/1.1" 200 1 "-" "WordPress/7.0; https://parma.elettroservicegroup.it"
185.102.113.171 - - [13/Jun/2026:16:50:52 +0200] "GET /wp-login.php HTTP/2.0" 200 3298 "-" "Mozilla/5.0 (Windows NT 10.0; Win64; x64) AppleWebKit/537.36 (KHTML, like Gecko) Chrome/120.0.0.0 Safari/537.36"
185.102.113.171 - - [13/Jun/2026:16:50:55 +0200] "GET /wp-includes/css/buttons.min.css?ver=7.0 HTTP/2.0" 200 1462 "https://parma.elettroservicegroup.it/wp-login.php" "Mozilla/5.0 (Windows NT 10.0; Win64; x64) AppleWebKit/537.36 (KHTML, like Gecko) Chrome/120.0.0.0 Safari/537.36"
185.102.113.171 - - [13/Jun/2026:16:50:55 +0200] "GET /wp-admin/css/l10n.min.css?ver=7.0 HTTP/2.0" 200 677 "https://parma.elettroservicegroup.it/wp-login.php" "Mozilla/5.0 (Windows NT 10.0; Win64; x64) AppleWebKit/537.36 (KHTML, like Gecko) Chrome/120.0.0.0 Safari/537.36"
185.102.113.171 - - [13/Jun/2026:16:50:55 +0200] "GET /wp-includes/js/zxcvbn-async.min.js?ver=1.0 HTTP/2.0" 200 188 "https://parma.elettroservicegroup.it/wp-login.php" "Mozilla/5.0 (Windows NT 10.0; Win64; x64) AppleWebKit/537.36 (KHTML, like Gecko) Chrome/120.0.0.0 Safari/537.36"
185.102.113.171 - - [13/Jun/2026:16:50:55 +0200] "GET /wp-includes/css/dist/base-styles/admin-schemes.min.css?ver=7.0 HTTP/2.0" 200 726 "https://parma.elettroservicegroup.it/wp-login.php" "Mozilla/5.0 (Windows NT 10.0; Win64; x64) AppleWebKit/537.36 (KHTML, like Gecko) Chrome/120.0.0.0 Safari/537.36"
185.102.113.171 - - [13/Jun/2026:16:50:55 +0200] "GET /wp-content/plugins/wordfence/modules/login-security/css/login.1778685035.css?ver=1.1.16 HTTP/2.0" 200 705 "https://parma.elettroservicegroup.it/wp-login.php" "Mozilla/5.0 (Windows NT 10.0; Win64; x64) AppleWebKit/537.36 (KHTML, like Gecko) Chrome/120.0.0.0 Safari/537.36"
185.102.113.171 - - [13/Jun/2026:16:50:55 +0200] "GET /wp-includes/js/jquery/jquery-migrate.min.js?ver=3.4.1 HTTP/2.0" 200 4685 "https://parma.elettroservicegroup.it/wp-login.php" "Mozilla/5.0 (Windows NT 10.0; Win64; x64) AppleWebKit/537.36 (KHTML, like Gecko) Chrome/120.0.0.0 Safari/537.36"
185.102.113.171 - - [13/Jun/2026:16:50:55 +0200] "GET /wp-includes/js/clipboard.min.js?ver=2.0.11 HTTP/2.0" 200 2997 "https://parma.elettroservicegroup.it/wp-login.php" "Mozilla/5.0 (Windows NT 10.0; Win64; x64) AppleWebKit/537.36 (KHTML, like Gecko) Chrome/120.0.0.0 Safari/537.36"
185.102.113.171 - - [13/Jun/2026:16:50:55 +0200] "GET /wp-admin/css/forms.min.css?ver=7.0 HTTP/2.0" 200 6492 "https://parma.elettroservicegroup.it/wp-login.php" "Mozilla/5.0 (Windows NT 10.0; Win64; x64) AppleWebKit/537.36 (KHTML, like Gecko) Chrome/120.0.0.0 Safari/537.36"
185.102.113.171 - - [13/Jun/2026:16:50:55 +0200] "GET /wp-admin/css/login.min.css?ver=7.0 HTTP/2.0" 200 2020 "https://parma.elettroservicegroup.it/wp-login.php" "Mozilla/5.0 (Windows NT 10.0; Win64; x64) AppleWebKit/537.36 (KHTML, like Gecko) Chrome/120.0.0.0 Safari/537.36"
185.102.113.171 - - [13/Jun/2026:16:50:55 +0200] "GET /wp-includes/css/dashicons.min.css?ver=7.0 HTTP/2.0" 200 35100 "https://parma.elettroservicegroup.it/wp-login.php" "Mozilla/5.0 (Windows NT 10.0; Win64; x64) AppleWebKit/537.36 (KHTML, like Gecko) Chrome/120.0.0.0 Safari/537.36"
185.102.113.171 - - [13/Jun/2026:16:50:55 +0200] "GET /wp-admin/js/password-strength-meter.min.js?ver=7.0 HTTP/2.0" 200 560 "https://parma.elettroservicegroup.it/wp-login.php" "Mozilla/5.0 (Windows NT 10.0; Win64; x64) AppleWebKit/537.36 (KHTML, like Gecko) Chrome/120.0.0.0 Safari/537.36"
185.102.113.171 - - [13/Jun/2026:16:50:55 +0200] "GET /wp-includes/js/wp-util.min.js?ver=7.0 HTTP/2.0" 200 693 "https://parma.elettroservicegroup.it/wp-login.php" "Mozilla/5.0 (Windows NT 10.0; Win64; x64) AppleWebKit/537.36 (KHTML, like Gecko) Chrome/120.0.0.0 Safari/537.36"
185.102.113.171 - - [13/Jun/2026:16:50:55 +0200] "GET /wp-includes/js/dist/i18n.min.js?ver=781d11515ad3d91786ec HTTP/2.0" 200 2333 "https://parma.elettroservicegroup.it/wp-login.php" "Mozilla/5.0 (Windows NT 10.0; Win64; x64) AppleWebKit/537.36 (KHTML, like Gecko) Chrome/120.0.0.0 Safari/537.36"
185.102.113.171 - - [13/Jun/2026:16:50:55 +0200] "GET /wp-includes/js/dist/dom-ready.min.js?ver=a06281ae5cf5500e9317 HTTP/2.0" 200 398 "https://parma.elettroservicegroup.it/wp-login.php" "Mozilla/5.0 (Windows NT 10.0; Win64; x64) AppleWebKit/537.36 (KHTML, like Gecko) Chrome/120.0.0.0 Safari/537.36"
185.102.113.171 - - [13/Jun/2026:16:50:55 +0200] "GET /wp-includes/js/dist/a11y.min.js?ver=af934e5259bc51b8718e HTTP/2.0" 200 915 "https://parma.elettroservicegroup.it/wp-login.php" "Mozilla/5.0 (Windows NT 10.0; Win64; x64) AppleWebKit/537.36 (KHTML, like Gecko) Chrome/120.0.0.0 Safari/537.36"
185.102.113.171 - - [13/Jun/2026:16:50:55 +0200] "GET /wp-content/plugins/wordfence/modules/login-security/js/login.1778685035.js?ver=1.1.16 HTTP/2.0" 200 5237 "https://parma.elettroservicegroup.it/wp-login.php" "Mozilla/5.0 (Windows NT 10.0; Win64; x64) AppleWebKit/537.36 (KHTML, like Gecko) Chrome/120.0.0.0 Safari/537.36"
185.102.113.171 - - [13/Jun/2026:16:50:55 +0200] "GET /wp-includes/js/dist/hooks.min.js?ver=7496969728ca0f95732d HTTP/2.0" 200 1711 "https://parma.elettroservicegroup.it/wp-login.php" "Mozilla/5.0 (Windows NT 10.0; Win64; x64) AppleWebKit/537.36 (KHTML, like Gecko) Chrome/120.0.0.0 Safari/537.36"
185.102.113.171 - - [13/Jun/2026:16:50:55 +0200] "GET /wp-admin/js/user-profile.min.js?ver=7.0 HTTP/2.0" 200 2891 "https://parma.elettroservicegroup.it/wp-login.php" "Mozilla/5.0 (Windows NT 10.0; Win64; x64) AppleWebKit/537.36 (KHTML, like Gecko) Chrome/120.0.0.0 Safari/537.36"
185.102.113.171 - - [13/Jun/2026:16:50:55 +0200] "GET /wp-includes/js/underscore.min.js?ver=1.13.8 HTTP/2.0" 200 7243 "https://parma.elettroservicegroup.it/wp-login.php" "Mozilla/5.0 (Windows NT 10.0; Win64; x64) AppleWebKit/537.36 (KHTML, like Gecko) Chrome/120.0.0.0 Safari/537.36"
185.102.113.171 - - [13/Jun/2026:16:50:55 +0200] "GET /wp-includes/js/jquery/jquery.min.js?ver=3.7.1 HTTP/2.0" 200 29769 "https://parma.elettroservicegroup.it/wp-login.php" "Mozilla/5.0 (Windows NT 10.0; Win64; x64) AppleWebKit/537.36 (KHTML, like Gecko) Chrome/120.0.0.0 Safari/537.36"
185.102.113.171 - - [13/Jun/2026:16:50:55 +0200] "GET /wp-admin/images/wordpress-logo-gray.svg?ver=20260303 HTTP/2.0" 200 765 "https://parma.elettroservicegroup.it/wp-admin/css/login.min.css?ver=7.0" "Mozilla/5.0 (Windows NT 10.0; Win64; x64) AppleWebKit/537.36 (KHTML, like Gecko) Chrome/120.0.0.0 Safari/537.36"
185.102.113.171 - - [13/Jun/2026:16:50:56 +0200] "GET /wp-includes/js/zxcvbn.min.js HTTP/2.0" 200 387992 "https://parma.elettroservicegroup.it/wp-login.php" "Mozilla/5.0 (Windows NT 10.0; Win64; x64) AppleWebKit/537.36 (KHTML, like Gecko) Chrome/120.0.0.0 Safari/537.36"
185.102.113.171 - - [13/Jun/2026:16:51:02 +0200] "GET /wp-login.php HTTP/1.1" 200 12847 "-" "Mozilla/5.0 (Windows NT 10.0; Win64; x64) AppleWebKit/537.36 (KHTML, like Gecko) Chrome/120.0.0.0 Safari/537.36"
65.108.235.243 - - [13/Jun/2026:16:51:06 +0200] "POST /wp-cron.php?doing_wp_cron=1781362266.3039650917053222656250 HTTP/1.1" 200 1 "-" "WordPress/7.0; https://parma.elettroservicegroup.it"
185.102.113.171 - - [13/Jun/2026:16:51:04 +0200] "POST /wp-login.php HTTP/1.1" 200 13266 "https://parma.elettroservicegroup.it/wp-login.php" "Mozilla/5.0 (Windows NT 10.0; Win64; x64) AppleWebKit/537.36 (KHTML, like Gecko) Chrome/120.0.0.0 Safari/537.36"
185.102.113.171 - - [13/Jun/2026:16:51:07 +0200] "GET /wp-admin/ HTTP/1.1" 302 - "-" "Mozilla/5.0 (Windows NT 10.0; Win64; x64) AppleWebKit/537.36 (KHTML, like Gecko) Chrome/120.0.0.0 Safari/537.36"
185.102.113.171 - - [13/Jun/2026:16:51:10 +0200] "GET /wp-login.php?redirect_to=https%3A%2F%2Fparma.elettroservicegroup.it%2Fwp-admin%2F&reauth=1 HTTP/1.1" 200 12935 "https://parma.elettroservicegroup.it/wp-admin/" "Mozilla/5.0 (Windows NT 10.0; Win64; x64) AppleWebKit/537.36 (KHTML, like Gecko) Chrome/120.0.0.0 Safari/537.36"
185.102.113.171 - - [13/Jun/2026:16:51:12 +0200] "POST /wp-admin/ HTTP/1.1" 302 - "https://parma.elettroservicegroup.it/wp-admin/" "Mozilla/5.0 (Windows NT 10.0; Win64; x64) AppleWebKit/537.36 (KHTML, like Gecko) Chrome/120.0.0.0 Safari/537.36"
185.102.113.171 - - [13/Jun/2026:16:51:15 +0200] "GET /wp-login.php?redirect_to=https%3A%2F%2Fparma.elettroservicegroup.it%2Fwp-admin%2F&reauth=1 HTTP/1.1" 200 12935 "https://parma.elettroservicegroup.it/wp-admin/" "Mozilla/5.0 (Windows NT 10.0; Win64; x64) AppleWebKit/537.36 (KHTML, like Gecko) Chrome/120.0.0.0 Safari/537.36"
157.22.72.202 - - [13/Jun/2026:16:51:17 +0200] "GET /wp-login.php HTTP/2.0" 200 3298 "-" "Mozilla/5.0 (Windows NT 10.0; Win64; x64) AppleWebKit/537.36 (KHTML, like Gecko) Chrome/120.0.0.0 Safari/537.36"
157.22.72.202 - - [13/Jun/2026:16:51:19 +0200] "GET /wp-includes/js/jquery/jquery-migrate.min.js?ver=3.4.1 HTTP/2.0" 200 4685 "https://parma.elettroservicegroup.it/wp-login.php" "Mozilla/5.0 (Windows NT 10.0; Win64; x64) AppleWebKit/537.36 (KHTML, like Gecko) Chrome/120.0.0.0 Safari/537.36"
157.22.72.202 - - [13/Jun/2026:16:51:19 +0200] "GET /wp-content/plugins/wordfence/modules/login-security/js/login.1778685035.js?ver=1.1.16 HTTP/2.0" 200 5237 "https://parma.elettroservicegroup.it/wp-login.php" "Mozilla/5.0 (Windows NT 10.0; Win64; x64) AppleWebKit/537.36 (KHTML, like Gecko) Chrome/120.0.0.0 Safari/537.36"
157.22.72.202 - - [13/Jun/2026:16:51:19 +0200] "GET /wp-includes/css/dashicons.min.css?ver=7.0 HTTP/2.0" 200 35100 "https://parma.elettroservicegroup.it/wp-login.php" "Mozilla/5.0 (Windows NT 10.0; Win64; x64) AppleWebKit/537.36 (KHTML, like Gecko) Chrome/120.0.0.0 Safari/537.36"
157.22.72.202 - - [13/Jun/2026:16:51:19 +0200] "GET /wp-includes/js/jquery/jquery.min.js?ver=3.7.1 HTTP/2.0" 200 29769 "https://parma.elettroservicegroup.it/wp-login.php" "Mozilla/5.0 (Windows NT 10.0; Win64; x64) AppleWebKit/537.36 (KHTML, like Gecko) Chrome/120.0.0.0 Safari/537.36"
157.22.72.202 - - [13/Jun/2026:16:51:19 +0200] "GET /wp-admin/css/l10n.min.css?ver=7.0 HTTP/2.0" 200 677 "https://parma.elettroservicegroup.it/wp-login.php" "Mozilla/5.0 (Windows NT 10.0; Win64; x64) AppleWebKit/537.36 (KHTML, like Gecko) Chrome/120.0.0.0 Safari/537.36"
157.22.72.202 - - [13/Jun/2026:16:51:19 +0200] "GET /wp-admin/css/login.min.css?ver=7.0 HTTP/2.0" 200 2020 "https://parma.elettroservicegroup.it/wp-login.php" "Mozilla/5.0 (Windows NT 10.0; Win64; x64) AppleWebKit/537.36 (KHTML, like Gecko) Chrome/120.0.0.0 Safari/537.36"
157.22.72.202 - - [13/Jun/2026:16:51:19 +0200] "GET /wp-includes/css/buttons.min.css?ver=7.0 HTTP/2.0" 200 1462 "https://parma.elettroservicegroup.it/wp-login.php" "Mozilla/5.0 (Windows NT 10.0; Win64; x64) AppleWebKit/537.36 (KHTML, like Gecko) Chrome/120.0.0.0 Safari/537.36"
157.22.72.202 - - [13/Jun/2026:16:51:19 +0200] "GET /wp-includes/css/dist/base-styles/admin-schemes.min.css?ver=7.0 HTTP/2.0" 200 726 "https://parma.elettroservicegroup.it/wp-login.php" "Mozilla/5.0 (Windows NT 10.0; Win64; x64) AppleWebKit/537.36 (KHTML, like Gecko) Chrome/120.0.0.0 Safari/537.36"
157.22.72.202 - - [13/Jun/2026:16:51:19 +0200] "GET /wp-admin/css/forms.min.css?ver=7.0 HTTP/2.0" 200 6492 "https://parma.elettroservicegroup.it/wp-login.php" "Mozilla/5.0 (Windows NT 10.0; Win64; x64) AppleWebKit/537.36 (KHTML, like Gecko) Chrome/120.0.0.0 Safari/537.36"
157.22.72.202 - - [13/Jun/2026:16:51:19 +0200] "GET /wp-includes/js/zxcvbn-async.min.js?ver=1.0 HTTP/2.0" 200 188 "https://parma.elettroservicegroup.it/wp-login.php" "Mozilla/5.0 (Windows NT 10.0; Win64; x64) AppleWebKit/537.36 (KHTML, like Gecko) Chrome/120.0.0.0 Safari/537.36"
157.22.72.202 - - [13/Jun/2026:16:51:19 +0200] "GET /wp-admin/js/password-strength-meter.min.js?ver=7.0 HTTP/2.0" 200 560 "https://parma.elettroservicegroup.it/wp-login.php" "Mozilla/5.0 (Windows NT 10.0; Win64; x64) AppleWebKit/537.36 (KHTML, like Gecko) Chrome/120.0.0.0 Safari/537.36"
157.22.72.202 - - [13/Jun/2026:16:51:19 +0200] "GET /wp-includes/js/wp-util.min.js?ver=7.0 HTTP/2.0" 200 693 "https://parma.elettroservicegroup.it/wp-login.php" "Mozilla/5.0 (Windows NT 10.0; Win64; x64) AppleWebKit/537.36 (KHTML, like Gecko) Chrome/120.0.0.0 Safari/537.36"
157.22.72.202 - - [13/Jun/2026:16:51:19 +0200] "GET /wp-content/plugins/wordfence/modules/login-security/css/login.1778685035.css?ver=1.1.16 HTTP/2.0" 200 705 "https://parma.elettroservicegroup.it/wp-login.php" "Mozilla/5.0 (Windows NT 10.0; Win64; x64) AppleWebKit/537.36 (KHTML, like Gecko) Chrome/120.0.0.0 Safari/537.36"
157.22.72.202 - - [13/Jun/2026:16:51:19 +0200] "GET /wp-includes/js/dist/hooks.min.js?ver=7496969728ca0f95732d HTTP/2.0" 200 1711 "https://parma.elettroservicegroup.it/wp-login.php" "Mozilla/5.0 (Windows NT 10.0; Win64; x64) AppleWebKit/537.36 (KHTML, like Gecko) Chrome/120.0.0.0 Safari/537.36"
157.22.72.202 - - [13/Jun/2026:16:51:19 +0200] "GET /wp-includes/js/clipboard.min.js?ver=2.0.11 HTTP/2.0" 200 2997 "https://parma.elettroservicegroup.it/wp-login.php" "Mozilla/5.0 (Windows NT 10.0; Win64; x64) AppleWebKit/537.36 (KHTML, like Gecko) Chrome/120.0.0.0 Safari/537.36"
157.22.72.202 - - [13/Jun/2026:16:51:19 +0200] "GET /wp-includes/js/dist/i18n.min.js?ver=781d11515ad3d91786ec HTTP/2.0" 200 2333 "https://parma.elettroservicegroup.it/wp-login.php" "Mozilla/5.0 (Windows NT 10.0; Win64; x64) AppleWebKit/537.36 (KHTML, like Gecko) Chrome/120.0.0.0 Safari/537.36"
157.22.72.202 - - [13/Jun/2026:16:51:19 +0200] "GET /wp-includes/js/dist/a11y.min.js?ver=af934e5259bc51b8718e HTTP/2.0" 200 915 "https://parma.elettroservicegroup.it/wp-login.php" "Mozilla/5.0 (Windows NT 10.0; Win64; x64) AppleWebKit/537.36 (KHTML, like Gecko) Chrome/120.0.0.0 Safari/537.36"
157.22.72.202 - - [13/Jun/2026:16:51:19 +0200] "GET /wp-includes/js/underscore.min.js?ver=1.13.8 HTTP/2.0" 200 7243 "https://parma.elettroservicegroup.it/wp-login.php" "Mozilla/5.0 (Windows NT 10.0; Win64; x64) AppleWebKit/537.36 (KHTML, like Gecko) Chrome/120.0.0.0 Safari/537.36"
157.22.72.202 - - [13/Jun/2026:16:51:19 +0200] "GET /wp-includes/js/dist/dom-ready.min.js?ver=a06281ae5cf5500e9317 HTTP/2.0" 200 398 "https://parma.elettroservicegroup.it/wp-login.php" "Mozilla/5.0 (Windows NT 10.0; Win64; x64) AppleWebKit/537.36 (KHTML, like Gecko) Chrome/120.0.0.0 Safari/537.36"
157.22.72.202 - - [13/Jun/2026:16:51:19 +0200] "GET /wp-admin/js/user-profile.min.js?ver=7.0 HTTP/2.0" 200 2891 "https://parma.elettroservicegroup.it/wp-login.php" "Mozilla/5.0 (Windows NT 10.0; Win64; x64) AppleWebKit/537.36 (KHTML, like Gecko) Chrome/120.0.0.0 Safari/537.36"
157.22.72.202 - - [13/Jun/2026:16:51:19 +0200] "GET /wp-admin/images/wordpress-logo-gray.svg?ver=20260303 HTTP/2.0" 200 765 "https://parma.elettroservicegroup.it/wp-admin/css/login.min.css?ver=7.0" "Mozilla/5.0 (Windows NT 10.0; Win64; x64) AppleWebKit/537.36 (KHTML, like Gecko) Chrome/120.0.0.0 Safari/537.36"
157.22.72.202 - - [13/Jun/2026:16:51:19 +0200] "GET /wp-includes/js/zxcvbn.min.js HTTP/2.0" 200 387992 "https://parma.elettroservicegroup.it/wp-login.php" "Mozilla/5.0 (Windows NT 10.0; Win64; x64) AppleWebKit/537.36 (KHTML, like Gecko) Chrome/120.0.0.0 Safari/537.36"
157.22.72.202 - - [13/Jun/2026:16:51:22 +0200] "POST /wp-admin/admin-ajax.php HTTP/2.0" 200 166 "https://parma.elettroservicegroup.it/wp-login.php" "Mozilla/5.0 (Windows NT 10.0; Win64; x64) AppleWebKit/537.36 (KHTML, like Gecko) Chrome/120.0.0.0 Safari/537.36"
157.22.72.202 - - [13/Jun/2026:16:51:25 +0200] "GET /wp-login.php HTTP/1.1" 200 12847 "-" "Mozilla/5.0 (Windows NT 10.0; Win64; x64) AppleWebKit/537.36 (KHTML, like Gecko) Chrome/120.0.0.0 Safari/537.36"
65.108.235.243 - - [13/Jun/2026:16:51:28 +0200] "POST /wp-cron.php?doing_wp_cron=1781362288.0023589134216308593750 HTTP/1.1" 200 1 "-" "WordPress/7.0; https://parma.elettroservicegroup.it"
185.102.113.171 - - [13/Jun/2026:16:50:59 +0200] "POST /wp-admin/admin-ajax.php HTTP/2.0" 200 - "https://parma.elettroservicegroup.it/wp-login.php" "Mozilla/5.0 (Windows NT 10.0; Win64; x64) AppleWebKit/537.36 (KHTML, like Gecko) Chrome/120.0.0.0 Safari/537.36"
157.22.72.202 - - [13/Jun/2026:16:51:27 +0200] "POST /wp-login.php HTTP/1.1" 200 13266 "https://parma.elettroservicegroup.it/wp-login.php" "Mozilla/5.0 (Windows NT 10.0; Win64; x64) AppleWebKit/537.36 (KHTML, like Gecko) Chrome/120.0.0.0 Safari/537.36"
157.22.72.202 - - [13/Jun/2026:16:51:30 +0200] "GET /wp-admin/ HTTP/1.1" 302 - "-" "Mozilla/5.0 (Windows NT 10.0; Win64; x64) AppleWebKit/537.36 (KHTML, like Gecko) Chrome/120.0.0.0 Safari/537.36"
157.22.72.202 - - [13/Jun/2026:16:51:33 +0200] "GET /wp-login.php?redirect_to=https%3A%2F%2Fparma.elettroservicegroup.it%2Fwp-admin%2F&reauth=1 HTTP/1.1" 200 12935 "https://parma.elettroservicegroup.it/wp-admin/" "Mozilla/5.0 (Windows NT 10.0; Win64; x64) AppleWebKit/537.36 (KHTML, like Gecko) Chrome/120.0.0.0 Safari/537.36"
157.22.72.202 - - [13/Jun/2026:16:51:35 +0200] "POST /wp-admin/ HTTP/1.1" 302 - "https://parma.elettroservicegroup.it/wp-admin/" "Mozilla/5.0 (Windows NT 10.0; Win64; x64) AppleWebKit/537.36 (KHTML, like Gecko) Chrome/120.0.0.0 Safari/537.36"
157.22.72.202 - - [13/Jun/2026:16:51:37 +0200] "GET /wp-login.php?redirect_to=https%3A%2F%2Fparma.elettroservicegroup.it%2Fwp-admin%2F&reauth=1 HTTP/1.1" 200 12935 "https://parma.elettroservicegroup.it/wp-admin/" "Mozilla/5.0 (Windows NT 10.0; Win64; x64) AppleWebKit/537.36 (KHTML, like Gecko) Chrome/120.0.0.0 Safari/537.36"
122.8.92.122 - - [13/Jun/2026:16:51:39 +0200] "GET /wp-login.php HTTP/2.0" 200 3298 "-" "Mozilla/5.0 (Windows NT 10.0; Win64; x64) AppleWebKit/537.36 (KHTML, like Gecko) Chrome/120.0.0.0 Safari/537.36"
122.8.92.122 - - [13/Jun/2026:16:51:40 +0200] "GET /wp-includes/js/zxcvbn-async.min.js?ver=1.0 HTTP/2.0" 200 188 "https://parma.elettroservicegroup.it/wp-login.php" "Mozilla/5.0 (Windows NT 10.0; Win64; x64) AppleWebKit/537.36 (KHTML, like Gecko) Chrome/120.0.0.0 Safari/537.36"
122.8.92.122 - - [13/Jun/2026:16:51:40 +0200] "GET /wp-includes/css/buttons.min.css?ver=7.0 HTTP/2.0" 200 1462 "https://parma.elettroservicegroup.it/wp-login.php" "Mozilla/5.0 (Windows NT 10.0; Win64; x64) AppleWebKit/537.36 (KHTML, like Gecko) Chrome/120.0.0.0 Safari/537.36"
122.8.92.122 - - [13/Jun/2026:16:51:40 +0200] "GET /wp-admin/css/l10n.min.css?ver=7.0 HTTP/2.0" 200 677 "https://parma.elettroservicegroup.it/wp-login.php" "Mozilla/5.0 (Windows NT 10.0; Win64; x64) AppleWebKit/537.36 (KHTML, like Gecko) Chrome/120.0.0.0 Safari/537.36"
