23.236.55.230 - - [26/Jun/2026:14:11:35 +0200] "HEAD /robots.txt HTTP/2.0" 200 11811 "-" "Mozilla/5.0 (X11; Linux x86_64) AppleWebKit/537.36 (KHTML, like Gecko) Chrome/136.0.0.0 Safari/537.36"
23.236.55.230 - - [26/Jun/2026:14:11:35 +0200] "GET /robots.txt HTTP/2.0" 200 11811 "-" "Mozilla/5.0 (X11; Linux x86_64) AppleWebKit/537.36 (KHTML, like Gecko) Chrome/136.0.0.0 Safari/537.36"
65.108.235.243 - - [26/Jun/2026:14:11:44 +0200] "POST /wp-cron.php?doing_wp_cron=1782475904.4496419429779052734375 HTTP/1.1" 200 1 "-" "WordPress/7.0; https://reggio-emilia.elettroservicegroup.it"
34.173.239.49 - - [26/Jun/2026:14:11:36 +0200] "HEAD /assistenza-aeg-reggio-emilia HTTP/2.0" 301 - "-" "Mozilla/5.0 AppleWebKit/537.36 (KHTML, like Gecko); compatible; ShapBot/0.1.0"
34.173.239.49 - - [26/Jun/2026:14:11:44 +0200] "HEAD /assistenza-aeg-reggio-emilia HTTP/2.0" 301 - "-" "Mozilla/5.0 AppleWebKit/537.36 (KHTML, like Gecko); compatible; ShapBot/0.1.0"
34.173.239.49 - - [26/Jun/2026:14:11:46 +0200] "HEAD /assistenza-aeg-reggio-emilia/ HTTP/2.0" 200 33446 "-" "Mozilla/5.0 AppleWebKit/537.36 (KHTML, like Gecko); compatible; ShapBot/0.1.0"
34.173.239.49 - - [26/Jun/2026:14:11:46 +0200] "GET /assistenza-aeg-reggio-emilia HTTP/2.0" 301 - "-" "Mozilla/5.0 AppleWebKit/537.36 (KHTML, like Gecko); compatible; ShapBot/0.1.0"
34.173.239.49 - - [26/Jun/2026:14:11:48 +0200] "GET /assistenza-aeg-reggio-emilia/ HTTP/2.0" 200 33446 "-" "Mozilla/5.0 AppleWebKit/537.36 (KHTML, like Gecko); compatible; ShapBot/0.1.0"
65.108.235.243 - - [26/Jun/2026:14:11:46 +0200] "GET /assistenza-lavatrici-bosch-rubiera/ HTTP/1.1" 200 30331 "-" "WP Fastest Cache Preload Bot"
65.108.235.243 - - [26/Jun/2026:14:11:52 +0200] "GET /assistenza-lavatrici-bosch-scandiano/ HTTP/1.1" 200 30332 "-" "WP Fastest Cache Preload Bot"
65.108.235.243 - - [26/Jun/2026:14:11:56 +0200] "GET /assistenza-lavatrici-bosch-santilario-denza/ HTTP/1.1" 200 30388 "-" "WP Fastest Cache Preload Bot"
65.108.235.243 - - [26/Jun/2026:14:12:01 +0200] "GET /assistenza-lavatrici-bosch-guastalla/ HTTP/1.1" 200 30331 "-" "WP Fastest Cache Preload Bot"
65.108.235.243 - - [26/Jun/2026:14:20:43 +0200] "POST /wp-cron.php?doing_wp_cron=1782476443.1750400066375732421875 HTTP/1.1" 200 1 "-" "WordPress/7.0; https://reggio-emilia.elettroservicegroup.it"
192.178.16.135 - - [26/Jun/2026:14:20:40 +0200] "GET / HTTP/1.1" 200 30738 "-" "Mozilla/5.0 (Linux; Android 6.0.1; Nexus 5X Build/MMB29P) AppleWebKit/537.36 (KHTML, like Gecko) Chrome/148.0.7778.96 Mobile Safari/537.36 (compatible; AdsBot-Google-Mobile; +http://www.google.com/mobile/adsbot.html)"
65.108.235.243 - - [26/Jun/2026:14:20:44 +0200] "GET /assistenza-lavatrici-bosch-correggio/ HTTP/1.1" 200 30331 "-" "WP Fastest Cache Preload Bot"
192.178.16.136 - - [26/Jun/2026:14:20:45 +0200] "GET /wp-content/uploads/elementor/css/post-14227.css?ver=1782444096 HTTP/1.1" 200 2362 "https://reggio-emilia.elettroservicegroup.it/" "AdsBot-Google (+http://www.google.com/adsbot.html)"
65.108.235.243 - - [26/Jun/2026:14:20:45 +0200] "GET /assistenza-lavatrici-bosch-reggio-emilia/ HTTP/1.1" 200 30324 "-" "WP Fastest Cache Preload Bot"
65.108.235.243 - - [26/Jun/2026:14:20:45 +0200] "GET /assistenza-lavatrici-ariston-rubiera/ HTTP/1.1" 200 30305 "-" "WP Fastest Cache Preload Bot"
65.108.235.243 - - [26/Jun/2026:14:20:46 +0200] "GET /assistenza-lavatrici-ariston-scandiano/ HTTP/1.1" 200 30310 "-" "WP Fastest Cache Preload Bot"
65.108.235.243 - - [26/Jun/2026:14:30:29 +0200] "POST /wp-cron.php?doing_wp_cron=1782477029.8224740028381347656250 HTTP/1.1" 200 1 "-" "WordPress/7.0; https://reggio-emilia.elettroservicegroup.it"
213.180.203.178 - - [26/Jun/2026:14:30:28 +0200] "GET /robots.txt HTTP/1.1" 200 205 "-" "Mozilla/5.0 (compatible; YandexBot/3.0; +http://yandex.com/bots)"
213.180.203.126 - - [26/Jun/2026:14:30:30 +0200] "GET /wp-content/uploads/2021/10/cropped-cropped-cropped-cropped-logo_white_background-180x180.png HTTP/2.0" 200 16527 "-" "Mozilla/5.0 (compatible; YandexFavicons/1.0; +http://yandex.com/bots)"
65.108.235.243 - - [26/Jun/2026:14:30:30 +0200] "GET /assistenza-lavatrici-ariston-santilario-denza/ HTTP/1.1" 200 30381 "-" "WP Fastest Cache Preload Bot"
65.108.235.243 - - [26/Jun/2026:14:30:30 +0200] "GET /assistenza-lavatrici-ariston-guastalla/ HTTP/1.1" 200 30308 "-" "WP Fastest Cache Preload Bot"
65.108.235.243 - - [26/Jun/2026:14:30:31 +0200] "GET /assistenza-lavatrici-ariston-correggio/ HTTP/1.1" 200 30310 "-" "WP Fastest Cache Preload Bot"
65.108.235.243 - - [26/Jun/2026:14:30:31 +0200] "GET /assistenza-lavatrici-ariston-reggio-emilia/ HTTP/1.1" 200 30302 "-" "WP Fastest Cache Preload Bot"
68.221.75.20 - - [26/Jun/2026:14:34:26 +0200] "GET /assistenza-condizionatori-reggio-emilia/ HTTP/2.0" 200 11853 "-" "Mozilla/5.0 AppleWebKit/537.36 (KHTML, like Gecko); compatible; ChatGPT-User/1.0; +https://openai.com/bot"
65.108.235.243 - - [26/Jun/2026:14:39:15 +0200] "POST /wp-cron.php?doing_wp_cron=1782477555.8634710311889648437500 HTTP/1.1" 200 1 "-" "WordPress/7.0; https://reggio-emilia.elettroservicegroup.it"
51.89.44.65 - - [26/Jun/2026:14:39:07 +0200] "GET /images/images/cache.php HTTP/2.0" 404 101431 "-" "Mozilla/5.0 (Windows NT 10.0; Win64; x64) AppleWebKit/537.36 (KHTML, like Gecko) Chrome/147.0.0.0 Safari/537.36"
65.108.235.243 - - [26/Jun/2026:14:39:17 +0200] "GET /assistenza-lavatrici-aeg-rubiera/ HTTP/1.1" 200 30331 "-" "WP Fastest Cache Preload Bot"
65.108.235.243 - - [26/Jun/2026:14:39:19 +0200] "GET /assistenza-lavatrici-aeg-scandiano/ HTTP/1.1" 200 30336 "-" "WP Fastest Cache Preload Bot"
65.108.235.243 - - [26/Jun/2026:14:39:19 +0200] "GET /assistenza-lavatrici-aeg-santilario-denza/ HTTP/1.1" 200 30397 "-" "WP Fastest Cache Preload Bot"
65.108.235.243 - - [26/Jun/2026:14:39:21 +0200] "GET /assistenza-lavatrici-aeg-guastalla/ HTTP/1.1" 200 30334 "-" "WP Fastest Cache Preload Bot"
65.108.235.243 - - [26/Jun/2026:14:40:21 +0200] "POST /wp-cron.php?doing_wp_cron=1782477621.1965289115905761718750 HTTP/1.1" 200 1 "-" "WordPress/7.0; https://reggio-emilia.elettroservicegroup.it"
51.89.44.65 - - [26/Jun/2026:14:40:13 +0200] "GET /wp-content/plugins/wp-security-audit-log/css/admin-notices.css HTTP/2.0" 404 105395 "-" "Mozilla/5.0 (Windows NT 10.0; Win64; x64) AppleWebKit/537.36 (KHTML, like Gecko) Chrome/147.0.0.0 Safari/537.36"
65.108.235.243 - - [26/Jun/2026:14:40:21 +0200] "GET /assistenza-lavastoviglie-smeg-rubiera/ HTTP/1.1" 200 30203 "-" "WP Fastest Cache Preload Bot"
65.108.235.243 - - [26/Jun/2026:14:40:22 +0200] "GET /assistenza-lavatrici-aeg-correggio/ HTTP/1.1" 200 30337 "-" "WP Fastest Cache Preload Bot"
65.108.235.243 - - [26/Jun/2026:14:40:22 +0200] "GET /assistenza-lavatrici-aeg-reggio-emilia/ HTTP/1.1" 200 30330 "-" "WP Fastest Cache Preload Bot"
65.108.235.243 - - [26/Jun/2026:14:40:23 +0200] "GET /assistenza-lavatrici-rubiera/ HTTP/1.1" 200 30916 "-" "WP Fastest Cache Preload Bot"
40.77.167.159 - - [26/Jun/2026:14:43:44 +0200] "GET /wp-content/uploads/2021/10/cropped-logo_white_background.png HTTP/2.0" 200 15855 "-" "Mozilla/5.0 AppleWebKit/537.36 (KHTML, like Gecko; compatible; bingbot/2.0; +http://www.bing.com/bingbot.htm) Chrome/116.0.1938.76 Safari/537.36"
65.108.235.243 - - [26/Jun/2026:14:52:33 +0200] "POST /wp-cron.php?doing_wp_cron=1782478353.4814870357513427734375 HTTP/1.1" 200 1 "-" "WordPress/7.0; https://reggio-emilia.elettroservicegroup.it"
74.7.244.51 - - [26/Jun/2026:14:52:29 +0200] "GET /robots.txt HTTP/2.0" 200 110 "-" "Mozilla/5.0 (Macintosh; Intel Mac OS X 10_15_7) AppleWebKit/537.36 (KHTML, like Gecko) Chrome/131.0.0.0 Safari/537.36; compatible; OAI-SearchBot/1.4; robots.txt; +https://openai.com/searchbot"
65.108.235.243 - - [26/Jun/2026:14:52:34 +0200] "GET /assistenza-lavastoviglie-smeg-scandiano/ HTTP/1.1" 200 30200 "-" "WP Fastest Cache Preload Bot"
65.108.235.243 - - [26/Jun/2026:14:52:35 +0200] "GET /assistenza-lavatrici-scandiano/ HTTP/1.1" 200 30912 "-" "WP Fastest Cache Preload Bot"
65.108.235.243 - - [26/Jun/2026:14:52:36 +0200] "GET /assistenza-lavatrici-santilario-denza/ HTTP/1.1" 200 30986 "-" "WP Fastest Cache Preload Bot"
65.108.235.243 - - [26/Jun/2026:14:52:36 +0200] "GET /assistenza-lavastoviglie-smeg-santilario-denza/ HTTP/1.1" 200 30280 "-" "WP Fastest Cache Preload Bot"
167.148.117.170 - - [26/Jun/2026:15:53:38 +0200] "GET /wp-content/uploads/2021/10/TECNICO-ELETTRODOMESTICI-4.jpg HTTP/1.1" 200 23089 "https://reggio-emilia.elettroservicegroup.it/" "Mozilla/5.0 (Windows NT 10.0; Win64; x64) AppleWebKit/537.36 (KHTML, like Gecko) Chrome/117.0.0.0 Safari/537.36"
65.108.235.243 - - [26/Jun/2026:16:27:58 +0200] "POST /wp-cron.php?doing_wp_cron=1782484078.0999400615692138671875 HTTP/1.1" 200 1 "-" "WordPress/7.0; https://reggio-emilia.elettroservicegroup.it"
192.178.16.137 - - [26/Jun/2026:16:27:54 +0200] "GET /assistenza-frigoriferi-reggio-emilia/ HTTP/1.1" 200 28371 "-" "Mozilla/5.0 (Linux; Android 6.0.1; Nexus 5X Build/MMB29P) AppleWebKit/537.36 (KHTML, like Gecko) Chrome/148.0.7778.96 Mobile Safari/537.36 (compatible; AdsBot-Google-Mobile; +http://www.google.com/mobile/adsbot.html)"
65.108.235.243 - - [26/Jun/2026:16:27:58 +0200] "GET /assistenza-lavatrici-guastalla/ HTTP/1.1" 200 30918 "-" "WP Fastest Cache Preload Bot"
65.108.235.243 - - [26/Jun/2026:16:27:59 +0200] "GET /assistenza-lavatrici-correggio/ HTTP/1.1" 200 30904 "-" "WP Fastest Cache Preload Bot"
192.178.16.137 - - [26/Jun/2026:16:28:00 +0200] "GET /wp-content/uploads/elementor/css/post-15287.css?ver=1782457490 HTTP/1.1" 200 1968 "https://reggio-emilia.elettroservicegroup.it/assistenza-frigoriferi-reggio-emilia/" "AdsBot-Google (+http://www.google.com/adsbot.html)"
65.108.235.243 - - [26/Jun/2026:16:27:59 +0200] "GET /assistenza-lavatrici-reggio-emilia/ HTTP/1.1" 200 31154 "-" "WP Fastest Cache Preload Bot"
192.178.16.137 - - [26/Jun/2026:16:28:00 +0200] "GET /wp-content/uploads/2021/10/cropped-cropped-cropped-logo_white_background.png HTTP/1.1" 200 26788 "https://reggio-emilia.elettroservicegroup.it/assistenza-frigoriferi-reggio-emilia/" "AdsBot-Google (+http://www.google.com/adsbot.html)"
192.178.16.135 - - [26/Jun/2026:16:28:00 +0200] "GET /wp-content/uploads/2021/10/cropped-logo_white_background.png HTTP/1.1" 200 15855 "https://reggio-emilia.elettroservicegroup.it/assistenza-frigoriferi-reggio-emilia/" "AdsBot-Google (+http://www.google.com/adsbot.html)"
65.108.235.243 - - [26/Jun/2026:16:28:00 +0200] "GET /assistenza-lavastoviglie-whirlpool-rubiera/ HTTP/1.1" 200 30237 "-" "WP Fastest Cache Preload Bot"
65.108.235.243 - - [26/Jun/2026:16:28:01 +0200] "POST /wp-json/complianz/v1/wsc-scan HTTP/1.1" 400 88 "-" "WordPress/7.0; https://reggio-emilia.elettroservicegroup.it"
192.178.16.137 - - [26/Jun/2026:16:28:03 +0200] "GET /wp-json/complianz/v1/banner?lang=it&locale=it_IT&token=iwqav HTTP/1.1" 200 83 "https://reggio-emilia.elettroservicegroup.it/assistenza-frigoriferi-reggio-emilia/" "AdsBot-Google (+http://www.google.com/adsbot.html)"
192.178.16.135 - - [26/Jun/2026:16:28:34 +0200] "GET /wp-content/uploads/2021/10/TECNICO-ELETTRODOMESTICI-5.jpg HTTP/1.1" 200 23089 "https://reggio-emilia.elettroservicegroup.it/assistenza-frigoriferi-reggio-emilia/" "AdsBot-Google (+http://www.google.com/adsbot.html)"
192.178.16.135 - - [26/Jun/2026:16:28:34 +0200] "GET /wp-content/uploads/2021/10/FRIGO.png HTTP/1.1" 200 115519 "https://reggio-emilia.elettroservicegroup.it/assistenza-frigoriferi-reggio-emilia/" "AdsBot-Google (+http://www.google.com/adsbot.html)"
65.108.235.243 - - [26/Jun/2026:16:34:38 +0200] "POST /wp-cron.php?doing_wp_cron=1782484478.6601130962371826171875 HTTP/1.1" 200 1 "-" "WordPress/7.0; https://reggio-emilia.elettroservicegroup.it"
109.116.110.42 - - [26/Jun/2026:16:34:34 +0200] "GET /assistenza-smeg-reggio-emilia/ HTTP/2.0" 200 30381 "https://www.google.com/" "Mozilla/5.0 (iPhone; CPU iPhone OS 18_7 like Mac OS X) AppleWebKit/605.1.15 (KHTML, like Gecko) Version/26.5 Mobile/15E148 Safari/604.1"
109.116.110.42 - - [26/Jun/2026:16:34:39 +0200] "GET /wp-content/uploads/elementor/css/post-14146.css?ver=1782444095 HTTP/2.0" 200 428 "https://reggio-emilia.elettroservicegroup.it/assistenza-smeg-reggio-emilia/" "Mozilla/5.0 (iPhone; CPU iPhone OS 18_7 like Mac OS X) AppleWebKit/605.1.15 (KHTML, like Gecko) Version/26.5 Mobile/15E148 Safari/604.1"
109.116.110.42 - - [26/Jun/2026:16:34:39 +0200] "GET /wp-content/plugins/elementor/assets/css/frontend.min.css?ver=4.1.4 HTTP/2.0" 200 6618 "https://reggio-emilia.elettroservicegroup.it/assistenza-smeg-reggio-emilia/" "Mozilla/5.0 (iPhone; CPU iPhone OS 18_7 like Mac OS X) AppleWebKit/605.1.15 (KHTML, like Gecko) Version/26.5 Mobile/15E148 Safari/604.1"
109.116.110.42 - - [26/Jun/2026:16:34:39 +0200] "GET /wp-content/plugins/header-footer-elementor/assets/css/header-footer-elementor.css?ver=2.8.8 HTTP/2.0" 200 260 "https://reggio-emilia.elettroservicegroup.it/assistenza-smeg-reggio-emilia/" "Mozilla/5.0 (iPhone; CPU iPhone OS 18_7 like Mac OS X) AppleWebKit/605.1.15 (KHTML, like Gecko) Version/26.5 Mobile/15E148 Safari/604.1"
109.116.110.42 - - [26/Jun/2026:16:34:39 +0200] "GET /wp-content/plugins/complianz-gdpr-premium/assets/css/cookieblocker.min.css?ver=1781536286 HTTP/2.0" 200 615 "https://reggio-emilia.elettroservicegroup.it/assistenza-smeg-reggio-emilia/" "Mozilla/5.0 (iPhone; CPU iPhone OS 18_7 like Mac OS X) AppleWebKit/605.1.15 (KHTML, like Gecko) Version/26.5 Mobile/15E148 Safari/604.1"
109.116.110.42 - - [26/Jun/2026:16:34:39 +0200] "GET /wp-content/plugins/elementor/assets/css/widget-heading.min.css?ver=4.1.4 HTTP/2.0" 200 127 "https://reggio-emilia.elettroservicegroup.it/assistenza-smeg-reggio-emilia/" "Mozilla/5.0 (iPhone; CPU iPhone OS 18_7 like Mac OS X) AppleWebKit/605.1.15 (KHTML, like Gecko) Version/26.5 Mobile/15E148 Safari/604.1"
109.116.110.42 - - [26/Jun/2026:16:34:39 +0200] "GET /wp-content/plugins/elementor/assets/lib/animations/styles/bounceIn.min.css?ver=4.1.4 HTTP/2.0" 200 186 "https://reggio-emilia.elettroservicegroup.it/assistenza-smeg-reggio-emilia/" "Mozilla/5.0 (iPhone; CPU iPhone OS 18_7 like Mac OS X) AppleWebKit/605.1.15 (KHTML, like Gecko) Version/26.5 Mobile/15E148 Safari/604.1"
109.116.110.42 - - [26/Jun/2026:16:34:39 +0200] "GET /wp-content/plugins/all-in-one-seo-pack/dist/Lite/assets/css/table-of-contents/global.e90f6d47.css?ver=4.9.9 HTTP/2.0" 200 420 "https://reggio-emilia.elettroservicegroup.it/assistenza-smeg-reggio-emilia/" "Mozilla/5.0 (iPhone; CPU iPhone OS 18_7 like Mac OS X) AppleWebKit/605.1.15 (KHTML, like Gecko) Version/26.5 Mobile/15E148 Safari/604.1"
109.116.110.42 - - [26/Jun/2026:16:34:39 +0200] "GET /wp-content/uploads/elementor/css/post-17834.css?ver=1782466517 HTTP/2.0" 200 2178 "https://reggio-emilia.elettroservicegroup.it/assistenza-smeg-reggio-emilia/" "Mozilla/5.0 (iPhone; CPU iPhone OS 18_7 like Mac OS X) AppleWebKit/605.1.15 (KHTML, like Gecko) Version/26.5 Mobile/15E148 Safari/604.1"
109.116.110.42 - - [26/Jun/2026:16:34:39 +0200] "GET /wp-content/plugins/elementor/assets/lib/font-awesome/css/brands.css?ver=5.15.3 HTTP/2.0" 200 298 "https://reggio-emilia.elettroservicegroup.it/assistenza-smeg-reggio-emilia/" "Mozilla/5.0 (iPhone; CPU iPhone OS 18_7 like Mac OS X) AppleWebKit/605.1.15 (KHTML, like Gecko) Version/26.5 Mobile/15E148 Safari/604.1"
109.116.110.42 - - [26/Jun/2026:16:34:39 +0200] "GET /wp-content/plugins/elementor/assets/lib/eicons/css/elementor-icons.min.css?ver=5.34.0 HTTP/2.0" 200 4125 "https://reggio-emilia.elettroservicegroup.it/assistenza-smeg-reggio-emilia/" "Mozilla/5.0 (iPhone; CPU iPhone OS 18_7 like Mac OS X) AppleWebKit/605.1.15 (KHTML, like Gecko) Version/26.5 Mobile/15E148 Safari/604.1"
109.116.110.42 - - [26/Jun/2026:16:34:39 +0200] "GET /wp-content/plugins/elementor/assets/lib/font-awesome/css/v4-shims.min.css?ver=4.1.4 HTTP/2.0" 200 3986 "https://reggio-emilia.elettroservicegroup.it/assistenza-smeg-reggio-emilia/" "Mozilla/5.0 (iPhone; CPU iPhone OS 18_7 like Mac OS X) AppleWebKit/605.1.15 (KHTML, like Gecko) Version/26.5 Mobile/15E148 Safari/604.1"
109.116.110.42 - - [26/Jun/2026:16:34:39 +0200] "GET /wp-content/plugins/elementor/assets/lib/animations/styles/zoomIn.min.css?ver=4.1.4 HTTP/2.0" 200 87 "https://reggio-emilia.elettroservicegroup.it/assistenza-smeg-reggio-emilia/" "Mozilla/5.0 (iPhone; CPU iPhone OS 18_7 like Mac OS X) AppleWebKit/605.1.15 (KHTML, like Gecko) Version/26.5 Mobile/15E148 Safari/604.1"
109.116.110.42 - - [26/Jun/2026:16:34:39 +0200] "GET /wp-content/plugins/header-footer-elementor/inc/widgets-css/frontend.css?ver=2.8.8 HTTP/2.0" 200 8711 "https://reggio-emilia.elettroservicegroup.it/assistenza-smeg-reggio-emilia/" "Mozilla/5.0 (iPhone; CPU iPhone OS 18_7 like Mac OS X) AppleWebKit/605.1.15 (KHTML, like Gecko) Version/26.5 Mobile/15E148 Safari/604.1"
109.116.110.42 - - [26/Jun/2026:16:34:39 +0200] "GET /wp-content/uploads/elementor/css/post-14366.css?ver=1782444096 HTTP/2.0" 200 302 "https://reggio-emilia.elettroservicegroup.it/assistenza-smeg-reggio-emilia/" "Mozilla/5.0 (iPhone; CPU iPhone OS 18_7 like Mac OS X) AppleWebKit/605.1.15 (KHTML, like Gecko) Version/26.5 Mobile/15E148 Safari/604.1"
109.116.110.42 - - [26/Jun/2026:16:34:39 +0200] "GET /wp-content/plugins/elementor/assets/css/widget-spacer.min.css?ver=4.1.4 HTTP/2.0" 200 287 "https://reggio-emilia.elettroservicegroup.it/assistenza-smeg-reggio-emilia/" "Mozilla/5.0 (iPhone; CPU iPhone OS 18_7 like Mac OS X) AppleWebKit/605.1.15 (KHTML, like Gecko) Version/26.5 Mobile/15E148 Safari/604.1"
109.116.110.42 - - [26/Jun/2026:16:34:39 +0200] "GET /wp-content/plugins/elementor/assets/css/widget-image.min.css?ver=4.1.4 HTTP/2.0" 200 96 "https://reggio-emilia.elettroservicegroup.it/assistenza-smeg-reggio-emilia/" "Mozilla/5.0 (iPhone; CPU iPhone OS 18_7 like Mac OS X) AppleWebKit/605.1.15 (KHTML, like Gecko) Version/26.5 Mobile/15E148 Safari/604.1"
109.116.110.42 - - [26/Jun/2026:16:34:39 +0200] "GET /wp-content/plugins/gp-premium/menu-plus/functions/css/navigation-branding-flex.min.css?ver=2.5.5 HTTP/2.0" 200 542 "https://reggio-emilia.elettroservicegroup.it/assistenza-smeg-reggio-emilia/" "Mozilla/5.0 (iPhone; CPU iPhone OS 18_7 like Mac OS X) AppleWebKit/605.1.15 (KHTML, like Gecko) Version/26.5 Mobile/15E148 Safari/604.1"
109.116.110.42 - - [26/Jun/2026:16:34:39 +0200] "GET /wp-content/plugins/elementor/assets/css/widget-icon-list.min.css?ver=3.24.3 HTTP/2.0" 200 928 "https://reggio-emilia.elettroservicegroup.it/assistenza-smeg-reggio-emilia/" "Mozilla/5.0 (iPhone; CPU iPhone OS 18_7 like Mac OS X) AppleWebKit/605.1.15 (KHTML, like Gecko) Version/26.5 Mobile/15E148 Safari/604.1"
109.116.110.42 - - [26/Jun/2026:16:34:39 +0200] "GET /wp-content/uploads/elementor/google-fonts/css/roboto.css?ver=1742255001 HTTP/2.0" 200 1890 "https://reggio-emilia.elettroservicegroup.it/assistenza-smeg-reggio-emilia/" "Mozilla/5.0 (iPhone; CPU iPhone OS 18_7 like Mac OS X) AppleWebKit/605.1.15 (KHTML, like Gecko) Version/26.5 Mobile/15E148 Safari/604.1"
109.116.110.42 - - [26/Jun/2026:16:34:39 +0200] "GET /wp-content/uploads/2021/10/cropped-cropped-cropped-logo_white_background.png HTTP/2.0" 200 26788 "https://reggio-emilia.elettroservicegroup.it/assistenza-smeg-reggio-emilia/" "Mozilla/5.0 (iPhone; CPU iPhone OS 18_7 like Mac OS X) AppleWebKit/605.1.15 (KHTML, like Gecko) Version/26.5 Mobile/15E148 Safari/604.1"
109.116.110.42 - - [26/Jun/2026:16:34:39 +0200] "GET /wp-content/themes/generatepress/assets/css/main.min.css?ver=3.6.1 HTTP/2.0" 200 4410 "https://reggio-emilia.elettroservicegroup.it/assistenza-smeg-reggio-emilia/" "Mozilla/5.0 (iPhone; CPU iPhone OS 18_7 like Mac OS X) AppleWebKit/605.1.15 (KHTML, like Gecko) Version/26.5 Mobile/15E148 Safari/604.1"
109.116.110.42 - - [26/Jun/2026:16:34:39 +0200] "GET /wp-content/plugins/elementor/assets/css/widget-social-icons.min.css?ver=3.24.0 HTTP/2.0" 200 1039 "https://reggio-emilia.elettroservicegroup.it/assistenza-smeg-reggio-emilia/" "Mozilla/5.0 (iPhone; CPU iPhone OS 18_7 like Mac OS X) AppleWebKit/605.1.15 (KHTML, like Gecko) Version/26.5 Mobile/15E148 Safari/604.1"
109.116.110.42 - - [26/Jun/2026:16:34:39 +0200] "GET /wp-content/uploads/elementor/google-fonts/css/robotoslab.css?ver=1742255003 HTTP/2.0" 200 721 "https://reggio-emilia.elettroservicegroup.it/assistenza-smeg-reggio-emilia/" "Mozilla/5.0 (iPhone; CPU iPhone OS 18_7 like Mac OS X) AppleWebKit/605.1.15 (KHTML, like Gecko) Version/26.5 Mobile/15E148 Safari/604.1"
109.116.110.42 - - [26/Jun/2026:16:34:39 +0200] "GET /wp-content/plugins/elementor/assets/lib/font-awesome/js/v4-shims.min.js?ver=4.1.4 HTTP/2.0" 200 4043 "https://reggio-emilia.elettroservicegroup.it/assistenza-smeg-reggio-emilia/" "Mozilla/5.0 (iPhone; CPU iPhone OS 18_7 like Mac OS X) AppleWebKit/605.1.15 (KHTML, like Gecko) Version/26.5 Mobile/15E148 Safari/604.1"
109.116.110.42 - - [26/Jun/2026:16:34:39 +0200] "GET /wp-content/themes/generatepress/assets/js/back-to-top.min.js?ver=3.6.1 HTTP/2.0" 200 336 "https://reggio-emilia.elettroservicegroup.it/assistenza-smeg-reggio-emilia/" "Mozilla/5.0 (iPhone; CPU iPhone OS 18_7 like Mac OS X) AppleWebKit/605.1.15 (KHTML, like Gecko) Version/26.5 Mobile/15E148 Safari/604.1"
109.116.110.42 - - [26/Jun/2026:16:34:39 +0200] "GET /wp-includes/js/jquery/jquery-migrate.min.js?ver=3.4.1 HTTP/2.0" 200 4685 "https://reggio-emilia.elettroservicegroup.it/assistenza-smeg-reggio-emilia/" "Mozilla/5.0 (iPhone; CPU iPhone OS 18_7 like Mac OS X) AppleWebKit/605.1.15 (KHTML, like Gecko) Version/26.5 Mobile/15E148 Safari/604.1"
109.116.110.42 - - [26/Jun/2026:16:34:39 +0200] "GET /wp-content/themes/generatepress/assets/js/menu.min.js?ver=3.6.1 HTTP/2.0" 200 1688 "https://reggio-emilia.elettroservicegroup.it/assistenza-smeg-reggio-emilia/" "Mozilla/5.0 (iPhone; CPU iPhone OS 18_7 like Mac OS X) AppleWebKit/605.1.15 (KHTML, like Gecko) Version/26.5 Mobile/15E148 Safari/604.1"
109.116.110.42 - - [26/Jun/2026:16:34:39 +0200] "GET /wp-content/plugins/elementor/assets/lib/font-awesome/css/all.min.css?ver=4.1.4 HTTP/2.0" 200 12402 "https://reggio-emilia.elettroservicegroup.it/assistenza-smeg-reggio-emilia/" "Mozilla/5.0 (iPhone; CPU iPhone OS 18_7 like Mac OS X) AppleWebKit/605.1.15 (KHTML, like Gecko) Version/26.5 Mobile/15E148 Safari/604.1"
109.116.110.42 - - [26/Jun/2026:16:34:39 +0200] "GET /wp-content/plugins/elementor/assets/js/webpack.runtime.min.js?ver=4.1.4 HTTP/2.0" 200 2340 "https://reggio-emilia.elettroservicegroup.it/assistenza-smeg-reggio-emilia/" "Mozilla/5.0 (iPhone; CPU iPhone OS 18_7 like Mac OS X) AppleWebKit/605.1.15 (KHTML, like Gecko) Version/26.5 Mobile/15E148 Safari/604.1"
109.116.110.42 - - [26/Jun/2026:16:34:39 +0200] "GET /wp-content/plugins/elementor/assets/js/frontend-modules.min.js?ver=4.1.4 HTTP/2.0" 200 15454 "https://reggio-emilia.elettroservicegroup.it/assistenza-smeg-reggio-emilia/" "Mozilla/5.0 (iPhone; CPU iPhone OS 18_7 like Mac OS X) AppleWebKit/605.1.15 (KHTML, like Gecko) Version/26.5 Mobile/15E148 Safari/604.1"
109.116.110.42 - - [26/Jun/2026:16:34:39 +0200] "GET /wp-content/plugins/elementor/assets/lib/font-awesome/css/fontawesome.css?ver=5.15.3 HTTP/2.0" 200 12535 "https://reggio-emilia.elettroservicegroup.it/assistenza-smeg-reggio-emilia/" "Mozilla/5.0 (iPhone; CPU iPhone OS 18_7 like Mac OS X) AppleWebKit/605.1.15 (KHTML, like Gecko) Version/26.5 Mobile/15E148 Safari/604.1"
109.116.110.42 - - [26/Jun/2026:16:34:39 +0200] "GET /wp-content/plugins/elementor/assets/js/frontend.min.js?ver=4.1.4 HTTP/2.0" 200 10140 "https://reggio-emilia.elettroservicegroup.it/assistenza-smeg-reggio-emilia/" "Mozilla/5.0 (iPhone; CPU iPhone OS 18_7 like Mac OS X) AppleWebKit/605.1.15 (KHTML, like Gecko) Version/26.5 Mobile/15E148 Safari/604.1"
109.116.110.42 - - [26/Jun/2026:16:34:39 +0200] "GET /wp-content/plugins/complianz-gdpr-premium/cookiebanner/js/complianz.min.js?ver=1781536286 HTTP/2.0" 200 10762 "https://reggio-emilia.elettroservicegroup.it/assistenza-smeg-reggio-emilia/" "Mozilla/5.0 (iPhone; CPU iPhone OS 18_7 like Mac OS X) AppleWebKit/605.1.15 (KHTML, like Gecko) Version/26.5 Mobile/15E148 Safari/604.1"
109.116.110.42 - - [26/Jun/2026:16:34:39 +0200] "GET /wp-content/uploads/2021/10/cropped-logo_white_background.png HTTP/2.0" 200 15855 "https://reggio-emilia.elettroservicegroup.it/assistenza-smeg-reggio-emilia/" "Mozilla/5.0 (iPhone; CPU iPhone OS 18_7 like Mac OS X) AppleWebKit/605.1.15 (KHTML, like Gecko) Version/26.5 Mobile/15E148 Safari/604.1"
109.116.110.42 - - [26/Jun/2026:16:34:39 +0200] "GET /wp-content/uploads/2022/01/elett5-2.jpg HTTP/2.0" 200 10185 "https://reggio-emilia.elettroservicegroup.it/assistenza-smeg-reggio-emilia/" "Mozilla/5.0 (iPhone; CPU iPhone OS 18_7 like Mac OS X) AppleWebKit/605.1.15 (KHTML, like Gecko) Version/26.5 Mobile/15E148 Safari/604.1"
109.116.110.42 - - [26/Jun/2026:16:34:39 +0200] "GET /wp-content/plugins/elementor/assets/js/text-editor.45609661e409413f1cef.bundle.min.js HTTP/2.0" 200 592 "https://reggio-emilia.elettroservicegroup.it/assistenza-smeg-reggio-emilia/" "Mozilla/5.0 (iPhone; CPU iPhone OS 18_7 like Mac OS X) AppleWebKit/605.1.15 (KHTML, like Gecko) Version/26.5 Mobile/15E148 Safari/604.1"
109.116.110.42 - - [26/Jun/2026:16:34:39 +0200] "GET /wp-content/plugins/elementor/assets/js/shared-frontend-handlers.03caa53373b56d3bab67.bundle.min.js HTTP/2.0" 200 2515 "https://reggio-emilia.elettroservicegroup.it/assistenza-smeg-reggio-emilia/" "Mozilla/5.0 (iPhone; CPU iPhone OS 18_7 like Mac OS X) AppleWebKit/605.1.15 (KHTML, like Gecko) Version/26.5 Mobile/15E148 Safari/604.1"
109.116.110.42 - - [26/Jun/2026:16:34:39 +0200] "GET /wp-content/uploads/2021/10/cropped-cropped-cropped-cropped-logo_white_background-32x32.png HTTP/2.0" 200 1181 "https://reggio-emilia.elettroservicegroup.it/assistenza-smeg-reggio-emilia/" "Mozilla/5.0 (iPhone; CPU iPhone OS 18_7 like Mac OS X) AppleWebKit/605.1.15 (KHTML, like Gecko) Version/26.5 Mobile/15E148 Safari/604.1"
109.116.110.42 - - [26/Jun/2026:16:34:39 +0200] "GET /wp-json/complianz/v1/banner?lang=it&locale=it_IT&token=ijkir HTTP/2.0" 200 83 "https://reggio-emilia.elettroservicegroup.it/assistenza-smeg-reggio-emilia/" "Mozilla/5.0 (iPhone; CPU iPhone OS 18_7 like Mac OS X) AppleWebKit/605.1.15 (KHTML, like Gecko) Version/26.5 Mobile/15E148 Safari/604.1"
109.116.110.42 - - [26/Jun/2026:16:34:41 +0200] "GET /wp-content/uploads/complianz/css/banner-1-optin.css?v=512 HTTP/2.0" 200 2862 "https://reggio-emilia.elettroservicegroup.it/assistenza-smeg-reggio-emilia/" "Mozilla/5.0 (iPhone; CPU iPhone OS 18_7 like Mac OS X) AppleWebKit/605.1.15 (KHTML, like Gecko) Version/26.5 Mobile/15E148 Safari/604.1"
109.116.110.42 - - [26/Jun/2026:16:34:41 +0200] "GET /wp-json/complianz/v1/cookie_data HTTP/2.0" 200 82 "https://reggio-emilia.elettroservicegroup.it/assistenza-smeg-reggio-emilia/" "Mozilla/5.0 (iPhone; CPU iPhone OS 18_7 like Mac OS X) AppleWebKit/605.1.15 (KHTML, like Gecko) Version/26.5 Mobile/15E148 Safari/604.1"
109.116.110.42 - - [26/Jun/2026:16:34:42 +0200] "POST /wp-json/complianz/v1/track HTTP/2.0" 200 20 "https://reggio-emilia.elettroservicegroup.it/assistenza-smeg-reggio-emilia/" "Mozilla/5.0 (iPhone; CPU iPhone OS 18_7 like Mac OS X) AppleWebKit/605.1.15 (KHTML, like Gecko) Version/26.5 Mobile/15E148 Safari/604.1"
65.108.235.243 - - [26/Jun/2026:16:34:40 +0200] "GET /assistenza-lavastoviglie-smeg-guastalla/ HTTP/1.1" 200 30205 "-" "WP Fastest Cache Preload Bot"
65.108.235.243 - - [26/Jun/2026:16:34:46 +0200] "GET /assistenza-lavastoviglie-whirlpool-scandiano/ HTTP/1.1" 200 30239 "-" "WP Fastest Cache Preload Bot"
65.108.235.243 - - [26/Jun/2026:16:34:51 +0200] "GET /assistenza-lavastoviglie-whirlpool-santilario-denza/ HTTP/1.1" 200 30320 "-" "WP Fastest Cache Preload Bot"
65.108.235.243 - - [26/Jun/2026:16:34:56 +0200] "GET /assistenza-lavastoviglie-whirlpool-guastalla/ HTTP/1.1" 200 30240 "-" "WP Fastest Cache Preload Bot"
72.14.201.19 - - [26/Jun/2026:16:49:16 +0200] "GET /assistenza-siemens-reggio-emilia/ HTTP/2.0" 200 30196 "https://www.google.com/" "Mozilla/5.0 (Windows NT 10.0; Win64; x64) AppleWebKit/537.36 (KHTML, like Gecko) Chrome/149.0.0.0 Safari/537.36"
65.108.235.243 - - [26/Jun/2026:16:49:25 +0200] "POST /wp-cron.php?doing_wp_cron=1782485365.1666769981384277343750 HTTP/1.1" 200 1 "-" "WordPress/7.0; https://reggio-emilia.elettroservicegroup.it"
66.249.93.133 - - [26/Jun/2026:16:49:16 +0200] "GET /.well-known/traffic-advice HTTP/1.1" 404 23288 "-" "Chrome Privacy Preserving Prefetch Proxy"
65.108.235.243 - - [26/Jun/2026:16:49:27 +0200] "GET /assistenza-lavastoviglie-whirlpool-correggio/ HTTP/1.1" 200 30245 "-" "WP Fastest Cache Preload Bot"
65.108.235.243 - - [26/Jun/2026:16:49:31 +0200] "GET /assistenza-lavastoviglie-smeg-correggio/ HTTP/1.1" 200 30202 "-" "WP Fastest Cache Preload Bot"
65.108.235.243 - - [26/Jun/2026:16:49:35 +0200] "GET /assistenza-lavastoviglie-whirlpool-reggio-emilia/ HTTP/1.1" 200 30231 "-" "WP Fastest Cache Preload Bot"
65.108.235.243 - - [26/Jun/2026:16:49:40 +0200] "GET /assistenza-lavastoviglie-smeg-reggio-emilia/ HTTP/1.1" 200 30200 "-" "WP Fastest Cache Preload Bot"
109.116.110.42 - - [26/Jun/2026:16:56:56 +0200] "GET /assistenza-smeg-reggio-emilia/ HTTP/2.0" 200 - "https://www.google.com/" "Mozilla/5.0 (iPhone; CPU iPhone OS 18_7 like Mac OS X) AppleWebKit/605.1.15 (KHTML, like Gecko) Version/26.5 Mobile/15E148 Safari/604.1"
65.108.235.243 - - [26/Jun/2026:16:57:04 +0200] "POST /wp-cron.php?doing_wp_cron=1782485824.0671339035034179687500 HTTP/1.1" 200 1 "-" "WordPress/7.0; https://reggio-emilia.elettroservicegroup.it"
109.116.110.42 - - [26/Jun/2026:16:56:58 +0200] "GET /assistenza-smeg-reggio-emilia/ HTTP/2.0" 200 - "https://www.google.com/" "Mozilla/5.0 (iPhone; CPU iPhone OS 18_7 like Mac OS X) AppleWebKit/605.1.15 (KHTML, like Gecko) Version/26.5 Mobile/15E148 Safari/604.1"
109.116.110.42 - - [26/Jun/2026:16:57:00 +0200] "GET /assistenza-smeg-reggio-emilia/ HTTP/2.0" 200 30381 "https://www.google.com/" "Mozilla/5.0 (iPhone; CPU iPhone OS 18_7 like Mac OS X) AppleWebKit/605.1.15 (KHTML, like Gecko) Version/26.5 Mobile/15E148 Safari/604.1"
109.116.110.42 - - [26/Jun/2026:16:57:06 +0200] "GET /wp-json/complianz/v1/banner?lang=it&locale=it_IT&token=qzmvs HTTP/2.0" 200 83 "https://reggio-emilia.elettroservicegroup.it/assistenza-smeg-reggio-emilia/" "Mozilla/5.0 (iPhone; CPU iPhone OS 18_7 like Mac OS X) AppleWebKit/605.1.15 (KHTML, like Gecko) Version/26.5 Mobile/15E148 Safari/604.1"
109.116.110.42 - - [26/Jun/2026:16:57:08 +0200] "GET /wp-json/complianz/v1/cookie_data HTTP/2.0" 200 82 "https://reggio-emilia.elettroservicegroup.it/assistenza-smeg-reggio-emilia/" "Mozilla/5.0 (iPhone; CPU iPhone OS 18_7 like Mac OS X) AppleWebKit/605.1.15 (KHTML, like Gecko) Version/26.5 Mobile/15E148 Safari/604.1"
65.108.235.243 - - [26/Jun/2026:16:57:06 +0200] "GET /assistenza-lavastoviglie-rex-electrolux-rubiera/ HTTP/1.1" 200 30181 "-" "WP Fastest Cache Preload Bot"
65.108.235.243 - - [26/Jun/2026:16:57:10 +0200] "GET /assistenza-lavastoviglie-rex-electrolux-scandiano/ HTTP/1.1" 200 30262 "-" "WP Fastest Cache Preload Bot"
65.108.235.243 - - [26/Jun/2026:16:57:12 +0200] "GET /assistenza-lavastoviglie-rex-electrolux-santilario-denza/ HTTP/1.1" 200 30268 "-" "WP Fastest Cache Preload Bot"
65.108.235.243 - - [26/Jun/2026:16:57:13 +0200] "GET /assistenza-lavastoviglie-rex-electrolux-guastalla/ HTTP/1.1" 200 30211 "-" "WP Fastest Cache Preload Bot"
109.116.110.42 - - [26/Jun/2026:16:58:07 +0200] "GET /assistenza-smeg-reggio-emilia/ HTTP/2.0" 200 - "https://www.google.com/" "Mozilla/5.0 (iPhone; CPU iPhone OS 18_7 like Mac OS X) AppleWebKit/605.1.15 (KHTML, like Gecko) Version/26.5 Mobile/15E148 Safari/604.1"
65.108.235.243 - - [26/Jun/2026:16:58:15 +0200] "POST /wp-cron.php?doing_wp_cron=1782485895.3505849838256835937500 HTTP/1.1" 200 1 "-" "WordPress/7.0; https://reggio-emilia.elettroservicegroup.it"
109.116.110.42 - - [26/Jun/2026:16:58:09 +0200] "GET /assistenza-smeg-reggio-emilia/ HTTP/2.0" 200 - "https://www.google.com/" "Mozilla/5.0 (iPhone; CPU iPhone OS 18_7 like Mac OS X) AppleWebKit/605.1.15 (KHTML, like Gecko) Version/26.5 Mobile/15E148 Safari/604.1"
109.116.110.42 - - [26/Jun/2026:16:58:12 +0200] "GET /assistenza-smeg-reggio-emilia/ HTTP/2.0" 200 30381 "https://www.google.com/" "Mozilla/5.0 (iPhone; CPU iPhone OS 18_7 like Mac OS X) AppleWebKit/605.1.15 (KHTML, like Gecko) Version/26.5 Mobile/15E148 Safari/604.1"
109.116.110.42 - - [26/Jun/2026:16:58:35 +0200] "GET /assistenza-smeg-reggio-emilia/ HTTP/2.0" 200 30381 "https://www.google.com/" "Mozilla/5.0 (iPhone; CPU iPhone OS 18_7 like Mac OS X) AppleWebKit/605.1.15 (KHTML, like Gecko) Version/26.5 Mobile/15E148 Safari/604.1"
65.108.235.243 - - [26/Jun/2026:17:21:24 +0200] "POST /wp-cron.php?doing_wp_cron=1782487283.8766210079193115234375 HTTP/1.1" 200 1 "-" "WordPress/7.0; https://reggio-emilia.elettroservicegroup.it"
192.178.16.135 - - [26/Jun/2026:17:21:15 +0200] "GET /assistenza-indesit-reggio-emilia/ HTTP/1.1" 200 30319 "-" "Mozilla/5.0 (Linux; Android 6.0.1; Nexus 5X Build/MMB29P) AppleWebKit/537.36 (KHTML, like Gecko) Chrome/148.0.7778.96 Mobile Safari/537.36 (compatible; AdsBot-Google-Mobile; +http://www.google.com/mobile/adsbot.html)"
192.178.16.135 - - [26/Jun/2026:17:21:26 +0200] "GET /wp-content/plugins/elementor/assets/css/widget-spacer.min.css?ver=4.1.4 HTTP/1.1" 200 287 "https://reggio-emilia.elettroservicegroup.it/assistenza-indesit-reggio-emilia/" "AdsBot-Google (+http://www.google.com/adsbot.html)"
192.178.16.136 - - [26/Jun/2026:17:21:26 +0200] "GET /wp-content/uploads/elementor/google-fonts/css/robotoslab.css?ver=1742255003 HTTP/1.1" 200 721 "https://reggio-emilia.elettroservicegroup.it/assistenza-indesit-reggio-emilia/" "AdsBot-Google (+http://www.google.com/adsbot.html)"
192.178.16.136 - - [26/Jun/2026:17:21:26 +0200] "GET /wp-content/uploads/elementor/css/post-17714.css?ver=1782455049 HTTP/1.1" 200 2162 "https://reggio-emilia.elettroservicegroup.it/assistenza-indesit-reggio-emilia/" "AdsBot-Google (+http://www.google.com/adsbot.html)"
192.178.16.136 - - [26/Jun/2026:17:21:26 +0200] "GET /wp-content/plugins/elementor/assets/css/widget-image.min.css?ver=4.1.4 HTTP/1.1" 200 96 "https://reggio-emilia.elettroservicegroup.it/assistenza-indesit-reggio-emilia/" "AdsBot-Google (+http://www.google.com/adsbot.html)"
192.178.16.135 - - [26/Jun/2026:17:21:26 +0200] "GET /wp-content/plugins/elementor/assets/lib/font-awesome/css/brands.css?ver=5.15.3 HTTP/1.1" 200 298 "https://reggio-emilia.elettroservicegroup.it/assistenza-indesit-reggio-emilia/" "AdsBot-Google (+http://www.google.com/adsbot.html)"
192.178.16.135 - - [26/Jun/2026:17:21:27 +0200] "GET /wp-content/plugins/header-footer-elementor/assets/css/header-footer-elementor.css?ver=2.8.8 HTTP/1.1" 200 260 "https://reggio-emilia.elettroservicegroup.it/assistenza-indesit-reggio-emilia/" "AdsBot-Google (+http://www.google.com/adsbot.html)"
192.178.16.136 - - [26/Jun/2026:17:21:27 +0200] "GET /wp-content/plugins/gp-premium/menu-plus/functions/css/navigation-branding-flex.min.css?ver=2.5.5 HTTP/1.1" 200 542 "https://reggio-emilia.elettroservicegroup.it/assistenza-indesit-reggio-emilia/" "AdsBot-Google (+http://www.google.com/adsbot.html)"
192.178.16.135 - - [26/Jun/2026:17:21:28 +0200] "GET /wp-content/plugins/elementor/assets/lib/font-awesome/css/solid.css?ver=5.15.3 HTTP/1.1" 200 299 "https://reggio-emilia.elettroservicegroup.it/assistenza-indesit-reggio-emilia/" "AdsBot-Google (+http://www.google.com/adsbot.html)"
192.178.16.136 - - [26/Jun/2026:17:21:29 +0200] "GET /wp-content/plugins/elementor/assets/lib/animations/styles/zoomIn.min.css?ver=4.1.4 HTTP/1.1" 200 87 "https://reggio-emilia.elettroservicegroup.it/assistenza-indesit-reggio-emilia/" "AdsBot-Google (+http://www.google.com/adsbot.html)"
65.108.235.243 - - [26/Jun/2026:17:21:25 +0200] "GET /assistenza-lavastoviglie-rex-electrolux-correggio/ HTTP/1.1" 200 30179 "-" "WP Fastest Cache Preload Bot"
192.178.16.136 - - [26/Jun/2026:17:21:29 +0200] "GET /wp-content/plugins/elementor/assets/css/widget-icon-list.min.css?ver=3.24.3 HTTP/1.1" 200 928 "https://reggio-emilia.elettroservicegroup.it/assistenza-indesit-reggio-emilia/" "AdsBot-Google (+http://www.google.com/adsbot.html)"
192.178.16.135 - - [26/Jun/2026:17:21:30 +0200] "GET /wp-content/plugins/complianz-gdpr-premium/assets/css/cookieblocker.min.css?ver=1781536286 HTTP/1.1" 200 615 "https://reggio-emilia.elettroservicegroup.it/assistenza-indesit-reggio-emilia/" "AdsBot-Google (+http://www.google.com/adsbot.html)"
192.178.16.135 - - [26/Jun/2026:17:21:30 +0200] "GET /wp-content/plugins/elementor/assets/lib/font-awesome/css/v4-shims.min.css?ver=4.1.4 HTTP/1.1" 200 3986 "https://reggio-emilia.elettroservicegroup.it/assistenza-indesit-reggio-emilia/" "AdsBot-Google (+http://www.google.com/adsbot.html)"
65.108.235.243 - - [26/Jun/2026:17:21:29 +0200] "GET /assistenza-lavastoviglie-rex-electrolux-reggio-emilia/ HTTP/1.1" 200 30177 "-" "WP Fastest Cache Preload Bot"
192.178.16.135 - - [26/Jun/2026:17:21:31 +0200] "GET /wp-content/uploads/elementor/google-fonts/css/roboto.css?ver=1742255001 HTTP/1.1" 200 1890 "https://reggio-emilia.elettroservicegroup.it/assistenza-indesit-reggio-emilia/" "AdsBot-Google (+http://www.google.com/adsbot.html)"
192.178.16.135 - - [26/Jun/2026:17:21:32 +0200] "GET /wp-content/plugins/elementor/assets/lib/animations/styles/bounceIn.min.css?ver=4.1.4 HTTP/1.1" 200 186 "https://reggio-emilia.elettroservicegroup.it/assistenza-indesit-reggio-emilia/" "AdsBot-Google (+http://www.google.com/adsbot.html)"
65.108.235.243 - - [26/Jun/2026:17:21:31 +0200] "GET /assistenza-lavastoviglie-indesit-rubiera/ HTTP/1.1" 200 30222 "-" "WP Fastest Cache Preload Bot"
192.178.16.135 - - [26/Jun/2026:17:21:32 +0200] "GET /wp-content/plugins/elementor/assets/lib/font-awesome/css/all.min.css?ver=4.1.4 HTTP/1.1" 200 12402 "https://reggio-emilia.elettroservicegroup.it/assistenza-indesit-reggio-emilia/" "AdsBot-Google (+http://www.google.com/adsbot.html)"
192.178.16.135 - - [26/Jun/2026:17:21:33 +0200] "GET /wp-content/plugins/elementor/assets/css/widget-heading.min.css?ver=4.1.4 HTTP/1.1" 200 127 "https://reggio-emilia.elettroservicegroup.it/assistenza-indesit-reggio-emilia/" "AdsBot-Google (+http://www.google.com/adsbot.html)"
192.178.16.135 - - [26/Jun/2026:17:21:33 +0200] "GET /wp-includes/js/jquery/jquery-migrate.min.js?ver=3.4.1 HTTP/1.1" 200 4685 "https://reggio-emilia.elettroservicegroup.it/assistenza-indesit-reggio-emilia/" "AdsBot-Google (+http://www.google.com/adsbot.html)"
65.108.235.243 - - [26/Jun/2026:17:21:32 +0200] "GET /assistenza-lavastoviglie-indesit-scandiano/ HTTP/1.1" 200 30229 "-" "WP Fastest Cache Preload Bot"
192.178.16.135 - - [26/Jun/2026:17:21:34 +0200] "GET /wp-content/plugins/elementor/assets/lib/font-awesome/css/fontawesome.css?ver=5.15.3 HTTP/1.1" 200 12535 "https://reggio-emilia.elettroservicegroup.it/assistenza-indesit-reggio-emilia/" "AdsBot-Google (+http://www.google.com/adsbot.html)"
192.178.16.135 - - [26/Jun/2026:17:21:35 +0200] "GET /wp-content/plugins/elementor/assets/css/widget-social-icons.min.css?ver=3.24.0 HTTP/1.1" 200 1039 "https://reggio-emilia.elettroservicegroup.it/assistenza-indesit-reggio-emilia/" "AdsBot-Google (+http://www.google.com/adsbot.html)"
192.178.16.135 - - [26/Jun/2026:17:21:35 +0200] "GET /wp-content/plugins/elementor/assets/css/frontend.min.css?ver=4.1.4 HTTP/1.1" 200 6618 "https://reggio-emilia.elettroservicegroup.it/assistenza-indesit-reggio-emilia/" "AdsBot-Google (+http://www.google.com/adsbot.html)"
192.178.16.135 - - [26/Jun/2026:17:21:36 +0200] "GET /wp-content/plugins/elementor/assets/lib/font-awesome/js/v4-shims.min.js?ver=4.1.4 HTTP/1.1" 200 4043 "https://reggio-emilia.elettroservicegroup.it/assistenza-indesit-reggio-emilia/" "AdsBot-Google (+http://www.google.com/adsbot.html)"
192.178.16.135 - - [26/Jun/2026:17:21:36 +0200] "GET /wp-content/plugins/elementor/assets/js/webpack.runtime.min.js?ver=4.1.4 HTTP/1.1" 200 2340 "https://reggio-emilia.elettroservicegroup.it/assistenza-indesit-reggio-emilia/" "AdsBot-Google (+http://www.google.com/adsbot.html)"
192.178.16.135 - - [26/Jun/2026:17:21:37 +0200] "GET /wp-includes/js/jquery/jquery.min.js?ver=3.7.1 HTTP/1.1" 200 29769 "https://reggio-emilia.elettroservicegroup.it/assistenza-indesit-reggio-emilia/" "AdsBot-Google (+http://www.google.com/adsbot.html)"
192.178.16.135 - - [26/Jun/2026:17:21:37 +0200] "GET /wp-content/themes/generatepress/assets/css/main.min.css?ver=3.6.1 HTTP/1.1" 200 4410 "https://reggio-emilia.elettroservicegroup.it/assistenza-indesit-reggio-emilia/" "AdsBot-Google (+http://www.google.com/adsbot.html)"
192.178.16.135 - - [26/Jun/2026:17:21:38 +0200] "GET /wp-content/plugins/gp-premium/menu-plus/functions/js/sticky.min.js?ver=2.5.5 HTTP/1.1" 200 2670 "https://reggio-emilia.elettroservicegroup.it/assistenza-indesit-reggio-emilia/" "AdsBot-Google (+http://www.google.com/adsbot.html)"
192.178.16.135 - - [26/Jun/2026:17:21:38 +0200] "GET /wp-content/plugins/elementor/assets/lib/eicons/css/elementor-icons.min.css?ver=5.34.0 HTTP/1.1" 200 4125 "https://reggio-emilia.elettroservicegroup.it/assistenza-indesit-reggio-emilia/" "AdsBot-Google (+http://www.google.com/adsbot.html)"
192.178.16.135 - - [26/Jun/2026:17:21:39 +0200] "GET /wp-content/plugins/header-footer-elementor/inc/widgets-css/frontend.css?ver=2.8.8 HTTP/1.1" 200 8711 "https://reggio-emilia.elettroservicegroup.it/assistenza-indesit-reggio-emilia/" "AdsBot-Google (+http://www.google.com/adsbot.html)"
192.178.16.135 - - [26/Jun/2026:17:21:41 +0200] "GET /wp-content/plugins/elementor/assets/js/frontend-modules.min.js?ver=4.1.4 HTTP/1.1" 200 15454 "https://reggio-emilia.elettroservicegroup.it/assistenza-indesit-reggio-emilia/" "AdsBot-Google (+http://www.google.com/adsbot.html)"
192.178.16.135 - - [26/Jun/2026:17:21:41 +0200] "GET /wp-includes/js/jquery/ui/core.min.js?ver=1.13.3 HTTP/1.1" 200 6820 "https://reggio-emilia.elettroservicegroup.it/assistenza-indesit-reggio-emilia/" "AdsBot-Google (+http://www.google.com/adsbot.html)"
192.178.16.135 - - [26/Jun/2026:17:21:42 +0200] "GET /wp-content/themes/generatepress/assets/js/back-to-top.min.js?ver=3.6.1 HTTP/1.1" 200 336 "https://reggio-emilia.elettroservicegroup.it/assistenza-indesit-reggio-emilia/" "AdsBot-Google (+http://www.google.com/adsbot.html)"
192.178.16.135 - - [26/Jun/2026:17:21:42 +0200] "GET /wp-content/plugins/complianz-gdpr-premium/cookiebanner/js/complianz.min.js?ver=1781536286 HTTP/1.1" 200 10762 "https://reggio-emilia.elettroservicegroup.it/assistenza-indesit-reggio-emilia/" "AdsBot-Google (+http://www.google.com/adsbot.html)"
192.178.16.135 - - [26/Jun/2026:17:21:43 +0200] "GET /wp-content/plugins/elementor/assets/js/frontend.min.js?ver=4.1.4 HTTP/1.1" 200 10140 "https://reggio-emilia.elettroservicegroup.it/assistenza-indesit-reggio-emilia/" "AdsBot-Google (+http://www.google.com/adsbot.html)"
192.178.16.135 - - [26/Jun/2026:17:21:43 +0200] "GET /wp-content/themes/generatepress/assets/js/menu.min.js?ver=3.6.1 HTTP/1.1" 200 1688 "https://reggio-emilia.elettroservicegroup.it/assistenza-indesit-reggio-emilia/" "AdsBot-Google (+http://www.google.com/adsbot.html)"
65.108.235.243 - - [26/Jun/2026:17:21:47 +0200] "POST /wp-cron.php?doing_wp_cron=1782487307.3423230648040771484375 HTTP/1.1" 200 1 "-" "WordPress/7.0; https://reggio-emilia.elettroservicegroup.it"
192.178.16.135 - - [26/Jun/2026:17:21:46 +0200] "GET /wp-json/complianz/v1/banner?lang=it&locale=it_IT&token=lcps HTTP/1.1" 200 83 "https://reggio-emilia.elettroservicegroup.it/assistenza-indesit-reggio-emilia/" "AdsBot-Google (+http://www.google.com/adsbot.html)"
192.178.16.135 - - [26/Jun/2026:17:21:47 +0200] "GET /wp-content/uploads/complianz/css/banner-1-optin.css?v=512 HTTP/1.1" 200 2862 "https://reggio-emilia.elettroservicegroup.it/assistenza-indesit-reggio-emilia/" "AdsBot-Google (+http://www.google.com/adsbot.html)"
192.178.16.135 - - [26/Jun/2026:17:21:47 +0200] "GET /wp-json/complianz/v1/cookie_data HTTP/1.1" 200 82 "https://reggio-emilia.elettroservicegroup.it/assistenza-indesit-reggio-emilia/" "AdsBot-Google (+http://www.google.com/adsbot.html)"
162.120.187.139 - - [26/Jun/2026:17:21:56 +0200] "GET /assistenza-siemens-reggio-emilia/ HTTP/2.0" 200 30196 "https://www.google.com/" "Mozilla/5.0 (Windows NT 10.0; Win64; x64) AppleWebKit/537.36 (KHTML, like Gecko) Chrome/149.0.0.0 Safari/537.36"
192.178.16.137 - - [26/Jun/2026:17:22:18 +0200] "GET /wp-content/plugins/elementor/assets/js/text-editor.45609661e409413f1cef.bundle.min.js HTTP/1.1" 200 592 "https://reggio-emilia.elettroservicegroup.it/assistenza-indesit-reggio-emilia/" "AdsBot-Google (+http://www.google.com/adsbot.html)"
192.178.16.136 - - [26/Jun/2026:17:22:18 +0200] "GET /wp-content/plugins/elementor/assets/js/section-frontend-handlers.d85ab872da118940910d.bundle.min.js HTTP/1.1" 200 230 "https://reggio-emilia.elettroservicegroup.it/assistenza-indesit-reggio-emilia/" "AdsBot-Google (+http://www.google.com/adsbot.html)"
192.178.16.136 - - [26/Jun/2026:17:22:18 +0200] "GET /wp-content/plugins/elementor/assets/js/shared-frontend-handlers.03caa53373b56d3bab67.bundle.min.js HTTP/1.1" 200 2515 "https://reggio-emilia.elettroservicegroup.it/assistenza-indesit-reggio-emilia/" "AdsBot-Google (+http://www.google.com/adsbot.html)"
65.108.235.243 - - [26/Jun/2026:17:23:21 +0200] "POST /wp-cron.php?doing_wp_cron=1782487401.3620729446411132812500 HTTP/1.1" 200 1 "-" "WordPress/7.0; https://reggio-emilia.elettroservicegroup.it"
192.178.16.137 - - [26/Jun/2026:17:23:11 +0200] "GET /assistenza-miele-reggio-emilia/ HTTP/1.1" 200 30314 "-" "Mozilla/5.0 (Linux; Android 6.0.1; Nexus 5X Build/MMB29P) AppleWebKit/537.36 (KHTML, like Gecko) Chrome/148.0.7778.96 Mobile Safari/537.36 (compatible; AdsBot-Google-Mobile; +http://www.google.com/mobile/adsbot.html)"
192.178.16.136 - - [26/Jun/2026:17:23:24 +0200] "GET /wp-content/plugins/header-footer-elementor/assets/css/header-footer-elementor.css?ver=2.8.8 HTTP/1.1" 200 260 "https://reggio-emilia.elettroservicegroup.it/assistenza-miele-reggio-emilia/" "AdsBot-Google (+http://www.google.com/adsbot.html)"
192.178.16.135 - - [26/Jun/2026:17:23:29 +0200] "GET /wp-content/plugins/complianz-gdpr-premium/assets/css/cookieblocker.min.css?ver=1781536286 HTTP/1.1" 200 615 "https://reggio-emilia.elettroservicegroup.it/assistenza-miele-reggio-emilia/" "AdsBot-Google (+http://www.google.com/adsbot.html)"
192.178.16.135 - - [26/Jun/2026:17:23:29 +0200] "GET /wp-content/plugins/header-footer-elementor/inc/widgets-css/frontend.css?ver=2.8.8 HTTP/1.1" 200 8711 "https://reggio-emilia.elettroservicegroup.it/assistenza-miele-reggio-emilia/" "AdsBot-Google (+http://www.google.com/adsbot.html)"
192.178.16.135 - - [26/Jun/2026:17:23:30 +0200] "GET /wp-content/plugins/elementor/assets/css/frontend.min.css?ver=4.1.4 HTTP/1.1" 200 6618 "https://reggio-emilia.elettroservicegroup.it/assistenza-miele-reggio-emilia/" "AdsBot-Google (+http://www.google.com/adsbot.html)"
192.178.16.135 - - [26/Jun/2026:17:23:30 +0200] "GET /wp-content/plugins/elementor/assets/lib/animations/styles/zoomIn.min.css?ver=4.1.4 HTTP/1.1" 200 87 "https://reggio-emilia.elettroservicegroup.it/assistenza-miele-reggio-emilia/" "AdsBot-Google (+http://www.google.com/adsbot.html)"
192.178.16.135 - - [26/Jun/2026:17:23:31 +0200] "GET /wp-content/themes/generatepress/assets/css/main.min.css?ver=3.6.1 HTTP/1.1" 200 4410 "https://reggio-emilia.elettroservicegroup.it/assistenza-miele-reggio-emilia/" "AdsBot-Google (+http://www.google.com/adsbot.html)"
192.178.16.135 - - [26/Jun/2026:17:23:31 +0200] "GET /wp-content/plugins/elementor/assets/lib/font-awesome/css/v4-shims.min.css?ver=4.1.4 HTTP/1.1" 200 3986 "https://reggio-emilia.elettroservicegroup.it/assistenza-miele-reggio-emilia/" "AdsBot-Google (+http://www.google.com/adsbot.html)"
192.178.16.135 - - [26/Jun/2026:17:23:32 +0200] "GET /wp-content/plugins/elementor/assets/css/widget-image.min.css?ver=4.1.4 HTTP/1.1" 200 96 "https://reggio-emilia.elettroservicegroup.it/assistenza-miele-reggio-emilia/" "AdsBot-Google (+http://www.google.com/adsbot.html)"
192.178.16.135 - - [26/Jun/2026:17:23:32 +0200] "GET /wp-content/plugins/elementor/assets/css/widget-heading.min.css?ver=4.1.4 HTTP/1.1" 200 127 "https://reggio-emilia.elettroservicegroup.it/assistenza-miele-reggio-emilia/" "AdsBot-Google (+http://www.google.com/adsbot.html)"
192.178.16.135 - - [26/Jun/2026:17:23:33 +0200] "GET /wp-content/plugins/elementor/assets/lib/font-awesome/css/fontawesome.css?ver=5.15.3 HTTP/1.1" 200 12535 "https://reggio-emilia.elettroservicegroup.it/assistenza-miele-reggio-emilia/" "AdsBot-Google (+http://www.google.com/adsbot.html)"
192.178.16.135 - - [26/Jun/2026:17:23:34 +0200] "GET /wp-content/uploads/elementor/css/post-17816.css?ver=1782458149 HTTP/1.1" 200 2185 "https://reggio-emilia.elettroservicegroup.it/assistenza-miele-reggio-emilia/" "AdsBot-Google (+http://www.google.com/adsbot.html)"
192.178.16.135 - - [26/Jun/2026:17:23:34 +0200] "GET /wp-content/plugins/elementor/assets/lib/font-awesome/css/all.min.css?ver=4.1.4 HTTP/1.1" 200 12402 "https://reggio-emilia.elettroservicegroup.it/assistenza-miele-reggio-emilia/" "AdsBot-Google (+http://www.google.com/adsbot.html)"
192.178.16.135 - - [26/Jun/2026:17:23:35 +0200] "GET /wp-content/uploads/elementor/google-fonts/css/roboto.css?ver=1742255001 HTTP/1.1" 200 1890 "https://reggio-emilia.elettroservicegroup.it/assistenza-miele-reggio-emilia/" "AdsBot-Google (+http://www.google.com/adsbot.html)"
192.178.16.135 - - [26/Jun/2026:17:23:35 +0200] "GET /wp-content/plugins/elementor/assets/css/widget-spacer.min.css?ver=4.1.4 HTTP/1.1" 200 287 "https://reggio-emilia.elettroservicegroup.it/assistenza-miele-reggio-emilia/" "AdsBot-Google (+http://www.google.com/adsbot.html)"
192.178.16.135 - - [26/Jun/2026:17:23:35 +0200] "GET /wp-content/plugins/gp-premium/menu-plus/functions/css/navigation-branding-flex.min.css?ver=2.5.5 HTTP/1.1" 200 542 "https://reggio-emilia.elettroservicegroup.it/assistenza-miele-reggio-emilia/" "AdsBot-Google (+http://www.google.com/adsbot.html)"
