65.108.235.243 - - [26/Jun/2026:14:14:24 +0200] "POST /wp-cron.php?doing_wp_cron=1782476064.3513259887695312500000 HTTP/1.1" 200 1 "-" "WordPress/7.0; https://piacenza.elettroservicegroup.it"
66.249.64.165 - - [26/Jun/2026:14:14:19 +0200] "GET /?p=17658 HTTP/1.1" 404 23324 "-" "Mozilla/5.0 (Linux; Android 6.0.1; Nexus 5X Build/MMB29P) AppleWebKit/537.36 (KHTML, like Gecko) Chrome/148.0.7778.96 Mobile Safari/537.36 (compatible; Googlebot/2.1; +http://www.google.com/bot.html)"
65.108.235.243 - - [26/Jun/2026:14:14:26 +0200] "GET /assistenza-lavatrici-smeg-piacenza/ HTTP/1.1" 200 28841 "-" "WP Fastest Cache Preload Bot"
65.108.235.243 - - [26/Jun/2026:14:14:29 +0200] "GET /assistenza-lavatrici-rex-electrolux-piacenza/ HTTP/1.1" 200 28802 "-" "WP Fastest Cache Preload Bot"
65.108.235.243 - - [26/Jun/2026:14:14:32 +0200] "GET /assistenza-lavatrici-indesit-piacenza/ HTTP/1.1" 200 28836 "-" "WP Fastest Cache Preload Bot"
65.108.235.243 - - [26/Jun/2026:14:14:35 +0200] "GET /assistenza-lavatrici-bosch-piacenza/ HTTP/1.1" 200 28877 "-" "WP Fastest Cache Preload Bot"
65.108.235.243 - - [26/Jun/2026:14:23:08 +0200] "POST /wp-cron.php?doing_wp_cron=1782476588.0318450927734375000000 HTTP/1.1" 200 1 "-" "WordPress/7.0; https://piacenza.elettroservicegroup.it"
66.249.64.165 - - [26/Jun/2026:14:23:06 +0200] "GET /page-sitemap.xml HTTP/1.1" 200 1724 "-" "Mozilla/5.0 (compatible; Googlebot/2.1; +http://www.google.com/bot.html)"
65.108.235.243 - - [26/Jun/2026:14:23:08 +0200] "GET /assistenza-lavatrici-ariston-piacenza/ HTTP/1.1" 200 28895 "-" "WP Fastest Cache Preload Bot"
65.108.235.243 - - [26/Jun/2026:14:23:08 +0200] "GET /assistenza-lavatrici-aeg-piacenza/ HTTP/1.1" 200 28896 "-" "WP Fastest Cache Preload Bot"
65.108.235.243 - - [26/Jun/2026:14:23:09 +0200] "GET /assistenza-lavatrici-piacenza/ HTTP/1.1" 200 29137 "-" "WP Fastest Cache Preload Bot"
65.108.235.243 - - [26/Jun/2026:14:23:09 +0200] "GET /assistenza-lavastoviglie-whirlpool-piacenza/ HTTP/1.1" 200 28843 "-" "WP Fastest Cache Preload Bot"
65.108.235.243 - - [26/Jun/2026:16:08:18 +0200] "POST /wp-cron.php?doing_wp_cron=1782482898.0306730270385742187500 HTTP/1.1" 200 1 "-" "WordPress/7.0; https://piacenza.elettroservicegroup.it"
216.73.217.105 - - [26/Jun/2026:16:08:16 +0200] "GET /robots.txt HTTP/2.0" 200 108 "-" "Mozilla/5.0 AppleWebKit/537.36 (KHTML, like Gecko; compatible; ClaudeBot/1.0; +claudebot@anthropic.com)"
216.73.217.105 - - [26/Jun/2026:16:08:18 +0200] "GET /sitemap.rss HTTP/2.0" 200 1299 "-" "Mozilla/5.0 AppleWebKit/537.36 (KHTML, like Gecko; compatible; ClaudeBot/1.0; +claudebot@anthropic.com)"
65.108.235.243 - - [26/Jun/2026:16:08:19 +0200] "POST /wp-json/complianz/v1/wsc-scan HTTP/1.1" 400 88 "-" "WordPress/7.0; https://piacenza.elettroservicegroup.it"
65.108.235.243 - - [26/Jun/2026:16:08:19 +0200] "GET /assistenza-lavastoviglie-smeg-piacenza/ HTTP/1.1" 200 28786 "-" "WP Fastest Cache Preload Bot"
65.108.235.243 - - [26/Jun/2026:16:08:19 +0200] "GET /assistenza-lavastoviglie-rex-electrolux-piacenza/ HTTP/1.1" 200 28747 "-" "WP Fastest Cache Preload Bot"
65.108.235.243 - - [26/Jun/2026:16:08:20 +0200] "GET /assistenza-lavastoviglie-indesit-piacenza/ HTTP/1.1" 200 29248 "-" "WP Fastest Cache Preload Bot"
65.108.235.243 - - [26/Jun/2026:16:08:20 +0200] "GET /assistenza-lavastoviglie-bosch-piacenza/ HTTP/1.1" 200 29273 "-" "WP Fastest Cache Preload Bot"
184.33.193.121 - - [26/Jun/2026:16:24:19 +0200] "GET /robots.txt HTTP/2.0" 200 11754 "-" "Mozilla/5.0 (compatible; wpbot/1.4; +https://forms.gle/ajBaxygz9jSR8p8G9)"
184.33.193.121 - - [26/Jun/2026:16:24:19 +0200] "GET /enhancecp HTTP/2.0" 200 11753 "-" "Mozilla/5.0 (compatible; wpbot/1.4; +https://forms.gle/ajBaxygz9jSR8p8G9)"
65.108.235.243 - - [26/Jun/2026:16:39:08 +0200] "POST /wp-cron.php?doing_wp_cron=1782484748.3429598808288574218750 HTTP/1.1" 200 1 "-" "WordPress/7.0; https://piacenza.elettroservicegroup.it"
216.73.217.105 - - [26/Jun/2026:16:39:06 +0200] "GET /sitemap.rss HTTP/2.0" 200 1299 "-" "Mozilla/5.0 AppleWebKit/537.36 (KHTML, like Gecko; compatible; ClaudeBot/1.0; +claudebot@anthropic.com)"
65.108.235.243 - - [26/Jun/2026:16:39:08 +0200] "GET /assistenza-lavastoviglie-ariston-piacenza/ HTTP/1.1" 200 29204 "-" "WP Fastest Cache Preload Bot"
65.108.235.243 - - [26/Jun/2026:16:39:09 +0200] "GET /assistenza-lavastoviglie-aeg-piacenza/ HTTP/1.1" 200 29273 "-" "WP Fastest Cache Preload Bot"
65.108.235.243 - - [26/Jun/2026:16:39:11 +0200] "GET /assistenza-lavastoviglie-piacenza/ HTTP/1.1" 200 28883 "-" "WP Fastest Cache Preload Bot"
65.108.235.243 - - [26/Jun/2026:16:39:13 +0200] "GET /assistenza-indesit-piacenza/ HTTP/1.1" 200 28925 "-" "WP Fastest Cache Preload Bot"
65.108.235.243 - - [26/Jun/2026:16:52:52 +0200] "POST /wp-cron.php?doing_wp_cron=1782485572.0828409194946289062500 HTTP/1.1" 200 1 "-" "WordPress/7.0; https://piacenza.elettroservicegroup.it"
66.249.64.165 - - [26/Jun/2026:16:52:50 +0200] "GET /attachment-sitemap.xml HTTP/1.1" 200 5726 "-" "Mozilla/5.0 (compatible; Googlebot/2.1; +http://www.google.com/bot.html)"
65.108.235.243 - - [26/Jun/2026:16:52:52 +0200] "GET /assistenza-candy-piacenza/ HTTP/1.1" 200 29022 "-" "WP Fastest Cache Preload Bot"
65.108.235.243 - - [26/Jun/2026:16:52:53 +0200] "GET /assistenza-bosch-piacenza/ HTTP/1.1" 200 29018 "-" "WP Fastest Cache Preload Bot"
65.108.235.243 - - [26/Jun/2026:16:52:53 +0200] "GET /assistenza-ariston-piacenza/ HTTP/1.1" 200 29004 "-" "WP Fastest Cache Preload Bot"
65.108.235.243 - - [26/Jun/2026:16:52:53 +0200] "GET /assistenza-aeg-piacenza/ HTTP/1.1" 200 29004 "-" "WP Fastest Cache Preload Bot"
65.108.235.243 - - [26/Jun/2026:16:55:13 +0200] "POST /wp-cron.php?doing_wp_cron=1782485713.6019179821014404296875 HTTP/1.1" 200 1 "-" "WordPress/7.0; https://piacenza.elettroservicegroup.it"
216.73.217.105 - - [26/Jun/2026:16:55:12 +0200] "GET /sitemap.xml HTTP/2.0" 200 332 "-" "Mozilla/5.0 AppleWebKit/537.36 (KHTML, like Gecko; compatible; ClaudeBot/1.0; +claudebot@anthropic.com)"
65.108.235.243 - - [26/Jun/2026:16:55:13 +0200] "GET /cookie-policy/ HTTP/1.1" 200 25115 "-" "WP Fastest Cache Preload Bot"
65.108.235.243 - - [26/Jun/2026:16:55:15 +0200] "GET /termini-e-condizioni/ HTTP/1.1" 200 24677 "-" "WP Fastest Cache Preload Bot"
65.108.235.243 - - [26/Jun/2026:16:55:16 +0200] "GET /cookie-policy-ue/ HTTP/1.1" 200 26579 "-" "WP Fastest Cache Preload Bot"
65.108.235.243 - - [26/Jun/2026:16:55:16 +0200] "GET /informativa-privacy/ HTTP/1.1" 200 26913 "-" "WP Fastest Cache Preload Bot"
65.108.235.243 - - [26/Jun/2026:17:34:38 +0200] "POST /wp-cron.php?doing_wp_cron=1782488078.6752419471740722656250 HTTP/1.1" 200 1 "-" "WordPress/7.0; https://piacenza.elettroservicegroup.it"
146.70.182.36 - - [26/Jun/2026:17:34:36 +0200] "GET /assistenza-condizionatori/ HTTP/2.0" 404 23376 "-" "Mozilla/5.0 (X11; Linux x86_64) AppleWebKit/537.36 (KHTML, like Gecko) Chrome/149.0.0.0 Safari/537.36"
146.70.182.36 - - [26/Jun/2026:17:34:39 +0200] "GET /wp-content/plugins/all-in-one-seo-pack/dist/Lite/assets/css/table-of-contents/global.e90f6d47.css?ver=4.9.9 HTTP/2.0" 200 420 "https://piacenza.elettroservicegroup.it/assistenza-condizionatori/" "Mozilla/5.0 (X11; Linux x86_64) AppleWebKit/537.36 (KHTML, like Gecko) Chrome/149.0.0.0 Safari/537.36"
146.70.182.36 - - [26/Jun/2026:17:34:39 +0200] "GET /wp-content/uploads/elementor/css/post-14146.css?ver=1782443029 HTTP/2.0" 200 428 "https://piacenza.elettroservicegroup.it/assistenza-condizionatori/" "Mozilla/5.0 (X11; Linux x86_64) AppleWebKit/537.36 (KHTML, like Gecko) Chrome/149.0.0.0 Safari/537.36"
146.70.182.36 - - [26/Jun/2026:17:34:39 +0200] "GET /wp-content/uploads/elementor/css/post-14366.css?ver=1782443029 HTTP/2.0" 200 302 "https://piacenza.elettroservicegroup.it/assistenza-condizionatori/" "Mozilla/5.0 (X11; Linux x86_64) AppleWebKit/537.36 (KHTML, like Gecko) Chrome/149.0.0.0 Safari/537.36"
146.70.182.36 - - [26/Jun/2026:17:34:39 +0200] "GET /wp-json/complianz/v1/banner?lang=it&locale=it_IT&token=fiugi HTTP/2.0" 200 81 "https://piacenza.elettroservicegroup.it/assistenza-condizionatori/" "Mozilla/5.0 (X11; Linux x86_64) AppleWebKit/537.36 (KHTML, like Gecko) Chrome/149.0.0.0 Safari/537.36"
65.108.235.243 - - [26/Jun/2026:17:34:39 +0200] "POST /wp-json/complianz/v1/wsc-scan HTTP/1.1" 400 88 "-" "WordPress/7.0; https://piacenza.elettroservicegroup.it"
146.70.182.36 - - [26/Jun/2026:17:34:40 +0200] "GET /wp-json/complianz/v1/cookie_data HTTP/2.0" 200 69 "https://piacenza.elettroservicegroup.it/assistenza-condizionatori/" "Mozilla/5.0 (X11; Linux x86_64) AppleWebKit/537.36 (KHTML, like Gecko) Chrome/149.0.0.0 Safari/537.36"
65.108.235.243 - - [26/Jun/2026:17:34:40 +0200] "GET /assistenza-frigoriferi/ HTTP/1.1" 200 26997 "-" "WP Fastest Cache Preload Bot"
65.108.235.243 - - [26/Jun/2026:17:34:43 +0200] "GET /assistenza-lavastoviglie/ HTTP/1.1" 200 27052 "-" "WP Fastest Cache Preload Bot"
65.108.235.243 - - [26/Jun/2026:17:34:46 +0200] "GET /assistenza-asciugatrici/ HTTP/1.1" 200 26825 "-" "WP Fastest Cache Preload Bot"
65.108.235.243 - - [26/Jun/2026:17:34:47 +0200] "GET /assistenza-lavatrici/ HTTP/1.1" 200 26574 "-" "WP Fastest Cache Preload Bot"
65.108.235.243 - - [26/Jun/2026:17:36:21 +0200] "POST /wp-cron.php?doing_wp_cron=1782488181.7239320278167724609375 HTTP/1.1" 200 1 "-" "WordPress/7.0; https://piacenza.elettroservicegroup.it"
146.70.182.36 - - [26/Jun/2026:17:36:20 +0200] "POST /wp-json/complianz/v1/track HTTP/2.0" 200 20 "https://piacenza.elettroservicegroup.it/assistenza-condizionatori/" "Mozilla/5.0 (X11; Linux x86_64) AppleWebKit/537.36 (KHTML, like Gecko) Chrome/149.0.0.0 Safari/537.36"
65.108.235.243 - - [26/Jun/2026:17:38:38 +0200] "POST /wp-cron.php?doing_wp_cron=1782488318.6600160598754882812500 HTTP/1.1" 200 1 "-" "WordPress/7.0; https://piacenza.elettroservicegroup.it"
146.70.182.36 - - [26/Jun/2026:17:38:30 +0200] "POST /wp-json/complianz/v1/track HTTP/2.0" 200 20 "https://piacenza.elettroservicegroup.it/assistenza-condizionatori/" "Mozilla/5.0 (X11; Linux x86_64) AppleWebKit/537.36 (KHTML, like Gecko) Chrome/149.0.0.0 Safari/537.36"
162.62.132.25 - - [26/Jun/2026:18:09:25 +0200] "GET / HTTP/1.1" 200 31552 "http://piacenza.elettroservicegroup.it" "Mozilla/5.0 (iPhone; CPU iPhone OS 13_2_3 like Mac OS X) AppleWebKit/605.1.15 (KHTML, like Gecko) Version/13.0.3 Mobile/15E148 Safari/604.1"
65.108.235.243 - - [26/Jun/2026:18:09:27 +0200] "GET / HTTP/1.1" 200 28926 "-" "WP Fastest Cache Preload Bot"
65.108.235.243 - - [26/Jun/2026:18:40:52 +0200] "POST /wp-cron.php?doing_wp_cron=1782492052.1610860824584960937500 HTTP/1.1" 200 1 "-" "WordPress/7.0; https://piacenza.elettroservicegroup.it"
17.241.75.226 - - [26/Jun/2026:18:40:42 +0200] "GET /assistenza-elettrodomestici/copertina-riparazione_lavastoviglie-2/ HTTP/2.0" 200 26170 "-" "Mozilla/5.0 (Macintosh; Intel Mac OS X 10_15_7) AppleWebKit/605.1.15 (KHTML, like Gecko) Version/17.4 Safari/605.1.15 (Applebot/0.1; +http://www.apple.com/go/applebot)"
65.108.235.243 - - [26/Jun/2026:18:40:54 +0200] "POST /wp-json/complianz/v1/wsc-scan HTTP/1.1" 400 88 "-" "WordPress/7.0; https://piacenza.elettroservicegroup.it"
17.241.75.248 - - [26/Jun/2026:18:47:19 +0200] "GET /wp-content/cache/wpfc-minified/98f2uwim/2b8mf.css HTTP/2.0" 200 418 "https://piacenza.elettroservicegroup.it/assistenza-elettrodomestici/copertina-riparazione_lavastoviglie-2/" "Mozilla/5.0 (Macintosh; Intel Mac OS X 10_15_7) AppleWebKit/605.1.15 (KHTML, like Gecko) Version/17.4 Safari/605.1.15 (Applebot/0.1; +http://www.apple.com/go/applebot)"
17.241.75.248 - - [26/Jun/2026:18:47:19 +0200] "GET /wp-content/uploads/elementor/css/post-14146.css?ver=1782443029 HTTP/2.0" 200 428 "https://piacenza.elettroservicegroup.it/assistenza-elettrodomestici/copertina-riparazione_lavastoviglie-2/" "Mozilla/5.0 (Macintosh; Intel Mac OS X 10_15_7) AppleWebKit/605.1.15 (KHTML, like Gecko) Version/17.4 Safari/605.1.15 (Applebot/0.1; +http://www.apple.com/go/applebot)"
17.241.75.248 - - [26/Jun/2026:18:47:21 +0200] "GET /wp-content/cache/wpfc-minified/jno40hfd/2b8mf.css HTTP/2.0" 200 23329 "https://piacenza.elettroservicegroup.it/assistenza-elettrodomestici/copertina-riparazione_lavastoviglie-2/" "Mozilla/5.0 (Macintosh; Intel Mac OS X 10_15_7) AppleWebKit/605.1.15 (KHTML, like Gecko) Version/17.4 Safari/605.1.15 (Applebot/0.1; +http://www.apple.com/go/applebot)"
17.241.75.248 - - [26/Jun/2026:18:47:22 +0200] "GET /wp-content/cache/wpfc-minified/32rneldi/2b8mf.css HTTP/2.0" 200 15849 "https://piacenza.elettroservicegroup.it/assistenza-elettrodomestici/copertina-riparazione_lavastoviglie-2/" "Mozilla/5.0 (Macintosh; Intel Mac OS X 10_15_7) AppleWebKit/605.1.15 (KHTML, like Gecko) Version/17.4 Safari/605.1.15 (Applebot/0.1; +http://www.apple.com/go/applebot)"
17.241.75.248 - - [26/Jun/2026:18:47:23 +0200] "GET /wp-content/cache/wpfc-minified/qha2vzve/2b8mf.css HTTP/2.0" 200 11343 "https://piacenza.elettroservicegroup.it/assistenza-elettrodomestici/copertina-riparazione_lavastoviglie-2/" "Mozilla/5.0 (Macintosh; Intel Mac OS X 10_15_7) AppleWebKit/605.1.15 (KHTML, like Gecko) Version/17.4 Safari/605.1.15 (Applebot/0.1; +http://www.apple.com/go/applebot)"
17.241.75.248 - - [26/Jun/2026:18:47:25 +0200] "GET /wp-content/uploads/elementor/css/post-14366.css?ver=1782443029 HTTP/2.0" 200 302 "https://piacenza.elettroservicegroup.it/assistenza-elettrodomestici/copertina-riparazione_lavastoviglie-2/" "Mozilla/5.0 (Macintosh; Intel Mac OS X 10_15_7) AppleWebKit/605.1.15 (KHTML, like Gecko) Version/17.4 Safari/605.1.15 (Applebot/0.1; +http://www.apple.com/go/applebot)"
17.241.75.248 - - [26/Jun/2026:18:47:26 +0200] "GET /wp-content/cache/wpfc-minified/e6ekqzwv/2b8mf.css HTTP/2.0" 200 4741 "https://piacenza.elettroservicegroup.it/assistenza-elettrodomestici/copertina-riparazione_lavastoviglie-2/" "Mozilla/5.0 (Macintosh; Intel Mac OS X 10_15_7) AppleWebKit/605.1.15 (KHTML, like Gecko) Version/17.4 Safari/605.1.15 (Applebot/0.1; +http://www.apple.com/go/applebot)"
17.241.75.248 - - [26/Jun/2026:18:47:27 +0200] "GET /wp-content/cache/wpfc-minified/30gnld0u/2b8mf.css HTTP/2.0" 200 19038 "https://piacenza.elettroservicegroup.it/assistenza-elettrodomestici/copertina-riparazione_lavastoviglie-2/" "Mozilla/5.0 (Macintosh; Intel Mac OS X 10_15_7) AppleWebKit/605.1.15 (KHTML, like Gecko) Version/17.4 Safari/605.1.15 (Applebot/0.1; +http://www.apple.com/go/applebot)"
17.241.75.248 - - [26/Jun/2026:18:47:29 +0200] "GET /wp-content/cache/wpfc-minified/kmqim6e1/2b8mf.css HTTP/2.0" 200 2040 "https://piacenza.elettroservicegroup.it/assistenza-elettrodomestici/copertina-riparazione_lavastoviglie-2/" "Mozilla/5.0 (Macintosh; Intel Mac OS X 10_15_7) AppleWebKit/605.1.15 (KHTML, like Gecko) Version/17.4 Safari/605.1.15 (Applebot/0.1; +http://www.apple.com/go/applebot)"
17.241.75.248 - - [26/Jun/2026:18:47:30 +0200] "GET /wp-content/cache/wpfc-minified/kajgjpa1/2b8mf.js HTTP/2.0" 200 37594 "https://piacenza.elettroservicegroup.it/assistenza-elettrodomestici/copertina-riparazione_lavastoviglie-2/" "Mozilla/5.0 (Macintosh; Intel Mac OS X 10_15_7) AppleWebKit/605.1.15 (KHTML, like Gecko) Version/17.4 Safari/605.1.15 (Applebot/0.1; +http://www.apple.com/go/applebot)"
17.241.75.248 - - [26/Jun/2026:18:47:31 +0200] "GET /wp-content/plugins/gp-premium/menu-plus/functions/js/sticky.min.js?ver=2.5.5 HTTP/2.0" 200 2670 "https://piacenza.elettroservicegroup.it/assistenza-elettrodomestici/copertina-riparazione_lavastoviglie-2/" "Mozilla/5.0 (Macintosh; Intel Mac OS X 10_15_7) AppleWebKit/605.1.15 (KHTML, like Gecko) Version/17.4 Safari/605.1.15 (Applebot/0.1; +http://www.apple.com/go/applebot)"
17.241.75.248 - - [26/Jun/2026:18:47:33 +0200] "GET /wp-content/themes/generatepress/assets/js/menu.min.js?ver=3.6.1 HTTP/2.0" 200 1688 "https://piacenza.elettroservicegroup.it/assistenza-elettrodomestici/copertina-riparazione_lavastoviglie-2/" "Mozilla/5.0 (Macintosh; Intel Mac OS X 10_15_7) AppleWebKit/605.1.15 (KHTML, like Gecko) Version/17.4 Safari/605.1.15 (Applebot/0.1; +http://www.apple.com/go/applebot)"
17.241.75.248 - - [26/Jun/2026:18:47:34 +0200] "GET /wp-content/themes/generatepress/assets/js/back-to-top.min.js?ver=3.6.1 HTTP/2.0" 200 336 "https://piacenza.elettroservicegroup.it/assistenza-elettrodomestici/copertina-riparazione_lavastoviglie-2/" "Mozilla/5.0 (Macintosh; Intel Mac OS X 10_15_7) AppleWebKit/605.1.15 (KHTML, like Gecko) Version/17.4 Safari/605.1.15 (Applebot/0.1; +http://www.apple.com/go/applebot)"
17.241.75.248 - - [26/Jun/2026:18:47:35 +0200] "GET /wp-content/plugins/complianz-gdpr-premium/cookiebanner/js/complianz.min.js?ver=1781539588 HTTP/2.0" 200 10762 "https://piacenza.elettroservicegroup.it/assistenza-elettrodomestici/copertina-riparazione_lavastoviglie-2/" "Mozilla/5.0 (Macintosh; Intel Mac OS X 10_15_7) AppleWebKit/605.1.15 (KHTML, like Gecko) Version/17.4 Safari/605.1.15 (Applebot/0.1; +http://www.apple.com/go/applebot)"
17.241.75.248 - - [26/Jun/2026:18:47:37 +0200] "GET /wp-content/plugins/elementor/assets/js/webpack.runtime.min.js?ver=4.1.4 HTTP/2.0" 200 2340 "https://piacenza.elettroservicegroup.it/assistenza-elettrodomestici/copertina-riparazione_lavastoviglie-2/" "Mozilla/5.0 (Macintosh; Intel Mac OS X 10_15_7) AppleWebKit/605.1.15 (KHTML, like Gecko) Version/17.4 Safari/605.1.15 (Applebot/0.1; +http://www.apple.com/go/applebot)"
17.241.75.248 - - [26/Jun/2026:18:47:38 +0200] "GET /wp-content/plugins/elementor/assets/js/frontend-modules.min.js?ver=4.1.4 HTTP/2.0" 200 15454 "https://piacenza.elettroservicegroup.it/assistenza-elettrodomestici/copertina-riparazione_lavastoviglie-2/" "Mozilla/5.0 (Macintosh; Intel Mac OS X 10_15_7) AppleWebKit/605.1.15 (KHTML, like Gecko) Version/17.4 Safari/605.1.15 (Applebot/0.1; +http://www.apple.com/go/applebot)"
17.241.75.248 - - [26/Jun/2026:18:47:39 +0200] "GET /wp-includes/js/jquery/ui/core.min.js?ver=1.13.3 HTTP/2.0" 200 6820 "https://piacenza.elettroservicegroup.it/assistenza-elettrodomestici/copertina-riparazione_lavastoviglie-2/" "Mozilla/5.0 (Macintosh; Intel Mac OS X 10_15_7) AppleWebKit/605.1.15 (KHTML, like Gecko) Version/17.4 Safari/605.1.15 (Applebot/0.1; +http://www.apple.com/go/applebot)"
17.241.75.248 - - [26/Jun/2026:18:47:41 +0200] "GET /wp-content/plugins/elementor/assets/js/frontend.min.js?ver=4.1.4 HTTP/2.0" 200 10140 "https://piacenza.elettroservicegroup.it/assistenza-elettrodomestici/copertina-riparazione_lavastoviglie-2/" "Mozilla/5.0 (Macintosh; Intel Mac OS X 10_15_7) AppleWebKit/605.1.15 (KHTML, like Gecko) Version/17.4 Safari/605.1.15 (Applebot/0.1; +http://www.apple.com/go/applebot)"
17.241.75.248 - - [26/Jun/2026:18:47:42 +0200] "GET /wp-includes/js/comment-reply.min.js?ver=7.0 HTTP/2.0" 200 1248 "https://piacenza.elettroservicegroup.it/assistenza-elettrodomestici/copertina-riparazione_lavastoviglie-2/" "Mozilla/5.0 (Macintosh; Intel Mac OS X 10_15_7) AppleWebKit/605.1.15 (KHTML, like Gecko) Version/17.4 Safari/605.1.15 (Applebot/0.1; +http://www.apple.com/go/applebot)"
17.241.75.248 - - [26/Jun/2026:18:47:45 +0200] "GET /wp-content/plugins/elementor/assets/css/conditionals/dialog.min.css?ver=4.1.4 HTTP/2.0" 200 1428 "https://piacenza.elettroservicegroup.it/assistenza-elettrodomestici/copertina-riparazione_lavastoviglie-2/" "Mozilla/5.0 (Macintosh; Intel Mac OS X 10_15_7) AppleWebKit/605.1.15 (KHTML, like Gecko) Version/17.4 Safari/605.1.15 (Applebot/0.1; +http://www.apple.com/go/applebot)"
17.241.75.248 - - [26/Jun/2026:18:47:46 +0200] "GET /wp-content/plugins/elementor/assets/js/397f2d183c19202777d6.bundle.min.js HTTP/2.0" 200 8477 "https://piacenza.elettroservicegroup.it/assistenza-elettrodomestici/copertina-riparazione_lavastoviglie-2/" "Mozilla/5.0 (Macintosh; Intel Mac OS X 10_15_7) AppleWebKit/605.1.15 (KHTML, like Gecko) Version/17.4 Safari/605.1.15 (Applebot/0.1; +http://www.apple.com/go/applebot)"
17.241.75.248 - - [26/Jun/2026:18:47:47 +0200] "GET /wp-content/plugins/elementor/assets/js/lightbox.570c05c5a283cfb6b223.bundle.min.js HTTP/2.0" 200 9102 "https://piacenza.elettroservicegroup.it/assistenza-elettrodomestici/copertina-riparazione_lavastoviglie-2/" "Mozilla/5.0 (Macintosh; Intel Mac OS X 10_15_7) AppleWebKit/605.1.15 (KHTML, like Gecko) Version/17.4 Safari/605.1.15 (Applebot/0.1; +http://www.apple.com/go/applebot)"
17.241.75.248 - - [26/Jun/2026:18:47:49 +0200] "GET /wp-content/plugins/elementor/assets/lib/dialog/dialog.min.js?ver=4.9.3 HTTP/2.0" 200 3595 "https://piacenza.elettroservicegroup.it/assistenza-elettrodomestici/copertina-riparazione_lavastoviglie-2/" "Mozilla/5.0 (Macintosh; Intel Mac OS X 10_15_7) AppleWebKit/605.1.15 (KHTML, like Gecko) Version/17.4 Safari/605.1.15 (Applebot/0.1; +http://www.apple.com/go/applebot)"
17.241.75.248 - - [26/Jun/2026:18:47:50 +0200] "GET /wp-content/plugins/elementor/assets/lib/share-link/share-link.min.js?ver=4.1.4 HTTP/2.0" 200 1077 "https://piacenza.elettroservicegroup.it/assistenza-elettrodomestici/copertina-riparazione_lavastoviglie-2/" "Mozilla/5.0 (Macintosh; Intel Mac OS X 10_15_7) AppleWebKit/605.1.15 (KHTML, like Gecko) Version/17.4 Safari/605.1.15 (Applebot/0.1; +http://www.apple.com/go/applebot)"
65.108.235.243 - - [26/Jun/2026:18:47:50 +0200] "POST /wp-cron.php?doing_wp_cron=1782492470.7526230812072753906250 HTTP/1.1" 200 1 "-" "WordPress/7.0; https://piacenza.elettroservicegroup.it"
17.241.75.248 - - [26/Jun/2026:18:47:43 +0200] "GET /wp-json/complianz/v1/banner?lang=it&locale=it_IT&token=rehfv HTTP/2.0" 200 81 "https://piacenza.elettroservicegroup.it/assistenza-elettrodomestici/copertina-riparazione_lavastoviglie-2/" "Mozilla/5.0 (Macintosh; Intel Mac OS X 10_15_7) AppleWebKit/605.1.15 (KHTML, like Gecko) Version/17.4 Safari/605.1.15 (Applebot/0.1; +http://www.apple.com/go/applebot)"
65.108.235.243 - - [26/Jun/2026:18:47:51 +0200] "GET /imprint/ HTTP/1.1" 200 24274 "-" "WP Fastest Cache Preload Bot"
17.241.75.248 - - [26/Jun/2026:18:47:51 +0200] "GET /wp-content/plugins/elementor/assets/lib/swiper/v8/css/swiper.min.css?ver=8.4.5 HTTP/2.0" 200 4251 "https://piacenza.elettroservicegroup.it/assistenza-elettrodomestici/copertina-riparazione_lavastoviglie-2/" "Mozilla/5.0 (Macintosh; Intel Mac OS X 10_15_7) AppleWebKit/605.1.15 (KHTML, like Gecko) Version/17.4 Safari/605.1.15 (Applebot/0.1; +http://www.apple.com/go/applebot)"
65.108.235.243 - - [26/Jun/2026:18:47:51 +0200] "GET /dichiarazione-sulla-privacy-ue/ HTTP/1.1" 200 26834 "-" "WP Fastest Cache Preload Bot"
65.108.235.243 - - [26/Jun/2026:18:47:51 +0200] "GET /assistenza-whirlpool-piacenza/ HTTP/1.1" 200 28981 "-" "WP Fastest Cache Preload Bot"
65.108.235.243 - - [26/Jun/2026:18:47:52 +0200] "GET /assistenza-smeg-piacenza/ HTTP/1.1" 200 28931 "-" "WP Fastest Cache Preload Bot"
17.241.75.248 - - [26/Jun/2026:18:47:53 +0200] "GET /wp-content/plugins/elementor/assets/css/conditionals/lightbox.min.css?ver=4.1.4 HTTP/2.0" 200 1760 "https://piacenza.elettroservicegroup.it/assistenza-elettrodomestici/copertina-riparazione_lavastoviglie-2/" "Mozilla/5.0 (Macintosh; Intel Mac OS X 10_15_7) AppleWebKit/605.1.15 (KHTML, like Gecko) Version/17.4 Safari/605.1.15 (Applebot/0.1; +http://www.apple.com/go/applebot)"
65.108.235.243 - - [26/Jun/2026:18:47:52 +0200] "GET / HTTP/1.1" 200 28926 "-" "WP Fastest Cache Preload Bot"
17.241.75.248 - - [26/Jun/2026:18:47:54 +0200] "GET /wp-content/plugins/elementor/assets/js/section-frontend-handlers.d85ab872da118940910d.bundle.min.js HTTP/2.0" 200 230 "https://piacenza.elettroservicegroup.it/assistenza-elettrodomestici/copertina-riparazione_lavastoviglie-2/" "Mozilla/5.0 (Macintosh; Intel Mac OS X 10_15_7) AppleWebKit/605.1.15 (KHTML, like Gecko) Version/17.4 Safari/605.1.15 (Applebot/0.1; +http://www.apple.com/go/applebot)"
17.241.75.248 - - [26/Jun/2026:18:47:55 +0200] "GET /wp-content/plugins/elementor/assets/js/shared-frontend-handlers.03caa53373b56d3bab67.bundle.min.js HTTP/2.0" 200 2515 "https://piacenza.elettroservicegroup.it/assistenza-elettrodomestici/copertina-riparazione_lavastoviglie-2/" "Mozilla/5.0 (Macintosh; Intel Mac OS X 10_15_7) AppleWebKit/605.1.15 (KHTML, like Gecko) Version/17.4 Safari/605.1.15 (Applebot/0.1; +http://www.apple.com/go/applebot)"
17.241.75.248 - - [26/Jun/2026:18:47:57 +0200] "GET /wp-content/uploads/complianz/css/banner-1-optin.css?v=40 HTTP/2.0" 200 2857 "https://piacenza.elettroservicegroup.it/assistenza-elettrodomestici/copertina-riparazione_lavastoviglie-2/" "Mozilla/5.0 (Macintosh; Intel Mac OS X 10_15_7) AppleWebKit/605.1.15 (KHTML, like Gecko) Version/17.4 Safari/605.1.15 (Applebot/0.1; +http://www.apple.com/go/applebot)"
17.241.75.248 - - [26/Jun/2026:18:47:58 +0200] "GET /wp-content/plugins/elementor/assets/js/text-editor.45609661e409413f1cef.bundle.min.js HTTP/2.0" 200 592 "https://piacenza.elettroservicegroup.it/assistenza-elettrodomestici/copertina-riparazione_lavastoviglie-2/" "Mozilla/5.0 (Macintosh; Intel Mac OS X 10_15_7) AppleWebKit/605.1.15 (KHTML, like Gecko) Version/17.4 Safari/605.1.15 (Applebot/0.1; +http://www.apple.com/go/applebot)"
17.241.75.248 - - [26/Jun/2026:18:47:59 +0200] "GET /wp-json/complianz/v1/cookie_data HTTP/2.0" 200 69 "https://piacenza.elettroservicegroup.it/assistenza-elettrodomestici/copertina-riparazione_lavastoviglie-2/" "Mozilla/5.0 (Macintosh; Intel Mac OS X 10_15_7) AppleWebKit/605.1.15 (KHTML, like Gecko) Version/17.4 Safari/605.1.15 (Applebot/0.1; +http://www.apple.com/go/applebot)"
65.108.235.243 - - [26/Jun/2026:19:38:08 +0200] "POST /wp-cron.php?doing_wp_cron=1782495488.5140230655670166015625 HTTP/1.1" 200 1 "-" "WordPress/7.0; https://piacenza.elettroservicegroup.it"
176.108.29.186 - - [26/Jun/2026:19:38:01 +0200] "POST /wp-login.php HTTP/1.1" 200 3704 "https://piacenza.elettroservicegroup.it/wp-admin/" "Mozilla/5.0 (X11; Linux x86_64) AppleWebKit/537.36 (KHTML, like Gecko) Chrome/124.0.0.0 Safari/537.36"
65.108.235.243 - - [26/Jun/2026:19:38:09 +0200] "GET /imprint/ HTTP/1.1" 200 24291 "-" "WP Fastest Cache Preload Bot"
65.108.235.243 - - [26/Jun/2026:19:38:12 +0200] "GET /dichiarazione-sulla-privacy-ue/ HTTP/1.1" 200 26826 "-" "WP Fastest Cache Preload Bot"
65.108.235.243 - - [26/Jun/2026:19:38:14 +0200] "GET /assistenza-whirlpool-piacenza/ HTTP/1.1" 200 28982 "-" "WP Fastest Cache Preload Bot"
65.108.235.243 - - [26/Jun/2026:19:38:17 +0200] "GET /assistenza-smeg-piacenza/ HTTP/1.1" 200 28931 "-" "WP Fastest Cache Preload Bot"
65.108.235.243 - - [26/Jun/2026:20:05:57 +0200] "POST /wp-cron.php?doing_wp_cron=1782497157.8737111091613769531250 HTTP/1.1" 200 1 "-" "WordPress/7.0; https://piacenza.elettroservicegroup.it"
40.77.167.158 - - [26/Jun/2026:20:05:49 +0200] "GET /assistenza-aeg-castelvetro-piacentino/ HTTP/2.0" 404 23378 "-" "Mozilla/5.0 AppleWebKit/537.36 (KHTML, like Gecko; compatible; bingbot/2.0; +http://www.bing.com/bingbot.htm) Chrome/116.0.1938.76 Safari/537.36"
65.108.235.243 - - [26/Jun/2026:20:06:01 +0200] "POST /wp-json/complianz/v1/wsc-scan HTTP/1.1" 400 88 "-" "WordPress/7.0; https://piacenza.elettroservicegroup.it"
65.108.235.243 - - [26/Jun/2026:20:06:02 +0200] "GET /assistenza-siemens-piacenza/ HTTP/1.1" 200 29110 "-" "WP Fastest Cache Preload Bot"
65.108.235.243 - - [26/Jun/2026:20:06:06 +0200] "GET /assistenza-rex-electrolux-piacenza/ HTTP/1.1" 200 28977 "-" "WP Fastest Cache Preload Bot"
65.108.235.243 - - [26/Jun/2026:20:06:09 +0200] "GET /assistenza-miele-piacenza/ HTTP/1.1" 200 29217 "-" "WP Fastest Cache Preload Bot"
65.108.235.243 - - [26/Jun/2026:20:06:13 +0200] "GET /assistenza-lavatrici-whirlpool-piacenza/ HTTP/1.1" 200 29066 "-" "WP Fastest Cache Preload Bot"
65.108.235.243 - - [26/Jun/2026:20:34:13 +0200] "POST /wp-cron.php?doing_wp_cron=1782498853.1846189498901367187500 HTTP/1.1" 200 1 "-" "WordPress/7.0; https://piacenza.elettroservicegroup.it"
5.91.125.238 - - [26/Jun/2026:20:34:11 +0200] "GET /assistenza-condizionatori/ HTTP/2.0" 404 23376 "-" "Mozilla/5.0 (X11; Linux x86_64) AppleWebKit/537.36 (KHTML, like Gecko) Chrome/149.0.0.0 Safari/537.36"
5.91.125.238 - - [26/Jun/2026:20:34:13 +0200] "GET /wp-json/complianz/v1/banner?lang=it&locale=it_IT&token=slpsg HTTP/2.0" 200 81 "https://piacenza.elettroservicegroup.it/assistenza-condizionatori/" "Mozilla/5.0 (X11; Linux x86_64) AppleWebKit/537.36 (KHTML, like Gecko) Chrome/149.0.0.0 Safari/537.36"
5.91.125.238 - - [26/Jun/2026:20:34:15 +0200] "GET /wp-json/complianz/v1/cookie_data HTTP/2.0" 200 69 "https://piacenza.elettroservicegroup.it/assistenza-condizionatori/" "Mozilla/5.0 (X11; Linux x86_64) AppleWebKit/537.36 (KHTML, like Gecko) Chrome/149.0.0.0 Safari/537.36"
65.108.235.243 - - [26/Jun/2026:20:34:16 +0200] "GET /assistenza-lavatrici-smeg-piacenza/ HTTP/1.1" 200 28841 "-" "WP Fastest Cache Preload Bot"
65.108.235.243 - - [26/Jun/2026:20:34:17 +0200] "GET /assistenza-lavatrici-rex-electrolux-piacenza/ HTTP/1.1" 200 28802 "-" "WP Fastest Cache Preload Bot"
65.108.235.243 - - [26/Jun/2026:20:34:17 +0200] "GET /assistenza-lavatrici-indesit-piacenza/ HTTP/1.1" 200 28836 "-" "WP Fastest Cache Preload Bot"
5.91.125.238 - - [26/Jun/2026:20:34:20 +0200] "POST /wp-json/complianz/v1/track HTTP/2.0" 200 - "https://piacenza.elettroservicegroup.it/assistenza-condizionatori/" "Mozilla/5.0 (X11; Linux x86_64) AppleWebKit/537.36 (KHTML, like Gecko) Chrome/149.0.0.0 Safari/537.36"
65.108.235.243 - - [26/Jun/2026:20:34:20 +0200] "GET /assistenza-lavatrici-bosch-piacenza/ HTTP/1.1" 200 28877 "-" "WP Fastest Cache Preload Bot"
65.108.235.243 - - [26/Jun/2026:20:35:54 +0200] "POST /wp-cron.php?doing_wp_cron=1782498954.6843039989471435546875 HTTP/1.1" 200 1 "-" "WordPress/7.0; https://piacenza.elettroservicegroup.it"
216.73.217.5 - - [26/Jun/2026:20:35:52 +0200] "GET /robots.txt HTTP/2.0" 200 108 "-" "Mozilla/5.0 AppleWebKit/537.36 (KHTML, like Gecko; compatible; ClaudeBot/1.0; +claudebot@anthropic.com)"
65.108.235.243 - - [26/Jun/2026:20:35:56 +0200] "GET /assistenza-lavatrici-ariston-piacenza/ HTTP/1.1" 200 28896 "-" "WP Fastest Cache Preload Bot"
65.108.235.243 - - [26/Jun/2026:20:36:00 +0200] "GET /assistenza-lavatrici-aeg-piacenza/ HTTP/1.1" 200 28896 "-" "WP Fastest Cache Preload Bot"
65.108.235.243 - - [26/Jun/2026:20:36:02 +0200] "GET /assistenza-lavatrici-piacenza/ HTTP/1.1" 200 29138 "-" "WP Fastest Cache Preload Bot"
65.108.235.243 - - [26/Jun/2026:20:36:05 +0200] "GET /assistenza-lavastoviglie-whirlpool-piacenza/ HTTP/1.1" 200 28843 "-" "WP Fastest Cache Preload Bot"
117.24.80.127 - - [26/Jun/2026:21:06:27 +0200] "GET /assistenza-ariston-piacenza/ HTTP/2.0" 200 28979 "-" "Mozilla/5.0 (Linux; Android 5.0; SM-G900P Build/LRX21T) AppleWebKit/537.36 (KHTML, like Gecko) Chrome/48.0.8779.1057 Mobile Safari/537.36"
218.67.1.6 - - [26/Jun/2026:21:07:11 +0200] "GET /wp-content/uploads/elementor/css/post-14366.css?ver=1782443029 HTTP/2.0" 200 302 "https://piacenza.elettroservicegroup.it/assistenza-ariston-piacenza/" "Mozilla/5.0 (Linux; Android 5.0; SM-G900P Build/LRX21T) AppleWebKit/537.36 (KHTML, like Gecko) Chrome/48.0.8779.1057 Mobile Safari/537.36"
218.67.1.6 - - [26/Jun/2026:21:07:11 +0200] "GET /wp-content/cache/wpfc-minified/lkeozi6d/2b8mf.css HTTP/2.0" 200 7521 "https://piacenza.elettroservicegroup.it/assistenza-ariston-piacenza/" "Mozilla/5.0 (Linux; Android 5.0; SM-G900P Build/LRX21T) AppleWebKit/537.36 (KHTML, like Gecko) Chrome/48.0.8779.1057 Mobile Safari/537.36"
218.67.1.6 - - [26/Jun/2026:21:07:12 +0200] "GET /wp-content/uploads/elementor/css/post-14146.css?ver=1782443029 HTTP/2.0" 200 428 "https://piacenza.elettroservicegroup.it/assistenza-ariston-piacenza/" "Mozilla/5.0 (Linux; Android 5.0; SM-G900P Build/LRX21T) AppleWebKit/537.36 (KHTML, like Gecko) Chrome/48.0.8779.1057 Mobile Safari/537.36"
218.67.1.6 - - [26/Jun/2026:21:07:12 +0200] "GET /wp-content/uploads/elementor/css/post-16889.css?ver=1782447599 HTTP/2.0" 200 2005 "https://piacenza.elettroservicegroup.it/assistenza-ariston-piacenza/" "Mozilla/5.0 (Linux; Android 5.0; SM-G900P Build/LRX21T) AppleWebKit/537.36 (KHTML, like Gecko) Chrome/48.0.8779.1057 Mobile Safari/537.36"
218.67.1.6 - - [26/Jun/2026:21:07:12 +0200] "GET /wp-content/cache/wpfc-minified/qha2vzve/2b8mf.css HTTP/2.0" 200 11343 "https://piacenza.elettroservicegroup.it/assistenza-ariston-piacenza/" "Mozilla/5.0 (Linux; Android 5.0; SM-G900P Build/LRX21T) AppleWebKit/537.36 (KHTML, like Gecko) Chrome/48.0.8779.1057 Mobile Safari/537.36"
218.67.1.6 - - [26/Jun/2026:21:07:12 +0200] "GET /wp-content/uploads/2021/10/cropped-cropped-cropped-logo_white_background.png HTTP/2.0" 206 500 "https://piacenza.elettroservicegroup.it/assistenza-ariston-piacenza/" "Mozilla/5.0 (Linux; Android 5.0; SM-G900P Build/LRX21T) AppleWebKit/537.36 (KHTML, like Gecko) Chrome/48.0.8779.1057 Mobile Safari/537.36"
218.67.1.6 - - [26/Jun/2026:21:07:12 +0200] "GET /wp-content/cache/wpfc-minified/98f2uwim/2b8mf.css HTTP/2.0" 200 418 "https://piacenza.elettroservicegroup.it/assistenza-ariston-piacenza/" "Mozilla/5.0 (Linux; Android 5.0; SM-G900P Build/LRX21T) AppleWebKit/537.36 (KHTML, like Gecko) Chrome/48.0.8779.1057 Mobile Safari/537.36"
218.67.1.6 - - [26/Jun/2026:21:07:12 +0200] "GET /wp-content/cache/wpfc-minified/9h35mpo4/2b8mf.css HTTP/2.0" 200 4410 "https://piacenza.elettroservicegroup.it/assistenza-ariston-piacenza/" "Mozilla/5.0 (Linux; Android 5.0; SM-G900P Build/LRX21T) AppleWebKit/537.36 (KHTML, like Gecko) Chrome/48.0.8779.1057 Mobile Safari/537.36"
218.67.1.6 - - [26/Jun/2026:21:07:12 +0200] "GET /wp-content/cache/wpfc-minified/30gnld0u/2b8mf.css HTTP/2.0" 200 19038 "https://piacenza.elettroservicegroup.it/assistenza-ariston-piacenza/" "Mozilla/5.0 (Linux; Android 5.0; SM-G900P Build/LRX21T) AppleWebKit/537.36 (KHTML, like Gecko) Chrome/48.0.8779.1057 Mobile Safari/537.36"
218.67.1.6 - - [26/Jun/2026:21:07:13 +0200] "GET /wp-content/uploads/2022/10/COPERTINA-6-300x150.png HTTP/2.0" 206 500 "https://piacenza.elettroservicegroup.it/assistenza-ariston-piacenza/" "Mozilla/5.0 (Linux; Android 5.0; SM-G900P Build/LRX21T) AppleWebKit/537.36 (KHTML, like Gecko) Chrome/48.0.8779.1057 Mobile Safari/537.36"
218.67.1.6 - - [26/Jun/2026:21:07:13 +0200] "GET /wp-content/plugins/gp-premium/menu-plus/functions/js/sticky.min.js?ver=2.5.5 HTTP/2.0" 200 2670 "https://piacenza.elettroservicegroup.it/assistenza-ariston-piacenza/" "Mozilla/5.0 (Linux; Android 5.0; SM-G900P Build/LRX21T) AppleWebKit/537.36 (KHTML, like Gecko) Chrome/48.0.8779.1057 Mobile Safari/537.36"
218.67.1.6 - - [26/Jun/2026:21:07:13 +0200] "GET /wp-content/cache/wpfc-minified/kajgjpa1/2b8mf.js HTTP/2.0" 200 37594 "https://piacenza.elettroservicegroup.it/assistenza-ariston-piacenza/" "Mozilla/5.0 (Linux; Android 5.0; SM-G900P Build/LRX21T) AppleWebKit/537.36 (KHTML, like Gecko) Chrome/48.0.8779.1057 Mobile Safari/537.36"
121.237.36.31 - - [26/Jun/2026:21:13:33 +0200] "GET / HTTP/1.1" 200 11817 "-" "Dalvik/2.1.0 (Linux; U; Android 9.0; ZTE BA520 Build/MRA58K)"
121.237.36.29 - - [26/Jun/2026:21:14:13 +0200] "GET / HTTP/1.1" 200 11721 "-" "Mozilla/5.0 (Linux; U; Android 6.0.1; zh-CN; OPPO R9s Build/MMB29M) AppleWebKit/537.36 (KHTML, like Gecko) Version/4.0 Chrome/57.0.2987.108 UCBrowser/11.8.6.966 Mobile Safari/537.36"
121.237.36.31 - - [26/Jun/2026:21:19:13 +0200] "GET / HTTP/1.1" 200 11711 "-" "Mozilla/5.0 (Macintosh; Intel Mac OS X 10_11) AppleWebKit/601.1.27 (KHTML, like Gecko) Chrome/47.0.2526.106 Safari/601.1.27"
183.134.40.85 - - [26/Jun/2026:21:22:31 +0200] "GET / HTTP/1.1" 200 11655 "-" "Mozilla/5.0 (X11; U; Linux i686; en-US) AppleWebKit/534.13 (KHTML, like Gecko) Ubuntu/9.10 Chromium/9.0.592.0 Chrome/9.0.592.0 Safari/534.13"
65.108.235.243 - - [26/Jun/2026:21:41:58 +0200] "POST /wp-cron.php?doing_wp_cron=1782502918.4055130481719970703125 HTTP/1.1" 200 1 "-" "WordPress/7.0; https://piacenza.elettroservicegroup.it"
74.7.228.55 - - [26/Jun/2026:21:41:56 +0200] "GET /robots.txt HTTP/2.0" 200 108 "-" "Mozilla/5.0 (Macintosh; Intel Mac OS X 10_15_7) AppleWebKit/537.36 (KHTML, like Gecko) Chrome/131.0.0.0 Safari/537.36; compatible; OAI-SearchBot/1.4; robots.txt; +https://openai.com/searchbot"
65.108.235.243 - - [26/Jun/2026:21:41:58 +0200] "POST /wp-json/complianz/v1/wsc-scan HTTP/1.1" 400 88 "-" "WordPress/7.0; https://piacenza.elettroservicegroup.it"
65.108.235.243 - - [26/Jun/2026:21:41:59 +0200] "GET /assistenza-lavastoviglie-smeg-piacenza/ HTTP/1.1" 200 28786 "-" "WP Fastest Cache Preload Bot"
65.108.235.243 - - [26/Jun/2026:21:41:59 +0200] "GET /assistenza-lavastoviglie-rex-electrolux-piacenza/ HTTP/1.1" 200 28747 "-" "WP Fastest Cache Preload Bot"
65.108.235.243 - - [26/Jun/2026:21:41:59 +0200] "GET /assistenza-lavastoviglie-indesit-piacenza/ HTTP/1.1" 200 29248 "-" "WP Fastest Cache Preload Bot"
65.108.235.243 - - [26/Jun/2026:21:42:00 +0200] "GET /assistenza-lavastoviglie-bosch-piacenza/ HTTP/1.1" 200 29273 "-" "WP Fastest Cache Preload Bot"
65.108.235.243 - - [26/Jun/2026:21:42:00 +0200] "POST /wp-admin/admin-ajax.php?action=wordfence_testAjax HTTP/1.1" 200 16 "-" "WordPress/7.0; https://piacenza.elettroservicegroup.it"
65.108.235.243 - - [26/Jun/2026:21:42:12 +0200] "GET /wp-admin/admin-ajax.php?action=wordfence_doScan&isFork=0&scanMode=quick&cronKey=b3e37ca81f3c61101a9d3b7cfa73439c&signature=85eae3721dcea26d1c28ea99a4cee6817a7e55f3ac7c995ba0a73f56804bfccd HTTP/1.1" 200 1 "-" "WordPress/7.0; https://piacenza.elettroservicegroup.it"
65.108.235.243 - - [26/Jun/2026:21:43:49 +0200] "POST /wp-cron.php?doing_wp_cron=1782503029.3149080276489257812500 HTTP/1.1" 200 1 "-" "WordPress/7.0; https://piacenza.elettroservicegroup.it"
34.68.88.27 - - [26/Jun/2026:21:43:47 +0200] "HEAD /robots.txt HTTP/2.0" 200 - "-" "Mozilla/5.0 (X11; Linux x86_64) AppleWebKit/537.36 (KHTML, like Gecko) Chrome/136.0.0.0 Safari/537.36"
34.68.88.27 - - [26/Jun/2026:21:43:49 +0200] "GET /robots.txt HTTP/2.0" 200 132 "-" "Mozilla/5.0 (X11; Linux x86_64) AppleWebKit/537.36 (KHTML, like Gecko) Chrome/136.0.0.0 Safari/537.36"
23.236.55.230 - - [26/Jun/2026:21:43:50 +0200] "HEAD /assistenza-bosch-piacenza HTTP/2.0" 200 11745 "-" "Mozilla/5.0 AppleWebKit/537.36 (KHTML, like Gecko); compatible; ShapBot/0.1.0"
23.236.55.230 - - [26/Jun/2026:21:43:51 +0200] "GET /assistenza-bosch-piacenza HTTP/2.0" 200 11699 "-" "Mozilla/5.0 AppleWebKit/537.36 (KHTML, like Gecko); compatible; ShapBot/0.1.0"
65.108.235.243 - - [26/Jun/2026:21:44:55 +0200] "GET /assistenza-lavastoviglie-ariston-piacenza/ HTTP/1.1" 200 29205 "-" "WP Fastest Cache Preload Bot"
65.108.235.243 - - [26/Jun/2026:21:44:59 +0200] "GET /assistenza-lavastoviglie-aeg-piacenza/ HTTP/1.1" 200 29273 "-" "WP Fastest Cache Preload Bot"
65.108.235.243 - - [26/Jun/2026:21:45:01 +0200] "GET /assistenza-lavastoviglie-piacenza/ HTTP/1.1" 200 28882 "-" "WP Fastest Cache Preload Bot"
65.108.235.243 - - [26/Jun/2026:21:45:01 +0200] "GET /assistenza-indesit-piacenza/ HTTP/1.1" 200 28925 "-" "WP Fastest Cache Preload Bot"
43.173.160.134 - - [26/Jun/2026:21:45:14 +0200] "GET /robots.txt HTTP/2.0" 200 108 "https://piacenza.elettroservicegroup.it/robots.txt" "Mozilla/5.0 (Windows NT 10.0; Win64; x64) AppleWebKit/537.36 (KHTML, like Gecko) Chrome/116.0.0.0 Safari/537.36"
65.108.235.243 - - [26/Jun/2026:21:45:29 +0200] "POST /wp-cron.php?doing_wp_cron=1782503129.6565170288085937500000 HTTP/1.1" 200 1 "-" "WordPress/7.0; https://piacenza.elettroservicegroup.it"
192.144.201.200 - - [26/Jun/2026:21:45:28 +0200] "GET /robots.txt HTTP/2.0" 200 108 "https://piacenza.elettroservicegroup.it/robots.txt" "Mozilla/5.0 (Macintosh; Intel Mac OS X 10_15_7) AppleWebKit/537.36 (KHTML, like Gecko) Chrome/119.0.0.0 Safari/537.36"
65.108.235.243 - - [26/Jun/2026:21:46:49 +0200] "POST /wp-cron.php?doing_wp_cron=1782503209.9392080307006835937500 HTTP/1.1" 200 1 "-" "WordPress/7.0; https://piacenza.elettroservicegroup.it"
216.73.217.5 - - [26/Jun/2026:21:46:48 +0200] "GET /robots.txt HTTP/2.0" 200 108 "-" "Mozilla/5.0 AppleWebKit/537.36 (KHTML, like Gecko; compatible; ClaudeBot/1.0; +claudebot@anthropic.com)"
216.73.217.5 - - [26/Jun/2026:21:46:50 +0200] "GET /sitemap.rss HTTP/2.0" 200 1299 "-" "Mozilla/5.0 AppleWebKit/537.36 (KHTML, like Gecko; compatible; ClaudeBot/1.0; +claudebot@anthropic.com)"
216.73.217.5 - - [26/Jun/2026:21:46:50 +0200] "GET /sitemap.xml HTTP/2.0" 200 333 "-" "Mozilla/5.0 AppleWebKit/537.36 (KHTML, like Gecko; compatible; ClaudeBot/1.0; +claudebot@anthropic.com)"
65.108.235.243 - - [26/Jun/2026:22:31:55 +0200] "POST /wp-cron.php?doing_wp_cron=1782505915.3652970790863037109375 HTTP/1.1" 200 1 "-" "WordPress/7.0; https://piacenza.elettroservicegroup.it"
216.73.217.5 - - [26/Jun/2026:22:31:50 +0200] "GET /sitemap.xml HTTP/2.0" 200 332 "-" "Mozilla/5.0 AppleWebKit/537.36 (KHTML, like Gecko; compatible; ClaudeBot/1.0; +claudebot@anthropic.com)"
65.108.235.243 - - [26/Jun/2026:22:31:56 +0200] "GET /assistenza-candy-piacenza/ HTTP/1.1" 200 29021 "-" "WP Fastest Cache Preload Bot"
65.108.235.243 - - [26/Jun/2026:22:31:57 +0200] "GET /assistenza-bosch-piacenza/ HTTP/1.1" 200 29018 "-" "WP Fastest Cache Preload Bot"
65.108.235.243 - - [26/Jun/2026:22:32:00 +0200] "GET /assistenza-ariston-piacenza/ HTTP/1.1" 200 29003 "-" "WP Fastest Cache Preload Bot"
65.108.235.243 - - [26/Jun/2026:22:32:03 +0200] "GET /assistenza-aeg-piacenza/ HTTP/1.1" 200 29005 "-" "WP Fastest Cache Preload Bot"
65.108.235.243 - - [26/Jun/2026:23:13:13 +0200] "POST /wp-cron.php?doing_wp_cron=1782508393.7555730342864990234375 HTTP/1.1" 200 1 "-" "WordPress/7.0; https://piacenza.elettroservicegroup.it"
185.93.89.147 - - [26/Jun/2026:23:12:57 +0200] "GET /.git/config HTTP/2.0" 301 - "-" "Mozilla/5.0 (compatible; GitFinder/1.0)"
65.108.235.243 - - [26/Jun/2026:23:13:18 +0200] "POST /wp-json/complianz/v1/wsc-scan HTTP/1.1" 400 88 "-" "WordPress/7.0; https://piacenza.elettroservicegroup.it"
65.108.235.243 - - [26/Jun/2026:23:13:21 +0200] "GET /cookie-policy/ HTTP/1.1" 200 25115 "-" "WP Fastest Cache Preload Bot"
65.108.235.243 - - [26/Jun/2026:23:13:24 +0200] "GET /termini-e-condizioni/ HTTP/1.1" 200 24677 "-" "WP Fastest Cache Preload Bot"
65.108.235.243 - - [26/Jun/2026:23:13:27 +0200] "GET /cookie-policy-ue/ HTTP/1.1" 200 26574 "-" "WP Fastest Cache Preload Bot"
65.108.235.243 - - [26/Jun/2026:23:13:29 +0200] "GET /informativa-privacy/ HTTP/1.1" 200 26913 "-" "WP Fastest Cache Preload Bot"
65.108.235.243 - - [26/Jun/2026:23:18:38 +0200] "POST /wp-cron.php?doing_wp_cron=1782508718.3603680133819580078125 HTTP/1.1" 200 1 "-" "WordPress/7.0; https://piacenza.elettroservicegroup.it"
114.119.141.228 - - [26/Jun/2026:23:18:30 +0200] "GET /robots.txt HTTP/1.1" 200 108 "https://piacenza.elettroservicegroup.it/robots.txt" "Mozilla/5.0 (Windows NT 10.0; Win64; x64) AppleWebKit/537.36 (KHTML, like Gecko) Chrome/148.0.0.0 Safari/537.36"
65.108.235.243 - - [26/Jun/2026:23:18:40 +0200] "GET /assistenza-frigoriferi/ HTTP/1.1" 200 26997 "-" "WP Fastest Cache Preload Bot"
65.108.235.243 - - [26/Jun/2026:23:18:44 +0200] "GET /assistenza-lavastoviglie/ HTTP/1.1" 200 27052 "-" "WP Fastest Cache Preload Bot"
65.108.235.243 - - [26/Jun/2026:23:18:48 +0200] "GET /assistenza-asciugatrici/ HTTP/1.1" 200 26824 "-" "WP Fastest Cache Preload Bot"
65.108.235.243 - - [26/Jun/2026:23:18:50 +0200] "GET /assistenza-lavatrici/ HTTP/1.1" 200 26574 "-" "WP Fastest Cache Preload Bot"
216.73.217.5 - - [26/Jun/2026:23:48:28 +0200] "GET /robots.txt HTTP/2.0" 200 108 "-" "Mozilla/5.0 AppleWebKit/537.36 (KHTML, like Gecko; compatible; ClaudeBot/1.0; +claudebot@anthropic.com)"
65.108.235.243 - - [26/Jun/2026:23:48:36 +0200] "POST /wp-cron.php?doing_wp_cron=1782510516.7687430381774902343750 HTTP/1.1" 200 1 "-" "WordPress/7.0; https://piacenza.elettroservicegroup.it"
65.108.235.243 - - [26/Jun/2026:23:48:39 +0200] "GET / HTTP/1.1" 200 29360 "-" "WP Fastest Cache Preload Bot"
216.73.217.5 - - [26/Jun/2026:23:49:04 +0200] "GET /sitemap.xml HTTP/2.0" 200 331 "-" "Mozilla/5.0 AppleWebKit/537.36 (KHTML, like Gecko; compatible; ClaudeBot/1.0; +claudebot@anthropic.com)"
40.77.167.0 - - [26/Jun/2026:23:49:09 +0200] "GET /assistenza-whirlpool-piacenza/ HTTP/2.0" 200 28957 "-" "Mozilla/5.0 AppleWebKit/537.36 (KHTML, like Gecko; compatible; bingbot/2.0; +http://www.bing.com/bingbot.htm) Chrome/116.0.1938.76 Safari/537.36"
65.108.235.243 - - [26/Jun/2026:23:51:24 +0200] "POST /wp-cron.php?doing_wp_cron=1782510684.0490889549255371093750 HTTP/1.1" 200 1 "-" "WordPress/7.0; https://piacenza.elettroservicegroup.it"
190.61.41.11 - - [26/Jun/2026:23:51:14 +0200] "POST /wp-login.php HTTP/1.1" 200 3704 "https://piacenza.elettroservicegroup.it/wp-admin/" "Mozilla/5.0 (Windows NT 10.0; Win64; x64) AppleWebKit/537.36 (KHTML, like Gecko) Chrome/124.0.0.0 Safari/537.36"