65.108.235.243 - - [26/Jun/2026:14:24:52 +0200] "POST /wp-cron.php?doing_wp_cron=1782476691.9705100059509277343750 HTTP/1.1" 200 1 "-" "WordPress/7.0; https://parma.elettroservicegroup.it"
66.249.89.135 - - [26/Jun/2026:14:24:41 +0200] "GET /assistenza-lavastoviglie-parma/ HTTP/1.1" 200 32891 "-" "Mozilla/5.0 (Linux; Android 6.0.1; Nexus 5X Build/MMB29P) AppleWebKit/537.36 (KHTML, like Gecko) Chrome/148.0.7778.96 Mobile Safari/537.36 (compatible; AdsBot-Google-Mobile; +http://www.google.com/mobile/adsbot.html)"
66.249.89.133 - - [26/Jun/2026:14:24:54 +0200] "GET /wp-content/plugins/all-in-one-seo-pack/dist/Lite/assets/css/table-of-contents/global.e90f6d47.css?ver=4.9.9 HTTP/1.1" 200 420 "https://parma.elettroservicegroup.it/assistenza-lavastoviglie-parma/" "AdsBot-Google (+http://www.google.com/adsbot.html)"
66.249.89.133 - - [26/Jun/2026:14:24:54 +0200] "GET /wp-content/uploads/elementor/css/post-14366.css?ver=1782445431 HTTP/1.1" 200 302 "https://parma.elettroservicegroup.it/assistenza-lavastoviglie-parma/" "AdsBot-Google (+http://www.google.com/adsbot.html)"
66.249.89.133 - - [26/Jun/2026:14:24:54 +0200] "GET /wp-content/uploads/elementor/css/post-17286.css?ver=1782476691 HTTP/1.1" 200 2371 "https://parma.elettroservicegroup.it/assistenza-lavastoviglie-parma/" "AdsBot-Google (+http://www.google.com/adsbot.html)"
66.249.89.133 - - [26/Jun/2026:14:24:54 +0200] "GET /wp-content/uploads/elementor/css/post-14146.css?ver=1782445429 HTTP/1.1" 200 428 "https://parma.elettroservicegroup.it/assistenza-lavastoviglie-parma/" "AdsBot-Google (+http://www.google.com/adsbot.html)"
66.249.89.133 - - [26/Jun/2026:14:24:54 +0200] "GET /wp-content/uploads/burst/js/burst.min.js?ver=1782468244 HTTP/1.1" 200 3401 "https://parma.elettroservicegroup.it/assistenza-lavastoviglie-parma/" "AdsBot-Google (+http://www.google.com/adsbot.html)"
65.108.235.243 - - [26/Jun/2026:14:26:54 +0200] "POST /wp-cron.php?doing_wp_cron=1782476814.5783400535583496093750 HTTP/1.1" 200 1 "-" "WordPress/7.0; https://parma.elettroservicegroup.it"
66.249.89.134 - - [26/Jun/2026:14:26:50 +0200] "GET /assistenza-frigoriferi HTTP/1.1" 301 1 "-" "Mozilla/5.0 (Linux; Android 6.0.1; Nexus 5X Build/MMB29P) AppleWebKit/537.36 (KHTML, like Gecko) Chrome/148.0.7778.96 Mobile Safari/537.36 (compatible; AdsBot-Google-Mobile; +http://www.google.com/mobile/adsbot.html)"
66.249.89.133 - - [26/Jun/2026:14:26:55 +0200] "GET /assistenza-frigoriferi/ HTTP/1.1" 200 30899 "-" "Mozilla/5.0 (Linux; Android 6.0.1; Nexus 5X Build/MMB29P) AppleWebKit/537.36 (KHTML, like Gecko) Chrome/148.0.7778.96 Mobile Safari/537.36 (compatible; AdsBot-Google-Mobile; +http://www.google.com/mobile/adsbot.html)"
66.249.89.133 - - [26/Jun/2026:14:27:09 +0200] "GET /wp-content/uploads/elementor/css/post-14146.css?ver=1782445429 HTTP/1.1" 200 428 "https://parma.elettroservicegroup.it/assistenza-frigoriferi/" "AdsBot-Google (+http://www.google.com/adsbot.html)"
66.249.89.133 - - [26/Jun/2026:14:27:09 +0200] "GET /wp-content/uploads/elementor/css/post-15287.css?ver=1782476819 HTTP/1.1" 200 2007 "https://parma.elettroservicegroup.it/assistenza-frigoriferi/" "AdsBot-Google (+http://www.google.com/adsbot.html)"
66.249.89.133 - - [26/Jun/2026:14:27:09 +0200] "GET /wp-content/plugins/all-in-one-seo-pack/dist/Lite/assets/css/table-of-contents/global.e90f6d47.css?ver=4.9.9 HTTP/1.1" 200 420 "https://parma.elettroservicegroup.it/assistenza-frigoriferi/" "AdsBot-Google (+http://www.google.com/adsbot.html)"
66.249.89.133 - - [26/Jun/2026:14:27:09 +0200] "GET /wp-content/plugins/elementor/assets/lib/font-awesome/css/solid.css?ver=5.15.3 HTTP/1.1" 200 299 "https://parma.elettroservicegroup.it/assistenza-frigoriferi/" "AdsBot-Google (+http://www.google.com/adsbot.html)"
66.249.89.133 - - [26/Jun/2026:14:27:10 +0200] "GET /wp-content/uploads/elementor/css/post-14366.css?ver=1782445431 HTTP/1.1" 200 302 "https://parma.elettroservicegroup.it/assistenza-frigoriferi/" "AdsBot-Google (+http://www.google.com/adsbot.html)"
66.249.89.133 - - [26/Jun/2026:14:27:22 +0200] "GET /wp-content/uploads/burst/js/burst.min.js?ver=1782468244 HTTP/1.1" 200 3401 "https://parma.elettroservicegroup.it/assistenza-frigoriferi/" "AdsBot-Google (+http://www.google.com/adsbot.html)"
65.108.235.243 - - [26/Jun/2026:14:27:23 +0200] "POST /wp-cron.php?doing_wp_cron=1782476843.4643619060516357421875 HTTP/1.1" 200 1 "-" "WordPress/7.0; https://parma.elettroservicegroup.it"
66.249.89.133 - - [26/Jun/2026:14:27:23 +0200] "GET /wp-json/complianz/v1/banner?lang=it&locale=it_IT&token=tzdqv HTTP/1.1" 200 81 "https://parma.elettroservicegroup.it/assistenza-frigoriferi/" "AdsBot-Google (+http://www.google.com/adsbot.html)"
65.108.235.243 - - [26/Jun/2026:14:32:50 +0200] "POST /wp-cron.php?doing_wp_cron=1782477170.7678439617156982421875 HTTP/1.1" 200 1 "-" "WordPress/7.0; https://parma.elettroservicegroup.it"
66.249.89.134 - - [26/Jun/2026:14:32:42 +0200] "GET /assistenza-lavatrici-parma/ HTTP/1.1" 200 32876 "-" "Mozilla/5.0 (Linux; Android 6.0.1; Nexus 5X Build/MMB29P) AppleWebKit/537.36 (KHTML, like Gecko) Chrome/148.0.7778.96 Mobile Safari/537.36 (compatible; AdsBot-Google-Mobile; +http://www.google.com/mobile/adsbot.html)"
66.249.89.133 - - [26/Jun/2026:14:32:53 +0200] "GET /wp-content/uploads/elementor/css/post-17314.css?ver=1782455073 HTTP/1.1" 200 2271 "https://parma.elettroservicegroup.it/assistenza-lavatrici-parma/" "AdsBot-Google (+http://www.google.com/adsbot.html)"
65.108.235.243 - - [26/Jun/2026:14:52:26 +0200] "POST /wp-cron.php?doing_wp_cron=1782478346.5700678825378417968750 HTTP/1.1" 200 1 "-" "WordPress/7.0; https://parma.elettroservicegroup.it"
142.250.32.100 - - [26/Jun/2026:14:52:20 +0200] "GET /.well-known/traffic-advice HTTP/1.1" 404 27077 "-" "Chrome Privacy Preserving Prefetch Proxy"
162.120.188.142 - - [26/Jun/2026:14:52:20 +0200] "GET /assistenza-smeg-parma/ HTTP/2.0" 200 - "https://www.google.com/" "Mozilla/5.0 (Linux; Android 10; K) AppleWebKit/537.36 (KHTML, like Gecko) Chrome/149.0.0.0 Mobile Safari/537.36"
65.108.235.243 - - [26/Jun/2026:14:52:29 +0200] "POST /wp-json/complianz/v1/wsc-scan HTTP/1.1" 400 88 "-" "WordPress/7.0; https://parma.elettroservicegroup.it"
65.108.235.243 - - [26/Jun/2026:14:53:43 +0200] "POST /wp-cron.php?doing_wp_cron=1782478423.2622649669647216796875 HTTP/1.1" 200 1 "-" "WordPress/7.0; https://parma.elettroservicegroup.it"
47.128.23.250 - - [26/Jun/2026:14:53:39 +0200] "GET /robots.txt HTTP/1.1" 403 189 "-" "Mozilla/5.0 (Linux; Android 5.0) AppleWebKit/537.36 (KHTML, like Gecko) Mobile Safari/537.36 (compatible; Bytespider; spider-feedback@bytedance.com)"
65.108.235.243 - - [26/Jun/2026:14:58:24 +0200] "POST /wp-cron.php?doing_wp_cron=1782478704.2894179821014404296875 HTTP/1.1" 200 1 "-" "WordPress/7.0; https://parma.elettroservicegroup.it"
138.88.231.132 - - [26/Jun/2026:14:58:18 +0200] "GET /assistenza-bosch-parma/ HTTP/1.1" 200 32959 "-" "Mozilla/5.0 (iPhone; CPU iPhone OS 14_2 like Mac OS X) AppleWebKit/532.1 (KHTML, like Gecko) FxiOS/10.9g6224.0 Mobile/91Y296 Safari/532.1"
65.108.235.243 - - [26/Jun/2026:15:15:27 +0200] "POST /wp-cron.php?doing_wp_cron=1782479727.7681341171264648437500 HTTP/1.1" 200 1 "-" "WordPress/7.0; https://parma.elettroservicegroup.it"
162.120.188.8 - - [26/Jun/2026:15:15:20 +0200] "GET /assistenza-smeg-parma/ HTTP/2.0" 200 - "https://www.google.com/" "Mozilla/5.0 (Linux; Android 10; K) AppleWebKit/537.36 (KHTML, like Gecko) Chrome/149.0.0.0 Mobile Safari/537.36"
82.78.134.78 - - [26/Jun/2026:15:47:57 +0200] "GET /assistenza-ariston-parma/ HTTP/1.1" 200 22781 "-" "Mozilla/5.0 (Windows NT 5.1; iw-IL; rv:1.9.0.20) Gecko/6027-03-18 09:45:26.166458 Firefox/10.0"
94.164.230.2 - - [26/Jun/2026:15:56:24 +0200] "GET /assistenza-smeg-parma/ HTTP/2.0" 200 22786 "https://www.bing.com/" "Mozilla/5.0 (Windows NT 10.0; Win64; x64) AppleWebKit/537.36 (KHTML, like Gecko) Chrome/149.0.0.0 Safari/537.36"
94.164.230.2 - - [26/Jun/2026:15:56:31 +0200] "GET /wp-content/cache/wpfc-minified/9aoba38s/2ajp9.css HTTP/2.0" 200 418 "https://parma.elettroservicegroup.it/assistenza-smeg-parma/" "Mozilla/5.0 (Windows NT 10.0; Win64; x64) AppleWebKit/537.36 (KHTML, like Gecko) Chrome/149.0.0.0 Safari/537.36"
94.164.230.2 - - [26/Jun/2026:15:56:31 +0200] "GET /wp-content/cache/wpfc-minified/f4mpgdct/2ajp9.css HTTP/2.0" 200 7521 "https://parma.elettroservicegroup.it/assistenza-smeg-parma/" "Mozilla/5.0 (Windows NT 10.0; Win64; x64) AppleWebKit/537.36 (KHTML, like Gecko) Chrome/149.0.0.0 Safari/537.36"
94.164.230.2 - - [26/Jun/2026:15:56:31 +0200] "GET /wp-content/uploads/elementor/css/post-14146.css?ver=1782141874 HTTP/2.0" 200 428 "https://parma.elettroservicegroup.it/assistenza-smeg-parma/" "Mozilla/5.0 (Windows NT 10.0; Win64; x64) AppleWebKit/537.36 (KHTML, like Gecko) Chrome/149.0.0.0 Safari/537.36"
94.164.230.2 - - [26/Jun/2026:15:56:31 +0200] "GET /wp-content/uploads/elementor/css/post-14366.css?ver=1782141874 HTTP/2.0" 200 302 "https://parma.elettroservicegroup.it/assistenza-smeg-parma/" "Mozilla/5.0 (Windows NT 10.0; Win64; x64) AppleWebKit/537.36 (KHTML, like Gecko) Chrome/149.0.0.0 Safari/537.36"
94.164.230.2 - - [26/Jun/2026:15:56:31 +0200] "GET /wp-content/uploads/2021/10/cropped-cropped-cropped-logo_white_background.png HTTP/2.0" 200 38971 "https://parma.elettroservicegroup.it/assistenza-smeg-parma/" "Mozilla/5.0 (Windows NT 10.0; Win64; x64) AppleWebKit/537.36 (KHTML, like Gecko) Chrome/149.0.0.0 Safari/537.36"
94.164.230.2 - - [26/Jun/2026:15:56:31 +0200] "GET /wp-content/uploads/2021/10/cropped-logo_white_background.png HTTP/2.0" 200 16623 "https://parma.elettroservicegroup.it/assistenza-smeg-parma/" "Mozilla/5.0 (Windows NT 10.0; Win64; x64) AppleWebKit/537.36 (KHTML, like Gecko) Chrome/149.0.0.0 Safari/537.36"
94.164.230.2 - - [26/Jun/2026:15:56:31 +0200] "GET /wp-content/uploads/elementor/css/post-17361.css?ver=1782154451 HTTP/2.0" 200 2168 "https://parma.elettroservicegroup.it/assistenza-smeg-parma/" "Mozilla/5.0 (Windows NT 10.0; Win64; x64) AppleWebKit/537.36 (KHTML, like Gecko) Chrome/149.0.0.0 Safari/537.36"
94.164.230.2 - - [26/Jun/2026:15:56:31 +0200] "GET /wp-content/cache/wpfc-minified/eqzpooq2/2ajp9.css HTTP/2.0" 200 4410 "https://parma.elettroservicegroup.it/assistenza-smeg-parma/" "Mozilla/5.0 (Windows NT 10.0; Win64; x64) AppleWebKit/537.36 (KHTML, like Gecko) Chrome/149.0.0.0 Safari/537.36"
94.164.230.2 - - [26/Jun/2026:15:56:31 +0200] "GET /wp-content/cache/wpfc-minified/mbb024jo/2ajp9.css HTTP/2.0" 200 11341 "https://parma.elettroservicegroup.it/assistenza-smeg-parma/" "Mozilla/5.0 (Windows NT 10.0; Win64; x64) AppleWebKit/537.36 (KHTML, like Gecko) Chrome/149.0.0.0 Safari/537.36"
94.164.230.2 - - [26/Jun/2026:15:56:31 +0200] "GET /wp-content/cache/wpfc-minified/7aujoglc/2b6hs.css HTTP/2.0" 200 16439 "https://parma.elettroservicegroup.it/assistenza-smeg-parma/" "Mozilla/5.0 (Windows NT 10.0; Win64; x64) AppleWebKit/537.36 (KHTML, like Gecko) Chrome/149.0.0.0 Safari/537.36"
94.164.230.2 - - [26/Jun/2026:15:56:31 +0200] "GET /wp-content/cache/wpfc-minified/bwue548/2ajp9.css HTTP/2.0" 200 19037 "https://parma.elettroservicegroup.it/assistenza-smeg-parma/" "Mozilla/5.0 (Windows NT 10.0; Win64; x64) AppleWebKit/537.36 (KHTML, like Gecko) Chrome/149.0.0.0 Safari/537.36"
94.164.230.2 - - [26/Jun/2026:15:56:31 +0200] "GET /wp-content/cache/wpfc-minified/fpvwzn7j/2ajp9.css HTTP/2.0" 200 14485 "https://parma.elettroservicegroup.it/assistenza-smeg-parma/" "Mozilla/5.0 (Windows NT 10.0; Win64; x64) AppleWebKit/537.36 (KHTML, like Gecko) Chrome/149.0.0.0 Safari/537.36"
94.164.230.2 - - [26/Jun/2026:15:56:31 +0200] "GET /wp-content/cache/wpfc-minified/243l0v7c/2ajp9.js HTTP/2.0" 200 42447 "https://parma.elettroservicegroup.it/assistenza-smeg-parma/" "Mozilla/5.0 (Windows NT 10.0; Win64; x64) AppleWebKit/537.36 (KHTML, like Gecko) Chrome/149.0.0.0 Safari/537.36"
94.164.230.2 - - [26/Jun/2026:15:56:31 +0200] "GET /wp-content/plugins/gp-premium/menu-plus/functions/js/sticky.min.js?ver=2.5.5 HTTP/2.0" 200 2670 "https://parma.elettroservicegroup.it/assistenza-smeg-parma/" "Mozilla/5.0 (Windows NT 10.0; Win64; x64) AppleWebKit/537.36 (KHTML, like Gecko) Chrome/149.0.0.0 Safari/537.36"
94.164.230.2 - - [26/Jun/2026:15:56:31 +0200] "GET /wp-content/plugins/elementor/assets/js/webpack.runtime.min.js?ver=4.1.4 HTTP/2.0" 200 2340 "https://parma.elettroservicegroup.it/assistenza-smeg-parma/" "Mozilla/5.0 (Windows NT 10.0; Win64; x64) AppleWebKit/537.36 (KHTML, like Gecko) Chrome/149.0.0.0 Safari/537.36"
94.164.230.2 - - [26/Jun/2026:15:56:32 +0200] "GET /wp-content/themes/generatepress/assets/js/menu.min.js?ver=3.6.1 HTTP/2.0" 200 1688 "https://parma.elettroservicegroup.it/assistenza-smeg-parma/" "Mozilla/5.0 (Windows NT 10.0; Win64; x64) AppleWebKit/537.36 (KHTML, like Gecko) Chrome/149.0.0.0 Safari/537.36"
94.164.230.2 - - [26/Jun/2026:15:56:32 +0200] "GET /wp-includes/js/jquery/ui/core.min.js?ver=1.13.3 HTTP/2.0" 200 6820 "https://parma.elettroservicegroup.it/assistenza-smeg-parma/" "Mozilla/5.0 (Windows NT 10.0; Win64; x64) AppleWebKit/537.36 (KHTML, like Gecko) Chrome/149.0.0.0 Safari/537.36"
94.164.230.2 - - [26/Jun/2026:15:56:32 +0200] "GET /wp-content/plugins/elementor/assets/js/frontend.min.js?ver=4.1.4 HTTP/2.0" 200 10140 "https://parma.elettroservicegroup.it/assistenza-smeg-parma/" "Mozilla/5.0 (Windows NT 10.0; Win64; x64) AppleWebKit/537.36 (KHTML, like Gecko) Chrome/149.0.0.0 Safari/537.36"
94.164.230.2 - - [26/Jun/2026:15:56:32 +0200] "GET /wp-content/plugins/elementor/assets/js/frontend-modules.min.js?ver=4.1.4 HTTP/2.0" 200 15454 "https://parma.elettroservicegroup.it/assistenza-smeg-parma/" "Mozilla/5.0 (Windows NT 10.0; Win64; x64) AppleWebKit/537.36 (KHTML, like Gecko) Chrome/149.0.0.0 Safari/537.36"
94.164.230.2 - - [26/Jun/2026:15:56:32 +0200] "GET /wp-content/themes/generatepress/assets/js/back-to-top.min.js?ver=3.6.1 HTTP/2.0" 200 336 "https://parma.elettroservicegroup.it/assistenza-smeg-parma/" "Mozilla/5.0 (Windows NT 10.0; Win64; x64) AppleWebKit/537.36 (KHTML, like Gecko) Chrome/149.0.0.0 Safari/537.36"
94.164.230.2 - - [26/Jun/2026:15:56:32 +0200] "GET /wp-content/plugins/complianz-gdpr-premium/cookiebanner/js/complianz.min.js?ver=1781535760 HTTP/2.0" 200 10762 "https://parma.elettroservicegroup.it/assistenza-smeg-parma/" "Mozilla/5.0 (Windows NT 10.0; Win64; x64) AppleWebKit/537.36 (KHTML, like Gecko) Chrome/149.0.0.0 Safari/537.36"
94.164.230.2 - - [26/Jun/2026:15:56:32 +0200] "GET /wp-content/uploads/2022/10/COPERTINA-4.png HTTP/2.0" 200 238875 "https://parma.elettroservicegroup.it/wp-content/uploads/elementor/css/post-17361.css?ver=1782154451" "Mozilla/5.0 (Windows NT 10.0; Win64; x64) AppleWebKit/537.36 (KHTML, like Gecko) Chrome/149.0.0.0 Safari/537.36"
94.164.230.2 - - [26/Jun/2026:15:56:32 +0200] "GET /wp-content/uploads/2022/01/elett5-2.jpg HTTP/2.0" 200 11223 "https://parma.elettroservicegroup.it/assistenza-smeg-parma/" "Mozilla/5.0 (Windows NT 10.0; Win64; x64) AppleWebKit/537.36 (KHTML, like Gecko) Chrome/149.0.0.0 Safari/537.36"
94.164.230.2 - - [26/Jun/2026:15:56:32 +0200] "GET /wp-content/uploads/2022/01/lavastoviglie2-2-768x512.jpg HTTP/2.0" 200 79921 "https://parma.elettroservicegroup.it/assistenza-smeg-parma/" "Mozilla/5.0 (Windows NT 10.0; Win64; x64) AppleWebKit/537.36 (KHTML, like Gecko) Chrome/149.0.0.0 Safari/537.36"
94.164.230.2 - - [26/Jun/2026:15:56:32 +0200] "GET /wp-content/uploads/elementor/google-fonts/fonts/roboto-kfo7cnqeu92fr1me7ksn66agldtyluama3yuba.woff2 HTTP/2.0" 200 40132 "https://parma.elettroservicegroup.it/wp-content/cache/wpfc-minified/fpvwzn7j/2ajp9.css" "Mozilla/5.0 (Windows NT 10.0; Win64; x64) AppleWebKit/537.36 (KHTML, like Gecko) Chrome/149.0.0.0 Safari/537.36"
94.164.230.2 - - [26/Jun/2026:15:56:32 +0200] "GET /wp-content/plugins/elementor/assets/lib/font-awesome/webfonts/fa-regular-400.woff2 HTTP/2.0" 200 13277 "https://parma.elettroservicegroup.it/wp-content/cache/wpfc-minified/7aujoglc/2b6hs.css" "Mozilla/5.0 (Windows NT 10.0; Win64; x64) AppleWebKit/537.36 (KHTML, like Gecko) Chrome/149.0.0.0 Safari/537.36"
94.164.230.2 - - [26/Jun/2026:15:56:32 +0200] "GET /wp-content/plugins/elementor/assets/lib/font-awesome/webfonts/fa-solid-900.woff2 HTTP/2.0" 200 78201 "https://parma.elettroservicegroup.it/wp-content/cache/wpfc-minified/7aujoglc/2b6hs.css" "Mozilla/5.0 (Windows NT 10.0; Win64; x64) AppleWebKit/537.36 (KHTML, like Gecko) Chrome/149.0.0.0 Safari/537.36"
94.164.230.2 - - [26/Jun/2026:15:56:32 +0200] "POST /wp-content/plugins/burst-statistics/endpoint.php HTTP/2.0" 200 1 "https://parma.elettroservicegroup.it/assistenza-smeg-parma/" "Mozilla/5.0 (Windows NT 10.0; Win64; x64) AppleWebKit/537.36 (KHTML, like Gecko) Chrome/149.0.0.0 Safari/537.36"
94.164.230.2 - - [26/Jun/2026:15:56:33 +0200] "GET /wp-content/plugins/elementor/assets/js/section-frontend-handlers.d85ab872da118940910d.bundle.min.js HTTP/2.0" 200 230 "https://parma.elettroservicegroup.it/assistenza-smeg-parma/" "Mozilla/5.0 (Windows NT 10.0; Win64; x64) AppleWebKit/537.36 (KHTML, like Gecko) Chrome/149.0.0.0 Safari/537.36"
94.164.230.2 - - [26/Jun/2026:15:56:33 +0200] "GET /wp-content/plugins/elementor/assets/js/shared-frontend-handlers.03caa53373b56d3bab67.bundle.min.js HTTP/2.0" 200 2515 "https://parma.elettroservicegroup.it/assistenza-smeg-parma/" "Mozilla/5.0 (Windows NT 10.0; Win64; x64) AppleWebKit/537.36 (KHTML, like Gecko) Chrome/149.0.0.0 Safari/537.36"
94.164.230.2 - - [26/Jun/2026:15:56:33 +0200] "GET /wp-content/plugins/elementor/assets/js/text-editor.45609661e409413f1cef.bundle.min.js HTTP/2.0" 200 592 "https://parma.elettroservicegroup.it/assistenza-smeg-parma/" "Mozilla/5.0 (Windows NT 10.0; Win64; x64) AppleWebKit/537.36 (KHTML, like Gecko) Chrome/149.0.0.0 Safari/537.36"
94.164.230.2 - - [26/Jun/2026:15:56:35 +0200] "GET /wp-content/uploads/2022/01/elettro3.jpg HTTP/2.0" 200 6766 "https://parma.elettroservicegroup.it/assistenza-smeg-parma/" "Mozilla/5.0 (Windows NT 10.0; Win64; x64) AppleWebKit/537.36 (KHTML, like Gecko) Chrome/149.0.0.0 Safari/537.36"
65.108.235.243 - - [26/Jun/2026:15:56:36 +0200] "POST /wp-cron.php?doing_wp_cron=1782482196.4607601165771484375000 HTTP/1.1" 200 1 "-" "WordPress/7.0; https://parma.elettroservicegroup.it"
94.164.230.2 - - [26/Jun/2026:15:56:33 +0200] "GET /wp-json/complianz/v1/banner?lang=it&locale=it_IT&token=myyyk HTTP/2.0" 200 81 "https://parma.elettroservicegroup.it/assistenza-smeg-parma/" "Mozilla/5.0 (Windows NT 10.0; Win64; x64) AppleWebKit/537.36 (KHTML, like Gecko) Chrome/149.0.0.0 Safari/537.36"
94.164.230.2 - - [26/Jun/2026:15:56:36 +0200] "GET /wp-content/uploads/complianz/css/banner-1-optin.css?v=46 HTTP/2.0" 200 2857 "https://parma.elettroservicegroup.it/assistenza-smeg-parma/" "Mozilla/5.0 (Windows NT 10.0; Win64; x64) AppleWebKit/537.36 (KHTML, like Gecko) Chrome/149.0.0.0 Safari/537.36"
94.164.230.2 - - [26/Jun/2026:15:56:36 +0200] "GET /wp-json/complianz/v1/cookie_data HTTP/2.0" 200 81 "https://parma.elettroservicegroup.it/assistenza-smeg-parma/" "Mozilla/5.0 (Windows NT 10.0; Win64; x64) AppleWebKit/537.36 (KHTML, like Gecko) Chrome/149.0.0.0 Safari/537.36"
65.108.235.243 - - [26/Jun/2026:15:56:39 +0200] "POST /wp-json/complianz/v1/wsc-scan HTTP/1.1" 400 88 "-" "WordPress/7.0; https://parma.elettroservicegroup.it"
94.164.230.2 - - [26/Jun/2026:15:56:59 +0200] "GET /wp-content/uploads/2026/05/logo.png HTTP/2.0" 200 48185 "https://parma.elettroservicegroup.it/assistenza-smeg-parma/" "Mozilla/5.0 (Windows NT 10.0; Win64; x64) AppleWebKit/537.36 (KHTML, like Gecko) Chrome/149.0.0.0 Safari/537.36"
94.164.230.2 - - [26/Jun/2026:15:56:59 +0200] "GET /wp-content/uploads/2022/01/elett2.jpg HTTP/2.0" 200 28330 "https://parma.elettroservicegroup.it/assistenza-smeg-parma/" "Mozilla/5.0 (Windows NT 10.0; Win64; x64) AppleWebKit/537.36 (KHTML, like Gecko) Chrome/149.0.0.0 Safari/537.36"
94.164.230.2 - - [26/Jun/2026:15:57:47 +0200] "POST /wp-content/plugins/burst-statistics/endpoint.php HTTP/2.0" 200 1 "https://parma.elettroservicegroup.it/assistenza-smeg-parma/" "Mozilla/5.0 (Windows NT 10.0; Win64; x64) AppleWebKit/537.36 (KHTML, like Gecko) Chrome/149.0.0.0 Safari/537.36"
43.165.197.116 - - [26/Jun/2026:16:18:53 +0200] "GET / HTTP/1.1" 200 201862 "http://parma.elettroservicegroup.it" "Mozilla/5.0 (iPhone; CPU iPhone OS 13_2_3 like Mac OS X) AppleWebKit/605.1.15 (KHTML, like Gecko) Version/13.0.3 Mobile/15E148 Safari/604.1"
65.108.235.243 - - [26/Jun/2026:16:27:53 +0200] "POST /wp-cron.php?doing_wp_cron=1782484073.5780379772186279296875 HTTP/1.1" 200 1 "-" "WordPress/7.0; https://parma.elettroservicegroup.it"
66.249.64.71 - - [26/Jun/2026:16:27:46 +0200] "GET /robots.txt HTTP/1.1" 200 104 "-" "Mozilla/5.0 (compatible; Googlebot/2.1; +http://www.google.com/bot.html)"
66.249.89.134 - - [26/Jun/2026:16:27:55 +0200] "GET /wp-content/uploads/elementor/css/post-15287.css?ver=1782476819 HTTP/1.1" 304 - "https://parma.elettroservicegroup.it/assistenza-frigoriferi/" "AdsBot-Google (+http://www.google.com/adsbot.html)"
66.249.89.133 - - [26/Jun/2026:16:27:55 +0200] "GET /wp-content/uploads/elementor/google-fonts/css/robotoslab.css?ver=1742280362 HTTP/1.1" 200 715 "https://parma.elettroservicegroup.it/assistenza-frigoriferi/" "AdsBot-Google (+http://www.google.com/adsbot.html)"
66.249.89.133 - - [26/Jun/2026:16:27:56 +0200] "GET /wp-content/uploads/elementor/google-fonts/fonts/roboto-kfo7cnqeu92fr1me7ksn66agldtyluama3yuba.woff2 HTTP/1.1" 200 40132 "https://parma.elettroservicegroup.it/wp-content/uploads/elementor/google-fonts/css/roboto.css?ver=1742280360" "AdsBot-Google (+http://www.google.com/adsbot.html)"
66.249.89.134 - - [26/Jun/2026:16:27:56 +0200] "GET /wp-content/plugins/elementor/assets/lib/font-awesome/webfonts/fa-regular-400.woff2 HTTP/1.1" 200 13277 "https://parma.elettroservicegroup.it/wp-content/plugins/elementor/assets/lib/font-awesome/css/all.min.css?ver=4.1.4" "AdsBot-Google (+http://www.google.com/adsbot.html)"
66.249.89.133 - - [26/Jun/2026:16:27:56 +0200] "GET /wp-content/plugins/elementor/assets/lib/font-awesome/webfonts/fa-solid-900.woff2 HTTP/1.1" 200 78201 "https://parma.elettroservicegroup.it/wp-content/plugins/elementor/assets/lib/font-awesome/css/all.min.css?ver=4.1.4" "AdsBot-Google (+http://www.google.com/adsbot.html)"
74.7.227.21 - - [26/Jun/2026:16:45:41 +0200] "GET /sitemap.rss HTTP/2.0" 415 1348 "-" "Mozilla/5.0 AppleWebKit/537.36 (KHTML, like Gecko; compatible; GPTBot/1.4; +https://openai.com/gptbot)"
65.108.235.243 - - [26/Jun/2026:16:45:50 +0200] "POST /wp-cron.php?doing_wp_cron=1782485150.8612110614776611328125 HTTP/1.1" 200 1 "-" "WordPress/7.0; https://parma.elettroservicegroup.it"
74.7.241.180 - - [26/Jun/2026:16:45:41 +0200] "GET /robots.txt HTTP/2.0" 200 - "-" "Mozilla/5.0 (Macintosh; Intel Mac OS X 10_15_7) AppleWebKit/537.36 (KHTML, like Gecko) Chrome/131.0.0.0 Safari/537.36; compatible; OAI-SearchBot/1.4; robots.txt; +https://openai.com/searchbot"
65.108.235.243 - - [26/Jun/2026:17:01:33 +0200] "POST /wp-cron.php?doing_wp_cron=1782486093.1708168983459472656250 HTTP/1.1" 200 1 "-" "WordPress/7.0; https://parma.elettroservicegroup.it"
74.7.227.21 - - [26/Jun/2026:17:01:25 +0200] "GET /sitemap.xml HTTP/2.0" 415 313 "-" "Mozilla/5.0 AppleWebKit/537.36 (KHTML, like Gecko; compatible; GPTBot/1.4; +https://openai.com/gptbot)"
65.108.235.243 - - [26/Jun/2026:17:01:36 +0200] "POST /wp-json/complianz/v1/wsc-scan HTTP/1.1" 400 88 "-" "WordPress/7.0; https://parma.elettroservicegroup.it"
189.120.242.143 - - [26/Jun/2026:17:11:54 +0200] "GET /wp-content/uploads/2022/01/tecnico-elettro-300x200-1.jpg HTTP/1.1" 200 15134 "https://parma.elettroservicegroup.it/assistenza-ariston-parma/" "Mozilla/5.0 (Macintosh; Intel Mac OS X 10_13_5; rv:67.0.2) Gecko/20100101 Firefox/67.0.2"
193.104.179.190 - - [26/Jun/2026:17:17:49 +0200] "GET /wp-content/uploads/2022/01/elettrodomestici-300x152-1.jpg HTTP/1.1" 200 7814 "https://google.com, https://parma.elettroservicegroup.it/assistenza-bosch-parma/" "Mozilla/5.0 (Windows NT 10.0; Win64; x64) AppleWebKit/537.36 (KHTML, like Gecko) Chrome/63.0.3239.83 Safari/537.36"
65.108.235.243 - - [26/Jun/2026:17:17:52 +0200] "POST /wp-cron.php?doing_wp_cron=1782487072.3604309558868408203125 HTTP/1.1" 200 1 "-" "WordPress/7.0; https://parma.elettroservicegroup.it"
65.108.235.243 - - [26/Jun/2026:17:17:52 +0200] "POST /wp-cron.php?doing_wp_cron=1782487072.3596808910369873046875 HTTP/1.1" 200 1 "-" "WordPress/7.0; https://parma.elettroservicegroup.it"
103.135.77.42 - - [26/Jun/2026:17:17:45 +0200] "GET /wp-content/uploads/2021/10/BOSCH-300x116.jpg HTTP/1.1" 404 27089 "https://google.com, https://parma.elettroservicegroup.it/assistenza-bosch-parma/" "Mozilla/5.0 (X11; Linux i686) AppleWebKit/537.36 (KHTML, like Gecko) Chrome/63.0.3239.83 Safari/537.36"
123.16.67.236 - - [26/Jun/2026:17:17:45 +0200] "GET /wp-content/uploads/2022/01/Bosch-e1641294896834-1024x330-1.png HTTP/1.1" 404 27102 "https://google.com, https://parma.elettroservicegroup.it/assistenza-bosch-parma/" "Mozilla/5.0 (Macintosh; Intel Mac OS X 10_10_1) AppleWebKit/537.36 (KHTML, like Gecko) Chrome/61.0.3163.79 Safari/537.36"
165.73.163.152 - - [26/Jun/2026:17:17:54 +0200] "GET /wp-content/uploads/2022/01/elettro3.jpg HTTP/1.1" 200 6766 "https://parma.elettroservicegroup.it/assistenza-bosch-parma/" "Mozilla/5.0 (Macintosh; Intel Mac OS X 10_11_3) AppleWebKit/537.36 (KHTML, like Gecko) Chrome/71.0.3578.98 Safari/537.36 OPR/56.0.3051.52"
201.221.115.175 - - [26/Jun/2026:17:17:59 +0200] "GET /wp-content/uploads/2022/01/Bosch-e1641294896834-1024x330.png HTTP/1.1" 404 27104 "https://parma.elettroservicegroup.it/assistenza-bosch-parma/" "Mozilla/5.0 (X11; Linux i686 on x86_64) AppleWebKit/537.36 (KHTML, like Gecko) Chrome/65.0.3325.109 Safari/537.36"
169.224.68.133 - - [26/Jun/2026:17:19:57 +0200] "GET /wp-content/uploads/2021/11/TECNIC-LAVATRICE-300x169.jpg HTTP/1.1" 200 12560 "https://parma.elettroservicegroup.it/assistenza-candy-collecchio/" "Mozilla/5.0 (Windows NT 6.1; rv:60.2.2) Gecko/20100101 Firefox/60.2.2"
65.108.235.243 - - [26/Jun/2026:17:20:05 +0200] "POST /wp-cron.php?doing_wp_cron=1782487205.2041339874267578125000 HTTP/1.1" 200 1 "-" "WordPress/7.0; https://parma.elettroservicegroup.it"
82.205.54.173 - - [26/Jun/2026:17:20:03 +0200] "GET /wp-content/uploads/2022/08/Assistenza-e-Riparazioni-candy-Bologna-e1660926188137.png HTTP/1.1" 404 27105 "https://google.com, https://parma.elettroservicegroup.it/assistenza-candy-collecchio/" "Mozilla/5.0 (Windows NT 10.0; Win64; x64) AppleWebKit/537.36 (KHTML, like Gecko) Chrome/66.0.3359.181 Safari/537.36 OPR/53.0.2907.110"
65.108.235.243 - - [26/Jun/2026:17:23:16 +0200] "POST /wp-cron.php?doing_wp_cron=1782487396.6589410305023193359375 HTTP/1.1" 200 1 "-" "WordPress/7.0; https://parma.elettroservicegroup.it"
66.249.89.134 - - [26/Jun/2026:17:23:07 +0200] "GET /assistenza-miele-parma/ HTTP/1.1" 200 32869 "-" "Mozilla/5.0 (Linux; Android 6.0.1; Nexus 5X Build/MMB29P) AppleWebKit/537.36 (KHTML, like Gecko) Chrome/148.0.7778.96 Mobile Safari/537.36 (compatible; AdsBot-Google-Mobile; +http://www.google.com/mobile/adsbot.html)"
66.249.89.134 - - [26/Jun/2026:17:23:23 +0200] "GET /wp-content/uploads/elementor/css/post-17350.css?ver=1782468243 HTTP/1.1" 200 2145 "https://parma.elettroservicegroup.it/assistenza-miele-parma/" "AdsBot-Google (+http://www.google.com/adsbot.html)"
103.136.159.223 - - [26/Jun/2026:17:27:40 +0200] "GET /wp-content/uploads/2021/11/TECNIC-LAVATRICE-300x169.jpg HTTP/1.1" 200 12560 "https://google.com, https://parma.elettroservicegroup.it/assistenza-aeg-parma/" "Mozilla/5.0 (X11; Linux i686) AppleWebKit/537.36 (KHTML, like Gecko) Chrome/66.0.3359.181 Safari/537.36"
175.107.215.128 - - [26/Jun/2026:17:27:50 +0200] "GET /wp-content/uploads/2021/10/sfondo-aeg-300x162.jpg HTTP/1.1" 200 8365 "https://google.com, https://parma.elettroservicegroup.it/assistenza-aeg-parma/" "Mozilla/5.0 (Macintosh; Intel Mac OS X 10_11_2) AppleWebKit/537.36 (KHTML, like Gecko) Chrome/68.0.3440.91 Safari/537.36 OPR/55.0.2994.61"
65.108.235.243 - - [26/Jun/2026:17:27:51 +0200] "POST /wp-cron.php?doing_wp_cron=1782487671.2656190395355224609375 HTTP/1.1" 200 1 "-" "WordPress/7.0; https://parma.elettroservicegroup.it"
43.255.21.12 - - [26/Jun/2026:17:27:41 +0200] "GET /wp-content/uploads/2022/01/Allgemeine_Elektricitats-Gesellschaft_logo.svg-1024x309.png HTTP/1.1" 404 27122 "https://google.com, https://parma.elettroservicegroup.it/assistenza-aeg-parma/" "Mozilla/5.0 (X11; Linux i686; rv:55.0) Gecko/20100101 Firefox/55.0"
175.107.211.38 - - [26/Jun/2026:17:27:53 +0200] "GET /wp-content/uploads/2021/10/sfondo-aeg.jpg HTTP/1.1" 200 57295 "https://google.com, https://parma.elettroservicegroup.it/assistenza-aeg-parma/" "Mozilla/5.0 (Windows NT 10.0; WOW64) AppleWebKit/537.36 (KHTML, like Gecko) Chrome/77.0 Safari/537.36 OPR/60.0.3255.170"
154.159.254.178 - - [26/Jun/2026:17:30:07 +0200] "GET /wp-content/uploads/2022/01/elett2.jpg HTTP/1.1" 200 28330 "https://google.com, https://parma.elettroservicegroup.it/assistenza-smeg-parma/" "Mozilla/5.0 (Windows NT 6.0; WOW64; rv:52.2.1) Gecko/20100101 Firefox/52.2.1"
113.172.103.158 - - [26/Jun/2026:17:30:08 +0200] "GET /wp-content/uploads/2022/01/elettro3.jpg HTTP/1.1" 200 6766 "https://google.com, https://parma.elettroservicegroup.it/assistenza-smeg-parma/" "Mozilla/5.0 (Windows NT 6.2) AppleWebKit/537.36 (KHTML, like Gecko) Chrome/75.0.3770 Safari/537.36 OPR/57.0.3098.116"
103.31.10.106 - - [26/Jun/2026:17:30:14 +0200] "GET /wp-content/uploads/2022/01/lavastoviglie2-2-300x200.jpg HTTP/1.1" 200 21049 "https://parma.elettroservicegroup.it/assistenza-smeg-parma/" "Mozilla/5.0 (X11; Linux i686 on x86_64) AppleWebKit/537.36 (KHTML, like Gecko) Chrome/63.0.3239.83 Safari/537.36"
79.177.147.43 - - [26/Jun/2026:17:30:04 +0200] "GET /wp-content/uploads/2022/01/elett5-2.jpg HTTP/1.1" 404 27076 "https://google.com, https://parma.elettroservicegroup.it/assistenza-smeg-parma/" "Mozilla/5.0 (Macintosh; Intel Mac OS X 10_12_6; rv:63.0.3) Gecko/20100101 Firefox/63.0.3"
65.108.235.243 - - [26/Jun/2026:17:30:16 +0200] "POST /wp-cron.php?doing_wp_cron=1782487816.6658229827880859375000 HTTP/1.1" 200 1 "-" "WordPress/7.0; https://parma.elettroservicegroup.it"
113.183.136.241 - - [26/Jun/2026:17:30:13 +0200] "GET /wp-content/uploads/2022/01/italy01_smeg_4-610w.png HTTP/1.1" 404 27092 "https://google.com, https://parma.elettroservicegroup.it/assistenza-smeg-parma/" "Mozilla/5.0 (Macintosh; Intel Mac OS X 10_10_4) AppleWebKit/537.36 (KHTML, like Gecko) Chrome/67.0.3396.79 Safari/537.36 OPR/54.0.2952.60"
65.108.235.243 - - [26/Jun/2026:17:49:05 +0200] "POST /wp-cron.php?doing_wp_cron=1782488945.9486250877380371093750 HTTP/1.1" 200 1 "-" "WordPress/7.0; https://parma.elettroservicegroup.it"
74.7.241.180 - - [26/Jun/2026:17:49:00 +0200] "GET /robots.txt HTTP/2.0" 200 104 "-" "Mozilla/5.0 (Macintosh; Intel Mac OS X 10_15_7) AppleWebKit/537.36 (KHTML, like Gecko) Chrome/131.0.0.0 Safari/537.36; compatible; OAI-SearchBot/1.4; robots.txt; +https://openai.com/searchbot"
65.108.235.243 - - [26/Jun/2026:17:49:05 +0200] "POST /wp-content/plugins/burst-statistics/endpoint.php HTTP/1.1" 200 1 "-" "WordPress/7.0; https://parma.elettroservicegroup.it"
74.7.243.21 - - [26/Jun/2026:17:49:00 +0200] "GET /assistenza-condizionatori/ HTTP/2.0" 404 27073 "-" "Mozilla/5.0 (Macintosh; Intel Mac OS X 10_15_7) AppleWebKit/537.36 (KHTML, like Gecko) Chrome/131.0.0.0 Safari/537.36; compatible; OAI-SearchBot/1.4; +https://openai.com/searchbot"
172.213.21.21 - - [26/Jun/2026:18:25:12 +0200] "GET /assistenza-ariston-parma/ HTTP/2.0" 200 11850 "-" "Mozilla/5.0 AppleWebKit/537.36 (KHTML, like Gecko); compatible; ChatGPT-User/1.0; +https://openai.com/bot"
65.108.235.243 - - [26/Jun/2026:18:27:51 +0200] "POST /wp-cron.php?doing_wp_cron=1782491271.4616460800170898437500 HTTP/1.1" 200 1 "-" "WordPress/7.0; https://parma.elettroservicegroup.it"
66.249.89.135 - - [26/Jun/2026:18:27:41 +0200] "GET /assistenza-aeg-parma/ HTTP/1.1" 200 33228 "-" "Mozilla/5.0 (Linux; Android 6.0.1; Nexus 5X Build/MMB29P) AppleWebKit/537.36 (KHTML, like Gecko) Chrome/148.0.7778.96 Mobile Safari/537.36 (compatible; AdsBot-Google-Mobile; +http://www.google.com/mobile/adsbot.html)"
66.249.89.134 - - [26/Jun/2026:18:27:55 +0200] "GET /wp-content/uploads/elementor/css/post-17266.css?ver=1782449782 HTTP/1.1" 200 2169 "https://parma.elettroservicegroup.it/assistenza-aeg-parma/" "AdsBot-Google (+http://www.google.com/adsbot.html)"
65.108.235.243 - - [26/Jun/2026:18:27:54 +0200] "POST /wp-json/complianz/v1/wsc-scan HTTP/1.1" 400 88 "-" "WordPress/7.0; https://parma.elettroservicegroup.it"
65.108.235.243 - - [26/Jun/2026:18:40:36 +0200] "POST /wp-cron.php?doing_wp_cron=1782492036.2662560939788818359375 HTTP/1.1" 200 1 "-" "WordPress/7.0; https://parma.elettroservicegroup.it"
87.17.44.173 - - [26/Jun/2026:18:40:26 +0200] "GET / HTTP/2.0" 200 - "-" "Mozilla/5.0 (Linux; Android 10; K) AppleWebKit/537.36 (KHTML, like Gecko) SamsungBrowser/30.0 Chrome/143.0.0.0 Mobile Safari/537.36"
65.108.235.243 - - [26/Jun/2026:19:07:54 +0200] "POST /wp-cron.php?doing_wp_cron=1782493674.8507781028747558593750 HTTP/1.1" 200 1 "-" "WordPress/7.0; https://parma.elettroservicegroup.it"
66.249.64.71 - - [26/Jun/2026:19:07:52 +0200] "GET /assistenza-lavatrici-smeg-parma/ HTTP/1.1" 200 32845 "-" "Mozilla/5.0 (Linux; Android 6.0.1; Nexus 5X Build/MMB29P) AppleWebKit/537.36 (KHTML, like Gecko) Chrome/148.0.7778.96 Mobile Safari/537.36 (compatible; Googlebot/2.1; +http://www.google.com/bot.html)"
66.249.64.69 - - [26/Jun/2026:19:08:00 +0200] "GET /wp-content/uploads/elementor/css/post-14146.css?ver=1780704000 HTTP/1.1" 200 428 "https://parma.elettroservicegroup.it/assistenza-lavatrici-smeg-parma/" "Mozilla/5.0 (Linux; Android 6.0.1; Nexus 5X Build/MMB29P) AppleWebKit/537.36 (KHTML, like Gecko) Chrome/148.0.7778.96 Mobile Safari/537.36 (compatible; Googlebot/2.1; +http://www.google.com/bot.html)"
66.249.64.69 - - [26/Jun/2026:19:08:00 +0200] "GET /wp-content/uploads/elementor/css/post-17342.css?ver=1780704000 HTTP/1.1" 200 2020 "https://parma.elettroservicegroup.it/assistenza-lavatrici-smeg-parma/" "Mozilla/5.0 (Linux; Android 6.0.1; Nexus 5X Build/MMB29P) AppleWebKit/537.36 (KHTML, like Gecko) Chrome/148.0.7778.96 Mobile Safari/537.36 (compatible; Googlebot/2.1; +http://www.google.com/bot.html)"
66.249.64.69 - - [26/Jun/2026:19:08:00 +0200] "GET /wp-content/plugins/all-in-one-seo-pack/dist/Lite/assets/css/table-of-contents/global.e90f6d47.css?ver=4.9.9 HTTP/1.1" 200 420 "https://parma.elettroservicegroup.it/assistenza-lavatrici-smeg-parma/" "Mozilla/5.0 (Linux; Android 6.0.1; Nexus 5X Build/MMB29P) AppleWebKit/537.36 (KHTML, like Gecko) Chrome/148.0.7778.96 Mobile Safari/537.36 (compatible; Googlebot/2.1; +http://www.google.com/bot.html)"
66.249.64.70 - - [26/Jun/2026:19:08:00 +0200] "GET /wp-content/uploads/elementor/google-fonts/css/roboto.css?ver=1742280360 HTTP/1.1" 200 1880 "https://parma.elettroservicegroup.it/assistenza-lavatrici-smeg-parma/" "Mozilla/5.0 (Linux; Android 6.0.1; Nexus 5X Build/MMB29P) AppleWebKit/537.36 (KHTML, like Gecko) Chrome/148.0.7778.96 Mobile Safari/537.36 (compatible; Googlebot/2.1; +http://www.google.com/bot.html)"
66.249.64.69 - - [26/Jun/2026:19:08:17 +0200] "GET /wp-content/plugins/elementor/assets/js/section-frontend-handlers.d85ab872da118940910d.bundle.min.js HTTP/1.1" 200 230 "https://parma.elettroservicegroup.it/assistenza-lavatrici-smeg-parma/" "Mozilla/5.0 (Linux; Android 6.0.1; Nexus 5X Build/MMB29P) AppleWebKit/537.36 (KHTML, like Gecko) Chrome/148.0.7778.96 Mobile Safari/537.36 (compatible; Googlebot/2.1; +http://www.google.com/bot.html)"
172.213.21.29 - - [26/Jun/2026:19:17:11 +0200] "GET /assistenza-candy-parma/ HTTP/2.0" 200 11720 "-" "Mozilla/5.0 AppleWebKit/537.36 (KHTML, like Gecko); compatible; ChatGPT-User/1.0; +https://openai.com/bot"
65.108.235.243 - - [26/Jun/2026:19:37:58 +0200] "POST /wp-cron.php?doing_wp_cron=1782495478.1591989994049072265625 HTTP/1.1" 200 1 "-" "WordPress/7.0; https://parma.elettroservicegroup.it"
200.66.118.73 - - [26/Jun/2026:19:37:50 +0200] "POST /wp-login.php HTTP/1.1" 200 13254 "https://parma.elettroservicegroup.it/wp-admin/" "Mozilla/5.0 (Macintosh; Intel Mac OS X 10_15_7) AppleWebKit/537.36 (KHTML, like Gecko) Chrome/124.0.0.0 Safari/537.36"
65.108.235.243 - - [26/Jun/2026:19:37:59 +0200] "POST /wp-json/complianz/v1/wsc-scan HTTP/1.1" 400 88 "-" "WordPress/7.0; https://parma.elettroservicegroup.it"