65.108.235.243 - - [26/Jun/2026:14:14:24 +0200] "POST /wp-cron.php?doing_wp_cron=1782476064.3513259887695312500000 HTTP/1.1" 200 1 "-" "WordPress/7.0; https://piacenza.elettroservicegroup.it"
66.249.64.165 - - [26/Jun/2026:14:14:19 +0200] "GET /?p=17658 HTTP/1.1" 404 23324 "-" "Mozilla/5.0 (Linux; Android 6.0.1; Nexus 5X Build/MMB29P) AppleWebKit/537.36 (KHTML, like Gecko) Chrome/148.0.7778.96 Mobile Safari/537.36 (compatible; Googlebot/2.1; +http://www.google.com/bot.html)"
65.108.235.243 - - [26/Jun/2026:14:14:26 +0200] "GET /assistenza-lavatrici-smeg-piacenza/ HTTP/1.1" 200 28841 "-" "WP Fastest Cache Preload Bot"
65.108.235.243 - - [26/Jun/2026:14:14:29 +0200] "GET /assistenza-lavatrici-rex-electrolux-piacenza/ HTTP/1.1" 200 28802 "-" "WP Fastest Cache Preload Bot"
65.108.235.243 - - [26/Jun/2026:14:14:32 +0200] "GET /assistenza-lavatrici-indesit-piacenza/ HTTP/1.1" 200 28836 "-" "WP Fastest Cache Preload Bot"
65.108.235.243 - - [26/Jun/2026:14:14:35 +0200] "GET /assistenza-lavatrici-bosch-piacenza/ HTTP/1.1" 200 28877 "-" "WP Fastest Cache Preload Bot"
65.108.235.243 - - [26/Jun/2026:14:23:08 +0200] "POST /wp-cron.php?doing_wp_cron=1782476588.0318450927734375000000 HTTP/1.1" 200 1 "-" "WordPress/7.0; https://piacenza.elettroservicegroup.it"
66.249.64.165 - - [26/Jun/2026:14:23:06 +0200] "GET /page-sitemap.xml HTTP/1.1" 200 1724 "-" "Mozilla/5.0 (compatible; Googlebot/2.1; +http://www.google.com/bot.html)"
65.108.235.243 - - [26/Jun/2026:14:23:08 +0200] "GET /assistenza-lavatrici-ariston-piacenza/ HTTP/1.1" 200 28895 "-" "WP Fastest Cache Preload Bot"
65.108.235.243 - - [26/Jun/2026:14:23:08 +0200] "GET /assistenza-lavatrici-aeg-piacenza/ HTTP/1.1" 200 28896 "-" "WP Fastest Cache Preload Bot"
65.108.235.243 - - [26/Jun/2026:14:23:09 +0200] "GET /assistenza-lavatrici-piacenza/ HTTP/1.1" 200 29137 "-" "WP Fastest Cache Preload Bot"
65.108.235.243 - - [26/Jun/2026:14:23:09 +0200] "GET /assistenza-lavastoviglie-whirlpool-piacenza/ HTTP/1.1" 200 28843 "-" "WP Fastest Cache Preload Bot"
65.108.235.243 - - [26/Jun/2026:16:08:18 +0200] "POST /wp-cron.php?doing_wp_cron=1782482898.0306730270385742187500 HTTP/1.1" 200 1 "-" "WordPress/7.0; https://piacenza.elettroservicegroup.it"
216.73.217.105 - - [26/Jun/2026:16:08:16 +0200] "GET /robots.txt HTTP/2.0" 200 108 "-" "Mozilla/5.0 AppleWebKit/537.36 (KHTML, like Gecko; compatible; ClaudeBot/1.0; +claudebot@anthropic.com)"
216.73.217.105 - - [26/Jun/2026:16:08:18 +0200] "GET /sitemap.rss HTTP/2.0" 200 1299 "-" "Mozilla/5.0 AppleWebKit/537.36 (KHTML, like Gecko; compatible; ClaudeBot/1.0; +claudebot@anthropic.com)"
65.108.235.243 - - [26/Jun/2026:16:08:19 +0200] "POST /wp-json/complianz/v1/wsc-scan HTTP/1.1" 400 88 "-" "WordPress/7.0; https://piacenza.elettroservicegroup.it"
65.108.235.243 - - [26/Jun/2026:16:08:19 +0200] "GET /assistenza-lavastoviglie-smeg-piacenza/ HTTP/1.1" 200 28786 "-" "WP Fastest Cache Preload Bot"
65.108.235.243 - - [26/Jun/2026:16:08:19 +0200] "GET /assistenza-lavastoviglie-rex-electrolux-piacenza/ HTTP/1.1" 200 28747 "-" "WP Fastest Cache Preload Bot"
65.108.235.243 - - [26/Jun/2026:16:08:20 +0200] "GET /assistenza-lavastoviglie-indesit-piacenza/ HTTP/1.1" 200 29248 "-" "WP Fastest Cache Preload Bot"
65.108.235.243 - - [26/Jun/2026:16:08:20 +0200] "GET /assistenza-lavastoviglie-bosch-piacenza/ HTTP/1.1" 200 29273 "-" "WP Fastest Cache Preload Bot"
184.33.193.121 - - [26/Jun/2026:16:24:19 +0200] "GET /robots.txt HTTP/2.0" 200 11754 "-" "Mozilla/5.0 (compatible; wpbot/1.4; +https://forms.gle/ajBaxygz9jSR8p8G9)"
184.33.193.121 - - [26/Jun/2026:16:24:19 +0200] "GET /enhancecp HTTP/2.0" 200 11753 "-" "Mozilla/5.0 (compatible; wpbot/1.4; +https://forms.gle/ajBaxygz9jSR8p8G9)"
65.108.235.243 - - [26/Jun/2026:16:39:08 +0200] "POST /wp-cron.php?doing_wp_cron=1782484748.3429598808288574218750 HTTP/1.1" 200 1 "-" "WordPress/7.0; https://piacenza.elettroservicegroup.it"
216.73.217.105 - - [26/Jun/2026:16:39:06 +0200] "GET /sitemap.rss HTTP/2.0" 200 1299 "-" "Mozilla/5.0 AppleWebKit/537.36 (KHTML, like Gecko; compatible; ClaudeBot/1.0; +claudebot@anthropic.com)"
65.108.235.243 - - [26/Jun/2026:16:39:08 +0200] "GET /assistenza-lavastoviglie-ariston-piacenza/ HTTP/1.1" 200 29204 "-" "WP Fastest Cache Preload Bot"
65.108.235.243 - - [26/Jun/2026:16:39:09 +0200] "GET /assistenza-lavastoviglie-aeg-piacenza/ HTTP/1.1" 200 29273 "-" "WP Fastest Cache Preload Bot"
65.108.235.243 - - [26/Jun/2026:16:39:11 +0200] "GET /assistenza-lavastoviglie-piacenza/ HTTP/1.1" 200 28883 "-" "WP Fastest Cache Preload Bot"
65.108.235.243 - - [26/Jun/2026:16:39:13 +0200] "GET /assistenza-indesit-piacenza/ HTTP/1.1" 200 28925 "-" "WP Fastest Cache Preload Bot"
65.108.235.243 - - [26/Jun/2026:16:52:52 +0200] "POST /wp-cron.php?doing_wp_cron=1782485572.0828409194946289062500 HTTP/1.1" 200 1 "-" "WordPress/7.0; https://piacenza.elettroservicegroup.it"
66.249.64.165 - - [26/Jun/2026:16:52:50 +0200] "GET /attachment-sitemap.xml HTTP/1.1" 200 5726 "-" "Mozilla/5.0 (compatible; Googlebot/2.1; +http://www.google.com/bot.html)"
65.108.235.243 - - [26/Jun/2026:16:52:52 +0200] "GET /assistenza-candy-piacenza/ HTTP/1.1" 200 29022 "-" "WP Fastest Cache Preload Bot"
65.108.235.243 - - [26/Jun/2026:16:52:53 +0200] "GET /assistenza-bosch-piacenza/ HTTP/1.1" 200 29018 "-" "WP Fastest Cache Preload Bot"
65.108.235.243 - - [26/Jun/2026:16:52:53 +0200] "GET /assistenza-ariston-piacenza/ HTTP/1.1" 200 29004 "-" "WP Fastest Cache Preload Bot"
65.108.235.243 - - [26/Jun/2026:16:52:53 +0200] "GET /assistenza-aeg-piacenza/ HTTP/1.1" 200 29004 "-" "WP Fastest Cache Preload Bot"
65.108.235.243 - - [26/Jun/2026:16:55:13 +0200] "POST /wp-cron.php?doing_wp_cron=1782485713.6019179821014404296875 HTTP/1.1" 200 1 "-" "WordPress/7.0; https://piacenza.elettroservicegroup.it"
216.73.217.105 - - [26/Jun/2026:16:55:12 +0200] "GET /sitemap.xml HTTP/2.0" 200 332 "-" "Mozilla/5.0 AppleWebKit/537.36 (KHTML, like Gecko; compatible; ClaudeBot/1.0; +claudebot@anthropic.com)"
65.108.235.243 - - [26/Jun/2026:16:55:13 +0200] "GET /cookie-policy/ HTTP/1.1" 200 25115 "-" "WP Fastest Cache Preload Bot"
65.108.235.243 - - [26/Jun/2026:16:55:15 +0200] "GET /termini-e-condizioni/ HTTP/1.1" 200 24677 "-" "WP Fastest Cache Preload Bot"
65.108.235.243 - - [26/Jun/2026:16:55:16 +0200] "GET /cookie-policy-ue/ HTTP/1.1" 200 26579 "-" "WP Fastest Cache Preload Bot"
65.108.235.243 - - [26/Jun/2026:16:55:16 +0200] "GET /informativa-privacy/ HTTP/1.1" 200 26913 "-" "WP Fastest Cache Preload Bot"
65.108.235.243 - - [26/Jun/2026:17:34:38 +0200] "POST /wp-cron.php?doing_wp_cron=1782488078.6752419471740722656250 HTTP/1.1" 200 1 "-" "WordPress/7.0; https://piacenza.elettroservicegroup.it"
146.70.182.36 - - [26/Jun/2026:17:34:36 +0200] "GET /assistenza-condizionatori/ HTTP/2.0" 404 23376 "-" "Mozilla/5.0 (X11; Linux x86_64) AppleWebKit/537.36 (KHTML, like Gecko) Chrome/149.0.0.0 Safari/537.36"
146.70.182.36 - - [26/Jun/2026:17:34:39 +0200] "GET /wp-content/plugins/all-in-one-seo-pack/dist/Lite/assets/css/table-of-contents/global.e90f6d47.css?ver=4.9.9 HTTP/2.0" 200 420 "https://piacenza.elettroservicegroup.it/assistenza-condizionatori/" "Mozilla/5.0 (X11; Linux x86_64) AppleWebKit/537.36 (KHTML, like Gecko) Chrome/149.0.0.0 Safari/537.36"
146.70.182.36 - - [26/Jun/2026:17:34:39 +0200] "GET /wp-content/uploads/elementor/css/post-14146.css?ver=1782443029 HTTP/2.0" 200 428 "https://piacenza.elettroservicegroup.it/assistenza-condizionatori/" "Mozilla/5.0 (X11; Linux x86_64) AppleWebKit/537.36 (KHTML, like Gecko) Chrome/149.0.0.0 Safari/537.36"
146.70.182.36 - - [26/Jun/2026:17:34:39 +0200] "GET /wp-content/uploads/elementor/css/post-14366.css?ver=1782443029 HTTP/2.0" 200 302 "https://piacenza.elettroservicegroup.it/assistenza-condizionatori/" "Mozilla/5.0 (X11; Linux x86_64) AppleWebKit/537.36 (KHTML, like Gecko) Chrome/149.0.0.0 Safari/537.36"
146.70.182.36 - - [26/Jun/2026:17:34:39 +0200] "GET /wp-json/complianz/v1/banner?lang=it&locale=it_IT&token=fiugi HTTP/2.0" 200 81 "https://piacenza.elettroservicegroup.it/assistenza-condizionatori/" "Mozilla/5.0 (X11; Linux x86_64) AppleWebKit/537.36 (KHTML, like Gecko) Chrome/149.0.0.0 Safari/537.36"
65.108.235.243 - - [26/Jun/2026:17:34:39 +0200] "POST /wp-json/complianz/v1/wsc-scan HTTP/1.1" 400 88 "-" "WordPress/7.0; https://piacenza.elettroservicegroup.it"
146.70.182.36 - - [26/Jun/2026:17:34:40 +0200] "GET /wp-json/complianz/v1/cookie_data HTTP/2.0" 200 69 "https://piacenza.elettroservicegroup.it/assistenza-condizionatori/" "Mozilla/5.0 (X11; Linux x86_64) AppleWebKit/537.36 (KHTML, like Gecko) Chrome/149.0.0.0 Safari/537.36"
65.108.235.243 - - [26/Jun/2026:17:34:40 +0200] "GET /assistenza-frigoriferi/ HTTP/1.1" 200 26997 "-" "WP Fastest Cache Preload Bot"
65.108.235.243 - - [26/Jun/2026:17:34:43 +0200] "GET /assistenza-lavastoviglie/ HTTP/1.1" 200 27052 "-" "WP Fastest Cache Preload Bot"
65.108.235.243 - - [26/Jun/2026:17:34:46 +0200] "GET /assistenza-asciugatrici/ HTTP/1.1" 200 26825 "-" "WP Fastest Cache Preload Bot"
65.108.235.243 - - [26/Jun/2026:17:34:47 +0200] "GET /assistenza-lavatrici/ HTTP/1.1" 200 26574 "-" "WP Fastest Cache Preload Bot"
65.108.235.243 - - [26/Jun/2026:17:36:21 +0200] "POST /wp-cron.php?doing_wp_cron=1782488181.7239320278167724609375 HTTP/1.1" 200 1 "-" "WordPress/7.0; https://piacenza.elettroservicegroup.it"
146.70.182.36 - - [26/Jun/2026:17:36:20 +0200] "POST /wp-json/complianz/v1/track HTTP/2.0" 200 20 "https://piacenza.elettroservicegroup.it/assistenza-condizionatori/" "Mozilla/5.0 (X11; Linux x86_64) AppleWebKit/537.36 (KHTML, like Gecko) Chrome/149.0.0.0 Safari/537.36"
65.108.235.243 - - [26/Jun/2026:17:38:38 +0200] "POST /wp-cron.php?doing_wp_cron=1782488318.6600160598754882812500 HTTP/1.1" 200 1 "-" "WordPress/7.0; https://piacenza.elettroservicegroup.it"
146.70.182.36 - - [26/Jun/2026:17:38:30 +0200] "POST /wp-json/complianz/v1/track HTTP/2.0" 200 20 "https://piacenza.elettroservicegroup.it/assistenza-condizionatori/" "Mozilla/5.0 (X11; Linux x86_64) AppleWebKit/537.36 (KHTML, like Gecko) Chrome/149.0.0.0 Safari/537.36"
162.62.132.25 - - [26/Jun/2026:18:09:25 +0200] "GET / HTTP/1.1" 200 31552 "http://piacenza.elettroservicegroup.it" "Mozilla/5.0 (iPhone; CPU iPhone OS 13_2_3 like Mac OS X) AppleWebKit/605.1.15 (KHTML, like Gecko) Version/13.0.3 Mobile/15E148 Safari/604.1"
65.108.235.243 - - [26/Jun/2026:18:09:27 +0200] "GET / HTTP/1.1" 200 28926 "-" "WP Fastest Cache Preload Bot"