116.76.196.216 - - [11/Jul/2026:14:39:46 +0200] "GET /robots.txt HTTP/1.1" 200 11887 "-" "Mozilla/5.0 (Windows NT 10.0; Win64; x64) AppleWebKit/537.36 (KHTML, like Gecko) Chrome/72.0.3652.145 Safari/537.36 Edge/18.18362"
65.108.235.243 - - [11/Jul/2026:15:05:05 +0200] "POST /wp-json/complianz/v1/wsc-scan HTTP/1.1" 400 88 "-" "WordPress/7.0.1; https://elettroservicegroup.it"
65.108.235.243 - - [11/Jul/2026:15:05:06 +0200] "POST /wp-admin/admin-ajax.php?action=wordfence_testAjax HTTP/1.1" 200 16 "-" "WordPress/7.0.1; https://elettroservicegroup.it"
65.108.235.243 - - [11/Jul/2026:15:05:08 +0200] "GET /wp-admin/admin-ajax.php?action=wordfence_doScan&isFork=0&scanMode=quick&cronKey=937d1e6af7e2a99a8dffcb88f39d55e0&signature=c6ef613910256b84f52fb57552532ed0a1dd14ee6f0f5ab752eeb195c39b8acc HTTP/1.1" 200 1 "-" "WordPress/7.0.1; https://elettroservicegroup.it"
207.32.131.198 - - [11/Jul/2026:15:05:17 +0200] "GET / HTTP/2.0" 200 21313 "-" "Mozilla/5.0 (Windows NT 10.0; Win64; x64; Valve Steam Client/default/1690583737) AppleWebKit/537.36 (KHTML, like Gecko) Chrome/85.0.4183.121 Safari/537.36"
207.32.131.198 - - [11/Jul/2026:15:05:17 +0200] "GET /wp-content/cache/wpfc-minified/qwjjwn1t/4090j.js HTTP/2.0" 200 8744 "https://elettroservicegroup.it/" "Mozilla/5.0 (Windows NT 10.0; Win64; x64; Valve Steam Client/default/1690583737) AppleWebKit/537.36 (KHTML, like Gecko) Chrome/85.0.4183.121 Safari/537.36"
207.32.131.198 - - [11/Jul/2026:15:05:17 +0200] "GET /wp-content/cache/wpfc-minified/kdwvm73z/4090j.js HTTP/2.0" 200 32843 "https://elettroservicegroup.it/" "Mozilla/5.0 (Windows NT 10.0; Win64; x64; Valve Steam Client/default/1690583737) AppleWebKit/537.36 (KHTML, like Gecko) Chrome/85.0.4183.121 Safari/537.36"
207.32.131.198 - - [11/Jul/2026:15:05:17 +0200] "GET /wp-content/plugins/gp-premium/menu-plus/functions/js/sticky.min.js?ver=2.5.5 HTTP/2.0" 200 2670 "https://elettroservicegroup.it/" "Mozilla/5.0 (Windows NT 10.0; Win64; x64; Valve Steam Client/default/1690583737) AppleWebKit/537.36 (KHTML, like Gecko) Chrome/85.0.4183.121 Safari/537.36"
207.32.131.198 - - [11/Jul/2026:15:05:18 +0200] "GET /wp-content/plugins/elementor/assets/js/webpack.runtime.min.js?ver=4.1.4 HTTP/2.0" 200 2340 "https://elettroservicegroup.it/" "Mozilla/5.0 (Windows NT 10.0; Win64; x64; Valve Steam Client/default/1690583737) AppleWebKit/537.36 (KHTML, like Gecko) Chrome/85.0.4183.121 Safari/537.36"
207.32.131.198 - - [11/Jul/2026:15:05:18 +0200] "GET /wp-content/themes/generatepress/assets/js/menu.min.js?ver=3.6.1 HTTP/2.0" 200 1688 "https://elettroservicegroup.it/" "Mozilla/5.0 (Windows NT 10.0; Win64; x64; Valve Steam Client/default/1690583737) AppleWebKit/537.36 (KHTML, like Gecko) Chrome/85.0.4183.121 Safari/537.36"
207.32.131.198 - - [11/Jul/2026:15:05:18 +0200] "GET /wp-includes/js/jquery/ui/core.min.js?ver=1.13.3 HTTP/2.0" 200 6820 "https://elettroservicegroup.it/" "Mozilla/5.0 (Windows NT 10.0; Win64; x64; Valve Steam Client/default/1690583737) AppleWebKit/537.36 (KHTML, like Gecko) Chrome/85.0.4183.121 Safari/537.36"
207.32.131.198 - - [11/Jul/2026:15:05:18 +0200] "GET /wp-content/plugins/elementor/assets/js/frontend.min.js?ver=4.1.4 HTTP/2.0" 200 10140 "https://elettroservicegroup.it/" "Mozilla/5.0 (Windows NT 10.0; Win64; x64; Valve Steam Client/default/1690583737) AppleWebKit/537.36 (KHTML, like Gecko) Chrome/85.0.4183.121 Safari/537.36"
207.32.131.198 - - [11/Jul/2026:15:05:18 +0200] "GET /wp-content/plugins/elementor/assets/js/frontend-modules.min.js?ver=4.1.4 HTTP/2.0" 200 15454 "https://elettroservicegroup.it/" "Mozilla/5.0 (Windows NT 10.0; Win64; x64; Valve Steam Client/default/1690583737) AppleWebKit/537.36 (KHTML, like Gecko) Chrome/85.0.4183.121 Safari/537.36"
207.32.131.198 - - [11/Jul/2026:15:05:18 +0200] "GET /wp-content/themes/generatepress/assets/js/back-to-top.min.js?ver=3.6.1 HTTP/2.0" 200 336 "https://elettroservicegroup.it/" "Mozilla/5.0 (Windows NT 10.0; Win64; x64; Valve Steam Client/default/1690583737) AppleWebKit/537.36 (KHTML, like Gecko) Chrome/85.0.4183.121 Safari/537.36"
207.32.131.198 - - [11/Jul/2026:15:05:18 +0200] "GET /wp-content/plugins/complianz-gdpr-premium/cookiebanner/js/complianz.min.js?ver=1783097327 HTTP/2.0" 200 10762 "https://elettroservicegroup.it/" "Mozilla/5.0 (Windows NT 10.0; Win64; x64; Valve Steam Client/default/1690583737) AppleWebKit/537.36 (KHTML, like Gecko) Chrome/85.0.4183.121 Safari/537.36"
207.32.131.198 - - [11/Jul/2026:15:05:18 +0200] "GET /wp-content/plugins/elementor/assets/js/section-frontend-handlers.d85ab872da118940910d.bundle.min.js HTTP/2.0" 200 230 "https://elettroservicegroup.it/" "Mozilla/5.0 (Windows NT 10.0; Win64; x64; Valve Steam Client/default/1690583737) AppleWebKit/537.36 (KHTML, like Gecko) Chrome/85.0.4183.121 Safari/537.36"
207.32.131.198 - - [11/Jul/2026:15:05:18 +0200] "GET /wp-content/plugins/elementor/assets/js/shared-frontend-handlers.03caa53373b56d3bab67.bundle.min.js HTTP/2.0" 200 2515 "https://elettroservicegroup.it/" "Mozilla/5.0 (Windows NT 10.0; Win64; x64; Valve Steam Client/default/1690583737) AppleWebKit/537.36 (KHTML, like Gecko) Chrome/85.0.4183.121 Safari/537.36"
207.32.131.198 - - [11/Jul/2026:15:05:18 +0200] "GET /wp-content/plugins/elementor/assets/js/text-editor.45609661e409413f1cef.bundle.min.js HTTP/2.0" 200 592 "https://elettroservicegroup.it/" "Mozilla/5.0 (Windows NT 10.0; Win64; x64; Valve Steam Client/default/1690583737) AppleWebKit/537.36 (KHTML, like Gecko) Chrome/85.0.4183.121 Safari/537.36"
207.32.131.198 - - [11/Jul/2026:15:05:18 +0200] "GET /wp-json/complianz/v1/banner?lang=it&locale=it_IT&token=itfvr HTTP/2.0" 200 82 "https://elettroservicegroup.it/" "Mozilla/5.0 (Windows NT 10.0; Win64; x64; Valve Steam Client/default/1690583737) AppleWebKit/537.36 (KHTML, like Gecko) Chrome/85.0.4183.121 Safari/537.36"
207.32.131.198 - - [11/Jul/2026:15:05:20 +0200] "GET /wp-json/complianz/v1/cookie_data HTTP/2.0" 200 - "https://elettroservicegroup.it/" "Mozilla/5.0 (Windows NT 10.0; Win64; x64; Valve Steam Client/default/1690583737) AppleWebKit/537.36 (KHTML, like Gecko) Chrome/85.0.4183.121 Safari/537.36"
84.32.105.120 - - [11/Jul/2026:15:05:22 +0200] "GET /dichiarazione-sulla-privacy-ue/ HTTP/2.0" 200 20753 "-" "Mozilla/5.0 (X11; CrOS x86_64 14541.0.0) AppleWebKit/537.36 (KHTML, like Gecko) Chrome/115.0.0.0 Safari/537.36"
84.32.105.120 - - [11/Jul/2026:15:05:23 +0200] "GET /wp-content/cache/wpfc-minified/qwjjwn1t/4090j.js HTTP/2.0" 200 8744 "https://elettroservicegroup.it/dichiarazione-sulla-privacy-ue/" "Mozilla/5.0 (X11; CrOS x86_64 14541.0.0) AppleWebKit/537.36 (KHTML, like Gecko) Chrome/115.0.0.0 Safari/537.36"
84.32.105.120 - - [11/Jul/2026:15:05:23 +0200] "GET /wp-content/cache/wpfc-minified/kdwvm73z/4090j.js HTTP/2.0" 200 32843 "https://elettroservicegroup.it/dichiarazione-sulla-privacy-ue/" "Mozilla/5.0 (X11; CrOS x86_64 14541.0.0) AppleWebKit/537.36 (KHTML, like Gecko) Chrome/115.0.0.0 Safari/537.36"
84.32.105.120 - - [11/Jul/2026:15:05:23 +0200] "GET /wp-content/plugins/gp-premium/menu-plus/functions/js/sticky.min.js?ver=2.5.5 HTTP/2.0" 200 2670 "https://elettroservicegroup.it/dichiarazione-sulla-privacy-ue/" "Mozilla/5.0 (X11; CrOS x86_64 14541.0.0) AppleWebKit/537.36 (KHTML, like Gecko) Chrome/115.0.0.0 Safari/537.36"
84.32.105.120 - - [11/Jul/2026:15:05:23 +0200] "GET /wp-content/plugins/complianz-gdpr-premium/DNSMPD/script.min.js?ver=1783097329 HTTP/2.0" 200 425 "https://elettroservicegroup.it/dichiarazione-sulla-privacy-ue/" "Mozilla/5.0 (X11; CrOS x86_64 14541.0.0) AppleWebKit/537.36 (KHTML, like Gecko) Chrome/115.0.0.0 Safari/537.36"
84.32.105.120 - - [11/Jul/2026:15:05:23 +0200] "GET /wp-content/themes/generatepress/assets/js/back-to-top.min.js?ver=3.6.1 HTTP/2.0" 200 336 "https://elettroservicegroup.it/dichiarazione-sulla-privacy-ue/" "Mozilla/5.0 (X11; CrOS x86_64 14541.0.0) AppleWebKit/537.36 (KHTML, like Gecko) Chrome/115.0.0.0 Safari/537.36"
84.32.105.120 - - [11/Jul/2026:15:05:23 +0200] "GET /wp-content/themes/generatepress/assets/js/menu.min.js?ver=3.6.1 HTTP/2.0" 200 1688 "https://elettroservicegroup.it/dichiarazione-sulla-privacy-ue/" "Mozilla/5.0 (X11; CrOS x86_64 14541.0.0) AppleWebKit/537.36 (KHTML, like Gecko) Chrome/115.0.0.0 Safari/537.36"
84.32.105.120 - - [11/Jul/2026:15:05:23 +0200] "GET /wp-content/plugins/elementor/assets/js/webpack.runtime.min.js?ver=4.1.4 HTTP/2.0" 200 2340 "https://elettroservicegroup.it/dichiarazione-sulla-privacy-ue/" "Mozilla/5.0 (X11; CrOS x86_64 14541.0.0) AppleWebKit/537.36 (KHTML, like Gecko) Chrome/115.0.0.0 Safari/537.36"
84.32.105.120 - - [11/Jul/2026:15:05:23 +0200] "GET /wp-includes/js/jquery/ui/core.min.js?ver=1.13.3 HTTP/2.0" 200 6820 "https://elettroservicegroup.it/dichiarazione-sulla-privacy-ue/" "Mozilla/5.0 (X11; CrOS x86_64 14541.0.0) AppleWebKit/537.36 (KHTML, like Gecko) Chrome/115.0.0.0 Safari/537.36"
84.32.105.120 - - [11/Jul/2026:15:05:23 +0200] "GET /wp-content/plugins/complianz-gdpr-premium/cookiebanner/js/complianz.min.js?ver=1783097327 HTTP/2.0" 200 10762 "https://elettroservicegroup.it/dichiarazione-sulla-privacy-ue/" "Mozilla/5.0 (X11; CrOS x86_64 14541.0.0) AppleWebKit/537.36 (KHTML, like Gecko) Chrome/115.0.0.0 Safari/537.36"
84.32.105.120 - - [11/Jul/2026:15:05:23 +0200] "GET /wp-content/plugins/elementor/assets/js/frontend.min.js?ver=4.1.4 HTTP/2.0" 200 10140 "https://elettroservicegroup.it/dichiarazione-sulla-privacy-ue/" "Mozilla/5.0 (X11; CrOS x86_64 14541.0.0) AppleWebKit/537.36 (KHTML, like Gecko) Chrome/115.0.0.0 Safari/537.36"
84.32.105.120 - - [11/Jul/2026:15:05:23 +0200] "GET /wp-content/plugins/elementor/assets/js/frontend-modules.min.js?ver=4.1.4 HTTP/2.0" 200 15454 "https://elettroservicegroup.it/dichiarazione-sulla-privacy-ue/" "Mozilla/5.0 (X11; CrOS x86_64 14541.0.0) AppleWebKit/537.36 (KHTML, like Gecko) Chrome/115.0.0.0 Safari/537.36"
84.32.105.120 - - [11/Jul/2026:15:05:23 +0200] "GET /wp-content/plugins/elementor/assets/js/section-frontend-handlers.d85ab872da118940910d.bundle.min.js HTTP/2.0" 200 230 "https://elettroservicegroup.it/dichiarazione-sulla-privacy-ue/" "Mozilla/5.0 (X11; CrOS x86_64 14541.0.0) AppleWebKit/537.36 (KHTML, like Gecko) Chrome/115.0.0.0 Safari/537.36"
84.32.105.120 - - [11/Jul/2026:15:05:23 +0200] "GET /wp-content/plugins/elementor/assets/js/text-editor.45609661e409413f1cef.bundle.min.js HTTP/2.0" 200 592 "https://elettroservicegroup.it/dichiarazione-sulla-privacy-ue/" "Mozilla/5.0 (X11; CrOS x86_64 14541.0.0) AppleWebKit/537.36 (KHTML, like Gecko) Chrome/115.0.0.0 Safari/537.36"
84.32.105.120 - - [11/Jul/2026:15:05:23 +0200] "GET /wp-content/plugins/elementor/assets/js/shared-frontend-handlers.03caa53373b56d3bab67.bundle.min.js HTTP/2.0" 200 2515 "https://elettroservicegroup.it/dichiarazione-sulla-privacy-ue/" "Mozilla/5.0 (X11; CrOS x86_64 14541.0.0) AppleWebKit/537.36 (KHTML, like Gecko) Chrome/115.0.0.0 Safari/537.36"
149.18.168.238 - - [11/Jul/2026:15:05:23 +0200] "GET / HTTP/2.0" 200 21313 "-" "Mozilla/5.0 (Windows NT 10.0; Win64; x64) AppleWebKit/537.36 (KHTML, like Gecko) Chrome/115.0.5790.171 Safari/537.36"
149.18.168.238 - - [11/Jul/2026:15:05:24 +0200] "GET /wp-content/cache/wpfc-minified/qwjjwn1t/4090j.js HTTP/2.0" 200 8744 "https://elettroservicegroup.it/" "Mozilla/5.0 (Windows NT 10.0; Win64; x64) AppleWebKit/537.36 (KHTML, like Gecko) Chrome/115.0.5790.171 Safari/537.36"
149.18.168.238 - - [11/Jul/2026:15:05:24 +0200] "GET /wp-content/cache/wpfc-minified/kdwvm73z/4090j.js HTTP/2.0" 200 32843 "https://elettroservicegroup.it/" "Mozilla/5.0 (Windows NT 10.0; Win64; x64) AppleWebKit/537.36 (KHTML, like Gecko) Chrome/115.0.5790.171 Safari/537.36"
149.18.168.238 - - [11/Jul/2026:15:05:24 +0200] "GET /wp-content/plugins/gp-premium/menu-plus/functions/js/sticky.min.js?ver=2.5.5 HTTP/2.0" 200 2670 "https://elettroservicegroup.it/" "Mozilla/5.0 (Windows NT 10.0; Win64; x64) AppleWebKit/537.36 (KHTML, like Gecko) Chrome/115.0.5790.171 Safari/537.36"
149.18.168.238 - - [11/Jul/2026:15:05:24 +0200] "GET /wp-content/plugins/elementor/assets/js/webpack.runtime.min.js?ver=4.1.4 HTTP/2.0" 200 2340 "https://elettroservicegroup.it/" "Mozilla/5.0 (Windows NT 10.0; Win64; x64) AppleWebKit/537.36 (KHTML, like Gecko) Chrome/115.0.5790.171 Safari/537.36"
149.18.168.238 - - [11/Jul/2026:15:05:24 +0200] "GET /wp-includes/js/jquery/ui/core.min.js?ver=1.13.3 HTTP/2.0" 200 6820 "https://elettroservicegroup.it/" "Mozilla/5.0 (Windows NT 10.0; Win64; x64) AppleWebKit/537.36 (KHTML, like Gecko) Chrome/115.0.5790.171 Safari/537.36"
149.18.168.238 - - [11/Jul/2026:15:05:24 +0200] "GET /wp-content/plugins/elementor/assets/js/frontend-modules.min.js?ver=4.1.4 HTTP/2.0" 200 15454 "https://elettroservicegroup.it/" "Mozilla/5.0 (Windows NT 10.0; Win64; x64) AppleWebKit/537.36 (KHTML, like Gecko) Chrome/115.0.5790.171 Safari/537.36"
149.18.168.238 - - [11/Jul/2026:15:05:24 +0200] "GET /wp-content/themes/generatepress/assets/js/back-to-top.min.js?ver=3.6.1 HTTP/2.0" 200 336 "https://elettroservicegroup.it/" "Mozilla/5.0 (Windows NT 10.0; Win64; x64) AppleWebKit/537.36 (KHTML, like Gecko) Chrome/115.0.5790.171 Safari/537.36"
149.18.168.238 - - [11/Jul/2026:15:05:24 +0200] "GET /wp-content/themes/generatepress/assets/js/menu.min.js?ver=3.6.1 HTTP/2.0" 200 1688 "https://elettroservicegroup.it/" "Mozilla/5.0 (Windows NT 10.0; Win64; x64) AppleWebKit/537.36 (KHTML, like Gecko) Chrome/115.0.5790.171 Safari/537.36"
149.18.168.238 - - [11/Jul/2026:15:05:24 +0200] "GET /wp-content/plugins/elementor/assets/js/frontend.min.js?ver=4.1.4 HTTP/2.0" 200 10140 "https://elettroservicegroup.it/" "Mozilla/5.0 (Windows NT 10.0; Win64; x64) AppleWebKit/537.36 (KHTML, like Gecko) Chrome/115.0.5790.171 Safari/537.36"
149.18.168.238 - - [11/Jul/2026:15:05:24 +0200] "GET /wp-content/plugins/complianz-gdpr-premium/cookiebanner/js/complianz.min.js?ver=1783097327 HTTP/2.0" 200 10762 "https://elettroservicegroup.it/" "Mozilla/5.0 (Windows NT 10.0; Win64; x64) AppleWebKit/537.36 (KHTML, like Gecko) Chrome/115.0.5790.171 Safari/537.36"
149.18.168.238 - - [11/Jul/2026:15:05:24 +0200] "GET /wp-content/plugins/elementor/assets/js/section-frontend-handlers.d85ab872da118940910d.bundle.min.js HTTP/2.0" 200 230 "https://elettroservicegroup.it/" "Mozilla/5.0 (Windows NT 10.0; Win64; x64) AppleWebKit/537.36 (KHTML, like Gecko) Chrome/115.0.5790.171 Safari/537.36"
149.18.168.238 - - [11/Jul/2026:15:05:24 +0200] "GET /wp-content/plugins/elementor/assets/js/shared-frontend-handlers.03caa53373b56d3bab67.bundle.min.js HTTP/2.0" 200 2515 "https://elettroservicegroup.it/" "Mozilla/5.0 (Windows NT 10.0; Win64; x64) AppleWebKit/537.36 (KHTML, like Gecko) Chrome/115.0.5790.171 Safari/537.36"
149.18.168.238 - - [11/Jul/2026:15:05:24 +0200] "GET /wp-content/plugins/elementor/assets/js/text-editor.45609661e409413f1cef.bundle.min.js HTTP/2.0" 200 592 "https://elettroservicegroup.it/" "Mozilla/5.0 (Windows NT 10.0; Win64; x64) AppleWebKit/537.36 (KHTML, like Gecko) Chrome/115.0.5790.171 Safari/537.36"
84.32.105.120 - - [11/Jul/2026:15:05:23 +0200] "GET /wp-json/complianz/v1/banner?lang=it&locale=it_IT&token=ihado HTTP/2.0" 200 82 "https://elettroservicegroup.it/dichiarazione-sulla-privacy-ue/" "Mozilla/5.0 (X11; CrOS x86_64 14541.0.0) AppleWebKit/537.36 (KHTML, like Gecko) Chrome/115.0.0.0 Safari/537.36"
149.18.168.238 - - [11/Jul/2026:15:05:24 +0200] "GET /wp-json/complianz/v1/banner?lang=it&locale=it_IT&token=jiaof HTTP/2.0" 200 82 "https://elettroservicegroup.it/" "Mozilla/5.0 (Windows NT 10.0; Win64; x64) AppleWebKit/537.36 (KHTML, like Gecko) Chrome/115.0.5790.171 Safari/537.36"
84.32.105.120 - - [11/Jul/2026:15:05:25 +0200] "GET /wp-json/complianz/v1/cookie_data HTTP/2.0" 200 97 "https://elettroservicegroup.it/dichiarazione-sulla-privacy-ue/" "Mozilla/5.0 (X11; CrOS x86_64 14541.0.0) AppleWebKit/537.36 (KHTML, like Gecko) Chrome/115.0.0.0 Safari/537.36"
85.254.7.46 - - [11/Jul/2026:15:05:27 +0200] "GET /chi-siamo/ HTTP/2.0" 200 22124 "-" "Mozilla/5.0 (X11; Linux x86_64) AppleWebKit/537.36 (KHTML, like Gecko) Chrome/116.0.0.0 Safari/537.36"
85.254.7.46 - - [11/Jul/2026:15:05:28 +0200] "GET /wp-content/cache/wpfc-minified/qwjjwn1t/4090j.js HTTP/2.0" 200 8744 "https://elettroservicegroup.it/chi-siamo/" "Mozilla/5.0 (X11; Linux x86_64) AppleWebKit/537.36 (KHTML, like Gecko) Chrome/116.0.0.0 Safari/537.36"
85.254.7.46 - - [11/Jul/2026:15:05:28 +0200] "GET /wp-content/cache/wpfc-minified/kdwvm73z/4090j.js HTTP/2.0" 200 32843 "https://elettroservicegroup.it/chi-siamo/" "Mozilla/5.0 (X11; Linux x86_64) AppleWebKit/537.36 (KHTML, like Gecko) Chrome/116.0.0.0 Safari/537.36"
64.140.128.160 - - [11/Jul/2026:15:05:28 +0200] "GET /termini-e-condizioni/ HTTP/2.0" 200 18671 "-" "Mozilla/5.0 (X11; Linux x86_64; Storebot-Google/1.0) AppleWebKit/537.36 (KHTML, like Gecko) Chrome/79.0.3945.88 Safari/537.36"
207.32.131.252 - - [11/Jul/2026:15:05:28 +0200] "GET /imprint/ HTTP/2.0" 200 17721 "-" "Mozilla/5.0 (Macintosh; Intel Mac OS X 10_15_7) AppleWebKit/537.36 (KHTML, like Gecko) Chrome/114.0.0.0 Safari/537.36"
85.254.7.46 - - [11/Jul/2026:15:05:28 +0200] "GET /wp-content/plugins/gp-premium/menu-plus/functions/js/sticky.min.js?ver=2.5.5 HTTP/2.0" 200 2670 "https://elettroservicegroup.it/chi-siamo/" "Mozilla/5.0 (X11; Linux x86_64) AppleWebKit/537.36 (KHTML, like Gecko) Chrome/116.0.0.0 Safari/537.36"
85.254.7.46 - - [11/Jul/2026:15:05:28 +0200] "GET /wp-content/plugins/elementor/assets/js/webpack.runtime.min.js?ver=4.1.4 HTTP/2.0" 200 2340 "https://elettroservicegroup.it/chi-siamo/" "Mozilla/5.0 (X11; Linux x86_64) AppleWebKit/537.36 (KHTML, like Gecko) Chrome/116.0.0.0 Safari/537.36"
85.254.7.46 - - [11/Jul/2026:15:05:28 +0200] "GET /wp-content/plugins/elementor/assets/js/frontend-modules.min.js?ver=4.1.4 HTTP/2.0" 200 15454 "https://elettroservicegroup.it/chi-siamo/" "Mozilla/5.0 (X11; Linux x86_64) AppleWebKit/537.36 (KHTML, like Gecko) Chrome/116.0.0.0 Safari/537.36"
85.254.7.46 - - [11/Jul/2026:15:05:28 +0200] "GET /wp-content/themes/generatepress/assets/js/menu.min.js?ver=3.6.1 HTTP/2.0" 200 1688 "https://elettroservicegroup.it/chi-siamo/" "Mozilla/5.0 (X11; Linux x86_64) AppleWebKit/537.36 (KHTML, like Gecko) Chrome/116.0.0.0 Safari/537.36"
85.254.7.46 - - [11/Jul/2026:15:05:28 +0200] "GET /wp-content/themes/generatepress/assets/js/back-to-top.min.js?ver=3.6.1 HTTP/2.0" 200 336 "https://elettroservicegroup.it/chi-siamo/" "Mozilla/5.0 (X11; Linux x86_64) AppleWebKit/537.36 (KHTML, like Gecko) Chrome/116.0.0.0 Safari/537.36"
85.254.7.46 - - [11/Jul/2026:15:05:28 +0200] "GET /wp-includes/js/jquery/ui/core.min.js?ver=1.13.3 HTTP/2.0" 200 6820 "https://elettroservicegroup.it/chi-siamo/" "Mozilla/5.0 (X11; Linux x86_64) AppleWebKit/537.36 (KHTML, like Gecko) Chrome/116.0.0.0 Safari/537.36"
85.254.7.46 - - [11/Jul/2026:15:05:28 +0200] "GET /wp-content/plugins/complianz-gdpr-premium/cookiebanner/js/complianz.min.js?ver=1783097327 HTTP/2.0" 200 10762 "https://elettroservicegroup.it/chi-siamo/" "Mozilla/5.0 (X11; Linux x86_64) AppleWebKit/537.36 (KHTML, like Gecko) Chrome/116.0.0.0 Safari/537.36"
85.254.7.46 - - [11/Jul/2026:15:05:28 +0200] "GET /wp-content/plugins/elementor/assets/js/frontend.min.js?ver=4.1.4 HTTP/2.0" 200 10140 "https://elettroservicegroup.it/chi-siamo/" "Mozilla/5.0 (X11; Linux x86_64) AppleWebKit/537.36 (KHTML, like Gecko) Chrome/116.0.0.0 Safari/537.36"
207.32.131.252 - - [11/Jul/2026:15:05:28 +0200] "GET /wp-content/cache/wpfc-minified/qwjjwn1t/4090j.js HTTP/2.0" 200 8744 "https://elettroservicegroup.it/imprint/" "Mozilla/5.0 (Macintosh; Intel Mac OS X 10_15_7) AppleWebKit/537.36 (KHTML, like Gecko) Chrome/114.0.0.0 Safari/537.36"
207.32.131.252 - - [11/Jul/2026:15:05:28 +0200] "GET /wp-content/cache/wpfc-minified/kdwvm73z/4090j.js HTTP/2.0" 200 32843 "https://elettroservicegroup.it/imprint/" "Mozilla/5.0 (Macintosh; Intel Mac OS X 10_15_7) AppleWebKit/537.36 (KHTML, like Gecko) Chrome/114.0.0.0 Safari/537.36"
85.254.7.46 - - [11/Jul/2026:15:05:29 +0200] "GET /wp-content/plugins/elementor/assets/js/section-frontend-handlers.d85ab872da118940910d.bundle.min.js HTTP/2.0" 200 230 "https://elettroservicegroup.it/chi-siamo/" "Mozilla/5.0 (X11; Linux x86_64) AppleWebKit/537.36 (KHTML, like Gecko) Chrome/116.0.0.0 Safari/537.36"
85.254.7.46 - - [11/Jul/2026:15:05:29 +0200] "GET /wp-content/plugins/elementor/assets/js/shared-frontend-handlers.03caa53373b56d3bab67.bundle.min.js HTTP/2.0" 200 2515 "https://elettroservicegroup.it/chi-siamo/" "Mozilla/5.0 (X11; Linux x86_64) AppleWebKit/537.36 (KHTML, like Gecko) Chrome/116.0.0.0 Safari/537.36"
85.254.7.46 - - [11/Jul/2026:15:05:29 +0200] "GET /wp-content/plugins/elementor/assets/js/text-editor.45609661e409413f1cef.bundle.min.js HTTP/2.0" 200 592 "https://elettroservicegroup.it/chi-siamo/" "Mozilla/5.0 (X11; Linux x86_64) AppleWebKit/537.36 (KHTML, like Gecko) Chrome/116.0.0.0 Safari/537.36"
207.32.131.252 - - [11/Jul/2026:15:05:29 +0200] "GET /wp-content/plugins/gp-premium/menu-plus/functions/js/sticky.min.js?ver=2.5.5 HTTP/2.0" 200 2670 "https://elettroservicegroup.it/imprint/" "Mozilla/5.0 (Macintosh; Intel Mac OS X 10_15_7) AppleWebKit/537.36 (KHTML, like Gecko) Chrome/114.0.0.0 Safari/537.36"
207.32.131.252 - - [11/Jul/2026:15:05:29 +0200] "GET /wp-content/plugins/complianz-gdpr-premium/DNSMPD/script.min.js?ver=1783097329 HTTP/2.0" 200 425 "https://elettroservicegroup.it/imprint/" "Mozilla/5.0 (Macintosh; Intel Mac OS X 10_15_7) AppleWebKit/537.36 (KHTML, like Gecko) Chrome/114.0.0.0 Safari/537.36"
207.32.131.252 - - [11/Jul/2026:15:05:29 +0200] "GET /wp-content/themes/generatepress/assets/js/back-to-top.min.js?ver=3.6.1 HTTP/2.0" 200 336 "https://elettroservicegroup.it/imprint/" "Mozilla/5.0 (Macintosh; Intel Mac OS X 10_15_7) AppleWebKit/537.36 (KHTML, like Gecko) Chrome/114.0.0.0 Safari/537.36"
207.32.131.252 - - [11/Jul/2026:15:05:29 +0200] "GET /wp-content/plugins/elementor/assets/js/webpack.runtime.min.js?ver=4.1.4 HTTP/2.0" 200 2340 "https://elettroservicegroup.it/imprint/" "Mozilla/5.0 (Macintosh; Intel Mac OS X 10_15_7) AppleWebKit/537.36 (KHTML, like Gecko) Chrome/114.0.0.0 Safari/537.36"
207.32.131.252 - - [11/Jul/2026:15:05:29 +0200] "GET /wp-content/themes/generatepress/assets/js/menu.min.js?ver=3.6.1 HTTP/2.0" 200 1688 "https://elettroservicegroup.it/imprint/" "Mozilla/5.0 (Macintosh; Intel Mac OS X 10_15_7) AppleWebKit/537.36 (KHTML, like Gecko) Chrome/114.0.0.0 Safari/537.36"
207.32.131.252 - - [11/Jul/2026:15:05:29 +0200] "GET /wp-includes/js/jquery/ui/core.min.js?ver=1.13.3 HTTP/2.0" 200 6820 "https://elettroservicegroup.it/imprint/" "Mozilla/5.0 (Macintosh; Intel Mac OS X 10_15_7) AppleWebKit/537.36 (KHTML, like Gecko) Chrome/114.0.0.0 Safari/537.36"
207.32.131.252 - - [11/Jul/2026:15:05:29 +0200] "GET /wp-content/plugins/elementor/assets/js/frontend.min.js?ver=4.1.4 HTTP/2.0" 200 10140 "https://elettroservicegroup.it/imprint/" "Mozilla/5.0 (Macintosh; Intel Mac OS X 10_15_7) AppleWebKit/537.36 (KHTML, like Gecko) Chrome/114.0.0.0 Safari/537.36"
207.32.131.252 - - [11/Jul/2026:15:05:29 +0200] "GET /wp-content/plugins/elementor/assets/js/frontend-modules.min.js?ver=4.1.4 HTTP/2.0" 200 15454 "https://elettroservicegroup.it/imprint/" "Mozilla/5.0 (Macintosh; Intel Mac OS X 10_15_7) AppleWebKit/537.36 (KHTML, like Gecko) Chrome/114.0.0.0 Safari/537.36"
207.32.131.252 - - [11/Jul/2026:15:05:29 +0200] "GET /wp-content/plugins/complianz-gdpr-premium/cookiebanner/js/complianz.min.js?ver=1783097327 HTTP/2.0" 200 10762 "https://elettroservicegroup.it/imprint/" "Mozilla/5.0 (Macintosh; Intel Mac OS X 10_15_7) AppleWebKit/537.36 (KHTML, like Gecko) Chrome/114.0.0.0 Safari/537.36"
64.140.128.160 - - [11/Jul/2026:15:05:29 +0200] "GET /wp-content/cache/wpfc-minified/qwjjwn1t/4090j.js HTTP/2.0" 200 8744 "https://elettroservicegroup.it/termini-e-condizioni/" "Mozilla/5.0 (X11; Linux x86_64; Storebot-Google/1.0) AppleWebKit/537.36 (KHTML, like Gecko) Chrome/79.0.3945.88 Safari/537.36"
64.140.128.160 - - [11/Jul/2026:15:05:29 +0200] "GET /wp-content/cache/wpfc-minified/kdwvm73z/4090j.js HTTP/2.0" 200 32843 "https://elettroservicegroup.it/termini-e-condizioni/" "Mozilla/5.0 (X11; Linux x86_64; Storebot-Google/1.0) AppleWebKit/537.36 (KHTML, like Gecko) Chrome/79.0.3945.88 Safari/537.36"
85.254.7.46 - - [11/Jul/2026:15:05:29 +0200] "GET /wp-json/complianz/v1/banner?lang=it&locale=it_IT&token=acxby HTTP/2.0" 200 82 "https://elettroservicegroup.it/chi-siamo/" "Mozilla/5.0 (X11; Linux x86_64) AppleWebKit/537.36 (KHTML, like Gecko) Chrome/116.0.0.0 Safari/537.36"
207.32.131.252 - - [11/Jul/2026:15:05:30 +0200] "GET /wp-content/plugins/elementor/assets/js/section-frontend-handlers.d85ab872da118940910d.bundle.min.js HTTP/2.0" 200 230 "https://elettroservicegroup.it/imprint/" "Mozilla/5.0 (Macintosh; Intel Mac OS X 10_15_7) AppleWebKit/537.36 (KHTML, like Gecko) Chrome/114.0.0.0 Safari/537.36"
207.32.131.252 - - [11/Jul/2026:15:05:30 +0200] "GET /wp-content/plugins/elementor/assets/js/shared-frontend-handlers.03caa53373b56d3bab67.bundle.min.js HTTP/2.0" 200 2515 "https://elettroservicegroup.it/imprint/" "Mozilla/5.0 (Macintosh; Intel Mac OS X 10_15_7) AppleWebKit/537.36 (KHTML, like Gecko) Chrome/114.0.0.0 Safari/537.36"
207.32.131.252 - - [11/Jul/2026:15:05:30 +0200] "GET /wp-content/plugins/elementor/assets/js/text-editor.45609661e409413f1cef.bundle.min.js HTTP/2.0" 200 592 "https://elettroservicegroup.it/imprint/" "Mozilla/5.0 (Macintosh; Intel Mac OS X 10_15_7) AppleWebKit/537.36 (KHTML, like Gecko) Chrome/114.0.0.0 Safari/537.36"
64.140.128.160 - - [11/Jul/2026:15:05:30 +0200] "GET /wp-content/plugins/gp-premium/menu-plus/functions/js/sticky.min.js?ver=2.5.5 HTTP/2.0" 200 2670 "https://elettroservicegroup.it/termini-e-condizioni/" "Mozilla/5.0 (X11; Linux x86_64; Storebot-Google/1.0) AppleWebKit/537.36 (KHTML, like Gecko) Chrome/79.0.3945.88 Safari/537.36"
207.32.131.252 - - [11/Jul/2026:15:05:30 +0200] "GET /wp-json/complianz/v1/banner?lang=it&locale=it_IT&token=mrfvn HTTP/2.0" 200 82 "https://elettroservicegroup.it/imprint/" "Mozilla/5.0 (Macintosh; Intel Mac OS X 10_15_7) AppleWebKit/537.36 (KHTML, like Gecko) Chrome/114.0.0.0 Safari/537.36"
85.254.7.46 - - [11/Jul/2026:15:05:30 +0200] "GET /wp-json/complianz/v1/cookie_data HTTP/2.0" 200 - "https://elettroservicegroup.it/chi-siamo/" "Mozilla/5.0 (X11; Linux x86_64) AppleWebKit/537.36 (KHTML, like Gecko) Chrome/116.0.0.0 Safari/537.36"
64.140.128.160 - - [11/Jul/2026:15:05:31 +0200] "GET /wp-content/plugins/elementor/assets/js/webpack.runtime.min.js?ver=4.1.4 HTTP/2.0" 200 2340 "https://elettroservicegroup.it/termini-e-condizioni/" "Mozilla/5.0 (X11; Linux x86_64; Storebot-Google/1.0) AppleWebKit/537.36 (KHTML, like Gecko) Chrome/79.0.3945.88 Safari/537.36"
64.140.128.160 - - [11/Jul/2026:15:05:31 +0200] "GET /wp-content/themes/generatepress/assets/js/back-to-top.min.js?ver=3.6.1 HTTP/2.0" 200 336 "https://elettroservicegroup.it/termini-e-condizioni/" "Mozilla/5.0 (X11; Linux x86_64; Storebot-Google/1.0) AppleWebKit/537.36 (KHTML, like Gecko) Chrome/79.0.3945.88 Safari/537.36"
64.140.128.160 - - [11/Jul/2026:15:05:31 +0200] "GET /wp-includes/js/jquery/ui/core.min.js?ver=1.13.3 HTTP/2.0" 200 6820 "https://elettroservicegroup.it/termini-e-condizioni/" "Mozilla/5.0 (X11; Linux x86_64; Storebot-Google/1.0) AppleWebKit/537.36 (KHTML, like Gecko) Chrome/79.0.3945.88 Safari/537.36"
64.140.128.160 - - [11/Jul/2026:15:05:31 +0200] "GET /wp-content/themes/generatepress/assets/js/menu.min.js?ver=3.6.1 HTTP/2.0" 200 1688 "https://elettroservicegroup.it/termini-e-condizioni/" "Mozilla/5.0 (X11; Linux x86_64; Storebot-Google/1.0) AppleWebKit/537.36 (KHTML, like Gecko) Chrome/79.0.3945.88 Safari/537.36"
64.140.128.160 - - [11/Jul/2026:15:05:31 +0200] "GET /wp-content/plugins/elementor/assets/js/frontend.min.js?ver=4.1.4 HTTP/2.0" 200 10140 "https://elettroservicegroup.it/termini-e-condizioni/" "Mozilla/5.0 (X11; Linux x86_64; Storebot-Google/1.0) AppleWebKit/537.36 (KHTML, like Gecko) Chrome/79.0.3945.88 Safari/537.36"
64.140.128.160 - - [11/Jul/2026:15:05:31 +0200] "GET /wp-content/plugins/elementor/assets/js/frontend-modules.min.js?ver=4.1.4 HTTP/2.0" 200 15454 "https://elettroservicegroup.it/termini-e-condizioni/" "Mozilla/5.0 (X11; Linux x86_64; Storebot-Google/1.0) AppleWebKit/537.36 (KHTML, like Gecko) Chrome/79.0.3945.88 Safari/537.36"
64.140.128.160 - - [11/Jul/2026:15:05:32 +0200] "GET /wp-content/plugins/complianz-gdpr-premium/cookiebanner/js/complianz.min.js?ver=1783097327 HTTP/2.0" 200 10762 "https://elettroservicegroup.it/termini-e-condizioni/" "Mozilla/5.0 (X11; Linux x86_64; Storebot-Google/1.0) AppleWebKit/537.36 (KHTML, like Gecko) Chrome/79.0.3945.88 Safari/537.36"
207.32.131.252 - - [11/Jul/2026:15:05:31 +0200] "GET /wp-json/complianz/v1/cookie_data HTTP/2.0" 200 97 "https://elettroservicegroup.it/imprint/" "Mozilla/5.0 (Macintosh; Intel Mac OS X 10_15_7) AppleWebKit/537.36 (KHTML, like Gecko) Chrome/114.0.0.0 Safari/537.36"
64.140.128.160 - - [11/Jul/2026:15:05:35 +0200] "GET /wp-content/plugins/elementor/assets/js/section-frontend-handlers.d85ab872da118940910d.bundle.min.js HTTP/2.0" 200 230 "https://elettroservicegroup.it/termini-e-condizioni/" "Mozilla/5.0 (X11; Linux x86_64; Storebot-Google/1.0) AppleWebKit/537.36 (KHTML, like Gecko) Chrome/79.0.3945.88 Safari/537.36"
64.140.128.160 - - [11/Jul/2026:15:05:34 +0200] "GET /wp-json/complianz/v1/banner?lang=it&locale=it_IT&token=sgckn HTTP/2.0" 200 82 "https://elettroservicegroup.it/termini-e-condizioni/" "Mozilla/5.0 (X11; Linux x86_64; Storebot-Google/1.0) AppleWebKit/537.36 (KHTML, like Gecko) Chrome/79.0.3945.88 Safari/537.36"
64.140.128.160 - - [11/Jul/2026:15:05:40 +0200] "GET /wp-content/plugins/elementor/assets/js/text-editor.45609661e409413f1cef.bundle.min.js HTTP/2.0" 200 592 "https://elettroservicegroup.it/termini-e-condizioni/" "Mozilla/5.0 (X11; Linux x86_64; Storebot-Google/1.0) AppleWebKit/537.36 (KHTML, like Gecko) Chrome/79.0.3945.88 Safari/537.36"
64.140.128.160 - - [11/Jul/2026:15:05:40 +0200] "GET /wp-content/plugins/elementor/assets/js/shared-frontend-handlers.03caa53373b56d3bab67.bundle.min.js HTTP/2.0" 200 2515 "https://elettroservicegroup.it/termini-e-condizioni/" "Mozilla/5.0 (X11; Linux x86_64; Storebot-Google/1.0) AppleWebKit/537.36 (KHTML, like Gecko) Chrome/79.0.3945.88 Safari/537.36"
64.140.128.160 - - [11/Jul/2026:15:05:40 +0200] "GET /wp-json/complianz/v1/cookie_data HTTP/2.0" 200 97 "https://elettroservicegroup.it/termini-e-condizioni/" "Mozilla/5.0 (X11; Linux x86_64; Storebot-Google/1.0) AppleWebKit/537.36 (KHTML, like Gecko) Chrome/79.0.3945.88 Safari/537.36"
142.111.100.233 - - [11/Jul/2026:15:06:05 +0200] "GET /cookie-policy-ue/ HTTP/2.0" 200 20462 "-" "Mozilla/5.0 (Windows NT 10.0; Win64; x64) AppleWebKit/537.36 (KHTML, like Gecko) Chrome/114.0.5735.199 Safari/537.36"
147.185.132.13 - - [11/Jul/2026:15:30:22 +0200] "GET / HTTP/1.1" 200 140414 "-" "Hello from Palo Alto Networks, find out more about our scans in https://docs-cortex.paloaltonetworks.com/r/1/Cortex-Xpanse/Scanning-activity"
43.160.240.216 - - [11/Jul/2026:15:50:18 +0200] "GET / HTTP/1.1" 200 23482 "http://elettroservicegroup.it" "Mozilla/5.0 (iPhone; CPU iPhone OS 13_2_3 like Mac OS X) AppleWebKit/605.1.15 (KHTML, like Gecko) Version/13.0.3 Mobile/15E148 Safari/604.1"
65.108.235.243 - - [11/Jul/2026:15:53:19 +0200] "POST /wp-cron.php?doing_wp_cron=1783777999.6755669116973876953125 HTTP/1.1" 200 1 "-" "WordPress/7.0.1; https://elettroservicegroup.it"
52.167.144.176 - - [11/Jul/2026:15:53:13 +0200] "GET /sitemap.xml HTTP/2.0" 200 310 "-" "Mozilla/5.0 AppleWebKit/537.36 (KHTML, like Gecko; compatible; bingbot/2.0; +http://www.bing.com/bingbot.htm) Chrome/116.0.1938.76 Safari/537.36"
192.178.16.102 - - [11/Jul/2026:16:10:16 +0200] "GET / HTTP/1.1" 200 21313 "-" "Mozilla/5.0 (X11; Linux x86_64) AppleWebKit/537.36 (KHTML, like Gecko; compatible; pageburst) Chrome/150.0.7871.46 Safari/537.36"
192.178.16.102 - - [11/Jul/2026:16:10:16 +0200] "GET /wp-content/uploads/elementor/css/post-13305.css?ver=1783221587 HTTP/1.1" 200 2452 "https://elettroservicegroup.it/" "Mozilla/5.0 (X11; Linux x86_64) AppleWebKit/537.36 (KHTML, like Gecko; compatible; pageburst) Chrome/150.0.7871.46 Safari/537.36"
192.178.16.103 - - [11/Jul/2026:16:10:16 +0200] "GET /wp-content/cache/wpfc-minified/6yk1ya41/4090j.css HTTP/1.1" 200 14481 "https://elettroservicegroup.it/" "Mozilla/5.0 (X11; Linux x86_64) AppleWebKit/537.36 (KHTML, like Gecko; compatible; pageburst) Chrome/150.0.7871.46 Safari/537.36"
192.178.16.103 - - [11/Jul/2026:16:10:16 +0200] "GET /wp-content/cache/wpfc-minified/kdwvm73z/4090j.js HTTP/1.1" 200 32843 "https://elettroservicegroup.it/" "Mozilla/5.0 (X11; Linux x86_64) AppleWebKit/537.36 (KHTML, like Gecko; compatible; pageburst) Chrome/150.0.7871.46 Safari/537.36"
192.178.16.101 - - [11/Jul/2026:16:10:16 +0200] "GET /wp-content/cache/wpfc-minified/qwjjwn1t/4090j.js HTTP/1.1" 200 8744 "https://elettroservicegroup.it/" "Mozilla/5.0 (X11; Linux x86_64) AppleWebKit/537.36 (KHTML, like Gecko; compatible; pageburst) Chrome/150.0.7871.46 Safari/537.36"
192.178.16.101 - - [11/Jul/2026:16:10:17 +0200] "GET /wp-content/plugins/elementor/assets/js/webpack.runtime.min.js?ver=4.1.4 HTTP/1.1" 200 2340 "https://elettroservicegroup.it/" "Mozilla/5.0 (X11; Linux x86_64) AppleWebKit/537.36 (KHTML, like Gecko; compatible; pageburst) Chrome/150.0.7871.46 Safari/537.36"
192.178.16.103 - - [11/Jul/2026:16:10:17 +0200] "GET /wp-content/cache/wpfc-minified/degfepky/40914.css HTTP/1.1" 200 16384 "https://elettroservicegroup.it/" "Mozilla/5.0 (X11; Linux x86_64) AppleWebKit/537.36 (KHTML, like Gecko; compatible; pageburst) Chrome/150.0.7871.46 Safari/537.36"
192.178.16.102 - - [11/Jul/2026:16:10:17 +0200] "GET /wp-content/uploads/elementor/css/post-14366.css?ver=1783221576 HTTP/1.1" 200 310 "https://elettroservicegroup.it/" "Mozilla/5.0 (X11; Linux x86_64) AppleWebKit/537.36 (KHTML, like Gecko; compatible; pageburst) Chrome/150.0.7871.46 Safari/537.36"
192.178.16.101 - - [11/Jul/2026:16:10:17 +0200] "GET /wp-content/cache/wpfc-minified/dih7xtos/4090j.css HTTP/1.1" 200 19027 "https://elettroservicegroup.it/" "Mozilla/5.0 (X11; Linux x86_64) AppleWebKit/537.36 (KHTML, like Gecko; compatible; pageburst) Chrome/150.0.7871.46 Safari/537.36"
192.178.16.103 - - [11/Jul/2026:16:10:17 +0200] "GET /wp-content/cache/wpfc-minified/7ahyfouu/4090j.css HTTP/1.1" 200 4410 "https://elettroservicegroup.it/" "Mozilla/5.0 (X11; Linux x86_64) AppleWebKit/537.36 (KHTML, like Gecko; compatible; pageburst) Chrome/150.0.7871.46 Safari/537.36"
192.178.16.103 - - [11/Jul/2026:16:10:17 +0200] "GET /wp-content/uploads/2021/10/cropped-cropped-cropped-logo_white_background.png HTTP/1.1" 200 38971 "https://elettroservicegroup.it/" "Mozilla/5.0 (X11; Linux x86_64) AppleWebKit/537.36 (KHTML, like Gecko; compatible; pageburst) Chrome/150.0.7871.46 Safari/537.36"
192.178.16.103 - - [11/Jul/2026:16:10:17 +0200] "GET /wp-content/plugins/gp-premium/menu-plus/functions/js/sticky.min.js?ver=2.5.5 HTTP/1.1" 200 2670 "https://elettroservicegroup.it/" "Mozilla/5.0 (X11; Linux x86_64) AppleWebKit/537.36 (KHTML, like Gecko; compatible; pageburst) Chrome/150.0.7871.46 Safari/537.36"
192.178.16.103 - - [11/Jul/2026:16:10:17 +0200] "GET /wp-content/cache/wpfc-minified/21nu4lni/4090j.css HTTP/1.1" 200 7521 "https://elettroservicegroup.it/" "Mozilla/5.0 (X11; Linux x86_64) AppleWebKit/537.36 (KHTML, like Gecko; compatible; pageburst) Chrome/150.0.7871.46 Safari/537.36"
192.178.16.101 - - [11/Jul/2026:16:10:17 +0200] "GET /wp-content/uploads/elementor/css/post-14146.css?ver=1783221575 HTTP/1.1" 200 428 "https://elettroservicegroup.it/" "Mozilla/5.0 (X11; Linux x86_64) AppleWebKit/537.36 (KHTML, like Gecko; compatible; pageburst) Chrome/150.0.7871.46 Safari/537.36"
192.178.16.101 - - [11/Jul/2026:16:10:17 +0200] "GET /wp-content/cache/wpfc-minified/10hpkmg7/4090j.css HTTP/1.1" 200 418 "https://elettroservicegroup.it/" "Mozilla/5.0 (X11; Linux x86_64) AppleWebKit/537.36 (KHTML, like Gecko; compatible; pageburst) Chrome/150.0.7871.46 Safari/537.36"
192.178.16.102 - - [11/Jul/2026:16:10:18 +0200] "GET /wp-content/cache/wpfc-minified/eh40z7s2/4090j.css HTTP/1.1" 200 11338 "https://elettroservicegroup.it/" "Mozilla/5.0 (X11; Linux x86_64) AppleWebKit/537.36 (KHTML, like Gecko; compatible; pageburst) Chrome/150.0.7871.46 Safari/537.36"
192.178.16.101 - - [11/Jul/2026:16:10:18 +0200] "GET /wp-content/plugins/elementor/assets/js/frontend-modules.min.js?ver=4.1.4 HTTP/1.1" 200 15454 "https://elettroservicegroup.it/" "Mozilla/5.0 (X11; Linux x86_64) AppleWebKit/537.36 (KHTML, like Gecko; compatible; pageburst) Chrome/150.0.7871.46 Safari/537.36"
192.178.16.103 - - [11/Jul/2026:16:10:18 +0200] "GET /wp-includes/js/jquery/ui/core.min.js?ver=1.13.3 HTTP/1.1" 200 6820 "https://elettroservicegroup.it/" "Mozilla/5.0 (X11; Linux x86_64) AppleWebKit/537.36 (KHTML, like Gecko; compatible; pageburst) Chrome/150.0.7871.46 Safari/537.36"
192.178.16.103 - - [11/Jul/2026:16:10:18 +0200] "GET /wp-content/themes/generatepress/assets/js/back-to-top.min.js?ver=3.6.1 HTTP/1.1" 200 336 "https://elettroservicegroup.it/" "Mozilla/5.0 (X11; Linux x86_64) AppleWebKit/537.36 (KHTML, like Gecko; compatible; pageburst) Chrome/150.0.7871.46 Safari/537.36"
192.178.16.101 - - [11/Jul/2026:16:10:18 +0200] "GET /wp-content/themes/generatepress/assets/js/menu.min.js?ver=3.6.1 HTTP/1.1" 200 1688 "https://elettroservicegroup.it/" "Mozilla/5.0 (X11; Linux x86_64) AppleWebKit/537.36 (KHTML, like Gecko; compatible; pageburst) Chrome/150.0.7871.46 Safari/537.36"
192.178.16.103 - - [11/Jul/2026:16:10:18 +0200] "GET /wp-content/plugins/complianz-gdpr-premium/cookiebanner/js/complianz.min.js?ver=1783097327 HTTP/1.1" 200 10762 "https://elettroservicegroup.it/" "Mozilla/5.0 (X11; Linux x86_64) AppleWebKit/537.36 (KHTML, like Gecko; compatible; pageburst) Chrome/150.0.7871.46 Safari/537.36"
192.178.16.103 - - [11/Jul/2026:16:10:18 +0200] "GET /wp-content/plugins/elementor/assets/js/frontend.min.js?ver=4.1.4 HTTP/1.1" 200 10140 "https://elettroservicegroup.it/" "Mozilla/5.0 (X11; Linux x86_64) AppleWebKit/537.36 (KHTML, like Gecko; compatible; pageburst) Chrome/150.0.7871.46 Safari/537.36"
192.178.16.102 - - [11/Jul/2026:16:10:19 +0200] "GET /wp-content/uploads/2021/10/TECNICO-ELETTRODOMESTICI.jpg HTTP/1.1" 200 24210 "https://elettroservicegroup.it/wp-content/uploads/elementor/css/post-13305.css?ver=1783221587" "Mozilla/5.0 (X11; Linux x86_64) AppleWebKit/537.36 (KHTML, like Gecko; compatible; pageburst) Chrome/150.0.7871.46 Safari/537.36"
192.178.16.103 - - [11/Jul/2026:16:10:19 +0200] "GET /wp-content/plugins/elementor/assets/lib/font-awesome/webfonts/fa-solid-900.woff2 HTTP/1.1" 200 78201 "https://elettroservicegroup.it/wp-content/cache/wpfc-minified/degfepky/40914.css" "Mozilla/5.0 (X11; Linux x86_64) AppleWebKit/537.36 (KHTML, like Gecko; compatible; pageburst) Chrome/150.0.7871.46 Safari/537.36"
192.178.16.101 - - [11/Jul/2026:16:10:19 +0200] "GET /wp-content/uploads/elementor/google-fonts/fonts/roboto-kfo7cnqeu92fr1me7ksn66agldtyluama3yuba.woff2 HTTP/1.1" 200 40132 "https://elettroservicegroup.it/wp-content/cache/wpfc-minified/6yk1ya41/4090j.css" "Mozilla/5.0 (X11; Linux x86_64) AppleWebKit/537.36 (KHTML, like Gecko; compatible; pageburst) Chrome/150.0.7871.46 Safari/537.36"
192.178.16.102 - - [11/Jul/2026:16:10:19 +0200] "GET /wp-content/plugins/elementor/assets/lib/font-awesome/webfonts/fa-regular-400.woff2 HTTP/1.1" 200 13277 "https://elettroservicegroup.it/wp-content/cache/wpfc-minified/degfepky/40914.css" "Mozilla/5.0 (X11; Linux x86_64) AppleWebKit/537.36 (KHTML, like Gecko; compatible; pageburst) Chrome/150.0.7871.46 Safari/537.36"
192.178.16.101 - - [11/Jul/2026:16:10:19 +0200] "GET /wp-content/uploads/2021/10/COPERTINA-1.png HTTP/1.1" 200 238875 "https://elettroservicegroup.it/wp-content/uploads/elementor/css/post-13305.css?ver=1783221587" "Mozilla/5.0 (X11; Linux x86_64) AppleWebKit/537.36 (KHTML, like Gecko; compatible; pageburst) Chrome/150.0.7871.46 Safari/537.36"
65.108.235.243 - - [11/Jul/2026:16:10:26 +0200] "POST /wp-cron.php?doing_wp_cron=1783779026.5719220638275146484375 HTTP/1.1" 200 1 "-" "WordPress/7.0.1; https://elettroservicegroup.it"
192.178.16.103 - - [11/Jul/2026:16:10:19 +0200] "GET /wp-json/complianz/v1/banner?lang=it&locale=it_IT&token=kamxf HTTP/1.1" 200 82 "https://elettroservicegroup.it/" "Mozilla/5.0 (X11; Linux x86_64) AppleWebKit/537.36 (KHTML, like Gecko; compatible; pageburst) Chrome/150.0.7871.46 Safari/537.36"
192.178.16.101 - - [11/Jul/2026:16:10:27 +0200] "GET /wp-content/uploads/complianz/css/banner-1-optin.css?v=45 HTTP/1.1" 200 2893 "https://elettroservicegroup.it/" "Mozilla/5.0 (X11; Linux x86_64) AppleWebKit/537.36 (KHTML, like Gecko; compatible; pageburst) Chrome/150.0.7871.46 Safari/537.36"
192.178.16.101 - - [11/Jul/2026:16:10:27 +0200] "GET /wp-json/complianz/v1/cookie_data HTTP/1.1" 200 97 "https://elettroservicegroup.it/" "Mozilla/5.0 (X11; Linux x86_64) AppleWebKit/537.36 (KHTML, like Gecko; compatible; pageburst) Chrome/150.0.7871.46 Safari/537.36"
192.178.16.101 - - [11/Jul/2026:16:10:28 +0200] "GET /wp-content/plugins/elementor/assets/js/section-frontend-handlers.d85ab872da118940910d.bundle.min.js HTTP/1.1" 200 230 "https://elettroservicegroup.it/" "Mozilla/5.0 (X11; Linux x86_64) AppleWebKit/537.36 (KHTML, like Gecko; compatible; pageburst) Chrome/150.0.7871.46 Safari/537.36"
192.178.16.101 - - [11/Jul/2026:16:10:28 +0200] "GET /wp-content/plugins/elementor/assets/js/shared-frontend-handlers.03caa53373b56d3bab67.bundle.min.js HTTP/1.1" 200 2515 "https://elettroservicegroup.it/" "Mozilla/5.0 (X11; Linux x86_64) AppleWebKit/537.36 (KHTML, like Gecko; compatible; pageburst) Chrome/150.0.7871.46 Safari/537.36"
192.178.16.101 - - [11/Jul/2026:16:10:29 +0200] "GET /wp-content/plugins/elementor/assets/js/text-editor.45609661e409413f1cef.bundle.min.js HTTP/1.1" 200 592 "https://elettroservicegroup.it/" "Mozilla/5.0 (X11; Linux x86_64) AppleWebKit/537.36 (KHTML, like Gecko; compatible; pageburst) Chrome/150.0.7871.46 Safari/537.36"
65.108.235.243 - - [11/Jul/2026:16:10:28 +0200] "POST /wp-json/complianz/v1/wsc-scan HTTP/1.1" 400 88 "-" "WordPress/7.0.1; https://elettroservicegroup.it"
54.144.149.113 - - [11/Jul/2026:16:37:34 +0200] "GET / HTTP/1.1" 200 11809 "-" "Mozilla/5.0 (Linux; Android 11; RMX1851) AppleWebKit/537.36 (KHTML, like Gecko) Chrome/90.0.4430.210 Mobile Safari/537.36"
65.108.235.243 - - [11/Jul/2026:16:46:35 +0200] "POST /wp-cron.php?doing_wp_cron=1783781195.3761780261993408203125 HTTP/1.1" 200 1 "-" "WordPress/7.0.1; https://elettroservicegroup.it"
40.77.167.151 - - [11/Jul/2026:16:46:29 +0200] "GET /sitemap.xml.gz HTTP/2.0" 200 310 "-" "Mozilla/5.0 AppleWebKit/537.36 (KHTML, like Gecko; compatible; bingbot/2.0; +http://www.bing.com/bingbot.htm) Chrome/116.0.1938.76 Safari/537.36"
65.108.235.243 - - [11/Jul/2026:16:59:47 +0200] "POST /wp-cron.php?doing_wp_cron=1783781986.9638190269470214843750 HTTP/1.1" 200 1 "-" "WordPress/7.0.1; https://elettroservicegroup.it"
104.210.140.130 - - [11/Jul/2026:16:59:36 +0200] "GET /robots.txt HTTP/2.0" 200 - "-" "Mozilla/5.0 (Macintosh; Intel Mac OS X 10_15_7) AppleWebKit/537.36 (KHTML, like Gecko) Chrome/131.0.0.0 Safari/537.36; compatible; OAI-SearchBot/1.0; +https://openai.com/searchbot"
104.210.140.135 - - [11/Jul/2026:16:59:54 +0200] "GET /robots.txt HTTP/2.0" 200 99 "-" "Mozilla/5.0 (Macintosh; Intel Mac OS X 10_15_7) AppleWebKit/537.36 (KHTML, like Gecko) Chrome/131.0.0.0 Safari/537.36; compatible; OAI-SearchBot/1.0; +https://openai.com/searchbot"
65.108.235.243 - - [11/Jul/2026:17:04:58 +0200] "POST /wp-cron.php?doing_wp_cron=1783782298.1745479106903076171875 HTTP/1.1" 200 1 "-" "WordPress/7.0.1; https://elettroservicegroup.it"
40.77.167.59 - - [11/Jul/2026:17:04:51 +0200] "GET /sitemap.txt HTTP/2.0" 302 1 "-" "Mozilla/5.0 AppleWebKit/537.36 (KHTML, like Gecko; compatible; bingbot/2.0; +http://www.bing.com/bingbot.htm) Chrome/116.0.1938.76 Safari/537.36"
65.108.235.243 - - [11/Jul/2026:17:05:02 +0200] "POST /wp-cron.php?doing_wp_cron=1783782302.6710379123687744140625 HTTP/1.1" 200 1 "-" "WordPress/7.0.1; https://elettroservicegroup.it"
40.77.167.59 - - [11/Jul/2026:17:05:01 +0200] "GET /sitemap.xml HTTP/2.0" 200 311 "-" "Mozilla/5.0 AppleWebKit/537.36 (KHTML, like Gecko; compatible; bingbot/2.0; +http://www.bing.com/bingbot.htm) Chrome/116.0.1938.76 Safari/537.36"
65.108.235.243 - - [11/Jul/2026:17:10:47 +0200] "POST /wp-cron.php?doing_wp_cron=1783782647.2719469070434570312500 HTTP/1.1" 200 1 "-" "WordPress/7.0.1; https://elettroservicegroup.it"
40.77.167.59 - - [11/Jul/2026:17:10:41 +0200] "GET /sitemap_index.xml HTTP/2.0" 302 1 "-" "Mozilla/5.0 AppleWebKit/537.36 (KHTML, like Gecko; compatible; bingbot/2.0; +http://www.bing.com/bingbot.htm) Chrome/116.0.1938.76 Safari/537.36"
65.108.235.243 - - [11/Jul/2026:17:10:48 +0200] "POST /wp-json/complianz/v1/wsc-scan HTTP/1.1" 400 88 "-" "WordPress/7.0.1; https://elettroservicegroup.it"
40.77.167.59 - - [11/Jul/2026:17:10:51 +0200] "GET /sitemap.xml HTTP/2.0" 200 311 "-" "Mozilla/5.0 AppleWebKit/537.36 (KHTML, like Gecko; compatible; bingbot/2.0; +http://www.bing.com/bingbot.htm) Chrome/116.0.1938.76 Safari/537.36"
65.108.235.243 - - [11/Jul/2026:17:42:40 +0200] "POST /wp-cron.php?doing_wp_cron=1783784560.6761379241943359375000 HTTP/1.1" 200 1 "-" "WordPress/7.0.1; https://elettroservicegroup.it"
52.167.144.138 - - [11/Jul/2026:17:42:33 +0200] "GET /sitemap.rss HTTP/2.0" 200 722 "-" "Mozilla/5.0 AppleWebKit/537.36 (KHTML, like Gecko; compatible; bingbot/2.0; +http://www.bing.com/bingbot.htm) Chrome/116.0.1938.76 Safari/537.36"
146.56.197.150 - - [11/Jul/2026:17:44:02 +0200] "GET / HTTP/1.1" 200 23482 "http://elettroservicegroup.it" "Mozilla/5.0 (iPhone; CPU iPhone OS 13_2_3 like Mac OS X) AppleWebKit/605.1.15 (KHTML, like Gecko) Version/13.0.3 Mobile/15E148 Safari/604.1"
65.108.235.243 - - [11/Jul/2026:18:34:02 +0200] "POST /wp-cron.php?doing_wp_cron=1783787642.5699369907379150390625 HTTP/1.1" 200 1 "-" "WordPress/7.0.1; https://elettroservicegroup.it"
192.178.4.101 - - [11/Jul/2026:18:33:53 +0200] "GET /?p=15925 HTTP/1.1" 404 17587 "-" "Mozilla/5.0 (Linux; Android 6.0.1; Nexus 5X Build/MMB29P) AppleWebKit/537.36 (KHTML, like Gecko) Chrome/150.0.7871.46 Mobile Safari/537.36 (compatible; Googlebot/2.1; +http://www.google.com/bot.html)"
65.108.235.243 - - [11/Jul/2026:18:34:04 +0200] "POST /wp-json/complianz/v1/wsc-scan HTTP/1.1" 400 88 "-" "WordPress/7.0.1; https://elettroservicegroup.it"
192.178.4.102 - - [11/Jul/2026:19:00:35 +0200] "GET / HTTP/1.1" 200 21597 "-" "Mozilla/5.0 (Linux; Android 6.0.1; Nexus 5X Build/MMB29P) AppleWebKit/537.36 (KHTML, like Gecko) Chrome/150.0.7871.46 Mobile Safari/537.36 (compatible; Googlebot/2.1; +http://www.google.com/bot.html)"
192.178.4.101 - - [11/Jul/2026:19:00:41 +0200] "GET /wp-content/uploads/elementor/css/post-14146.css?ver=1783296000 HTTP/1.1" 200 428 "https://elettroservicegroup.it/" "Mozilla/5.0 (Linux; Android 6.0.1; Nexus 5X Build/MMB29P) AppleWebKit/537.36 (KHTML, like Gecko) Chrome/150.0.7871.46 Mobile Safari/537.36 (compatible; Googlebot/2.1; +http://www.google.com/bot.html)"
192.178.4.101 - - [11/Jul/2026:19:00:41 +0200] "GET /wp-content/plugins/complianz-gdpr-premium/assets/css/cookieblocker.min.css?ver=1783097327 HTTP/1.1" 200 615 "https://elettroservicegroup.it/" "Mozilla/5.0 (Linux; Android 6.0.1; Nexus 5X Build/MMB29P) AppleWebKit/537.36 (KHTML, like Gecko) Chrome/150.0.7871.46 Mobile Safari/537.36 (compatible; Googlebot/2.1; +http://www.google.com/bot.html)"
192.178.4.101 - - [11/Jul/2026:19:00:41 +0200] "GET /wp-content/plugins/elementor/assets/lib/eicons/css/elementor-icons.min.css?ver=5.50.0 HTTP/1.1" 200 4125 "https://elettroservicegroup.it/" "Mozilla/5.0 (Linux; Android 6.0.1; Nexus 5X Build/MMB29P) AppleWebKit/537.36 (KHTML, like Gecko) Chrome/150.0.7871.46 Mobile Safari/537.36 (compatible; Googlebot/2.1; +http://www.google.com/bot.html)"
192.178.4.101 - - [11/Jul/2026:19:00:41 +0200] "GET /wp-content/plugins/elementor/assets/css/widget-spacer.min.css?ver=4.1.4 HTTP/1.1" 200 287 "https://elettroservicegroup.it/" "Mozilla/5.0 (Linux; Android 6.0.1; Nexus 5X Build/MMB29P) AppleWebKit/537.36 (KHTML, like Gecko) Chrome/150.0.7871.46 Mobile Safari/537.36 (compatible; Googlebot/2.1; +http://www.google.com/bot.html)"
192.178.4.101 - - [11/Jul/2026:19:00:41 +0200] "GET /wp-content/plugins/elementor/assets/css/widget-icon-list.min.css?ver=3.24.3 HTTP/1.1" 200 928 "https://elettroservicegroup.it/" "Mozilla/5.0 (Linux; Android 6.0.1; Nexus 5X Build/MMB29P) AppleWebKit/537.36 (KHTML, like Gecko) Chrome/150.0.7871.46 Mobile Safari/537.36 (compatible; Googlebot/2.1; +http://www.google.com/bot.html)"
192.178.4.101 - - [11/Jul/2026:19:00:41 +0200] "GET /wp-content/plugins/header-footer-elementor/assets/css/header-footer-elementor.css?ver=2.9.1 HTTP/1.1" 200 260 "https://elettroservicegroup.it/" "Mozilla/5.0 (Linux; Android 6.0.1; Nexus 5X Build/MMB29P) AppleWebKit/537.36 (KHTML, like Gecko) Chrome/150.0.7871.46 Mobile Safari/537.36 (compatible; Googlebot/2.1; +http://www.google.com/bot.html)"
192.178.4.101 - - [11/Jul/2026:19:00:41 +0200] "GET /wp-content/plugins/elementor/assets/lib/font-awesome/css/all.min.css?ver=4.1.4 HTTP/1.1" 200 12402 "https://elettroservicegroup.it/" "Mozilla/5.0 (Linux; Android 6.0.1; Nexus 5X Build/MMB29P) AppleWebKit/537.36 (KHTML, like Gecko) Chrome/150.0.7871.46 Mobile Safari/537.36 (compatible; Googlebot/2.1; +http://www.google.com/bot.html)"
192.178.4.101 - - [11/Jul/2026:19:00:41 +0200] "GET /wp-content/uploads/elementor/css/post-13305.css?ver=1783296000 HTTP/1.1" 200 2452 "https://elettroservicegroup.it/" "Mozilla/5.0 (Linux; Android 6.0.1; Nexus 5X Build/MMB29P) AppleWebKit/537.36 (KHTML, like Gecko) Chrome/150.0.7871.46 Mobile Safari/537.36 (compatible; Googlebot/2.1; +http://www.google.com/bot.html)"
