52.167.144.150 - - [20/Jun/2026:23:17:32 +0200] "GET /wp-content/uploads/2022/01/copertina-Riparazione_Lavastoviglie-.jpg HTTP/2.0" 200 35425 "-" "Mozilla/5.0 AppleWebKit/537.36 (KHTML, like Gecko; compatible; bingbot/2.0; +http://www.bing.com/bingbot.htm) Chrome/116.0.1938.76 Safari/537.36"
65.108.235.243 - - [20/Jun/2026:23:49:26 +0200] "POST /wp-cron.php?doing_wp_cron=1781992166.8834469318389892578125 HTTP/1.1" 200 1 "-" "WordPress/7.0; https://parma.elettroservicegroup.it"
66.249.64.71 - - [20/Jun/2026:23:49:19 +0200] "GET /sitemap1.xml HTTP/1.1" 302 1 "-" "Mozilla/5.0 (compatible; Googlebot/2.1; +http://www.google.com/bot.html)"
66.249.64.69 - - [20/Jun/2026:23:49:27 +0200] "GET /sitemap.xml HTTP/1.1" 200 313 "-" "Mozilla/5.0 (compatible; Googlebot/2.1; +http://www.google.com/bot.html)"
65.108.235.243 - - [20/Jun/2026:23:50:50 +0200] "POST /wp-cron.php?doing_wp_cron=1781992250.2367050647735595703125 HTTP/1.1" 200 1 "-" "WordPress/7.0; https://parma.elettroservicegroup.it"
66.249.64.71 - - [20/Jun/2026:23:50:47 +0200] "GET /imprint/ HTTP/1.1" 200 17884 "-" "Mozilla/5.0 (Linux; Android 6.0.1; Nexus 5X Build/MMB29P) AppleWebKit/537.36 (KHTML, like Gecko) Chrome/148.0.7778.96 Mobile Safari/537.36 (compatible; Googlebot/2.1; +http://www.google.com/bot.html)"
66.249.64.70 - - [20/Jun/2026:23:50:52 +0200] "GET /wp-content/plugins/complianz-gdpr-premium/DNSMPD/script.min.js?ver=1780704000 HTTP/1.1" 200 425 "https://parma.elettroservicegroup.it/imprint/" "Mozilla/5.0 (Linux; Android 6.0.1; Nexus 5X Build/MMB29P) AppleWebKit/537.36 (KHTML, like Gecko) Chrome/148.0.7778.96 Mobile Safari/537.36 (compatible; Googlebot/2.1; +http://www.google.com/bot.html)"
66.249.64.70 - - [20/Jun/2026:23:50:52 +0200] "GET /wp-content/uploads/elementor/css/post-17468.css?ver=1780704000 HTTP/1.1" 200 59 "https://parma.elettroservicegroup.it/imprint/" "Mozilla/5.0 (Linux; Android 6.0.1; Nexus 5X Build/MMB29P) AppleWebKit/537.36 (KHTML, like Gecko) Chrome/148.0.7778.96 Mobile Safari/537.36 (compatible; Googlebot/2.1; +http://www.google.com/bot.html)"
66.249.64.70 - - [20/Jun/2026:23:50:53 +0200] "GET /wp-json/complianz/v1/banner?lang=it&locale=it_IT&token=elxap HTTP/1.1" 200 81 "https://parma.elettroservicegroup.it/imprint/" "Mozilla/5.0 (Linux; Android 6.0.1; Nexus 5X Build/MMB29P) AppleWebKit/537.36 (KHTML, like Gecko) Chrome/148.0.7778.96 Mobile Safari/537.36 (compatible; Googlebot/2.1; +http://www.google.com/bot.html)"
65.108.235.243 - - [21/Jun/2026:00:50:46 +0200] "POST /wp-cron.php?doing_wp_cron=1781995845.9974949359893798828125 HTTP/1.1" 200 1 "-" "WordPress/7.0; https://parma.elettroservicegroup.it"
52.167.144.233 - - [21/Jun/2026:00:50:42 +0200] "GET /assistenza-indesit-busseto/ HTTP/2.0" 200 22680 "-" "Mozilla/5.0 AppleWebKit/537.36 (KHTML, like Gecko; compatible; bingbot/2.0; +http://www.bing.com/bingbot.htm) Chrome/116.0.1938.76 Safari/537.36"
65.108.235.243 - - [21/Jun/2026:00:50:47 +0200] "POST /wp-json/complianz/v1/wsc-scan HTTP/1.1" 400 88 "-" "WordPress/7.0; https://parma.elettroservicegroup.it"
65.108.235.243 - - [21/Jun/2026:01:17:29 +0200] "POST /wp-cron.php?doing_wp_cron=1781997449.6115849018096923828125 HTTP/1.1" 200 1 "-" "WordPress/7.0; https://parma.elettroservicegroup.it"
54.223.64.236 - - [21/Jun/2026:01:17:21 +0200] "GET /assistenza-miele-parma/ HTTP/2.0" 200 22767 "-" "Mozilla/5.0 (Linux; Android 8.0; Pixel 2 Build/OPD3.170816.012) AppleWebKit/537.36 (KHTML, like Gecko) Chrome/50.0.2280.1760 Mobile Safari/537.36"
54.223.64.236 - - [21/Jun/2026:01:17:30 +0200] "GET /wp-content/uploads/elementor/css/post-17350.css?ver=1781997448 HTTP/2.0" 200 2145 "https://parma.elettroservicegroup.it/assistenza-miele-parma/" "Mozilla/5.0 (Linux; Android 8.0; Pixel 2 Build/OPD3.170816.012) AppleWebKit/537.36 (KHTML, like Gecko) Chrome/50.0.2280.1760 Mobile Safari/537.36"
54.223.64.236 - - [21/Jun/2026:01:17:31 +0200] "GET /wp-content/uploads/2022/08/COPERTINA-300x150.png HTTP/2.0" 206 500 "https://parma.elettroservicegroup.it/assistenza-miele-parma/" "Mozilla/5.0 (Linux; Android 8.0; Pixel 2 Build/OPD3.170816.012) AppleWebKit/537.36 (KHTML, like Gecko) Chrome/50.0.2280.1760 Mobile Safari/537.36"
54.223.64.236 - - [21/Jun/2026:01:17:31 +0200] "GET /wp-content/uploads/2021/11/TECNIC-LAVATRICE-300x169.jpg HTTP/2.0" 206 500 "https://parma.elettroservicegroup.it/assistenza-miele-parma/" "Mozilla/5.0 (Linux; Android 8.0; Pixel 2 Build/OPD3.170816.012) AppleWebKit/537.36 (KHTML, like Gecko) Chrome/50.0.2280.1760 Mobile Safari/537.36"
54.223.64.236 - - [21/Jun/2026:01:17:31 +0200] "GET /wp-json/complianz/v1/banner?lang=it&locale=it_IT&token=oultl HTTP/2.0" 200 81 "https://parma.elettroservicegroup.it/assistenza-miele-parma/" "Mozilla/5.0 (Linux; Android 8.0; Pixel 2 Build/OPD3.170816.012) AppleWebKit/537.36 (KHTML, like Gecko) Chrome/50.0.2280.1760 Mobile Safari/537.36"
54.223.64.236 - - [21/Jun/2026:01:17:33 +0200] "GET /wp-json/complianz/v1/cookie_data HTTP/2.0" 200 - "https://parma.elettroservicegroup.it/assistenza-miele-parma/" "Mozilla/5.0 (Linux; Android 8.0; Pixel 2 Build/OPD3.170816.012) AppleWebKit/537.36 (KHTML, like Gecko) Chrome/50.0.2280.1760 Mobile Safari/537.36"
65.108.235.243 - - [21/Jun/2026:01:30:04 +0200] "POST /wp-cron.php?doing_wp_cron=1781998203.8986330032348632812500 HTTP/1.1" 200 1 "-" "WordPress/7.0; https://parma.elettroservicegroup.it"
54.222.203.57 - - [21/Jun/2026:01:29:56 +0200] "GET / HTTP/2.0" 200 22527 "-" "Mozilla/5.0 (Linux; Android 8.0; Pixel 2 Build/OPD3.170816.012) AppleWebKit/537.36 (KHTML, like Gecko) Chrome/52.0.2482.1550 Mobile Safari/537.36"
54.222.203.57 - - [21/Jun/2026:01:30:06 +0200] "GET /wp-json/complianz/v1/banner?lang=it&locale=it_IT&token=jtmgm HTTP/2.0" 200 81 "https://parma.elettroservicegroup.it/" "Mozilla/5.0 (Linux; Android 8.0; Pixel 2 Build/OPD3.170816.012) AppleWebKit/537.36 (KHTML, like Gecko) Chrome/52.0.2482.1550 Mobile Safari/537.36"
54.222.203.57 - - [21/Jun/2026:01:30:08 +0200] "GET /wp-json/complianz/v1/cookie_data HTTP/2.0" 200 81 "https://parma.elettroservicegroup.it/" "Mozilla/5.0 (Linux; Android 8.0; Pixel 2 Build/OPD3.170816.012) AppleWebKit/537.36 (KHTML, like Gecko) Chrome/52.0.2482.1550 Mobile Safari/537.36"
65.108.235.243 - - [21/Jun/2026:01:49:45 +0200] "POST /wp-cron.php?doing_wp_cron=1781999385.4620211124420166015625 HTTP/1.1" 200 1 "-" "WordPress/7.0; https://parma.elettroservicegroup.it"
104.249.10.33 - - [21/Jun/2026:01:49:43 +0200] "POST / HTTP/1.1" 200 166287 "-" "Mozilla/5.0 (compatible; security-scanner/1.0)"
104.249.10.33 - - [21/Jun/2026:01:49:47 +0200] "POST / HTTP/1.1" 200 166287 "-" "Mozilla/5.0 (compatible; security-scanner/1.0)"
104.249.10.33 - - [21/Jun/2026:01:49:49 +0200] "POST / HTTP/1.1" 200 166287 "-" "Mozilla/5.0 (compatible; security-scanner/1.0)"
65.108.235.243 - - [21/Jun/2026:01:49:51 +0200] "POST /wp-cron.php?doing_wp_cron=1781999391.7225339412689208984375 HTTP/1.1" 200 1 "-" "WordPress/7.0; https://parma.elettroservicegroup.it"
104.249.10.33 - - [21/Jun/2026:01:49:51 +0200] "POST / HTTP/1.1" 200 166287 "-" "Mozilla/5.0 (compatible; security-scanner/1.0)"
104.249.10.33 - - [21/Jun/2026:01:49:52 +0200] "POST / HTTP/1.1" 200 166287 "-" "Mozilla/5.0 (compatible; security-scanner/1.0)"
104.249.10.33 - - [21/Jun/2026:01:49:54 +0200] "POST / HTTP/1.1" 200 166287 "-" "Mozilla/5.0 (compatible; security-scanner/1.0)"
65.108.235.243 - - [21/Jun/2026:01:49:56 +0200] "POST /wp-cron.php?doing_wp_cron=1781999396.8734860420227050781250 HTTP/1.1" 200 1 "-" "WordPress/7.0; https://parma.elettroservicegroup.it"
104.249.10.33 - - [21/Jun/2026:01:49:56 +0200] "POST / HTTP/1.1" 200 166287 "-" "Mozilla/5.0 (compatible; security-scanner/1.0)"
104.249.10.33 - - [21/Jun/2026:01:50:00 +0200] "POST / HTTP/1.1" 200 166287 "-" "Mozilla/5.0 (compatible; security-scanner/1.0)"
104.249.10.33 - - [21/Jun/2026:01:50:02 +0200] "POST / HTTP/1.1" 200 166287 "-" "Mozilla/5.0 (compatible; security-scanner/1.0)"
104.249.10.33 - - [21/Jun/2026:01:50:04 +0200] "POST / HTTP/1.1" 200 166287 "-" "Mozilla/5.0 (compatible; security-scanner/1.0)"
104.249.10.33 - - [21/Jun/2026:01:50:06 +0200] "POST / HTTP/1.1" 200 166287 "-" "Mozilla/5.0 (compatible; security-scanner/1.0)"
104.249.10.33 - - [21/Jun/2026:01:50:10 +0200] "GET /wp-content/plugins/mm/mm.php HTTP/1.1" 404 87839 "-" "Mozilla/5.0 (compatible; security-scanner/1.0)"
65.108.235.243 - - [21/Jun/2026:01:56:06 +0200] "POST /wp-cron.php?doing_wp_cron=1781999766.8579719066619873046875 HTTP/1.1" 200 1 "-" "WordPress/7.0; https://parma.elettroservicegroup.it"
47.128.23.252 - - [21/Jun/2026:01:56:05 +0200] "GET /robots.txt HTTP/1.1" 403 189 "-" "Mozilla/5.0 (Linux; Android 5.0) AppleWebKit/537.36 (KHTML, like Gecko) Mobile Safari/537.36 (compatible; Bytespider; spider-feedback@bytedance.com)"
65.108.235.243 - - [21/Jun/2026:01:56:07 +0200] "POST /wp-json/complianz/v1/wsc-scan HTTP/1.1" 400 88 "-" "WordPress/7.0; https://parma.elettroservicegroup.it"
65.108.235.243 - - [21/Jun/2026:02:39:35 +0200] "POST /wp-cron.php?doing_wp_cron=1782002375.9606430530548095703125 HTTP/1.1" 200 1 "-" "WordPress/7.0; https://parma.elettroservicegroup.it"
207.46.13.63 - - [21/Jun/2026:02:39:34 +0200] "GET /nevadawin-casino-le-top-des-strategies-pour-exploiter-les-promotions/ HTTP/2.0" 404 17038 "-" "Mozilla/5.0 AppleWebKit/537.36 (KHTML, like Gecko; compatible; bingbot/2.0; +http://www.bing.com/bingbot.htm) Chrome/116.0.1938.76 Safari/537.36"
65.108.235.243 - - [21/Jun/2026:03:05:23 +0200] "POST /wp-cron.php?doing_wp_cron=1782003923.8037879467010498046875 HTTP/1.1" 200 1 "-" "WordPress/7.0; https://parma.elettroservicegroup.it"
66.249.64.70 - - [21/Jun/2026:03:05:17 +0200] "GET /?p=18070 HTTP/1.1" 404 16952 "-" "Mozilla/5.0 (Linux; Android 6.0.1; Nexus 5X Build/MMB29P) AppleWebKit/537.36 (KHTML, like Gecko) Chrome/148.0.7778.96 Mobile Safari/537.36 (compatible; Googlebot/2.1; +http://www.google.com/bot.html)"
65.108.235.243 - - [21/Jun/2026:03:05:25 +0200] "POST /wp-json/complianz/v1/wsc-scan HTTP/1.1" 400 88 "-" "WordPress/7.0; https://parma.elettroservicegroup.it"
49.51.245.241 - - [21/Jun/2026:03:14:22 +0200] "GET / HTTP/1.1" 200 166287 "http://parma.elettroservicegroup.it" "Mozilla/5.0 (iPhone; CPU iPhone OS 13_2_3 like Mac OS X) AppleWebKit/605.1.15 (KHTML, like Gecko) Version/13.0.3 Mobile/15E148 Safari/604.1"
65.111.31.115 - - [21/Jun/2026:03:23:24 +0200] "HEAD / HTTP/1.1" 200 - "-" "curl/8.6.0"
209.50.186.251 - - [21/Jun/2026:03:23:26 +0200] "POST /xmlrpc.php HTTP/1.1" 200 11725 "-" "Wget/1.21.4"
209.50.186.251 - - [21/Jun/2026:03:23:27 +0200] "POST /xmlrpc.php HTTP/1.1" 200 11713 "-" "curl/7.88.1"
209.50.186.251 - - [21/Jun/2026:03:23:27 +0200] "POST /xmlrpc.php HTTP/1.1" 200 11746 "-" "curl/8.6.0"
65.108.235.243 - - [21/Jun/2026:03:23:28 +0200] "POST /wp-cron.php?doing_wp_cron=1782005008.8450369834899902343750 HTTP/1.1" 200 1 "-" "WordPress/7.0; https://parma.elettroservicegroup.it"
65.111.20.8 - - [21/Jun/2026:03:23:28 +0200] "GET /wp-login.php HTTP/1.1" 200 12847 "-" "Wget/1.21.4"
65.111.20.8 - - [21/Jun/2026:03:23:29 +0200] "POST /wp-login.php HTTP/1.1" 200 13254 "https://parma.elettroservicegroup.it/wp-login.php" "Wget/1.21.4"
65.108.235.243 - - [21/Jun/2026:03:27:19 +0200] "POST /wp-cron.php?doing_wp_cron=1782005239.1870999336242675781250 HTTP/1.1" 200 1 "-" "WordPress/7.0; https://parma.elettroservicegroup.it"
43.165.198.144 - - [21/Jun/2026:03:27:11 +0200] "GET /assistenza-lavatrici-parma HTTP/1.1" 301 - "-" "Mozilla/5.0 (iPhone; CPU iPhone OS 13_2_3 like Mac OS X) AppleWebKit/605.1.15 (KHTML, like Gecko) Version/13.0.3 Mobile/15E148 Safari/604.1"
43.165.198.144 - - [21/Jun/2026:03:27:24 +0200] "GET /assistenza-lavatrici-parma/ HTTP/1.1" 200 147582 "https://parma.elettroservicegroup.it/assistenza-lavatrici-parma" "Mozilla/5.0 (iPhone; CPU iPhone OS 13_2_3 like Mac OS X) AppleWebKit/605.1.15 (KHTML, like Gecko) Version/13.0.3 Mobile/15E148 Safari/604.1"
72.252.32.23 - - [21/Jun/2026:03:34:18 +0200] "GET /wp-content/uploads/2026/05/logo.png HTTP/1.1" 200 48185 "https://google.com, https://parma.elettroservicegroup.it/assistenza-lavatrici-smeg-parma/" "Mozilla/5.0 (Windows NT 6.3; Win64; x64) AppleWebKit/537.36 (KHTML, like Gecko) Chrome/67.0.3396.79 Safari/537.36"
65.108.235.243 - - [21/Jun/2026:03:37:36 +0200] "POST /wp-cron.php?doing_wp_cron=1782005856.7919619083404541015625 HTTP/1.1" 200 1 "-" "WordPress/7.0; https://parma.elettroservicegroup.it"
43.157.148.38 - - [21/Jun/2026:03:37:29 +0200] "GET /assistenza-rex-electrolux-parma/ HTTP/1.1" 200 151735 "-" "Mozilla/5.0 (iPhone; CPU iPhone OS 13_2_3 like Mac OS X) AppleWebKit/605.1.15 (KHTML, like Gecko) Version/13.0.3 Mobile/15E148 Safari/604.1"
65.108.235.243 - - [21/Jun/2026:03:48:13 +0200] "POST /wp-cron.php?doing_wp_cron=1782006493.5413908958435058593750 HTTP/1.1" 200 1 "-" "WordPress/7.0; https://parma.elettroservicegroup.it"
43.133.14.237 - - [21/Jun/2026:03:48:11 +0200] "GET /assistenza-ariston-parma/ HTTP/1.1" 200 150983 "-" "Mozilla/5.0 (iPhone; CPU iPhone OS 13_2_3 like Mac OS X) AppleWebKit/605.1.15 (KHTML, like Gecko) Version/13.0.3 Mobile/15E148 Safari/604.1"
65.108.235.243 - - [21/Jun/2026:03:58:40 +0200] "POST /wp-cron.php?doing_wp_cron=1782007119.9956729412078857421875 HTTP/1.1" 200 1 "-" "WordPress/7.0; https://parma.elettroservicegroup.it"
119.28.177.175 - - [21/Jun/2026:03:58:29 +0200] "GET /assistenza-siemens-parma/ HTTP/1.1" 200 151089 "-" "Mozilla/5.0 (iPhone; CPU iPhone OS 13_2_3 like Mac OS X) AppleWebKit/605.1.15 (KHTML, like Gecko) Version/13.0.3 Mobile/15E148 Safari/604.1"
65.108.235.243 - - [21/Jun/2026:04:07:48 +0200] "POST /wp-cron.php?doing_wp_cron=1782007668.8400459289550781250000 HTTP/1.1" 200 1 "-" "WordPress/7.0; https://parma.elettroservicegroup.it"
43.161.217.205 - - [21/Jun/2026:04:07:43 +0200] "GET /assistenza-candy-parma/ HTTP/1.1" 200 148240 "-" "Mozilla/5.0 (iPhone; CPU iPhone OS 13_2_3 like Mac OS X) AppleWebKit/605.1.15 (KHTML, like Gecko) Version/13.0.3 Mobile/15E148 Safari/604.1"
65.108.235.243 - - [21/Jun/2026:04:07:49 +0200] "POST /wp-json/complianz/v1/wsc-scan HTTP/1.1" 400 88 "-" "WordPress/7.0; https://parma.elettroservicegroup.it"
65.108.235.243 - - [21/Jun/2026:04:17:03 +0200] "POST /wp-cron.php?doing_wp_cron=1782008223.1079440116882324218750 HTTP/1.1" 200 1 "-" "WordPress/7.0; https://parma.elettroservicegroup.it"
43.164.196.244 - - [21/Jun/2026:04:17:01 +0200] "GET /wp-json/oembed/1.0/embed?url=https%3A%2F%2Fparma.elettroservicegroup.it%2F HTTP/1.1" 200 2201 "-" "Mozilla/5.0 (iPhone; CPU iPhone OS 13_2_3 like Mac OS X) AppleWebKit/605.1.15 (KHTML, like Gecko) Version/13.0.3 Mobile/15E148 Safari/604.1"
91.224.92.19 - - [21/Jun/2026:04:21:06 +0200] "GET /txets.php HTTP/1.1" 200 11789 "www.google.com" "Mozlila/5.0 (Linux; Android 7.0; SM-G892A Bulid/NRD90M; wv) AppleWebKit/537.36 (KHTML, like Gecko) Version/4.0 Chrome/60.0.3112.107 Moblie Safari/537.36"
91.224.92.19 - - [21/Jun/2026:04:21:06 +0200] "GET /wp-content/txets.php HTTP/1.1" 200 11802 "www.google.com" "Mozlila/5.0 (Linux; Android 7.0; SM-G892A Bulid/NRD90M; wv) AppleWebKit/537.36 (KHTML, like Gecko) Version/4.0 Chrome/60.0.3112.107 Moblie Safari/537.36"
91.224.92.19 - - [21/Jun/2026:04:21:07 +0200] "GET /wp-content/txets.php HTTP/1.1" 200 11817 "www.google.com" "Mozlila/5.0 (Linux; Android 7.0; SM-G892A Bulid/NRD90M; wv) AppleWebKit/537.36 (KHTML, like Gecko) Version/4.0 Chrome/60.0.3112.107 Moblie Safari/537.36"
91.224.92.19 - - [21/Jun/2026:04:21:09 +0200] "GET /userfuns.php HTTP/1.1" 200 11683 "www.google.com" "Mozlila/5.0 (Linux; Android 7.0; SM-G892A Bulid/NRD90M; wv) AppleWebKit/537.36 (KHTML, like Gecko) Version/4.0 Chrome/60.0.3112.107 Moblie Safari/537.36"
91.224.92.19 - - [21/Jun/2026:04:21:10 +0200] "GET /userfuns.php HTTP/1.1" 200 11667 "www.google.com" "Mozlila/5.0 (Linux; Android 7.0; SM-G892A Bulid/NRD90M; wv) AppleWebKit/537.36 (KHTML, like Gecko) Version/4.0 Chrome/60.0.3112.107 Moblie Safari/537.36"
91.224.92.19 - - [21/Jun/2026:04:21:11 +0200] "GET /postnews.php HTTP/1.1" 200 11788 "www.google.com" "Mozlila/5.0 (Linux; Android 7.0; SM-G892A Bulid/NRD90M; wv) AppleWebKit/537.36 (KHTML, like Gecko) Version/4.0 Chrome/60.0.3112.107 Moblie Safari/537.36"
91.224.92.19 - - [21/Jun/2026:04:21:12 +0200] "GET /postnews.php HTTP/1.1" 200 11665 "www.google.com" "Mozlila/5.0 (Linux; Android 7.0; SM-G892A Bulid/NRD90M; wv) AppleWebKit/537.36 (KHTML, like Gecko) Version/4.0 Chrome/60.0.3112.107 Moblie Safari/537.36"
65.108.235.243 - - [21/Jun/2026:04:28:24 +0200] "POST /wp-cron.php?doing_wp_cron=1782008903.9911150932312011718750 HTTP/1.1" 200 1 "-" "WordPress/7.0; https://parma.elettroservicegroup.it"
43.156.18.240 - - [21/Jun/2026:04:28:21 +0200] "GET /wp-json/wp/v2/pages/17314 HTTP/1.1" 200 77359 "-" "Mozilla/5.0 (iPhone; CPU iPhone OS 13_2_3 like Mac OS X) AppleWebKit/605.1.15 (KHTML, like Gecko) Version/13.0.3 Mobile/15E148 Safari/604.1"
65.108.235.243 - - [21/Jun/2026:04:40:51 +0200] "POST /wp-cron.php?doing_wp_cron=1782009651.1086161136627197265625 HTTP/1.1" 200 1 "-" "WordPress/7.0; https://parma.elettroservicegroup.it"
119.28.177.175 - - [21/Jun/2026:04:40:49 +0200] "GET /?p=17354 HTTP/1.1" 301 - "-" "Mozilla/5.0 (iPhone; CPU iPhone OS 13_2_3 like Mac OS X) AppleWebKit/605.1.15 (KHTML, like Gecko) Version/13.0.3 Mobile/15E148 Safari/604.1"
119.28.177.175 - - [21/Jun/2026:04:40:55 +0200] "GET /assistenza-rex-electrolux-parma/ HTTP/1.1" 200 151735 "https://parma.elettroservicegroup.it/?p=17354" "Mozilla/5.0 (iPhone; CPU iPhone OS 13_2_3 like Mac OS X) AppleWebKit/605.1.15 (KHTML, like Gecko) Version/13.0.3 Mobile/15E148 Safari/604.1"
65.108.235.243 - - [21/Jun/2026:04:49:17 +0200] "POST /wp-cron.php?doing_wp_cron=1782010157.2901060581207275390625 HTTP/1.1" 200 1 "-" "WordPress/7.0; https://parma.elettroservicegroup.it"
43.165.198.224 - - [21/Jun/2026:04:49:08 +0200] "GET /assistenza-ariston-parma/ HTTP/1.1" 200 150983 "-" "Mozilla/5.0 (iPhone; CPU iPhone OS 13_2_3 like Mac OS X) AppleWebKit/605.1.15 (KHTML, like Gecko) Version/13.0.3 Mobile/15E148 Safari/604.1"
65.108.235.243 - - [21/Jun/2026:04:57:10 +0200] "POST /wp-cron.php?doing_wp_cron=1782010630.0472509860992431640625 HTTP/1.1" 200 1 "-" "WordPress/7.0; https://parma.elettroservicegroup.it"
43.133.220.37 - - [21/Jun/2026:04:57:08 +0200] "GET /?p=17357 HTTP/1.1" 301 - "-" "Mozilla/5.0 (iPhone; CPU iPhone OS 13_2_3 like Mac OS X) AppleWebKit/605.1.15 (KHTML, like Gecko) Version/13.0.3 Mobile/15E148 Safari/604.1"
43.133.220.37 - - [21/Jun/2026:04:57:12 +0200] "GET /assistenza-siemens-parma/ HTTP/1.1" 200 151089 "https://parma.elettroservicegroup.it/?p=17357" "Mozilla/5.0 (iPhone; CPU iPhone OS 13_2_3 like Mac OS X) AppleWebKit/605.1.15 (KHTML, like Gecko) Version/13.0.3 Mobile/15E148 Safari/604.1"
65.108.235.243 - - [21/Jun/2026:05:07:07 +0200] "POST /wp-cron.php?doing_wp_cron=1782011227.8469679355621337890625 HTTP/1.1" 200 1 "-" "WordPress/7.0; https://parma.elettroservicegroup.it"
43.164.131.148 - - [21/Jun/2026:05:07:06 +0200] "GET /wp-json/oembed/1.0/embed?url=https%3A%2F%2Fparma.elettroservicegroup.it%2Fassistenza-candy-parma%2F HTTP/1.1" 200 2216 "-" "Mozilla/5.0 (iPhone; CPU iPhone OS 13_2_3 like Mac OS X) AppleWebKit/605.1.15 (KHTML, like Gecko) Version/13.0.3 Mobile/15E148 Safari/604.1"
65.108.235.243 - - [21/Jun/2026:05:18:54 +0200] "POST /wp-cron.php?doing_wp_cron=1782011934.2996680736541748046875 HTTP/1.1" 200 1 "-" "WordPress/7.0; https://parma.elettroservicegroup.it"
66.249.64.70 - - [21/Jun/2026:05:18:52 +0200] "GET /?p=18957 HTTP/1.1" 404 16952 "-" "Mozilla/5.0 (Linux; Android 6.0.1; Nexus 5X Build/MMB29P) AppleWebKit/537.36 (KHTML, like Gecko) Chrome/148.0.7778.96 Mobile Safari/537.36 (compatible; Googlebot/2.1; +http://www.google.com/bot.html)"
65.108.235.243 - - [21/Jun/2026:05:18:55 +0200] "POST /wp-json/complianz/v1/wsc-scan HTTP/1.1" 400 88 "-" "WordPress/7.0; https://parma.elettroservicegroup.it"
65.108.235.243 - - [21/Jun/2026:05:24:38 +0200] "POST /wp-cron.php?doing_wp_cron=1782012278.6436450481414794921875 HTTP/1.1" 200 1 "-" "WordPress/7.0; https://parma.elettroservicegroup.it"
52.167.144.57 - - [21/Jun/2026:05:24:37 +0200] "GET /robots.txt HTTP/2.0" 200 104 "-" "Mozilla/5.0 AppleWebKit/537.36 (KHTML, like Gecko; compatible; bingbot/2.0; +http://www.bing.com/bingbot.htm) Chrome/116.0.1938.76 Safari/537.36"
40.77.167.51 - - [21/Jun/2026:05:24:44 +0200] "GET /sitemap.xml HTTP/2.0" 200 311 "-" "Mozilla/5.0 AppleWebKit/537.36 (KHTML, like Gecko; compatible; bingbot/2.0; +http://www.bing.com/bingbot.htm) Chrome/116.0.1938.76 Safari/537.36"
40.77.167.75 - - [21/Jun/2026:05:40:37 +0200] "GET /wp-content/uploads/2026/05/logo-300x177.png HTTP/2.0" 200 35152 "-" "Mozilla/5.0 AppleWebKit/537.36 (KHTML, like Gecko; compatible; bingbot/2.0; +http://www.bing.com/bingbot.htm) Chrome/116.0.1938.76 Safari/537.36"
52.167.144.166 - - [21/Jun/2026:05:43:37 +0200] "GET /wp-content/uploads/2021/10/TECNICO-ELETTRODOMESTICI-9.jpg HTTP/2.0" 200 24210 "-" "Mozilla/5.0 AppleWebKit/537.36 (KHTML, like Gecko; compatible; bingbot/2.0; +http://www.bing.com/bingbot.htm) Chrome/116.0.1938.76 Safari/537.36"
180.153.197.23 - - [21/Jun/2026:05:51:44 +0200] "GET /robots.txt HTTP/2.0" 200 11716 "https://parma.elettroservicegroup.it/robots.txt" "Mozilla/5.0 (Macintosh; Intel Mac OS X 10_15_7) AppleWebKit/537.36 (KHTML, like Gecko) Chrome/120.0.0.0 Safari/537.36"
45.132.184.142 - - [21/Jun/2026:06:08:51 +0200] "POST /xmlrpc.php HTTP/1.1" 403 52 "-" "Mozilla/5.0 (Windows NT 10.0; Win64; x64) AppleWebKit/537.36"
45.132.184.142 - - [21/Jun/2026:06:08:51 +0200] "GET / HTTP/1.1" 200 161085 "-" "Mozilla/5.0 (Windows NT 10.0; Win64; x64) AppleWebKit/537.36 (KHTML, like Gecko) Chrome/120.0.0.0 Safari/537.36"
65.108.235.243 - - [21/Jun/2026:06:08:58 +0200] "POST /wp-cron.php?doing_wp_cron=1782014938.7424941062927246093750 HTTP/1.1" 200 1 "-" "WordPress/7.0; https://parma.elettroservicegroup.it"
45.132.184.142 - - [21/Jun/2026:06:08:57 +0200] "GET /wp-login.php HTTP/1.1" 200 12847 "-" "Mozilla/5.0 (Windows NT 10.0; Win64; x64) AppleWebKit/537.36 (KHTML, like Gecko) Chrome/120.0.0.0 Safari/537.36"
45.132.184.142 - - [21/Jun/2026:06:08:59 +0200] "GET /wp-login.php?wp_lang=en_US HTTP/1.1" 200 10089 "-" "Mozilla/5.0 (Windows NT 10.0; Win64; x64) AppleWebKit/537.36 (KHTML, like Gecko) Chrome/120.0.0.0 Safari/537.36"
45.132.184.142 - - [21/Jun/2026:06:09:01 +0200] "POST /wp-login.php HTTP/1.1" 200 10545 "https://parma.elettroservicegroup.it" "Mozilla/5.0 (Windows NT 10.0; Win64; x64) AppleWebKit/537.36 (KHTML, like Gecko) Chrome/120.0.0.0 Safari/537.36"
65.108.235.243 - - [21/Jun/2026:06:34:15 +0200] "POST /wp-cron.php?doing_wp_cron=1782016455.3028330802917480468750 HTTP/1.1" 200 1 "-" "WordPress/7.0; https://parma.elettroservicegroup.it"
52.167.144.203 - - [21/Jun/2026:06:34:10 +0200] "GET /sitemap.xml HTTP/2.0" 200 311 "-" "Mozilla/5.0 AppleWebKit/537.36 (KHTML, like Gecko; compatible; bingbot/2.0; +http://www.bing.com/bingbot.htm) Chrome/116.0.1938.76 Safari/537.36"
65.108.235.243 - - [21/Jun/2026:06:34:18 +0200] "POST /wp-json/complianz/v1/wsc-scan HTTP/1.1" 400 88 "-" "WordPress/7.0; https://parma.elettroservicegroup.it"
65.108.235.243 - - [21/Jun/2026:06:35:30 +0200] "POST /wp-cron.php?doing_wp_cron=1782016530.1004290580749511718750 HTTP/1.1" 200 1 "-" "WordPress/7.0; https://parma.elettroservicegroup.it"
52.167.144.227 - - [21/Jun/2026:06:35:22 +0200] "GET /sitemap.rss HTTP/2.0" 200 1349 "-" "Mozilla/5.0 AppleWebKit/537.36 (KHTML, like Gecko; compatible; bingbot/2.0; +http://www.bing.com/bingbot.htm) Chrome/116.0.1938.76 Safari/537.36"
201.219.248.78 - - [21/Jun/2026:06:48:24 +0200] "GET /wp-content/uploads/2022/01/LAVATRICE-6-e1641642018392.webp HTTP/1.1" 200 37748 "https://google.com, https://parma.elettroservicegroup.it/assistenza-lavatrici-whirlpool-fidenza/" "Mozilla/5.0 (Macintosh; Intel Mac OS X 10_10_1; rv:56.0.2) Gecko/20100101 Firefox/56.0.2"
90.231.249.210 - - [21/Jun/2026:06:48:28 +0200] "GET /wp-content/uploads/2022/01/RICAMBIO-LAVATRICE-2-300x200.jpg HTTP/1.1" 200 16572 "https://google.com, https://parma.elettroservicegroup.it/assistenza-lavatrici-whirlpool-fidenza/" "Mozilla/5.0 (Macintosh; Intel Mac OS X 10_14_1) AppleWebKit/537.36 (KHTML, like Gecko) Chrome/69.0.3497.92 Safari/537.36 OPR/55.0.2994.44"
102.206.53.133 - - [21/Jun/2026:06:48:58 +0200] "GET /wp-content/uploads/2022/01/LAVATRICE-6-e1641642018392.webp HTTP/1.1" 200 37748 "https://google.com, https://parma.elettroservicegroup.it/assistenza-lavatrici-whirlpool-fidenza/" "Mozilla/5.0 (X11; Linux x86_64) AppleWebKit/537.36 (KHTML, like Gecko) Chrome/60.0.3112.113 Safari/537.36"
65.108.235.243 - - [21/Jun/2026:07:14:18 +0200] "POST /wp-cron.php?doing_wp_cron=1782018858.3995959758758544921875 HTTP/1.1" 200 1 "-" "WordPress/7.0; https://parma.elettroservicegroup.it"
93.33.56.119 - - [21/Jun/2026:07:14:11 +0200] "GET / HTTP/2.0" 200 - "https://www.google.com/" "Mozilla/5.0 (Linux; Android 10; K) AppleWebKit/537.36 (KHTML, like Gecko) Chrome/149.0.0.0 Mobile Safari/537.36"
93.33.56.119 - - [21/Jun/2026:07:14:17 +0200] "GET / HTTP/2.0" 200 22526 "https://www.google.com/" "Mozilla/5.0 (Linux; Android 10; K) AppleWebKit/537.36 (KHTML, like Gecko) Chrome/149.0.0.0 Mobile Safari/537.36"
93.33.56.119 - - [21/Jun/2026:07:14:20 +0200] "GET /wp-content/plugins/all-in-one-seo-pack/dist/Lite/assets/css/table-of-contents/global.e90f6d47.css?ver=4.9.8 HTTP/2.0" 200 420 "https://parma.elettroservicegroup.it/" "Mozilla/5.0 (Linux; Android 10; K) AppleWebKit/537.36 (KHTML, like Gecko) Chrome/149.0.0.0 Mobile Safari/537.36"
93.33.56.119 - - [21/Jun/2026:07:14:20 +0200] "GET /wp-content/plugins/complianz-gdpr-premium/assets/css/cookieblocker.min.css?ver=1781535761 HTTP/2.0" 200 615 "https://parma.elettroservicegroup.it/" "Mozilla/5.0 (Linux; Android 10; K) AppleWebKit/537.36 (KHTML, like Gecko) Chrome/149.0.0.0 Mobile Safari/537.36"
93.33.56.119 - - [21/Jun/2026:07:14:20 +0200] "GET /wp-content/plugins/header-footer-elementor/inc/widgets-css/frontend.css?ver=2.8.8 HTTP/2.0" 200 8711 "https://parma.elettroservicegroup.it/" "Mozilla/5.0 (Linux; Android 10; K) AppleWebKit/537.36 (KHTML, like Gecko) Chrome/149.0.0.0 Mobile Safari/537.36"
93.33.56.119 - - [21/Jun/2026:07:14:20 +0200] "GET /wp-content/plugins/header-footer-elementor/assets/css/header-footer-elementor.css?ver=2.8.8 HTTP/2.0" 200 260 "https://parma.elettroservicegroup.it/" "Mozilla/5.0 (Linux; Android 10; K) AppleWebKit/537.36 (KHTML, like Gecko) Chrome/149.0.0.0 Mobile Safari/537.36"
93.33.56.119 - - [21/Jun/2026:07:14:20 +0200] "GET /wp-content/plugins/elementor/assets/lib/eicons/css/elementor-icons.min.css?ver=5.49.0 HTTP/2.0" 200 4115 "https://parma.elettroservicegroup.it/" "Mozilla/5.0 (Linux; Android 10; K) AppleWebKit/537.36 (KHTML, like Gecko) Chrome/149.0.0.0 Mobile Safari/537.36"
93.33.56.119 - - [21/Jun/2026:07:14:20 +0200] "GET /wp-content/plugins/elementor/assets/lib/font-awesome/css/v4-shims.min.css?ver=4.1.3 HTTP/2.0" 200 3986 "https://parma.elettroservicegroup.it/" "Mozilla/5.0 (Linux; Android 10; K) AppleWebKit/537.36 (KHTML, like Gecko) Chrome/149.0.0.0 Mobile Safari/537.36"
93.33.56.119 - - [21/Jun/2026:07:14:20 +0200] "GET /wp-content/uploads/elementor/css/post-14146.css?ver=1781795651 HTTP/2.0" 200 428 "https://parma.elettroservicegroup.it/" "Mozilla/5.0 (Linux; Android 10; K) AppleWebKit/537.36 (KHTML, like Gecko) Chrome/149.0.0.0 Mobile Safari/537.36"
93.33.56.119 - - [21/Jun/2026:07:14:20 +0200] "GET /wp-content/plugins/elementor/assets/css/frontend.min.css?ver=4.1.3 HTTP/2.0" 200 6618 "https://parma.elettroservicegroup.it/" "Mozilla/5.0 (Linux; Android 10; K) AppleWebKit/537.36 (KHTML, like Gecko) Chrome/149.0.0.0 Mobile Safari/537.36"
93.33.56.119 - - [21/Jun/2026:07:14:20 +0200] "GET /wp-content/plugins/elementor/assets/lib/font-awesome/css/all.min.css?ver=4.1.3 HTTP/2.0" 200 12402 "https://parma.elettroservicegroup.it/" "Mozilla/5.0 (Linux; Android 10; K) AppleWebKit/537.36 (KHTML, like Gecko) Chrome/149.0.0.0 Mobile Safari/537.36"
93.33.56.119 - - [21/Jun/2026:07:14:20 +0200] "GET /wp-content/plugins/elementor/assets/css/widget-spacer.min.css?ver=4.1.3 HTTP/2.0" 200 287 "https://parma.elettroservicegroup.it/" "Mozilla/5.0 (Linux; Android 10; K) AppleWebKit/537.36 (KHTML, like Gecko) Chrome/149.0.0.0 Mobile Safari/537.36"
93.33.56.119 - - [21/Jun/2026:07:14:20 +0200] "GET /wp-content/plugins/elementor/assets/css/widget-heading.min.css?ver=4.1.3 HTTP/2.0" 200 127 "https://parma.elettroservicegroup.it/" "Mozilla/5.0 (Linux; Android 10; K) AppleWebKit/537.36 (KHTML, like Gecko) Chrome/149.0.0.0 Mobile Safari/537.36"
93.33.56.119 - - [21/Jun/2026:07:14:20 +0200] "GET /wp-content/plugins/elementor/assets/lib/animations/styles/bounceIn.min.css?ver=4.1.3 HTTP/2.0" 200 186 "https://parma.elettroservicegroup.it/" "Mozilla/5.0 (Linux; Android 10; K) AppleWebKit/537.36 (KHTML, like Gecko) Chrome/149.0.0.0 Mobile Safari/537.36"
93.33.56.119 - - [21/Jun/2026:07:14:20 +0200] "GET /wp-content/plugins/elementor/assets/css/widget-image.min.css?ver=4.1.3 HTTP/2.0" 200 96 "https://parma.elettroservicegroup.it/" "Mozilla/5.0 (Linux; Android 10; K) AppleWebKit/537.36 (KHTML, like Gecko) Chrome/149.0.0.0 Mobile Safari/537.36"
93.33.56.119 - - [21/Jun/2026:07:14:20 +0200] "GET /wp-content/plugins/elementor/assets/lib/font-awesome/css/brands.css?ver=5.15.3 HTTP/2.0" 200 298 "https://parma.elettroservicegroup.it/" "Mozilla/5.0 (Linux; Android 10; K) AppleWebKit/537.36 (KHTML, like Gecko) Chrome/149.0.0.0 Mobile Safari/537.36"
93.33.56.119 - - [21/Jun/2026:07:14:20 +0200] "GET /wp-content/plugins/elementor/assets/lib/animations/styles/zoomIn.min.css?ver=4.1.3 HTTP/2.0" 200 87 "https://parma.elettroservicegroup.it/" "Mozilla/5.0 (Linux; Android 10; K) AppleWebKit/537.36 (KHTML, like Gecko) Chrome/149.0.0.0 Mobile Safari/537.36"
93.33.56.119 - - [21/Jun/2026:07:14:20 +0200] "GET /wp-content/uploads/elementor/css/post-14366.css?ver=1781795653 HTTP/2.0" 200 302 "https://parma.elettroservicegroup.it/" "Mozilla/5.0 (Linux; Android 10; K) AppleWebKit/537.36 (KHTML, like Gecko) Chrome/149.0.0.0 Mobile Safari/537.36"
93.33.56.119 - - [21/Jun/2026:07:14:20 +0200] "GET /wp-content/plugins/elementor/assets/css/widget-social-icons.min.css?ver=3.24.0 HTTP/2.0" 200 1039 "https://parma.elettroservicegroup.it/" "Mozilla/5.0 (Linux; Android 10; K) AppleWebKit/537.36 (KHTML, like Gecko) Chrome/149.0.0.0 Mobile Safari/537.36"
93.33.56.119 - - [21/Jun/2026:07:14:20 +0200] "GET /wp-content/plugins/gp-premium/menu-plus/functions/css/navigation-branding-flex.min.css?ver=2.5.5 HTTP/2.0" 200 542 "https://parma.elettroservicegroup.it/" "Mozilla/5.0 (Linux; Android 10; K) AppleWebKit/537.36 (KHTML, like Gecko) Chrome/149.0.0.0 Mobile Safari/537.36"
93.33.56.119 - - [21/Jun/2026:07:14:20 +0200] "GET /wp-content/plugins/elementor/assets/lib/font-awesome/css/solid.css?ver=5.15.3 HTTP/2.0" 200 299 "https://parma.elettroservicegroup.it/" "Mozilla/5.0 (Linux; Android 10; K) AppleWebKit/537.36 (KHTML, like Gecko) Chrome/149.0.0.0 Mobile Safari/537.36"
93.33.56.119 - - [21/Jun/2026:07:14:20 +0200] "GET /wp-content/uploads/elementor/css/post-14227.css?ver=1781795653 HTTP/2.0" 200 2305 "https://parma.elettroservicegroup.it/" "Mozilla/5.0 (Linux; Android 10; K) AppleWebKit/537.36 (KHTML, like Gecko) Chrome/149.0.0.0 Mobile Safari/537.36"
93.33.56.119 - - [21/Jun/2026:07:14:20 +0200] "GET /wp-content/plugins/elementor/assets/lib/eicons/css/elementor-icons.min.css?ver=5.34.0 HTTP/2.0" 200 4115 "https://parma.elettroservicegroup.it/" "Mozilla/5.0 (Linux; Android 10; K) AppleWebKit/537.36 (KHTML, like Gecko) Chrome/149.0.0.0 Mobile Safari/537.36"
93.33.56.119 - - [21/Jun/2026:07:14:20 +0200] "GET /wp-content/plugins/elementor/assets/css/widget-icon-list.min.css?ver=3.24.3 HTTP/2.0" 200 928 "https://parma.elettroservicegroup.it/" "Mozilla/5.0 (Linux; Android 10; K) AppleWebKit/537.36 (KHTML, like Gecko) Chrome/149.0.0.0 Mobile Safari/537.36"
93.33.56.119 - - [21/Jun/2026:07:14:20 +0200] "GET /wp-content/themes/generatepress/assets/css/main.min.css?ver=3.6.1 HTTP/2.0" 200 4410 "https://parma.elettroservicegroup.it/" "Mozilla/5.0 (Linux; Android 10; K) AppleWebKit/537.36 (KHTML, like Gecko) Chrome/149.0.0.0 Mobile Safari/537.36"
93.33.56.119 - - [21/Jun/2026:07:14:20 +0200] "GET /wp-content/plugins/elementor/assets/lib/font-awesome/css/fontawesome.css?ver=5.15.3 HTTP/2.0" 200 12535 "https://parma.elettroservicegroup.it/" "Mozilla/5.0 (Linux; Android 10; K) AppleWebKit/537.36 (KHTML, like Gecko) Chrome/149.0.0.0 Mobile Safari/537.36"
93.33.56.119 - - [21/Jun/2026:07:14:20 +0200] "GET /wp-content/plugins/elementor/assets/lib/font-awesome/css/solid.min.css?ver=5.15.3 HTTP/2.0" 200 286 "https://parma.elettroservicegroup.it/" "Mozilla/5.0 (Linux; Android 10; K) AppleWebKit/537.36 (KHTML, like Gecko) Chrome/149.0.0.0 Mobile Safari/537.36"
93.33.56.119 - - [21/Jun/2026:07:14:20 +0200] "GET /wp-content/uploads/elementor/google-fonts/css/robotoslab.css?ver=1742280362 HTTP/2.0" 200 715 "https://parma.elettroservicegroup.it/" "Mozilla/5.0 (Linux; Android 10; K) AppleWebKit/537.36 (KHTML, like Gecko) Chrome/149.0.0.0 Mobile Safari/537.36"
93.33.56.119 - - [21/Jun/2026:07:14:20 +0200] "GET /wp-content/plugins/elementor/assets/lib/font-awesome/css/regular.min.css?ver=5.15.3 HTTP/2.0" 200 282 "https://parma.elettroservicegroup.it/" "Mozilla/5.0 (Linux; Android 10; K) AppleWebKit/537.36 (KHTML, like Gecko) Chrome/149.0.0.0 Mobile Safari/537.36"
93.33.56.119 - - [21/Jun/2026:07:14:20 +0200] "GET /wp-content/uploads/elementor/google-fonts/css/roboto.css?ver=1742280360 HTTP/2.0" 200 1880 "https://parma.elettroservicegroup.it/" "Mozilla/5.0 (Linux; Android 10; K) AppleWebKit/537.36 (KHTML, like Gecko) Chrome/149.0.0.0 Mobile Safari/537.36"
93.33.56.119 - - [21/Jun/2026:07:14:20 +0200] "GET /wp-content/plugins/elementor/assets/lib/font-awesome/css/fontawesome.min.css?ver=5.15.3 HTTP/2.0" 200 12179 "https://parma.elettroservicegroup.it/" "Mozilla/5.0 (Linux; Android 10; K) AppleWebKit/537.36 (KHTML, like Gecko) Chrome/149.0.0.0 Mobile Safari/537.36"
93.33.56.119 - - [21/Jun/2026:07:14:20 +0200] "GET /wp-content/plugins/elementor/assets/lib/font-awesome/js/v4-shims.min.js?ver=4.1.3 HTTP/2.0" 200 4043 "https://parma.elettroservicegroup.it/" "Mozilla/5.0 (Linux; Android 10; K) AppleWebKit/537.36 (KHTML, like Gecko) Chrome/149.0.0.0 Mobile Safari/537.36"
93.33.56.119 - - [21/Jun/2026:07:14:20 +0200] "GET /wp-content/uploads/2021/10/cropped-cropped-cropped-logo_white_background.png HTTP/2.0" 200 38971 "https://parma.elettroservicegroup.it/" "Mozilla/5.0 (Linux; Android 10; K) AppleWebKit/537.36 (KHTML, like Gecko) Chrome/149.0.0.0 Mobile Safari/537.36"
93.33.56.119 - - [21/Jun/2026:07:14:20 +0200] "GET /wp-content/uploads/2021/10/cropped-logo_white_background.png HTTP/2.0" 200 16623 "https://parma.elettroservicegroup.it/" "Mozilla/5.0 (Linux; Android 10; K) AppleWebKit/537.36 (KHTML, like Gecko) Chrome/149.0.0.0 Mobile Safari/537.36"
93.33.56.119 - - [21/Jun/2026:07:14:20 +0200] "GET /wp-includes/js/jquery/jquery-migrate.min.js?ver=3.4.1 HTTP/2.0" 200 4685 "https://parma.elettroservicegroup.it/" "Mozilla/5.0 (Linux; Android 10; K) AppleWebKit/537.36 (KHTML, like Gecko) Chrome/149.0.0.0 Mobile Safari/537.36"
93.33.56.119 - - [21/Jun/2026:07:14:20 +0200] "GET /wp-content/plugins/gp-premium/menu-plus/functions/js/sticky.min.js?ver=2.5.5 HTTP/2.0" 200 2670 "https://parma.elettroservicegroup.it/" "Mozilla/5.0 (Linux; Android 10; K) AppleWebKit/537.36 (KHTML, like Gecko) Chrome/149.0.0.0 Mobile Safari/537.36"
93.33.56.119 - - [21/Jun/2026:07:14:20 +0200] "GET /wp-includes/js/jquery/jquery.min.js?ver=3.7.1 HTTP/2.0" 200 29769 "https://parma.elettroservicegroup.it/" "Mozilla/5.0 (Linux; Android 10; K) AppleWebKit/537.36 (KHTML, like Gecko) Chrome/149.0.0.0 Mobile Safari/537.36"
93.33.56.119 - - [21/Jun/2026:07:14:20 +0200] "GET /wp-content/plugins/elementor/assets/js/webpack.runtime.min.js?ver=4.1.3 HTTP/2.0" 200 2340 "https://parma.elettroservicegroup.it/" "Mozilla/5.0 (Linux; Android 10; K) AppleWebKit/537.36 (KHTML, like Gecko) Chrome/149.0.0.0 Mobile Safari/537.36"
93.33.56.119 - - [21/Jun/2026:07:14:20 +0200] "GET /wp-content/plugins/elementor/assets/js/frontend-modules.min.js?ver=4.1.3 HTTP/2.0" 200 15454 "https://parma.elettroservicegroup.it/" "Mozilla/5.0 (Linux; Android 10; K) AppleWebKit/537.36 (KHTML, like Gecko) Chrome/149.0.0.0 Mobile Safari/537.36"
93.33.56.119 - - [21/Jun/2026:07:14:20 +0200] "GET /wp-includes/js/jquery/ui/core.min.js?ver=1.13.3 HTTP/2.0" 200 6820 "https://parma.elettroservicegroup.it/" "Mozilla/5.0 (Linux; Android 10; K) AppleWebKit/537.36 (KHTML, like Gecko) Chrome/149.0.0.0 Mobile Safari/537.36"
93.33.56.119 - - [21/Jun/2026:07:14:20 +0200] "GET /wp-content/themes/generatepress/assets/js/back-to-top.min.js?ver=3.6.1 HTTP/2.0" 200 336 "https://parma.elettroservicegroup.it/" "Mozilla/5.0 (Linux; Android 10; K) AppleWebKit/537.36 (KHTML, like Gecko) Chrome/149.0.0.0 Mobile Safari/537.36"
93.33.56.119 - - [21/Jun/2026:07:14:20 +0200] "GET /wp-content/themes/generatepress/assets/js/menu.min.js?ver=3.6.1 HTTP/2.0" 200 1688 "https://parma.elettroservicegroup.it/" "Mozilla/5.0 (Linux; Android 10; K) AppleWebKit/537.36 (KHTML, like Gecko) Chrome/149.0.0.0 Mobile Safari/537.36"
93.33.56.119 - - [21/Jun/2026:07:14:20 +0200] "GET /wp-content/plugins/elementor/assets/js/frontend.min.js?ver=4.1.3 HTTP/2.0" 200 10140 "https://parma.elettroservicegroup.it/" "Mozilla/5.0 (Linux; Android 10; K) AppleWebKit/537.36 (KHTML, like Gecko) Chrome/149.0.0.0 Mobile Safari/537.36"
93.33.56.119 - - [21/Jun/2026:07:14:20 +0200] "GET /wp-content/uploads/burst/js/burst.min.js?ver=1781950472 HTTP/2.0" 200 3401 "https://parma.elettroservicegroup.it/" "Mozilla/5.0 (Linux; Android 10; K) AppleWebKit/537.36 (KHTML, like Gecko) Chrome/149.0.0.0 Mobile Safari/537.36"
93.33.56.119 - - [21/Jun/2026:07:14:20 +0200] "GET /wp-content/plugins/burst-statistics/assets/js/timeme/timeme.min.js?ver=1781795646 HTTP/2.0" 200 1835 "https://parma.elettroservicegroup.it/" "Mozilla/5.0 (Linux; Android 10; K) AppleWebKit/537.36 (KHTML, like Gecko) Chrome/149.0.0.0 Mobile Safari/537.36"
93.33.56.119 - - [21/Jun/2026:07:14:20 +0200] "GET /wp-content/plugins/complianz-gdpr-premium/cookiebanner/js/complianz.min.js?ver=1781535760 HTTP/2.0" 200 10762 "https://parma.elettroservicegroup.it/" "Mozilla/5.0 (Linux; Android 10; K) AppleWebKit/537.36 (KHTML, like Gecko) Chrome/149.0.0.0 Mobile Safari/537.36"
93.33.56.119 - - [21/Jun/2026:07:14:20 +0200] "GET /wp-content/uploads/elementor/google-fonts/fonts/roboto-kfo7cnqeu92fr1me7ksn66agldtyluama3yuba.woff2 HTTP/2.0" 200 40132 "https://parma.elettroservicegroup.it/wp-content/uploads/elementor/google-fonts/css/roboto.css?ver=1742280360" "Mozilla/5.0 (Linux; Android 10; K) AppleWebKit/537.36 (KHTML, like Gecko) Chrome/149.0.0.0 Mobile Safari/537.36"
93.33.56.119 - - [21/Jun/2026:07:14:20 +0200] "GET /wp-content/plugins/elementor/assets/lib/font-awesome/webfonts/fa-regular-400.woff2 HTTP/2.0" 200 13277 "https://parma.elettroservicegroup.it/wp-content/plugins/elementor/assets/lib/font-awesome/css/all.min.css?ver=4.1.3" "Mozilla/5.0 (Linux; Android 10; K) AppleWebKit/537.36 (KHTML, like Gecko) Chrome/149.0.0.0 Mobile Safari/537.36"
93.33.56.119 - - [21/Jun/2026:07:14:20 +0200] "GET /wp-content/plugins/elementor/assets/lib/font-awesome/webfonts/fa-solid-900.woff2 HTTP/2.0" 200 78201 "https://parma.elettroservicegroup.it/wp-content/plugins/elementor/assets/lib/font-awesome/css/all.min.css?ver=4.1.3" "Mozilla/5.0 (Linux; Android 10; K) AppleWebKit/537.36 (KHTML, like Gecko) Chrome/149.0.0.0 Mobile Safari/537.36"
93.33.56.119 - - [21/Jun/2026:07:14:20 +0200] "GET /wp-content/uploads/2021/10/TECNICO-ELETTRODOMESTICI.jpg HTTP/2.0" 200 24210 "https://parma.elettroservicegroup.it/" "Mozilla/5.0 (Linux; Android 10; K) AppleWebKit/537.36 (KHTML, like Gecko) Chrome/149.0.0.0 Mobile Safari/537.36"
93.33.56.119 - - [21/Jun/2026:07:14:20 +0200] "GET /wp-content/uploads/2021/11/asko-e1634463631713-768x506.jpg HTTP/2.0" 200 51977 "https://parma.elettroservicegroup.it/" "Mozilla/5.0 (Linux; Android 10; K) AppleWebKit/537.36 (KHTML, like Gecko) Chrome/149.0.0.0 Mobile Safari/537.36"
93.33.56.119 - - [21/Jun/2026:07:14:20 +0200] "GET /wp-content/uploads/2021/11/copertina-washing-machine-2668472_1920-768x512.jpg HTTP/2.0" 200 65707 "https://parma.elettroservicegroup.it/" "Mozilla/5.0 (Linux; Android 10; K) AppleWebKit/537.36 (KHTML, like Gecko) Chrome/149.0.0.0 Mobile Safari/537.36"
93.33.56.119 - - [21/Jun/2026:07:14:21 +0200] "POST /wp-content/plugins/burst-statistics/endpoint.php HTTP/2.0" 200 1 "https://parma.elettroservicegroup.it/" "Mozilla/5.0 (Linux; Android 10; K) AppleWebKit/537.36 (KHTML, like Gecko) Chrome/149.0.0.0 Mobile Safari/537.36"
93.33.56.119 - - [21/Jun/2026:07:14:21 +0200] "GET /wp-content/plugins/elementor/assets/js/section-frontend-handlers.d85ab872da118940910d.bundle.min.js HTTP/2.0" 200 230 "https://parma.elettroservicegroup.it/" "Mozilla/5.0 (Linux; Android 10; K) AppleWebKit/537.36 (KHTML, like Gecko) Chrome/149.0.0.0 Mobile Safari/537.36"
93.33.56.119 - - [21/Jun/2026:07:14:21 +0200] "GET /wp-content/plugins/elementor/assets/js/shared-frontend-handlers.03caa53373b56d3bab67.bundle.min.js HTTP/2.0" 200 2515 "https://parma.elettroservicegroup.it/" "Mozilla/5.0 (Linux; Android 10; K) AppleWebKit/537.36 (KHTML, like Gecko) Chrome/149.0.0.0 Mobile Safari/537.36"
93.33.56.119 - - [21/Jun/2026:07:14:21 +0200] "GET /wp-content/plugins/elementor/assets/js/text-editor.45609661e409413f1cef.bundle.min.js HTTP/2.0" 200 592 "https://parma.elettroservicegroup.it/" "Mozilla/5.0 (Linux; Android 10; K) AppleWebKit/537.36 (KHTML, like Gecko) Chrome/149.0.0.0 Mobile Safari/537.36"
93.33.56.119 - - [21/Jun/2026:07:14:21 +0200] "GET /wp-json/complianz/v1/banner?lang=it&locale=it_IT&token=hlcmo HTTP/2.0" 200 81 "https://parma.elettroservicegroup.it/" "Mozilla/5.0 (Linux; Android 10; K) AppleWebKit/537.36 (KHTML, like Gecko) Chrome/149.0.0.0 Mobile Safari/537.36"
93.33.56.119 - - [21/Jun/2026:07:14:23 +0200] "GET /wp-content/uploads/2021/10/cropped-cropped-cropped-cropped-logo_white_background-192x192.png HTTP/2.0" 200 19089 "https://parma.elettroservicegroup.it/" "Mozilla/5.0 (Linux; Android 10; K) AppleWebKit/537.36 (KHTML, like Gecko) Chrome/149.0.0.0 Mobile Safari/537.36"
93.33.56.119 - - [21/Jun/2026:07:14:23 +0200] "GET /wp-content/uploads/2021/10/cropped-cropped-cropped-cropped-logo_white_background-180x180.png HTTP/2.0" 200 21353 "https://parma.elettroservicegroup.it/" "Mozilla/5.0 (Linux; Android 10; K) AppleWebKit/537.36 (KHTML, like Gecko) Chrome/149.0.0.0 Mobile Safari/537.36"
93.33.56.119 - - [21/Jun/2026:07:14:23 +0200] "GET /wp-content/uploads/2021/10/copertina-Riparazione_Lavastoviglie-.jpg HTTP/2.0" 200 35425 "https://parma.elettroservicegroup.it/" "Mozilla/5.0 (Linux; Android 10; K) AppleWebKit/537.36 (KHTML, like Gecko) Chrome/149.0.0.0 Mobile Safari/537.36"
93.33.56.119 - - [21/Jun/2026:07:14:25 +0200] "GET /wp-content/uploads/2021/11/Frigorifero-combinato-e1634459015932-768x502.jpg HTTP/2.0" 200 71794 "https://parma.elettroservicegroup.it/" "Mozilla/5.0 (Linux; Android 10; K) AppleWebKit/537.36 (KHTML, like Gecko) Chrome/149.0.0.0 Mobile Safari/537.36"
93.33.56.119 - - [21/Jun/2026:07:14:31 +0200] "GET /wp-content/uploads/2021/11/forno-c-768x512.jpg HTTP/2.0" 200 48910 "https://parma.elettroservicegroup.it/" "Mozilla/5.0 (Linux; Android 10; K) AppleWebKit/537.36 (KHTML, like Gecko) Chrome/149.0.0.0 Mobile Safari/537.36"
65.108.235.243 - - [21/Jun/2026:07:14:37 +0200] "POST /wp-cron.php?doing_wp_cron=1782018877.1711449623107910156250 HTTP/1.1" 200 1 "-" "WordPress/7.0; https://parma.elettroservicegroup.it"
93.33.56.119 - - [21/Jun/2026:07:14:36 +0200] "GET /assistenza-lavatrici-parma HTTP/2.0" 301 1 "https://parma.elettroservicegroup.it/" "Mozilla/5.0 (Linux; Android 10; K) AppleWebKit/537.36 (KHTML, like Gecko) Chrome/149.0.0.0 Mobile Safari/537.36"
93.33.56.119 - - [21/Jun/2026:07:14:37 +0200] "GET /assistenza-lavatrici-parma/ HTTP/2.0" 200 22746 "https://parma.elettroservicegroup.it/" "Mozilla/5.0 (Linux; Android 10; K) AppleWebKit/537.36 (KHTML, like Gecko) Chrome/149.0.0.0 Mobile Safari/537.36"
93.33.56.119 - - [21/Jun/2026:07:14:38 +0200] "GET /wp-content/uploads/2021/11/condizionatore-bonus-768x512.jpg HTTP/2.0" 200 35368 "https://parma.elettroservicegroup.it/" "Mozilla/5.0 (Linux; Android 10; K) AppleWebKit/537.36 (KHTML, like Gecko) Chrome/149.0.0.0 Mobile Safari/537.36"
93.33.56.119 - - [21/Jun/2026:07:14:44 +0200] "GET /assistenza-asciugatrici HTTP/2.0" 301 1 "https://parma.elettroservicegroup.it/" "Mozilla/5.0 (Linux; Android 10; K) AppleWebKit/537.36 (KHTML, like Gecko) Chrome/149.0.0.0 Mobile Safari/537.36"
93.33.56.119 - - [21/Jun/2026:07:14:45 +0200] "GET /wp-content/uploads/2022/01/TECNIC-LAVATRICE-5-768x432.jpg HTTP/2.0" 200 50994 "https://parma.elettroservicegroup.it/" "Mozilla/5.0 (Linux; Android 10; K) AppleWebKit/537.36 (KHTML, like Gecko) Chrome/149.0.0.0 Mobile Safari/537.36"
93.33.56.119 - - [21/Jun/2026:07:14:44 +0200] "GET /assistenza-asciugatrici/ HTTP/2.0" 200 20818 "https://parma.elettroservicegroup.it/" "Mozilla/5.0 (Linux; Android 10; K) AppleWebKit/537.36 (KHTML, like Gecko) Chrome/149.0.0.0 Mobile Safari/537.36"
93.33.56.119 - - [21/Jun/2026:07:14:45 +0200] "GET /assistenza-asciugatrici/ HTTP/2.0" 200 20818 "https://parma.elettroservicegroup.it/" "Mozilla/5.0 (Linux; Android 10; K) AppleWebKit/537.36 (KHTML, like Gecko) Chrome/149.0.0.0 Mobile Safari/537.36"
93.33.56.119 - - [21/Jun/2026:07:14:46 +0200] "GET /assistenza-lavastoviglie-parma HTTP/2.0" 301 1 "https://parma.elettroservicegroup.it/" "Mozilla/5.0 (Linux; Android 10; K) AppleWebKit/537.36 (KHTML, like Gecko) Chrome/149.0.0.0 Mobile Safari/537.36"
93.33.56.119 - - [21/Jun/2026:07:14:46 +0200] "GET /assistenza-lavastoviglie-parma/ HTTP/2.0" 200 22787 "https://parma.elettroservicegroup.it/" "Mozilla/5.0 (Linux; Android 10; K) AppleWebKit/537.36 (KHTML, like Gecko) Chrome/149.0.0.0 Mobile Safari/537.36"
65.108.235.243 - - [21/Jun/2026:07:14:50 +0200] "POST /wp-cron.php?doing_wp_cron=1782018890.1630439758300781250000 HTTP/1.1" 200 1 "-" "WordPress/7.0; https://parma.elettroservicegroup.it"
93.33.56.119 - - [21/Jun/2026:07:14:49 +0200] "GET /assistenza-forni-elettrici HTTP/2.0" 301 1 "https://parma.elettroservicegroup.it/" "Mozilla/5.0 (Linux; Android 10; K) AppleWebKit/537.36 (KHTML, like Gecko) Chrome/149.0.0.0 Mobile Safari/537.36"
93.33.56.119 - - [21/Jun/2026:07:14:50 +0200] "GET /wp-content/uploads/2021/10/TECNICO-FRIGO-2.jpg HTTP/2.0" 200 45005 "https://parma.elettroservicegroup.it/" "Mozilla/5.0 (Linux; Android 10; K) AppleWebKit/537.36 (KHTML, like Gecko) Chrome/149.0.0.0 Mobile Safari/537.36"
93.33.56.119 - - [21/Jun/2026:07:14:50 +0200] "GET /assistenza-forni-elettrici/ HTTP/2.0" 200 20840 "https://parma.elettroservicegroup.it/" "Mozilla/5.0 (Linux; Android 10; K) AppleWebKit/537.36 (KHTML, like Gecko) Chrome/149.0.0.0 Mobile Safari/537.36"
93.33.56.119 - - [21/Jun/2026:07:14:51 +0200] "GET /assistenza-condizionatori/ HTTP/2.0" 404 16967 "https://parma.elettroservicegroup.it/" "Mozilla/5.0 (Linux; Android 10; K) AppleWebKit/537.36 (KHTML, like Gecko) Chrome/149.0.0.0 Mobile Safari/537.36"
93.33.56.119 - - [21/Jun/2026:07:15:22 +0200] "POST /wp-content/plugins/burst-statistics/endpoint.php HTTP/2.0" 200 1 "https://parma.elettroservicegroup.it/" "Mozilla/5.0 (Linux; Android 10; K) AppleWebKit/537.36 (KHTML, like Gecko) Chrome/149.0.0.0 Mobile Safari/537.36"
65.108.235.243 - - [21/Jun/2026:07:15:22 +0200] "POST /wp-cron.php?doing_wp_cron=1782018922.2764430046081542968750 HTTP/1.1" 200 1 "-" "WordPress/7.0; https://parma.elettroservicegroup.it"
93.33.56.119 - - [21/Jun/2026:07:15:22 +0200] "POST /wp-json/complianz/v1/track HTTP/2.0" 200 20 "https://parma.elettroservicegroup.it/" "Mozilla/5.0 (Linux; Android 10; K) AppleWebKit/537.36 (KHTML, like Gecko) Chrome/149.0.0.0 Mobile Safari/537.36"
112.197.129.73 - - [21/Jun/2026:07:45:32 +0200] "GET /wp-content/uploads/2022/01/tecnico-elettro-1-300x200.jpg HTTP/1.1" 200 15134 "https://google.com, https://parma.elettroservicegroup.it/assistenza-lavatrici-aeg-parma/" "Mozilla/5.0 (X11; Linux i686 on x86_64) AppleWebKit/537.36 (KHTML, like Gecko) Chrome/64.0.3282.140 Safari/537.36"
65.108.235.243 - - [21/Jun/2026:07:54:09 +0200] "POST /wp-cron.php?doing_wp_cron=1782021249.7048830986022949218750 HTTP/1.1" 200 1 "-" "WordPress/7.0; https://parma.elettroservicegroup.it"
66.249.64.70 - - [21/Jun/2026:07:54:00 +0200] "GET /assistenza-aeg-parma/ HTTP/1.1" 200 23126 "-" "Mozilla/5.0 (Linux; Android 6.0.1; Nexus 5X Build/MMB29P) AppleWebKit/537.36 (KHTML, like Gecko) Chrome/148.0.7778.96 Mobile Safari/537.36 (compatible; Googlebot/2.1; +http://www.google.com/bot.html)"
65.108.235.243 - - [21/Jun/2026:07:54:12 +0200] "POST /wp-json/complianz/v1/wsc-scan HTTP/1.1" 400 88 "-" "WordPress/7.0; https://parma.elettroservicegroup.it"
66.249.64.71 - - [21/Jun/2026:07:55:21 +0200] "GET /wp-content/plugins/elementor/assets/lib/font-awesome/css/brands.css?ver=5.15.3 HTTP/1.1" 200 298 "https://parma.elettroservicegroup.it/assistenza-aeg-parma/" "Mozilla/5.0 (Linux; Android 6.0.1; Nexus 5X Build/MMB29P) AppleWebKit/537.36 (KHTML, like Gecko) Chrome/148.0.7778.96 Mobile Safari/537.36 (compatible; Googlebot/2.1; +http://www.google.com/bot.html)"
66.249.64.70 - - [21/Jun/2026:07:55:21 +0200] "GET /wp-content/uploads/elementor/css/post-17266.css?ver=1780704000 HTTP/1.1" 200 2169 "https://parma.elettroservicegroup.it/assistenza-aeg-parma/" "Mozilla/5.0 (Linux; Android 6.0.1; Nexus 5X Build/MMB29P) AppleWebKit/537.36 (KHTML, like Gecko) Chrome/148.0.7778.96 Mobile Safari/537.36 (compatible; Googlebot/2.1; +http://www.google.com/bot.html)"
