65.108.235.243 - - [19/Jun/2026:14:13:09 +0200] "POST /wp-content/plugins/burst-statistics/endpoint.php HTTP/1.1" 200 1 "-" "WordPress/7.0; https://parma.elettroservicegroup.it"
65.108.235.243 - - [19/Jun/2026:14:13:13 +0200] "POST /wp-cron.php?doing_wp_cron=1781871193.6916079521179199218750 HTTP/1.1" 200 1 "-" "WordPress/7.0; https://parma.elettroservicegroup.it"
66.249.89.133 - - [19/Jun/2026:14:13:01 +0200] "GET /assistenza-ariston-parma/ HTTP/1.1" 200 22924 "-" "Mozilla/5.0 (Linux; Android 6.0.1; Nexus 5X Build/MMB29P) AppleWebKit/537.36 (KHTML, like Gecko) Chrome/148.0.7778.96 Mobile Safari/537.36 (compatible; AdsBot-Google-Mobile; +http://www.google.com/mobile/adsbot.html)"
65.108.235.243 - - [19/Jun/2026:14:13:16 +0200] "POST /wp-json/complianz/v1/wsc-scan HTTP/1.1" 400 88 "-" "WordPress/7.0; https://parma.elettroservicegroup.it"
66.249.89.135 - - [19/Jun/2026:14:13:43 +0200] "GET /wp-content/uploads/elementor/css/post-17270.css?ver=1781871192 HTTP/1.1" 200 2155 "https://parma.elettroservicegroup.it/assistenza-ariston-parma/" "AdsBot-Google (+http://www.google.com/adsbot.html)"
66.249.89.133 - - [19/Jun/2026:14:13:44 +0200] "GET /wp-content/uploads/burst/js/burst.min.js?ver=1781863089 HTTP/1.1" 200 3401 "https://parma.elettroservicegroup.it/assistenza-ariston-parma/" "AdsBot-Google (+http://www.google.com/adsbot.html)"
65.108.235.243 - - [19/Jun/2026:14:15:37 +0200] "POST /wp-cron.php?doing_wp_cron=1781871337.4911670684814453125000 HTTP/1.1" 200 1 "-" "WordPress/7.0; https://parma.elettroservicegroup.it"
66.249.89.133 - - [19/Jun/2026:14:15:35 +0200] "GET /assistenza-whirlpool-fidenza/ HTTP/1.1" 200 22859 "-" "Mozilla/5.0 (Linux; Android 6.0.1; Nexus 5X Build/MMB29P) AppleWebKit/537.36 (KHTML, like Gecko) Chrome/148.0.7778.96 Mobile Safari/537.36 (compatible; AdsBot-Google-Mobile; +http://www.google.com/mobile/adsbot.html)"
66.249.89.135 - - [19/Jun/2026:14:17:22 +0200] "GET /wp-content/uploads/elementor/css/post-17367.css?ver=1781797750 HTTP/1.1" 200 2162 "https://parma.elettroservicegroup.it/assistenza-whirlpool-fidenza/" "AdsBot-Google (+http://www.google.com/adsbot.html)"
66.249.89.135 - - [19/Jun/2026:14:17:22 +0200] "GET /wp-content/uploads/burst/js/burst.min.js?ver=1781863089 HTTP/1.1" 200 3401 "https://parma.elettroservicegroup.it/assistenza-whirlpool-fidenza/" "AdsBot-Google (+http://www.google.com/adsbot.html)"
65.108.235.243 - - [19/Jun/2026:14:17:29 +0200] "POST /wp-cron.php?doing_wp_cron=1781871449.9056100845336914062500 HTTP/1.1" 200 1 "-" "WordPress/7.0; https://parma.elettroservicegroup.it"
66.249.89.134 - - [19/Jun/2026:14:17:23 +0200] "GET /wp-json/complianz/v1/banner?lang=it&locale=it_IT&token=ywpcn HTTP/1.1" 200 81 "https://parma.elettroservicegroup.it/assistenza-whirlpool-fidenza/" "AdsBot-Google (+http://www.google.com/adsbot.html)"
65.108.235.243 - - [19/Jun/2026:14:30:13 +0200] "POST /wp-cron.php?doing_wp_cron=1781872213.7959620952606201171875 HTTP/1.1" 200 1 "-" "WordPress/7.0; https://parma.elettroservicegroup.it"
40.77.167.74 - - [19/Jun/2026:14:30:09 +0200] "GET /sitemap.xml HTTP/2.0" 200 313 "-" "Mozilla/5.0 AppleWebKit/537.36 (KHTML, like Gecko; compatible; bingbot/2.0; +http://www.bing.com/bingbot.htm) Chrome/116.0.1938.76 Safari/537.36"
202.141.33.12 - - [19/Jun/2026:14:40:17 +0200] "GET /privacy-statement-eu/ HTTP/1.1" 200 20293 "-" "Mozilla/5.0 (X11; Linux i686; rv:1.9.7.20) Gecko/4852-10-04 16:02:44.131287 Firefox/5.0"
47.35.135.37 - - [19/Jun/2026:14:40:17 +0200] "GET / HTTP/1.1" 200 22283 "-" "Opera/8.67.(X11; Linux i686; pt-BR) Presto/2.9.187 Version/11.00"
65.108.235.243 - - [19/Jun/2026:14:48:33 +0200] "POST /wp-cron.php?doing_wp_cron=1781873313.6218390464782714843750 HTTP/1.1" 200 1 "-" "WordPress/7.0; https://parma.elettroservicegroup.it"
52.167.144.193 - - [19/Jun/2026:14:48:27 +0200] "GET /sitemap.rss HTTP/2.0" 200 1350 "-" "Mozilla/5.0 AppleWebKit/537.36 (KHTML, like Gecko; compatible; bingbot/2.0; +http://www.bing.com/bingbot.htm) Chrome/116.0.1938.76 Safari/537.36"
193.32.70.107 - - [19/Jun/2026:14:54:31 +0200] "GET /wp-content/uploads/2022/01/TECNIC-LAVATRICE-2-300x169.jpg HTTP/1.1" 200 12560 "https://parma.elettroservicegroup.it/assistenza-lavatrici-smeg-parma/" "Mozilla/5.0 (Windows NT 10.0; WOW64; rv:66.0.2) Gecko/20100101 Firefox/66.0.2"
14.186.80.255 - - [19/Jun/2026:14:54:40 +0200] "GET /wp-content/uploads/2022/01/washing-machine-2617514_1920-300x200.jpg HTTP/1.1" 200 6712 "https://google.com, https://parma.elettroservicegroup.it/assistenza-lavatrici-smeg-parma/" "Mozilla/5.0 (Macintosh; Intel Mac OS X 10_10_5) AppleWebKit/537.36 (KHTML, like Gecko) Chrome/65.0.3325.109 Safari/537.36"
65.108.235.243 - - [19/Jun/2026:15:18:45 +0200] "POST /wp-cron.php?doing_wp_cron=1781875124.9906289577484130859375 HTTP/1.1" 200 1 "-" "WordPress/7.0; https://parma.elettroservicegroup.it"
43.156.164.186 - - [19/Jun/2026:15:18:38 +0200] "GET /robots.txt HTTP/2.0" 200 104 "https://parma.elettroservicegroup.it/robots.txt" "Mozilla/5.0 (Macintosh; Intel Mac OS X 10_15_7) AppleWebKit/537.36 (KHTML, like Gecko) Chrome/131.0.0.0 Safari/537.36"
65.108.235.243 - - [19/Jun/2026:15:18:47 +0200] "POST /wp-json/complianz/v1/wsc-scan HTTP/1.1" 400 88 "-" "WordPress/7.0; https://parma.elettroservicegroup.it"
43.130.26.3 - - [19/Jun/2026:15:33:11 +0200] "GET / HTTP/1.1" 200 166287 "http://parma.elettroservicegroup.it" "Mozilla/5.0 (iPhone; CPU iPhone OS 13_2_3 like Mac OS X) AppleWebKit/605.1.15 (KHTML, like Gecko) Version/13.0.3 Mobile/15E148 Safari/604.1"
65.108.235.243 - - [19/Jun/2026:15:36:00 +0200] "POST /wp-cron.php?doing_wp_cron=1781876160.4990940093994140625000 HTTP/1.1" 200 1 "-" "WordPress/7.0; https://parma.elettroservicegroup.it"
52.167.144.231 - - [19/Jun/2026:15:35:55 +0200] "GET /sitemap.xml HTTP/2.0" 200 314 "-" "Mozilla/5.0 AppleWebKit/537.36 (KHTML, like Gecko; compatible; bingbot/2.0; +http://www.bing.com/bingbot.htm) Chrome/116.0.1938.76 Safari/537.36"
45.219.37.137 - - [19/Jun/2026:15:49:21 +0200] "GET /wp-content/uploads/2022/01/lavastoviglie2-2-300x200.jpg HTTP/1.1" 200 21049 "https://parma.elettroservicegroup.it/assistenza-lavastoviglie-bosch-parma/" "Mozilla/5.0 (X11; Linux x86_64; rv:66.0.3) Gecko/20100101 Firefox/66.0.3"
31.13.161.246 - - [19/Jun/2026:15:49:22 +0200] "GET /wp-content/uploads/2022/01/copertina-Riparazione_Lavastoviglie-1-4-300x200.jpg HTTP/1.1" 200 13797 "https://parma.elettroservicegroup.it/assistenza-lavastoviglie-bosch-parma/" "Mozilla/5.0 (Windows NT 10.0; WOW64; rv:52.2.0) Gecko/20100101 Firefox/52.2.0"
65.108.235.243 - - [19/Jun/2026:15:53:14 +0200] "POST /wp-cron.php?doing_wp_cron=1781877194.1099569797515869140625 HTTP/1.1" 200 1 "-" "WordPress/7.0; https://parma.elettroservicegroup.it"
66.249.64.71 - - [19/Jun/2026:15:53:11 +0200] "GET /robots.txt HTTP/1.1" 200 104 "-" "Mozilla/5.0 (compatible; Googlebot/2.1; +http://www.google.com/bot.html)"
66.249.89.135 - - [19/Jun/2026:15:53:14 +0200] "GET /assistenza-frigoriferi HTTP/1.1" 301 1 "-" "Mozilla/5.0 (Linux; Android 6.0.1; Nexus 5X Build/MMB29P) AppleWebKit/537.36 (KHTML, like Gecko) Chrome/148.0.7778.96 Mobile Safari/537.36 (compatible; AdsBot-Google-Mobile; +http://www.google.com/mobile/adsbot.html)"
66.249.89.135 - - [19/Jun/2026:15:53:15 +0200] "GET /assistenza-frigoriferi/ HTTP/1.1" 200 20798 "-" "Mozilla/5.0 (Linux; Android 6.0.1; Nexus 5X Build/MMB29P) AppleWebKit/537.36 (KHTML, like Gecko) Chrome/148.0.7778.96 Mobile Safari/537.36 (compatible; AdsBot-Google-Mobile; +http://www.google.com/mobile/adsbot.html)"
66.249.89.134 - - [19/Jun/2026:15:53:23 +0200] "GET /wp-content/uploads/elementor/google-fonts/fonts/robotoslab-bngmuxzytxpivibgjjsb6ufn5qu.woff2 HTTP/1.1" 200 34328 "https://parma.elettroservicegroup.it/wp-content/uploads/elementor/google-fonts/css/robotoslab.css?ver=1742280362" "AdsBot-Google (+http://www.google.com/adsbot.html)"
142.250.32.102 - - [19/Jun/2026:16:07:32 +0200] "GET /.well-known/traffic-advice HTTP/1.1" 404 17002 "-" "Chrome Privacy Preserving Prefetch Proxy"
65.108.235.243 - - [19/Jun/2026:16:07:36 +0200] "POST /wp-cron.php?doing_wp_cron=1781878056.1823298931121826171875 HTTP/1.1" 200 1 "-" "WordPress/7.0; https://parma.elettroservicegroup.it"
162.120.187.9 - - [19/Jun/2026:16:07:33 +0200] "GET /assistenza-condizionatori/ HTTP/2.0" 404 16968 "https://www.google.com/" "Mozilla/5.0 (Linux; Android 10; K) AppleWebKit/537.36 (KHTML, like Gecko) Chrome/149.0.0.0 Mobile Safari/537.36"
65.108.235.243 - - [19/Jun/2026:16:12:57 +0200] "POST /wp-cron.php?doing_wp_cron=1781878377.2565629482269287109375 HTTP/1.1" 200 1 "-" "WordPress/7.0; https://parma.elettroservicegroup.it"
40.77.167.60 - - [19/Jun/2026:16:12:55 +0200] "GET /sitemap.rss HTTP/2.0" 200 1348 "-" "Mozilla/5.0 AppleWebKit/537.36 (KHTML, like Gecko; compatible; bingbot/2.0; +http://www.bing.com/bingbot.htm) Chrome/116.0.1938.76 Safari/537.36"
65.108.235.243 - - [19/Jun/2026:16:18:12 +0200] "POST /wp-cron.php?doing_wp_cron=1781878692.1030650138854980468750 HTTP/1.1" 200 1 "-" "WordPress/7.0; https://parma.elettroservicegroup.it"
74.7.175.185 - - [19/Jun/2026:16:18:07 +0200] "GET /robots.txt HTTP/2.0" 301 1 "-" "Mozilla/5.0 (Macintosh; Intel Mac OS X 10_15_7) AppleWebKit/537.36 (KHTML, like Gecko) Chrome/131.0.0.0 Safari/537.36; compatible; OAI-SearchBot/1.4; robots.txt; +https://openai.com/searchbot"
74.7.175.185 - - [19/Jun/2026:16:18:13 +0200] "GET /robots.txt HTTP/2.0" 200 104 "https://www.parma.elettroservicegroup.it/robots.txt" "Mozilla/5.0 (Macintosh; Intel Mac OS X 10_15_7) AppleWebKit/537.36 (KHTML, like Gecko) Chrome/131.0.0.0 Safari/537.36; compatible; OAI-SearchBot/1.4; robots.txt; +https://openai.com/searchbot"
91.199.163.63 - - [19/Jun/2026:16:30:37 +0200] "POST / HTTP/1.1" 415 161085 "-" "Mozilla/5.0 Nxploited-UP/1.0"
65.108.235.243 - - [19/Jun/2026:16:30:39 +0200] "POST /wp-cron.php?doing_wp_cron=1781879439.2074449062347412109375 HTTP/1.1" 200 1 "-" "WordPress/7.0; https://parma.elettroservicegroup.it"
65.108.235.243 - - [19/Jun/2026:16:30:38 +0200] "POST /?wordfence_syncAttackData=1781879438.9018 HTTP/1.1" 200 1 "-" "WordPress/7.0; https://parma.elettroservicegroup.it"
91.199.163.63 - - [19/Jun/2026:16:30:38 +0200] "GET /wp-content/plugins/Nxploited_625ee7/readme.txt HTTP/1.1" 404 87947 "-" "Mozilla/5.0 Nxploited-UP/1.0"
91.199.163.63 - - [19/Jun/2026:16:30:40 +0200] "POST / HTTP/1.1" 415 161085 "-" "Mozilla/5.0 Nxploited-UP/1.0"
65.108.235.243 - - [19/Jun/2026:16:30:40 +0200] "POST /wp-json/complianz/v1/wsc-scan HTTP/1.1" 400 88 "-" "WordPress/7.0; https://parma.elettroservicegroup.it"
91.199.163.63 - - [19/Jun/2026:16:30:41 +0200] "GET /wp-content/plugins/Nxploited_625ee7/readme.txt HTTP/1.1" 404 87947 "-" "Mozilla/5.0 Nxploited-UP/1.0"
91.199.163.63 - - [19/Jun/2026:16:30:41 +0200] "POST / HTTP/1.1" 415 161085 "-" "Mozilla/5.0 Nxploited-UP/1.0"
91.199.163.63 - - [19/Jun/2026:16:30:42 +0200] "GET /wp-content/plugins/Nxploited_625ee7/readme.txt HTTP/1.1" 404 87947 "-" "Mozilla/5.0 Nxploited-UP/1.0"
91.199.163.63 - - [19/Jun/2026:16:30:42 +0200] "POST / HTTP/1.1" 415 161085 "-" "Mozilla/5.0 Nxploited-UP/1.0"
91.199.163.63 - - [19/Jun/2026:16:30:42 +0200] "GET /wp-content/plugins/Nxploited_625ee7/readme.txt HTTP/1.1" 404 87947 "-" "Mozilla/5.0 Nxploited-UP/1.0"
91.199.163.63 - - [19/Jun/2026:16:30:43 +0200] "POST / HTTP/1.1" 415 161085 "-" "Mozilla/5.0 Nxploited-UP/1.0"
91.199.163.63 - - [19/Jun/2026:16:30:43 +0200] "GET /wp-content/plugins/Nxploited_625ee7/readme.txt HTTP/1.1" 404 87947 "-" "Mozilla/5.0 Nxploited-UP/1.0"
91.199.163.63 - - [19/Jun/2026:16:30:43 +0200] "POST / HTTP/1.1" 415 161085 "-" "Mozilla/5.0 Nxploited-UP/1.0"
91.199.163.63 - - [19/Jun/2026:16:30:44 +0200] "GET /wp-content/plugins/Nxploited_625ee7/readme.txt HTTP/1.1" 404 87947 "-" "Mozilla/5.0 Nxploited-UP/1.0"
91.199.163.63 - - [19/Jun/2026:16:30:44 +0200] "POST / HTTP/1.1" 415 161085 "-" "Mozilla/5.0 Nxploited-UP/1.0"
91.199.163.63 - - [19/Jun/2026:16:30:44 +0200] "GET /wp-content/plugins/Nxploited_625ee7/readme.txt HTTP/1.1" 404 87947 "-" "Mozilla/5.0 Nxploited-UP/1.0"
91.199.163.63 - - [19/Jun/2026:16:30:45 +0200] "POST / HTTP/1.1" 415 161085 "-" "Mozilla/5.0 Nxploited-UP/1.0"
91.199.163.63 - - [19/Jun/2026:16:30:45 +0200] "GET /wp-content/plugins/Nxploited_625ee7/readme.txt HTTP/1.1" 404 87947 "-" "Mozilla/5.0 Nxploited-UP/1.0"
91.199.163.63 - - [19/Jun/2026:16:30:46 +0200] "POST / HTTP/1.1" 415 161085 "-" "Mozilla/5.0 Nxploited-UP/1.0"
91.199.163.63 - - [19/Jun/2026:16:30:46 +0200] "GET /wp-content/plugins/Nxploited_625ee7/readme.txt HTTP/1.1" 404 87947 "-" "Mozilla/5.0 Nxploited-UP/1.0"
91.199.163.63 - - [19/Jun/2026:16:30:46 +0200] "POST / HTTP/1.1" 415 161085 "-" "Mozilla/5.0 Nxploited-UP/1.0"
91.199.163.63 - - [19/Jun/2026:16:30:47 +0200] "GET /wp-content/plugins/Nxploited_625ee7/readme.txt HTTP/1.1" 404 87947 "-" "Mozilla/5.0 Nxploited-UP/1.0"
91.199.163.63 - - [19/Jun/2026:16:30:47 +0200] "POST / HTTP/1.1" 415 161085 "-" "Mozilla/5.0 Nxploited-UP/1.0"
91.199.163.63 - - [19/Jun/2026:16:30:47 +0200] "GET /wp-content/plugins/Nxploited_625ee7/readme.txt HTTP/1.1" 404 87947 "-" "Mozilla/5.0 Nxploited-UP/1.0"
91.199.163.63 - - [19/Jun/2026:16:30:48 +0200] "POST / HTTP/1.1" 415 161085 "-" "Mozilla/5.0 Nxploited-UP/1.0"
65.108.235.243 - - [19/Jun/2026:16:30:48 +0200] "POST /?wordfence_syncAttackData=1781879448.6279 HTTP/1.1" 200 1 "-" "WordPress/7.0; https://parma.elettroservicegroup.it"
91.199.163.63 - - [19/Jun/2026:16:30:48 +0200] "GET /wp-content/plugins/Nxploited_625ee7/readme.txt HTTP/1.1" 404 87947 "-" "Mozilla/5.0 Nxploited-UP/1.0"
91.199.163.63 - - [19/Jun/2026:16:30:49 +0200] "POST / HTTP/1.1" 415 161085 "-" "Mozilla/5.0 Nxploited-UP/1.0"
91.199.163.63 - - [19/Jun/2026:16:30:49 +0200] "GET /wp-content/plugins/Nxploited_625ee7/readme.txt HTTP/1.1" 404 87947 "-" "Mozilla/5.0 Nxploited-UP/1.0"
91.199.163.63 - - [19/Jun/2026:16:30:49 +0200] "POST / HTTP/1.1" 415 161085 "-" "Mozilla/5.0 Nxploited-UP/1.0"
65.108.235.243 - - [19/Jun/2026:16:30:50 +0200] "POST /wp-cron.php?doing_wp_cron=1781879450.4135930538177490234375 HTTP/1.1" 200 1 "-" "WordPress/7.0; https://parma.elettroservicegroup.it"
91.199.163.63 - - [19/Jun/2026:16:30:50 +0200] "GET /wp-content/plugins/Nxploited_625ee7/readme.txt HTTP/1.1" 404 87947 "-" "Mozilla/5.0 Nxploited-UP/1.0"
91.199.163.63 - - [19/Jun/2026:16:30:50 +0200] "POST / HTTP/1.1" 415 161085 "-" "Mozilla/5.0 Nxploited-UP/1.0"
91.199.163.63 - - [19/Jun/2026:16:30:50 +0200] "GET /wp-content/plugins/Nxploited_625ee7/readme.txt HTTP/1.1" 404 87947 "-" "Mozilla/5.0 Nxploited-UP/1.0"
91.199.163.63 - - [19/Jun/2026:16:30:51 +0200] "POST / HTTP/1.1" 415 161085 "-" "Mozilla/5.0 Nxploited-UP/1.0"
91.199.163.63 - - [19/Jun/2026:16:30:51 +0200] "GET /wp-content/plugins/Nxploited_625ee7/readme.txt HTTP/1.1" 404 87947 "-" "Mozilla/5.0 Nxploited-UP/1.0"
91.199.163.63 - - [19/Jun/2026:16:30:52 +0200] "POST / HTTP/1.1" 415 161085 "-" "Mozilla/5.0 Nxploited-UP/1.0"
91.199.163.63 - - [19/Jun/2026:16:30:52 +0200] "GET /wp-content/plugins/Nxploited_625ee7/readme.txt HTTP/1.1" 404 87947 "-" "Mozilla/5.0 Nxploited-UP/1.0"
91.199.163.63 - - [19/Jun/2026:16:30:52 +0200] "POST / HTTP/1.1" 415 161085 "-" "Mozilla/5.0 Nxploited-UP/1.0"
91.199.163.63 - - [19/Jun/2026:16:30:52 +0200] "GET /wp-content/plugins/Nxploited_625ee7/readme.txt HTTP/1.1" 404 87947 "-" "Mozilla/5.0 Nxploited-UP/1.0"
91.199.163.63 - - [19/Jun/2026:16:30:53 +0200] "POST / HTTP/1.1" 415 161085 "-" "Mozilla/5.0 Nxploited-UP/1.0"
91.199.163.63 - - [19/Jun/2026:16:30:53 +0200] "GET /wp-content/plugins/Nxploited_625ee7/readme.txt HTTP/1.1" 404 87947 "-" "Mozilla/5.0 Nxploited-UP/1.0"
91.199.163.63 - - [19/Jun/2026:16:30:54 +0200] "POST / HTTP/1.1" 415 161085 "-" "Mozilla/5.0 Nxploited-UP/1.0"
91.199.163.63 - - [19/Jun/2026:16:30:54 +0200] "GET /wp-content/plugins/Nxploited_625ee7/readme.txt HTTP/1.1" 404 87947 "-" "Mozilla/5.0 Nxploited-UP/1.0"
91.199.163.63 - - [19/Jun/2026:16:30:54 +0200] "POST / HTTP/1.1" 415 161085 "-" "Mozilla/5.0 Nxploited-UP/1.0"
91.199.163.63 - - [19/Jun/2026:16:30:55 +0200] "GET /wp-content/plugins/Nxploited_625ee7/readme.txt HTTP/1.1" 404 87947 "-" "Mozilla/5.0 Nxploited-UP/1.0"
91.199.163.63 - - [19/Jun/2026:16:30:56 +0200] "GET /wp-content/plugins/Nxploited_625ee7/readme.txt HTTP/1.1" 404 87947 "-" "Mozilla/5.0 Nxploited-UP/1.0"
91.199.163.63 - - [19/Jun/2026:16:30:56 +0200] "GET / HTTP/1.1" 415 161085 "-" "Mozilla/5.0 Nxploited-UP/1.0"
65.108.235.243 - - [19/Jun/2026:16:30:57 +0200] "POST /?wordfence_syncAttackData=1781879457.0519 HTTP/1.1" 200 1 "-" "WordPress/7.0; https://parma.elettroservicegroup.it"
91.199.163.63 - - [19/Jun/2026:16:30:57 +0200] "GET / HTTP/1.1" 415 161085 "-" "Mozilla/5.0 Nxploited-UP/1.0"
91.199.163.63 - - [19/Jun/2026:16:30:58 +0200] "GET / HTTP/1.1" 415 161085 "-" "Mozilla/5.0 Nxploited-UP/1.0"
91.199.163.63 - - [19/Jun/2026:16:30:59 +0200] "GET / HTTP/1.1" 415 161085 "-" "Mozilla/5.0 Nxploited-UP/1.0"
91.199.163.63 - - [19/Jun/2026:16:31:00 +0200] "GET / HTTP/1.1" 415 161085 "-" "Mozilla/5.0 Nxploited-UP/1.0"
91.199.163.63 - - [19/Jun/2026:16:31:01 +0200] "GET / HTTP/1.1" 415 161085 "-" "Mozilla/5.0 Nxploited-UP/1.0"
91.199.163.63 - - [19/Jun/2026:16:31:02 +0200] "GET / HTTP/1.1" 415 161085 "-" "Mozilla/5.0 Nxploited-UP/1.0"
91.199.163.63 - - [19/Jun/2026:16:31:03 +0200] "GET / HTTP/1.1" 415 161085 "-" "Mozilla/5.0 Nxploited-UP/1.0"
91.199.163.63 - - [19/Jun/2026:16:31:04 +0200] "GET / HTTP/1.1" 415 161085 "-" "Mozilla/5.0 Nxploited-UP/1.0"
91.199.163.63 - - [19/Jun/2026:16:31:06 +0200] "GET / HTTP/1.1" 415 161085 "-" "Mozilla/5.0 Nxploited-UP/1.0"
65.108.235.243 - - [19/Jun/2026:16:31:07 +0200] "POST /?wordfence_syncAttackData=1781879467.4077 HTTP/1.1" 200 1 "-" "WordPress/7.0; https://parma.elettroservicegroup.it"
91.199.163.63 - - [19/Jun/2026:16:31:09 +0200] "GET / HTTP/1.1" 415 161085 "-" "Mozilla/5.0 Nxploited-UP/1.0"
91.199.163.63 - - [19/Jun/2026:16:31:12 +0200] "GET / HTTP/1.1" 415 161085 "-" "Mozilla/5.0 Nxploited-UP/1.0"
91.199.163.63 - - [19/Jun/2026:16:31:15 +0200] "GET / HTTP/1.1" 415 161085 "-" "Mozilla/5.0 Nxploited-UP/1.0"
65.108.235.243 - - [19/Jun/2026:16:31:17 +0200] "POST /?wordfence_syncAttackData=1781879477.089 HTTP/1.1" 200 1 "-" "WordPress/7.0; https://parma.elettroservicegroup.it"
91.199.163.63 - - [19/Jun/2026:16:31:19 +0200] "GET / HTTP/1.1" 415 161085 "-" "Mozilla/5.0 Nxploited-UP/1.0"
91.199.163.63 - - [19/Jun/2026:16:31:22 +0200] "GET / HTTP/1.1" 415 161085 "-" "Mozilla/5.0 Nxploited-UP/1.0"
91.199.163.63 - - [19/Jun/2026:16:31:25 +0200] "GET / HTTP/1.1" 415 161085 "-" "Mozilla/5.0 Nxploited-UP/1.0"
65.108.235.243 - - [19/Jun/2026:16:31:26 +0200] "POST /?wordfence_syncAttackData=1781879486.4404 HTTP/1.1" 200 1 "-" "WordPress/7.0; https://parma.elettroservicegroup.it"
91.199.163.63 - - [19/Jun/2026:16:31:27 +0200] "GET / HTTP/1.1" 415 161085 "-" "Mozilla/5.0 Nxploited-UP/1.0"
91.199.163.63 - - [19/Jun/2026:16:31:29 +0200] "GET / HTTP/1.1" 415 161085 "-" "Mozilla/5.0 Nxploited-UP/1.0"
91.199.163.63 - - [19/Jun/2026:16:31:30 +0200] "GET / HTTP/1.1" 415 161085 "-" "Mozilla/5.0 Nxploited-UP/1.0"
91.199.163.63 - - [19/Jun/2026:16:31:31 +0200] "GET / HTTP/1.1" 415 161085 "-" "Mozilla/5.0 Nxploited-UP/1.0"
91.199.163.63 - - [19/Jun/2026:16:31:32 +0200] "GET / HTTP/1.1" 415 161085 "-" "Mozilla/5.0 Nxploited-UP/1.0"
65.108.235.243 - - [19/Jun/2026:16:31:43 +0200] "POST /wp-cron.php?doing_wp_cron=1781879503.3986918926239013671875 HTTP/1.1" 200 1 "-" "WordPress/7.0; https://parma.elettroservicegroup.it"
65.108.235.243 - - [19/Jun/2026:16:31:43 +0200] "POST /?wordfence_syncAttackData=1781879503.176 HTTP/1.1" 200 1 "-" "WordPress/7.0; https://parma.elettroservicegroup.it"
74.7.243.245 - - [19/Jun/2026:16:31:43 +0200] "GET /sitemap.rss HTTP/2.0" 415 1348 "-" "Mozilla/5.0 AppleWebKit/537.36 (KHTML, like Gecko; compatible; GPTBot/1.4; +https://openai.com/gptbot)"
65.108.235.243 - - [19/Jun/2026:16:31:43 +0200] "POST /?wordfence_syncAttackData=1781879503.2188 HTTP/1.1" 200 22526 "-" "WordPress/7.0; https://parma.elettroservicegroup.it"
65.108.235.243 - - [19/Jun/2026:16:31:45 +0200] "POST /wp-cron.php?doing_wp_cron=1781879504.9975678920745849609375 HTTP/1.1" 200 1 "-" "WordPress/7.0; https://parma.elettroservicegroup.it"
74.7.241.180 - - [19/Jun/2026:16:31:43 +0200] "GET /robots.txt HTTP/2.0" 200 104 "-" "Mozilla/5.0 (Macintosh; Intel Mac OS X 10_15_7) AppleWebKit/537.36 (KHTML, like Gecko) Chrome/131.0.0.0 Safari/537.36; compatible; OAI-SearchBot/1.4; robots.txt; +https://openai.com/searchbot"
65.108.235.243 - - [19/Jun/2026:16:45:59 +0200] "POST /wp-cron.php?doing_wp_cron=1781880359.8400859832763671875000 HTTP/1.1" 200 1 "-" "WordPress/7.0; https://parma.elettroservicegroup.it"
74.7.243.245 - - [19/Jun/2026:16:45:58 +0200] "GET /sitemap.xml HTTP/2.0" 415 313 "-" "Mozilla/5.0 AppleWebKit/537.36 (KHTML, like Gecko; compatible; GPTBot/1.4; +https://openai.com/gptbot)"
65.108.235.243 - - [19/Jun/2026:16:57:22 +0200] "POST /wp-cron.php?doing_wp_cron=1781881042.3325850963592529296875 HTTP/1.1" 200 1 "-" "WordPress/7.0; https://parma.elettroservicegroup.it"
66.249.89.135 - - [19/Jun/2026:16:57:19 +0200] "GET /assistenza-candy-parma/ HTTP/1.1" 200 22740 "-" "Mozilla/5.0 (Linux; Android 6.0.1; Nexus 5X Build/MMB29P) AppleWebKit/537.36 (KHTML, like Gecko) Chrome/148.0.7778.96 Mobile Safari/537.36 (compatible; AdsBot-Google-Mobile; +http://www.google.com/mobile/adsbot.html)"
66.249.89.133 - - [19/Jun/2026:16:57:28 +0200] "GET /assistenza-lavatrici-parma/ HTTP/1.1" 200 22746 "-" "Mozilla/5.0 (Linux; Android 6.0.1; Nexus 5X Build/MMB29P) AppleWebKit/537.36 (KHTML, like Gecko) Chrome/148.0.7778.96 Mobile Safari/537.36 (compatible; AdsBot-Google-Mobile; +http://www.google.com/mobile/adsbot.html)"
66.249.89.134 - - [19/Jun/2026:16:57:30 +0200] "GET /wp-content/uploads/elementor/css/post-17314.css?ver=1781856452 HTTP/1.1" 200 2271 "https://parma.elettroservicegroup.it/assistenza-lavatrici-parma/" "AdsBot-Google (+http://www.google.com/adsbot.html)"
65.108.235.243 - - [19/Jun/2026:16:59:13 +0200] "POST /wp-cron.php?doing_wp_cron=1781881153.4232790470123291015625 HTTP/1.1" 200 1 "-" "WordPress/7.0; https://parma.elettroservicegroup.it"
66.249.89.133 - - [19/Jun/2026:16:59:10 +0200] "GET /assistenza-whirlpool-parma/ HTTP/1.1" 200 22893 "-" "Mozilla/5.0 (Linux; Android 6.0.1; Nexus 5X Build/MMB29P) AppleWebKit/537.36 (KHTML, like Gecko) Chrome/148.0.7778.96 Mobile Safari/537.36 (compatible; AdsBot-Google-Mobile; +http://www.google.com/mobile/adsbot.html)"
66.249.89.134 - - [19/Jun/2026:16:59:16 +0200] "GET /wp-content/uploads/elementor/css/post-17366.css?ver=1781881153 HTTP/1.1" 200 2160 "https://parma.elettroservicegroup.it/assistenza-whirlpool-parma/" "AdsBot-Google (+http://www.google.com/adsbot.html)"
65.108.235.243 - - [19/Jun/2026:16:59:55 +0200] "POST /wp-cron.php?doing_wp_cron=1781881195.4213659763336181640625 HTTP/1.1" 200 1 "-" "WordPress/7.0; https://parma.elettroservicegroup.it"
66.249.89.133 - - [19/Jun/2026:16:59:53 +0200] "GET /termini-e-condizioni/ HTTP/1.1" 200 18302 "-" "Mozilla/5.0 (Linux; Android 6.0.1; Nexus 5X Build/MMB29P) AppleWebKit/537.36 (KHTML, like Gecko) Chrome/148.0.7778.96 Mobile Safari/537.36 (compatible; AdsBot-Google-Mobile; +http://www.google.com/mobile/adsbot.html)"
66.249.89.133 - - [19/Jun/2026:16:59:57 +0200] "GET /wp-content/uploads/elementor/css/post-15689.css?ver=1781841199 HTTP/1.1" 200 175 "https://parma.elettroservicegroup.it/termini-e-condizioni/" "AdsBot-Google (+http://www.google.com/adsbot.html)"
66.249.89.133 - - [19/Jun/2026:16:59:57 +0200] "GET /wp-content/uploads/elementor/google-fonts/fonts/robotoslab-bngmuxzytxpivibgjjsb6ufn5qu.woff2 HTTP/1.1" 304 - "https://parma.elettroservicegroup.it/wp-content/uploads/elementor/google-fonts/css/robotoslab.css?ver=1742280362" "AdsBot-Google (+http://www.google.com/adsbot.html)"
66.249.89.134 - - [19/Jun/2026:17:00:02 +0200] "GET /assistenza-lavastoviglie/ HTTP/1.1" 200 20742 "-" "Mozilla/5.0 (Linux; Android 6.0.1; Nexus 5X Build/MMB29P) AppleWebKit/537.36 (KHTML, like Gecko) Chrome/148.0.7778.96 Mobile Safari/537.36 (compatible; AdsBot-Google-Mobile; +http://www.google.com/mobile/adsbot.html)"
65.108.235.243 - - [19/Jun/2026:17:01:13 +0200] "POST /wp-cron.php?doing_wp_cron=1781881273.0883469581604003906250 HTTP/1.1" 200 1 "-" "WordPress/7.0; https://parma.elettroservicegroup.it"
176.65.139.236 - - [19/Jun/2026:17:01:03 +0200] "GET /.env HTTP/1.1" 301 - "-" "Mozilla/5.0 (Windows NT 10.0; Win64; x64) AppleWebKit/537.36 (KHTML, like Gecko) Chrome/147.0.0.0 Safari/537.36"
176.65.139.232 - - [19/Jun/2026:17:01:13 +0200] "GET /.env HTTP/1.1" 404 87677 "-" "Mozilla/5.0 (Windows NT 10.0; Win64; x64) AppleWebKit/537.36 (KHTML, like Gecko) Chrome/147.0.0.0 Safari/537.36"
66.249.89.133 - - [19/Jun/2026:17:05:51 +0200] "GET /wp-content/uploads/elementor/css/post-14366.css?ver=1781795653 HTTP/1.1" 200 302 "https://parma.elettroservicegroup.it/assistenza-lavastoviglie/" "AdsBot-Google (+http://www.google.com/adsbot.html)"
66.249.89.135 - - [19/Jun/2026:17:05:51 +0200] "GET /wp-content/uploads/elementor/css/post-14146.css?ver=1781795651 HTTP/1.1" 200 428 "https://parma.elettroservicegroup.it/assistenza-lavastoviglie/" "AdsBot-Google (+http://www.google.com/adsbot.html)"
66.249.89.133 - - [19/Jun/2026:17:05:51 +0200] "GET /wp-content/plugins/elementor/assets/lib/animations/styles/zoomIn.min.css?ver=4.1.3 HTTP/1.1" 200 87 "https://parma.elettroservicegroup.it/assistenza-lavastoviglie/" "AdsBot-Google (+http://www.google.com/adsbot.html)"
66.249.89.135 - - [19/Jun/2026:17:05:51 +0200] "GET /wp-content/plugins/elementor/assets/css/widget-social-icons.min.css?ver=3.24.0 HTTP/1.1" 200 1039 "https://parma.elettroservicegroup.it/assistenza-lavastoviglie/" "AdsBot-Google (+http://www.google.com/adsbot.html)"
66.249.89.134 - - [19/Jun/2026:17:05:51 +0200] "GET /wp-content/uploads/elementor/css/post-15286.css?ver=1781853123 HTTP/1.1" 200 1977 "https://parma.elettroservicegroup.it/assistenza-lavastoviglie/" "AdsBot-Google (+http://www.google.com/adsbot.html)"
66.249.89.133 - - [19/Jun/2026:17:05:51 +0200] "GET /wp-content/plugins/elementor/assets/lib/font-awesome/js/v4-shims.min.js?ver=4.1.3 HTTP/1.1" 200 4043 "https://parma.elettroservicegroup.it/assistenza-lavastoviglie/" "AdsBot-Google (+http://www.google.com/adsbot.html)"
66.249.89.134 - - [19/Jun/2026:17:05:51 +0200] "GET /wp-content/plugins/complianz-gdpr-premium/assets/css/cookieblocker.min.css?ver=1781535761 HTTP/1.1" 200 615 "https://parma.elettroservicegroup.it/assistenza-lavastoviglie/" "AdsBot-Google (+http://www.google.com/adsbot.html)"
66.249.89.133 - - [19/Jun/2026:17:05:52 +0200] "GET /wp-content/plugins/elementor/assets/css/widget-heading.min.css?ver=4.1.3 HTTP/1.1" 200 127 "https://parma.elettroservicegroup.it/assistenza-lavastoviglie/" "AdsBot-Google (+http://www.google.com/adsbot.html)"
66.249.89.133 - - [19/Jun/2026:17:05:52 +0200] "GET /wp-content/plugins/elementor/assets/lib/font-awesome/css/regular.min.css?ver=5.15.3 HTTP/1.1" 200 282 "https://parma.elettroservicegroup.it/assistenza-lavastoviglie/" "AdsBot-Google (+http://www.google.com/adsbot.html)"
66.249.89.134 - - [19/Jun/2026:17:05:52 +0200] "GET /wp-includes/js/jquery/jquery-migrate.min.js?ver=3.4.1 HTTP/1.1" 200 4685 "https://parma.elettroservicegroup.it/assistenza-lavastoviglie/" "AdsBot-Google (+http://www.google.com/adsbot.html)"
66.249.89.134 - - [19/Jun/2026:17:05:53 +0200] "GET /wp-content/plugins/elementor/assets/lib/eicons/css/elementor-icons.min.css?ver=5.49.0 HTTP/1.1" 200 4115 "https://parma.elettroservicegroup.it/assistenza-lavastoviglie/" "AdsBot-Google (+http://www.google.com/adsbot.html)"
66.249.89.135 - - [19/Jun/2026:17:05:53 +0200] "GET /wp-content/themes/generatepress/assets/css/main.min.css?ver=3.6.1 HTTP/1.1" 200 4410 "https://parma.elettroservicegroup.it/assistenza-lavastoviglie/" "AdsBot-Google (+http://www.google.com/adsbot.html)"
66.249.89.134 - - [19/Jun/2026:17:05:54 +0200] "GET /wp-content/plugins/all-in-one-seo-pack/dist/Lite/assets/css/table-of-contents/global.e90f6d47.css?ver=4.9.8 HTTP/1.1" 200 420 "https://parma.elettroservicegroup.it/assistenza-lavastoviglie/" "AdsBot-Google (+http://www.google.com/adsbot.html)"
66.249.89.135 - - [19/Jun/2026:17:05:54 +0200] "GET /wp-content/plugins/header-footer-elementor/inc/widgets-css/frontend.css?ver=2.8.8 HTTP/1.1" 200 8711 "https://parma.elettroservicegroup.it/assistenza-lavastoviglie/" "AdsBot-Google (+http://www.google.com/adsbot.html)"
66.249.89.133 - - [19/Jun/2026:17:05:54 +0200] "GET /wp-content/plugins/elementor/assets/lib/eicons/css/elementor-icons.min.css?ver=5.34.0 HTTP/1.1" 200 4115 "https://parma.elettroservicegroup.it/assistenza-lavastoviglie/" "AdsBot-Google (+http://www.google.com/adsbot.html)"
66.249.89.135 - - [19/Jun/2026:17:05:55 +0200] "GET /wp-content/plugins/gp-premium/menu-plus/functions/js/sticky.min.js?ver=2.5.5 HTTP/1.1" 200 2670 "https://parma.elettroservicegroup.it/assistenza-lavastoviglie/" "AdsBot-Google (+http://www.google.com/adsbot.html)"
66.249.89.133 - - [19/Jun/2026:17:05:55 +0200] "GET /wp-content/plugins/elementor/assets/lib/font-awesome/css/v4-shims.min.css?ver=4.1.3 HTTP/1.1" 200 3986 "https://parma.elettroservicegroup.it/assistenza-lavastoviglie/" "AdsBot-Google (+http://www.google.com/adsbot.html)"
66.249.89.133 - - [19/Jun/2026:17:05:55 +0200] "GET /wp-content/uploads/elementor/google-fonts/css/roboto.css?ver=1742280360 HTTP/1.1" 200 1880 "https://parma.elettroservicegroup.it/assistenza-lavastoviglie/" "AdsBot-Google (+http://www.google.com/adsbot.html)"
66.249.89.134 - - [19/Jun/2026:17:05:56 +0200] "GET /wp-content/plugins/elementor/assets/lib/font-awesome/css/fontawesome.min.css?ver=5.15.3 HTTP/1.1" 200 12179 "https://parma.elettroservicegroup.it/assistenza-lavastoviglie/" "AdsBot-Google (+http://www.google.com/adsbot.html)"
66.249.89.133 - - [19/Jun/2026:17:05:56 +0200] "GET /wp-content/plugins/elementor/assets/lib/font-awesome/css/brands.css?ver=5.15.3 HTTP/1.1" 200 298 "https://parma.elettroservicegroup.it/assistenza-lavastoviglie/" "AdsBot-Google (+http://www.google.com/adsbot.html)"
66.249.89.133 - - [19/Jun/2026:17:05:56 +0200] "GET /wp-content/plugins/gp-premium/menu-plus/functions/css/navigation-branding-flex.min.css?ver=2.5.5 HTTP/1.1" 200 542 "https://parma.elettroservicegroup.it/assistenza-lavastoviglie/" "AdsBot-Google (+http://www.google.com/adsbot.html)"
66.249.89.134 - - [19/Jun/2026:17:05:57 +0200] "GET /wp-content/plugins/elementor/assets/css/widget-icon-list.min.css?ver=3.24.3 HTTP/1.1" 200 928 "https://parma.elettroservicegroup.it/assistenza-lavastoviglie/" "AdsBot-Google (+http://www.google.com/adsbot.html)"
66.249.89.133 - - [19/Jun/2026:17:05:57 +0200] "GET /wp-content/plugins/header-footer-elementor/assets/css/header-footer-elementor.css?ver=2.8.8 HTTP/1.1" 200 260 "https://parma.elettroservicegroup.it/assistenza-lavastoviglie/" "AdsBot-Google (+http://www.google.com/adsbot.html)"
66.249.89.134 - - [19/Jun/2026:17:05:58 +0200] "GET /wp-content/plugins/elementor/assets/css/widget-image.min.css?ver=4.1.3 HTTP/1.1" 200 96 "https://parma.elettroservicegroup.it/assistenza-lavastoviglie/" "AdsBot-Google (+http://www.google.com/adsbot.html)"
66.249.89.133 - - [19/Jun/2026:17:05:58 +0200] "GET /wp-content/plugins/elementor/assets/lib/font-awesome/css/solid.css?ver=5.15.3 HTTP/1.1" 200 299 "https://parma.elettroservicegroup.it/assistenza-lavastoviglie/" "AdsBot-Google (+http://www.google.com/adsbot.html)"
66.249.89.134 - - [19/Jun/2026:17:05:58 +0200] "GET /wp-content/plugins/elementor/assets/lib/font-awesome/css/solid.min.css?ver=5.15.3 HTTP/1.1" 200 286 "https://parma.elettroservicegroup.it/assistenza-lavastoviglie/" "AdsBot-Google (+http://www.google.com/adsbot.html)"
66.249.89.134 - - [19/Jun/2026:17:05:59 +0200] "GET /wp-content/plugins/elementor/assets/lib/font-awesome/css/all.min.css?ver=4.1.3 HTTP/1.1" 200 12402 "https://parma.elettroservicegroup.it/assistenza-lavastoviglie/" "AdsBot-Google (+http://www.google.com/adsbot.html)"
66.249.89.133 - - [19/Jun/2026:17:05:59 +0200] "GET /wp-content/plugins/elementor/assets/css/widget-spacer.min.css?ver=4.1.3 HTTP/1.1" 200 287 "https://parma.elettroservicegroup.it/assistenza-lavastoviglie/" "AdsBot-Google (+http://www.google.com/adsbot.html)"
66.249.89.133 - - [19/Jun/2026:17:05:59 +0200] "GET /wp-content/plugins/elementor/assets/js/webpack.runtime.min.js?ver=4.1.3 HTTP/1.1" 200 2340 "https://parma.elettroservicegroup.it/assistenza-lavastoviglie/" "AdsBot-Google (+http://www.google.com/adsbot.html)"
66.249.89.133 - - [19/Jun/2026:17:05:59 +0200] "GET /wp-content/plugins/elementor/assets/lib/animations/styles/bounceIn.min.css?ver=4.1.3 HTTP/1.1" 200 186 "https://parma.elettroservicegroup.it/assistenza-lavastoviglie/" "AdsBot-Google (+http://www.google.com/adsbot.html)"
66.249.89.133 - - [19/Jun/2026:17:06:00 +0200] "GET /wp-content/plugins/elementor/assets/lib/font-awesome/css/fontawesome.css?ver=5.15.3 HTTP/1.1" 200 12535 "https://parma.elettroservicegroup.it/assistenza-lavastoviglie/" "AdsBot-Google (+http://www.google.com/adsbot.html)"
66.249.89.133 - - [19/Jun/2026:17:06:00 +0200] "GET /wp-content/plugins/elementor/assets/css/frontend.min.css?ver=4.1.3 HTTP/1.1" 200 6618 "https://parma.elettroservicegroup.it/assistenza-lavastoviglie/" "AdsBot-Google (+http://www.google.com/adsbot.html)"
66.249.89.133 - - [19/Jun/2026:17:06:00 +0200] "GET /wp-content/uploads/elementor/google-fonts/css/robotoslab.css?ver=1742280362 HTTP/1.1" 200 715 "https://parma.elettroservicegroup.it/assistenza-lavastoviglie/" "AdsBot-Google (+http://www.google.com/adsbot.html)"
66.249.89.133 - - [19/Jun/2026:17:06:01 +0200] "GET /wp-includes/js/jquery/jquery.min.js?ver=3.7.1 HTTP/1.1" 200 29769 "https://parma.elettroservicegroup.it/assistenza-lavastoviglie/" "AdsBot-Google (+http://www.google.com/adsbot.html)"
66.249.89.133 - - [19/Jun/2026:17:06:01 +0200] "GET /wp-content/plugins/elementor/assets/js/frontend-modules.min.js?ver=4.1.3 HTTP/1.1" 200 15454 "https://parma.elettroservicegroup.it/assistenza-lavastoviglie/" "AdsBot-Google (+http://www.google.com/adsbot.html)"
66.249.89.133 - - [19/Jun/2026:17:06:01 +0200] "GET /wp-includes/js/jquery/ui/core.min.js?ver=1.13.3 HTTP/1.1" 200 6820 "https://parma.elettroservicegroup.it/assistenza-lavastoviglie/" "AdsBot-Google (+http://www.google.com/adsbot.html)"
66.249.89.133 - - [19/Jun/2026:17:06:02 +0200] "GET /wp-content/plugins/elementor/assets/js/frontend.min.js?ver=4.1.3 HTTP/1.1" 200 10140 "https://parma.elettroservicegroup.it/assistenza-lavastoviglie/" "AdsBot-Google (+http://www.google.com/adsbot.html)"
66.249.89.133 - - [19/Jun/2026:17:06:02 +0200] "GET /wp-content/themes/generatepress/assets/js/menu.min.js?ver=3.6.1 HTTP/1.1" 200 1688 "https://parma.elettroservicegroup.it/assistenza-lavastoviglie/" "AdsBot-Google (+http://www.google.com/adsbot.html)"
66.249.89.133 - - [19/Jun/2026:17:06:02 +0200] "GET /wp-content/themes/generatepress/assets/js/back-to-top.min.js?ver=3.6.1 HTTP/1.1" 200 336 "https://parma.elettroservicegroup.it/assistenza-lavastoviglie/" "AdsBot-Google (+http://www.google.com/adsbot.html)"
66.249.89.133 - - [19/Jun/2026:17:06:03 +0200] "GET /wp-content/plugins/burst-statistics/assets/js/timeme/timeme.min.js?ver=1781795646 HTTP/1.1" 200 1835 "https://parma.elettroservicegroup.it/assistenza-lavastoviglie/" "AdsBot-Google (+http://www.google.com/adsbot.html)"
66.249.89.133 - - [19/Jun/2026:17:06:03 +0200] "GET /wp-content/uploads/burst/js/burst.min.js?ver=1781863089 HTTP/1.1" 200 3401 "https://parma.elettroservicegroup.it/assistenza-lavastoviglie/" "AdsBot-Google (+http://www.google.com/adsbot.html)"
66.249.89.133 - - [19/Jun/2026:17:06:03 +0200] "GET /wp-content/plugins/complianz-gdpr-premium/cookiebanner/js/complianz.min.js?ver=1781535760 HTTP/1.1" 200 10762 "https://parma.elettroservicegroup.it/assistenza-lavastoviglie/" "AdsBot-Google (+http://www.google.com/adsbot.html)"
66.249.89.133 - - [19/Jun/2026:17:06:05 +0200] "GET /wp-content/plugins/elementor/assets/lib/font-awesome/webfonts/fa-regular-400.woff2 HTTP/1.1" 200 13277 "https://parma.elettroservicegroup.it/wp-content/plugins/elementor/assets/lib/font-awesome/css/all.min.css?ver=4.1.3" "AdsBot-Google (+http://www.google.com/adsbot.html)"
66.249.89.133 - - [19/Jun/2026:17:06:05 +0200] "GET /wp-content/uploads/elementor/google-fonts/fonts/roboto-kfo7cnqeu92fr1me7ksn66agldtyluama3yuba.woff2 HTTP/1.1" 304 - "https://parma.elettroservicegroup.it/wp-content/uploads/elementor/google-fonts/css/roboto.css?ver=1742280360" "AdsBot-Google (+http://www.google.com/adsbot.html)"
66.249.89.133 - - [19/Jun/2026:17:06:05 +0200] "GET /wp-content/plugins/elementor/assets/lib/font-awesome/webfonts/fa-solid-900.woff2 HTTP/1.1" 200 78201 "https://parma.elettroservicegroup.it/wp-content/plugins/elementor/assets/lib/font-awesome/css/all.min.css?ver=4.1.3" "AdsBot-Google (+http://www.google.com/adsbot.html)"
65.108.235.243 - - [19/Jun/2026:17:06:05 +0200] "POST /wp-cron.php?doing_wp_cron=1781881565.9310278892517089843750 HTTP/1.1" 200 1 "-" "WordPress/7.0; https://parma.elettroservicegroup.it"
66.249.89.133 - - [19/Jun/2026:17:06:04 +0200] "GET /wp-json/complianz/v1/banner?lang=it&locale=it_IT&token=elxap HTTP/1.1" 200 81 "https://parma.elettroservicegroup.it/assistenza-lavastoviglie/" "AdsBot-Google (+http://www.google.com/adsbot.html)"
66.249.89.133 - - [19/Jun/2026:17:06:06 +0200] "GET /wp-content/uploads/complianz/css/banner-1-optin.css?v=46 HTTP/1.1" 200 2857 "https://parma.elettroservicegroup.it/assistenza-lavastoviglie/" "AdsBot-Google (+http://www.google.com/adsbot.html)"
66.249.89.133 - - [19/Jun/2026:17:06:06 +0200] "GET /wp-json/complianz/v1/cookie_data HTTP/1.1" 200 81 "https://parma.elettroservicegroup.it/assistenza-lavastoviglie/" "AdsBot-Google (+http://www.google.com/adsbot.html)"
66.249.89.133 - - [19/Jun/2026:17:06:07 +0200] "GET /wp-content/plugins/elementor/assets/js/shared-frontend-handlers.03caa53373b56d3bab67.bundle.min.js HTTP/1.1" 200 2515 "https://parma.elettroservicegroup.it/assistenza-lavastoviglie/" "AdsBot-Google (+http://www.google.com/adsbot.html)"
66.249.89.133 - - [19/Jun/2026:17:06:07 +0200] "GET /wp-content/plugins/elementor/assets/js/section-frontend-handlers.d85ab872da118940910d.bundle.min.js HTTP/1.1" 200 230 "https://parma.elettroservicegroup.it/assistenza-lavastoviglie/" "AdsBot-Google (+http://www.google.com/adsbot.html)"
66.249.89.133 - - [19/Jun/2026:17:06:07 +0200] "GET /wp-content/plugins/elementor/assets/js/text-editor.45609661e409413f1cef.bundle.min.js HTTP/1.1" 200 592 "https://parma.elettroservicegroup.it/assistenza-lavastoviglie/" "AdsBot-Google (+http://www.google.com/adsbot.html)"
65.108.235.243 - - [19/Jun/2026:17:16:43 +0200] "POST /wp-cron.php?doing_wp_cron=1781882203.1147689819335937500000 HTTP/1.1" 200 1 "-" "WordPress/7.0; https://parma.elettroservicegroup.it"
157.55.39.11 - - [19/Jun/2026:17:16:40 +0200] "GET /assistenza-lavatrici-aeg-busseto/ HTTP/2.0" 200 22771 "-" "Mozilla/5.0 AppleWebKit/537.36 (KHTML, like Gecko; compatible; bingbot/2.0; +http://www.bing.com/bingbot.htm) Chrome/116.0.1938.76 Safari/537.36"
66.249.89.133 - - [19/Jun/2026:17:32:11 +0200] "GET /wp-content/uploads/elementor/css/post-17278.css?ver=1781856438 HTTP/1.1" 200 2143 "https://parma.elettroservicegroup.it/assistenza-candy-parma/" "AdsBot-Google (+http://www.google.com/adsbot.html)"
65.108.235.243 - - [19/Jun/2026:17:49:20 +0200] "POST /wp-cron.php?doing_wp_cron=1781884160.4787418842315673828125 HTTP/1.1" 200 1 "-" "WordPress/7.0; https://parma.elettroservicegroup.it"
216.73.217.38 - - [19/Jun/2026:17:49:18 +0200] "GET /robots.txt HTTP/2.0" 200 104 "-" "Mozilla/5.0 AppleWebKit/537.36 (KHTML, like Gecko; compatible; ClaudeBot/1.0; +claudebot@anthropic.com)"
216.73.217.38 - - [19/Jun/2026:17:49:20 +0200] "GET /?p=15286 HTTP/2.0" 301 1 "-" "Mozilla/5.0 AppleWebKit/537.36 (KHTML, like Gecko; compatible; ClaudeBot/1.0; +claudebot@anthropic.com)"
216.73.217.38 - - [19/Jun/2026:17:49:20 +0200] "GET /assistenza-lavastoviglie/ HTTP/2.0" 200 20624 "https://parma.elettroservicegroup.it/?p=15286" "Mozilla/5.0 AppleWebKit/537.36 (KHTML, like Gecko; compatible; ClaudeBot/1.0; +claudebot@anthropic.com)"
65.108.235.243 - - [19/Jun/2026:17:49:21 +0200] "POST /wp-json/complianz/v1/wsc-scan HTTP/1.1" 400 88 "-" "WordPress/7.0; https://parma.elettroservicegroup.it"
65.108.235.243 - - [19/Jun/2026:17:54:14 +0200] "POST /wp-cron.php?doing_wp_cron=1781884454.4026610851287841796875 HTTP/1.1" 200 1 "-" "WordPress/7.0; https://parma.elettroservicegroup.it"
93.88.37.220 - - [19/Jun/2026:17:54:06 +0200] "GET /assistenza-condizionatori/ HTTP/2.0" 404 16968 "https://www.google.com/" "Mozilla/5.0 (Linux; Android 10; K) AppleWebKit/537.36 (KHTML, like Gecko) Chrome/149.0.0.0 Mobile Safari/537.36"
93.88.37.220 - - [19/Jun/2026:17:54:14 +0200] "GET /wp-content/plugins/all-in-one-seo-pack/dist/Lite/assets/css/table-of-contents/global.e90f6d47.css?ver=4.9.8 HTTP/2.0" 200 420 "https://parma.elettroservicegroup.it/assistenza-condizionatori/" "Mozilla/5.0 (Linux; Android 10; K) AppleWebKit/537.36 (KHTML, like Gecko) Chrome/149.0.0.0 Mobile Safari/537.36"
93.88.37.220 - - [19/Jun/2026:17:54:14 +0200] "GET /wp-content/uploads/elementor/css/post-14146.css?ver=1781795651 HTTP/2.0" 200 428 "https://parma.elettroservicegroup.it/assistenza-condizionatori/" "Mozilla/5.0 (Linux; Android 10; K) AppleWebKit/537.36 (KHTML, like Gecko) Chrome/149.0.0.0 Mobile Safari/537.36"
93.88.37.220 - - [19/Jun/2026:17:54:14 +0200] "GET /wp-content/plugins/header-footer-elementor/assets/css/header-footer-elementor.css?ver=2.8.8 HTTP/2.0" 200 260 "https://parma.elettroservicegroup.it/assistenza-condizionatori/" "Mozilla/5.0 (Linux; Android 10; K) AppleWebKit/537.36 (KHTML, like Gecko) Chrome/149.0.0.0 Mobile Safari/537.36"
93.88.37.220 - - [19/Jun/2026:17:54:14 +0200] "GET /wp-content/plugins/complianz-gdpr-premium/assets/css/cookieblocker.min.css?ver=1781535761 HTTP/2.0" 200 615 "https://parma.elettroservicegroup.it/assistenza-condizionatori/" "Mozilla/5.0 (Linux; Android 10; K) AppleWebKit/537.36 (KHTML, like Gecko) Chrome/149.0.0.0 Mobile Safari/537.36"
93.88.37.220 - - [19/Jun/2026:17:54:14 +0200] "GET /wp-content/plugins/elementor/assets/lib/font-awesome/css/v4-shims.min.css?ver=4.1.3 HTTP/2.0" 200 3986 "https://parma.elettroservicegroup.it/assistenza-condizionatori/" "Mozilla/5.0 (Linux; Android 10; K) AppleWebKit/537.36 (KHTML, like Gecko) Chrome/149.0.0.0 Mobile Safari/537.36"
93.88.37.220 - - [19/Jun/2026:17:54:14 +0200] "GET /wp-content/plugins/elementor/assets/lib/eicons/css/elementor-icons.min.css?ver=5.49.0 HTTP/2.0" 200 4115 "https://parma.elettroservicegroup.it/assistenza-condizionatori/" "Mozilla/5.0 (Linux; Android 10; K) AppleWebKit/537.36 (KHTML, like Gecko) Chrome/149.0.0.0 Mobile Safari/537.36"
93.88.37.220 - - [19/Jun/2026:17:54:14 +0200] "GET /wp-content/plugins/elementor/assets/css/frontend.min.css?ver=4.1.3 HTTP/2.0" 200 6618 "https://parma.elettroservicegroup.it/assistenza-condizionatori/" "Mozilla/5.0 (Linux; Android 10; K) AppleWebKit/537.36 (KHTML, like Gecko) Chrome/149.0.0.0 Mobile Safari/537.36"
93.88.37.220 - - [19/Jun/2026:17:54:14 +0200] "GET /wp-content/plugins/header-footer-elementor/inc/widgets-css/frontend.css?ver=2.8.8 HTTP/2.0" 200 8711 "https://parma.elettroservicegroup.it/assistenza-condizionatori/" "Mozilla/5.0 (Linux; Android 10; K) AppleWebKit/537.36 (KHTML, like Gecko) Chrome/149.0.0.0 Mobile Safari/537.36"
93.88.37.220 - - [19/Jun/2026:17:54:14 +0200] "GET /wp-content/plugins/elementor/assets/lib/font-awesome/css/all.min.css?ver=4.1.3 HTTP/2.0" 200 12402 "https://parma.elettroservicegroup.it/assistenza-condizionatori/" "Mozilla/5.0 (Linux; Android 10; K) AppleWebKit/537.36 (KHTML, like Gecko) Chrome/149.0.0.0 Mobile Safari/537.36"
93.88.37.220 - - [19/Jun/2026:17:54:14 +0200] "GET /wp-includes/css/dist/block-library/style.min.css?ver=7.0 HTTP/2.0" 200 15998 "https://parma.elettroservicegroup.it/assistenza-condizionatori/" "Mozilla/5.0 (Linux; Android 10; K) AppleWebKit/537.36 (KHTML, like Gecko) Chrome/149.0.0.0 Mobile Safari/537.36"
93.88.37.220 - - [19/Jun/2026:17:54:14 +0200] "GET /wp-content/uploads/2021/10/cropped-cropped-cropped-logo_white_background.png HTTP/2.0" 200 38971 "https://parma.elettroservicegroup.it/assistenza-condizionatori/" "Mozilla/5.0 (Linux; Android 10; K) AppleWebKit/537.36 (KHTML, like Gecko) Chrome/149.0.0.0 Mobile Safari/537.36"
93.88.37.220 - - [19/Jun/2026:17:54:14 +0200] "GET /wp-content/uploads/elementor/css/post-14366.css?ver=1781795653 HTTP/2.0" 200 302 "https://parma.elettroservicegroup.it/assistenza-condizionatori/" "Mozilla/5.0 (Linux; Android 10; K) AppleWebKit/537.36 (KHTML, like Gecko) Chrome/149.0.0.0 Mobile Safari/537.36"
93.88.37.220 - - [19/Jun/2026:17:54:14 +0200] "GET /wp-content/plugins/elementor/assets/css/widget-social-icons.min.css?ver=3.24.0 HTTP/2.0" 200 1039 "https://parma.elettroservicegroup.it/assistenza-condizionatori/" "Mozilla/5.0 (Linux; Android 10; K) AppleWebKit/537.36 (KHTML, like Gecko) Chrome/149.0.0.0 Mobile Safari/537.36"
93.88.37.220 - - [19/Jun/2026:17:54:14 +0200] "GET /wp-content/plugins/elementor/assets/lib/font-awesome/css/brands.css?ver=5.15.3 HTTP/2.0" 200 298 "https://parma.elettroservicegroup.it/assistenza-condizionatori/" "Mozilla/5.0 (Linux; Android 10; K) AppleWebKit/537.36 (KHTML, like Gecko) Chrome/149.0.0.0 Mobile Safari/537.36"
93.88.37.220 - - [19/Jun/2026:17:54:14 +0200] "GET /wp-content/plugins/elementor/assets/lib/font-awesome/css/solid.css?ver=5.15.3 HTTP/2.0" 200 299 "https://parma.elettroservicegroup.it/assistenza-condizionatori/" "Mozilla/5.0 (Linux; Android 10; K) AppleWebKit/537.36 (KHTML, like Gecko) Chrome/149.0.0.0 Mobile Safari/537.36"
93.88.37.220 - - [19/Jun/2026:17:54:14 +0200] "GET /wp-content/plugins/gp-premium/blog/functions/css/featured-images.min.css?ver=2.5.5 HTTP/2.0" 200 423 "https://parma.elettroservicegroup.it/assistenza-condizionatori/" "Mozilla/5.0 (Linux; Android 10; K) AppleWebKit/537.36 (KHTML, like Gecko) Chrome/149.0.0.0 Mobile Safari/537.36"
93.88.37.220 - - [19/Jun/2026:17:54:14 +0200] "GET /wp-content/plugins/gp-premium/menu-plus/functions/css/navigation-branding-flex.min.css?ver=2.5.5 HTTP/2.0" 200 542 "https://parma.elettroservicegroup.it/assistenza-condizionatori/" "Mozilla/5.0 (Linux; Android 10; K) AppleWebKit/537.36 (KHTML, like Gecko) Chrome/149.0.0.0 Mobile Safari/537.36"
93.88.37.220 - - [19/Jun/2026:17:54:14 +0200] "GET /wp-content/uploads/2021/10/cropped-logo_white_background.png HTTP/2.0" 200 16623 "https://parma.elettroservicegroup.it/assistenza-condizionatori/" "Mozilla/5.0 (Linux; Android 10; K) AppleWebKit/537.36 (KHTML, like Gecko) Chrome/149.0.0.0 Mobile Safari/537.36"
93.88.37.220 - - [19/Jun/2026:17:54:14 +0200] "GET /wp-content/plugins/elementor/assets/css/widget-icon-list.min.css?ver=3.24.3 HTTP/2.0" 200 928 "https://parma.elettroservicegroup.it/assistenza-condizionatori/" "Mozilla/5.0 (Linux; Android 10; K) AppleWebKit/537.36 (KHTML, like Gecko) Chrome/149.0.0.0 Mobile Safari/537.36"
93.88.37.220 - - [19/Jun/2026:17:54:14 +0200] "GET /wp-content/uploads/elementor/google-fonts/css/roboto.css?ver=1742280360 HTTP/2.0" 200 1880 "https://parma.elettroservicegroup.it/assistenza-condizionatori/" "Mozilla/5.0 (Linux; Android 10; K) AppleWebKit/537.36 (KHTML, like Gecko) Chrome/149.0.0.0 Mobile Safari/537.36"
93.88.37.220 - - [19/Jun/2026:17:54:14 +0200] "GET /wp-content/uploads/elementor/google-fonts/css/robotoslab.css?ver=1742280362 HTTP/2.0" 200 715 "https://parma.elettroservicegroup.it/assistenza-condizionatori/" "Mozilla/5.0 (Linux; Android 10; K) AppleWebKit/537.36 (KHTML, like Gecko) Chrome/149.0.0.0 Mobile Safari/537.36"
93.88.37.220 - - [19/Jun/2026:17:54:14 +0200] "GET /wp-content/plugins/gp-premium/menu-plus/functions/js/sticky.min.js?ver=2.5.5 HTTP/2.0" 200 2670 "https://parma.elettroservicegroup.it/assistenza-condizionatori/" "Mozilla/5.0 (Linux; Android 10; K) AppleWebKit/537.36 (KHTML, like Gecko) Chrome/149.0.0.0 Mobile Safari/537.36"
93.88.37.220 - - [19/Jun/2026:17:54:14 +0200] "GET /wp-content/themes/generatepress/assets/css/main.min.css?ver=3.6.1 HTTP/2.0" 200 4410 "https://parma.elettroservicegroup.it/assistenza-condizionatori/" "Mozilla/5.0 (Linux; Android 10; K) AppleWebKit/537.36 (KHTML, like Gecko) Chrome/149.0.0.0 Mobile Safari/537.36"
93.88.37.220 - - [19/Jun/2026:17:54:14 +0200] "GET /wp-content/plugins/elementor/assets/lib/eicons/css/elementor-icons.min.css?ver=5.34.0 HTTP/2.0" 200 4115 "https://parma.elettroservicegroup.it/assistenza-condizionatori/" "Mozilla/5.0 (Linux; Android 10; K) AppleWebKit/537.36 (KHTML, like Gecko) Chrome/149.0.0.0 Mobile Safari/537.36"
93.88.37.220 - - [19/Jun/2026:17:54:14 +0200] "GET /wp-content/plugins/elementor/assets/lib/font-awesome/js/v4-shims.min.js?ver=4.1.3 HTTP/2.0" 200 4043 "https://parma.elettroservicegroup.it/assistenza-condizionatori/" "Mozilla/5.0 (Linux; Android 10; K) AppleWebKit/537.36 (KHTML, like Gecko) Chrome/149.0.0.0 Mobile Safari/537.36"
93.88.37.220 - - [19/Jun/2026:17:54:14 +0200] "GET /wp-includes/js/jquery/jquery-migrate.min.js?ver=3.4.1 HTTP/2.0" 200 4685 "https://parma.elettroservicegroup.it/assistenza-condizionatori/" "Mozilla/5.0 (Linux; Android 10; K) AppleWebKit/537.36 (KHTML, like Gecko) Chrome/149.0.0.0 Mobile Safari/537.36"
93.88.37.220 - - [19/Jun/2026:17:54:14 +0200] "GET /wp-content/plugins/elementor/assets/lib/font-awesome/css/fontawesome.css?ver=5.15.3 HTTP/2.0" 200 12535 "https://parma.elettroservicegroup.it/assistenza-condizionatori/" "Mozilla/5.0 (Linux; Android 10; K) AppleWebKit/537.36 (KHTML, like Gecko) Chrome/149.0.0.0 Mobile Safari/537.36"
93.88.37.220 - - [19/Jun/2026:17:54:14 +0200] "GET /wp-includes/js/jquery/jquery.min.js?ver=3.7.1 HTTP/2.0" 200 29769 "https://parma.elettroservicegroup.it/assistenza-condizionatori/" "Mozilla/5.0 (Linux; Android 10; K) AppleWebKit/537.36 (KHTML, like Gecko) Chrome/149.0.0.0 Mobile Safari/537.36"
