65.108.235.243 - - [20/Jun/2026:14:26:50 +0200] "POST /wp-cron.php?doing_wp_cron=1781958410.9776480197906494140625 HTTP/1.1" 200 1 "-" "WordPress/7.0; https://reggio-emilia.elettroservicegroup.it"
1.92.200.251 - - [20/Jun/2026:14:26:45 +0200] "GET /robots.txt HTTP/2.0" 200 110 "https://reggio-emilia.elettroservicegroup.it/robots.txt" "Mozilla/5.0 (Macintosh; Intel Mac OS X 10_15_7) AppleWebKit/537.36 (KHTML, like Gecko) Chrome/120.0.0.0 Safari/537.36"
65.108.235.243 - - [20/Jun/2026:14:26:52 +0200] "GET /assistenza-lavatrici-rex-electrolux-scandiano/ HTTP/1.1" 200 22969 "-" "WP Fastest Cache Preload Bot"
65.108.235.243 - - [20/Jun/2026:14:26:54 +0200] "GET /assistenza-lavatrici-whirlpool-guastalla/ HTTP/1.1" 200 23104 "-" "WP Fastest Cache Preload Bot"
65.108.235.243 - - [20/Jun/2026:14:26:55 +0200] "GET /assistenza-lavatrici-whirlpool-correggio/ HTTP/1.1" 200 23100 "-" "WP Fastest Cache Preload Bot"
65.108.235.243 - - [20/Jun/2026:14:26:57 +0200] "GET /assistenza-lavatrici-whirlpool-reggio-emilia/ HTTP/1.1" 200 23102 "-" "WP Fastest Cache Preload Bot"
65.108.235.243 - - [20/Jun/2026:14:26:59 +0200] "POST /wp-json/complianz/v1/wsc-scan HTTP/1.1" 400 88 "-" "WordPress/7.0; https://reggio-emilia.elettroservicegroup.it"
52.167.144.177 - - [20/Jun/2026:14:30:33 +0200] "GET /assistenza-lavatrici/lavastoviglie-2/ HTTP/2.0" 200 16858 "-" "Mozilla/5.0 AppleWebKit/537.36 (KHTML, like Gecko; compatible; bingbot/2.0; +http://www.bing.com/bingbot.htm) Chrome/116.0.1938.76 Safari/537.36"
205.210.31.130 - - [20/Jun/2026:14:35:54 +0200] "GET / HTTP/1.1" 200 165814 "http://reggio-emilia.elettroservicegroup.it/" "Hello from Palo Alto Networks, find out more about our scans in https://docs-cortex.paloaltonetworks.com/r/1/Cortex-Xpanse/Scanning-activity"
65.108.235.243 - - [20/Jun/2026:14:35:54 +0200] "GET /assistenza-lavatrici-rex-electrolux-santilario-denza/ HTTP/1.1" 200 23031 "-" "WP Fastest Cache Preload Bot"
65.108.235.243 - - [20/Jun/2026:14:35:58 +0200] "GET /assistenza-lavatrici-smeg-rubiera/ HTTP/1.1" 200 22949 "-" "WP Fastest Cache Preload Bot"
65.108.235.243 - - [20/Jun/2026:14:36:01 +0200] "GET /assistenza-lavatrici-smeg-scandiano/ HTTP/1.1" 200 22954 "-" "WP Fastest Cache Preload Bot"
65.108.235.243 - - [20/Jun/2026:14:36:03 +0200] "GET /assistenza-lavatrici-rex-electrolux-guastalla/ HTTP/1.1" 200 22965 "-" "WP Fastest Cache Preload Bot"
20.215.220.105 - - [20/Jun/2026:14:38:18 +0200] "GET /assistenza-condizionatori-reggio-emilia/ HTTP/2.0" 200 20252 "-" "Mozilla/5.0 AppleWebKit/537.36 (KHTML, like Gecko); compatible; ChatGPT-User/1.0; +https://openai.com/bot"
65.108.235.243 - - [20/Jun/2026:15:16:06 +0200] "POST /wp-cron.php?doing_wp_cron=1781961366.1975910663604736328125 HTTP/1.1" 200 1 "-" "WordPress/7.0; https://reggio-emilia.elettroservicegroup.it"
20.15.133.165 - - [20/Jun/2026:15:16:04 +0200] "GET /robots.txt HTTP/2.0" 200 110 "-" "Mozilla/5.0 AppleWebKit/537.36 (KHTML, like Gecko; compatible; bingbot/2.0; +http://www.bing.com/bingbot.htm) Chrome/116.0.1938.76 Safari/537.36"
40.77.167.48 - - [20/Jun/2026:15:16:06 +0200] "GET /wp-content/uploads/2022/01/TECNIC-LAVATRICE-1-768x432.jpg HTTP/2.0" 200 49781 "-" "Mozilla/5.0 AppleWebKit/537.36 (KHTML, like Gecko; compatible; bingbot/2.0; +http://www.bing.com/bingbot.htm) Chrome/116.0.1938.76 Safari/537.36"
65.108.235.243 - - [20/Jun/2026:15:16:06 +0200] "GET /assistenza-lavatrici-smeg-santilario-denza/ HTTP/1.1" 200 23031 "-" "WP Fastest Cache Preload Bot"
65.108.235.243 - - [20/Jun/2026:15:16:07 +0200] "GET /assistenza-lavatrici-smeg-guastalla/ HTTP/1.1" 200 22956 "-" "WP Fastest Cache Preload Bot"
65.108.235.243 - - [20/Jun/2026:15:16:07 +0200] "GET /assistenza-lavatrici-smeg-correggio/ HTTP/1.1" 200 22954 "-" "WP Fastest Cache Preload Bot"
65.108.235.243 - - [20/Jun/2026:15:16:08 +0200] "GET /assistenza-lavatrici-smeg-reggio-emilia/ HTTP/1.1" 200 22959 "-" "WP Fastest Cache Preload Bot"
20.15.133.174 - - [20/Jun/2026:15:16:17 +0200] "GET /wp-content/uploads/2022/01/TECNIC-LAVATRICE-1-768x432.jpg HTTP/2.0" 200 49781 "-" "Mozilla/5.0 AppleWebKit/537.36 (KHTML, like Gecko; compatible; bingbot/2.0; +http://www.bing.com/bingbot.htm) Chrome/116.0.1938.76 Safari/537.36"
65.108.235.243 - - [20/Jun/2026:15:44:37 +0200] "POST /wp-cron.php?doing_wp_cron=1781963077.1205759048461914062500 HTTP/1.1" 200 1 "-" "WordPress/7.0; https://reggio-emilia.elettroservicegroup.it"
52.167.144.56 - - [20/Jun/2026:15:44:35 +0200] "GET /robots.txt HTTP/2.0" 200 110 "-" "Mozilla/5.0 AppleWebKit/537.36 (KHTML, like Gecko; compatible; bingbot/2.0; +http://www.bing.com/bingbot.htm) Chrome/116.0.1938.76 Safari/537.36"
65.108.235.243 - - [20/Jun/2026:15:44:37 +0200] "POST /wp-json/complianz/v1/wsc-scan HTTP/1.1" 400 88 "-" "WordPress/7.0; https://reggio-emilia.elettroservicegroup.it"
65.108.235.243 - - [20/Jun/2026:15:44:37 +0200] "GET /assistenza-lavatrici-rex-electrolux-correggio/ HTTP/1.1" 200 22966 "-" "WP Fastest Cache Preload Bot"
65.108.235.243 - - [20/Jun/2026:15:44:38 +0200] "GET /assistenza-lavatrici-rex-electrolux-reggio-emilia/ HTTP/1.1" 200 22951 "-" "WP Fastest Cache Preload Bot"
65.108.235.243 - - [20/Jun/2026:15:44:38 +0200] "GET /assistenza-lavatrici-indesit-rubiera/ HTTP/1.1" 200 22842 "-" "WP Fastest Cache Preload Bot"
65.108.235.243 - - [20/Jun/2026:15:44:39 +0200] "GET /assistenza-lavatrici-indesit-scandiano/ HTTP/1.1" 200 22860 "-" "WP Fastest Cache Preload Bot"
207.46.13.87 - - [20/Jun/2026:15:49:33 +0200] "GET /assistenza-rex-electrolux-rubiera/ HTTP/2.0" 200 22980 "-" "Mozilla/5.0 AppleWebKit/537.36 (KHTML, like Gecko; compatible; bingbot/2.0; +http://www.bing.com/bingbot.htm) Chrome/116.0.1938.76 Safari/537.36"
65.108.235.243 - - [20/Jun/2026:15:56:03 +0200] "POST /wp-cron.php?doing_wp_cron=1781963763.2810480594635009765625 HTTP/1.1" 200 1 "-" "WordPress/7.0; https://reggio-emilia.elettroservicegroup.it"
192.178.4.138 - - [20/Jun/2026:15:55:59 +0200] "GET /robots.txt HTTP/1.1" 200 110 "-" "Mozilla/5.0 (compatible; Googlebot/2.1; +http://www.google.com/bot.html)"
192.178.16.136 - - [20/Jun/2026:15:56:03 +0200] "GET /assistenza-lavatrici-reggio-emilia/ HTTP/1.1" 200 23880 "-" "Mozilla/5.0 (Linux; Android 6.0.1; Nexus 5X Build/MMB29P) AppleWebKit/537.36 (KHTML, like Gecko) Chrome/148.0.7778.96 Mobile Safari/537.36 (compatible; AdsBot-Google-Mobile; +http://www.google.com/mobile/adsbot.html)"
65.108.235.243 - - [20/Jun/2026:15:56:05 +0200] "GET /assistenza-lavatrici-indesit-santilario-denza/ HTTP/1.1" 200 22931 "-" "WP Fastest Cache Preload Bot"
65.108.235.243 - - [20/Jun/2026:15:56:07 +0200] "GET /assistenza-lavatrici-indesit-guastalla/ HTTP/1.1" 200 22858 "-" "WP Fastest Cache Preload Bot"
192.178.16.136 - - [20/Jun/2026:15:56:07 +0200] "GET /wp-content/uploads/elementor/css/post-17765.css?ver=1781767795 HTTP/1.1" 200 2242 "https://reggio-emilia.elettroservicegroup.it/assistenza-lavatrici-reggio-emilia/" "AdsBot-Google (+http://www.google.com/adsbot.html)"
65.108.235.243 - - [20/Jun/2026:15:56:07 +0200] "GET /assistenza-lavatrici-indesit-correggio/ HTTP/1.1" 200 22860 "-" "WP Fastest Cache Preload Bot"
192.178.16.136 - - [20/Jun/2026:15:56:07 +0200] "GET /wp-content/plugins/gp-premium/menu-plus/functions/js/sticky.min.js?ver=2.5.5 HTTP/1.1" 200 2670 "https://reggio-emilia.elettroservicegroup.it/assistenza-lavatrici-reggio-emilia/" "AdsBot-Google (+http://www.google.com/adsbot.html)"
192.178.16.136 - - [20/Jun/2026:15:56:08 +0200] "GET /wp-content/plugins/elementor/assets/css/widget-icon-list.min.css?ver=3.24.3 HTTP/1.1" 200 928 "https://reggio-emilia.elettroservicegroup.it/assistenza-lavatrici-reggio-emilia/" "AdsBot-Google (+http://www.google.com/adsbot.html)"
65.108.235.243 - - [20/Jun/2026:15:56:07 +0200] "GET /assistenza-lavatrici-indesit-reggio-emilia/ HTTP/1.1" 200 22849 "-" "WP Fastest Cache Preload Bot"
192.178.16.136 - - [20/Jun/2026:15:56:08 +0200] "GET /wp-content/themes/generatepress/assets/css/main.min.css?ver=3.6.1 HTTP/1.1" 200 4410 "https://reggio-emilia.elettroservicegroup.it/assistenza-lavatrici-reggio-emilia/" "AdsBot-Google (+http://www.google.com/adsbot.html)"
192.178.16.136 - - [20/Jun/2026:15:56:08 +0200] "GET /wp-json/complianz/v1/banner?lang=it&locale=it_IT&token=lcps HTTP/1.1" 200 82 "https://reggio-emilia.elettroservicegroup.it/assistenza-lavatrici-reggio-emilia/" "AdsBot-Google (+http://www.google.com/adsbot.html)"
51.107.70.198 - - [20/Jun/2026:16:41:58 +0200] "GET /assistenza-condizionatori-reggio-emilia/ HTTP/2.0" 200 20252 "-" "Mozilla/5.0 AppleWebKit/537.36 (KHTML, like Gecko); compatible; ChatGPT-User/1.0; +https://openai.com/bot"
198.235.24.177 - - [20/Jun/2026:16:46:53 +0200] "GET / HTTP/1.1" 200 165814 "http://www.reggio-emilia.elettroservicegroup.it/" "Hello from Palo Alto Networks, find out more about our scans in https://docs-cortex.paloaltonetworks.com/r/1/Cortex-Xpanse/Scanning-activity"
65.108.235.243 - - [20/Jun/2026:16:46:53 +0200] "POST /wp-json/complianz/v1/wsc-scan HTTP/1.1" 400 88 "-" "WordPress/7.0; https://reggio-emilia.elettroservicegroup.it"
65.108.235.243 - - [20/Jun/2026:16:46:53 +0200] "GET /assistenza-lavatrici-bosch-rubiera/ HTTP/1.1" 200 22996 "-" "WP Fastest Cache Preload Bot"
65.108.235.243 - - [20/Jun/2026:16:46:54 +0200] "GET /assistenza-lavatrici-bosch-scandiano/ HTTP/1.1" 200 23000 "-" "WP Fastest Cache Preload Bot"
65.108.235.243 - - [20/Jun/2026:16:46:56 +0200] "GET /assistenza-lavatrici-bosch-santilario-denza/ HTTP/1.1" 200 23064 "-" "WP Fastest Cache Preload Bot"
65.108.235.243 - - [20/Jun/2026:16:46:57 +0200] "GET /assistenza-lavatrici-bosch-guastalla/ HTTP/1.1" 200 22998 "-" "WP Fastest Cache Preload Bot"
181.53.14.61 - - [20/Jun/2026:16:48:58 +0200] "GET /wp-content/uploads/2021/10/TECNICO-ELETTRODOMESTICI-10.jpg HTTP/1.1" 200 23089 "https://reggio-emilia.elettroservicegroup.it/assistenza-ariston-guastalla/" "Mozilla/5.0 (Macintosh; Intel Mac OS X 10_13_2) AppleWebKit/537.36 (KHTML, like Gecko) Chrome/70.0.3538.80 Safari/537.36 OPR/56.0.3051.116"
65.108.235.243 - - [20/Jun/2026:17:35:35 +0200] "POST /wp-cron.php?doing_wp_cron=1781969735.7823998928070068359375 HTTP/1.1" 200 1 "-" "WordPress/7.0; https://reggio-emilia.elettroservicegroup.it"
195.96.139.77 - - [20/Jun/2026:17:35:29 +0200] "GET / HTTP/1.1" 301 - "-" "Mozilla/5.0 (compatible; InternetMeasurement/1.0; +https://internet-measurement.com/)"
195.96.139.77 - - [20/Jun/2026:17:35:36 +0200] "GET / HTTP/1.1" 415 165830 "https://www.reggio-emilia.elettroservicegroup.it" "Mozilla/5.0 (compatible; InternetMeasurement/1.0; +https://internet-measurement.com/)"
185.247.137.28 - - [20/Jun/2026:17:35:37 +0200] "GET /wp-content/uploads/2021/10/cropped-cropped-cropped-cropped-logo_white_background-192x192.png HTTP/2.0" 404 80175 "-" "Mozilla/5.0 (compatible; InternetMeasurement/1.0; +https://internet-measurement.com/)"
185.247.137.9 - - [20/Jun/2026:17:35:37 +0200] "GET /wp-content/uploads/2021/10/cropped-cropped-cropped-cropped-logo_white_background-32x32.png HTTP/2.0" 404 80163 "-" "Mozilla/5.0 (compatible; InternetMeasurement/1.0; +https://internet-measurement.com/)"
87.236.176.236 - - [20/Jun/2026:17:35:37 +0200] "GET /wp-content/uploads/2021/10/cropped-cropped-cropped-cropped-logo_white_background-270x270.png HTTP/2.0" 404 80175 "-" "Mozilla/5.0 (compatible; InternetMeasurement/1.0; +https://internet-measurement.com/)"
65.108.235.243 - - [20/Jun/2026:17:35:37 +0200] "GET /assistenza-lavatrici-bosch-correggio/ HTTP/1.1" 200 22996 "-" "WP Fastest Cache Preload Bot"
159.65.216.50 - - [20/Jun/2026:17:35:41 +0200] "GET /wp-content/uploads/2021/10/cropped-cropped-cropped-cropped-logo_white_background-270x270.png HTTP/2.0" 404 80175 "-" "Mozilla/5.0 (compatible; InternetMeasurement/1.0; +https://internet-measurement.com/)"
162.243.116.182 - - [20/Jun/2026:17:35:41 +0200] "GET /wp-content/uploads/2021/10/cropped-cropped-cropped-cropped-logo_white_background-32x32.png HTTP/2.0" 404 80163 "-" "Mozilla/5.0 (compatible; InternetMeasurement/1.0; +https://internet-measurement.com/)"
128.199.8.140 - - [20/Jun/2026:17:35:42 +0200] "GET /wp-content/uploads/2021/10/cropped-cropped-cropped-cropped-logo_white_background-192x192.png HTTP/2.0" 404 80175 "-" "Mozilla/5.0 (compatible; InternetMeasurement/1.0; +https://internet-measurement.com/)"
87.236.176.161 - - [20/Jun/2026:17:35:42 +0200] "GET /wp-content/uploads/2021/10/cropped-cropped-cropped-cropped-logo_white_background-180x180.png HTTP/2.0" 404 80175 "-" "Mozilla/5.0 (compatible; InternetMeasurement/1.0; +https://internet-measurement.com/)"
65.108.235.243 - - [20/Jun/2026:17:35:41 +0200] "GET /assistenza-lavatrici-bosch-reggio-emilia/ HTTP/1.1" 200 22993 "-" "WP Fastest Cache Preload Bot"
162.243.208.127 - - [20/Jun/2026:17:35:46 +0200] "GET /wp-content/uploads/2021/10/cropped-cropped-cropped-cropped-logo_white_background-180x180.png HTTP/2.0" 404 80175 "-" "Mozilla/5.0 (compatible; InternetMeasurement/1.0; +https://internet-measurement.com/)"
65.108.235.243 - - [20/Jun/2026:17:35:46 +0200] "GET /assistenza-lavatrici-ariston-rubiera/ HTTP/1.1" 200 22970 "-" "WP Fastest Cache Preload Bot"
65.108.235.243 - - [20/Jun/2026:17:35:49 +0200] "GET /assistenza-lavatrici-ariston-scandiano/ HTTP/1.1" 200 22978 "-" "WP Fastest Cache Preload Bot"
74.7.244.51 - - [20/Jun/2026:18:47:43 +0200] "GET /robots.txt HTTP/2.0" 200 110 "-" "Mozilla/5.0 (Macintosh; Intel Mac OS X 10_15_7) AppleWebKit/537.36 (KHTML, like Gecko) Chrome/131.0.0.0 Safari/537.36; compatible; OAI-SearchBot/1.4; robots.txt; +https://openai.com/searchbot"
65.108.235.243 - - [20/Jun/2026:18:47:49 +0200] "POST /wp-cron.php?doing_wp_cron=1781974069.3892199993133544921875 HTTP/1.1" 200 1 "-" "WordPress/7.0; https://reggio-emilia.elettroservicegroup.it"
74.7.227.16 - - [20/Jun/2026:18:47:43 +0200] "GET /sitemap.xml HTTP/2.0" 200 338 "-" "Mozilla/5.0 AppleWebKit/537.36 (KHTML, like Gecko; compatible; GPTBot/1.4; +https://openai.com/gptbot)"
65.108.235.243 - - [20/Jun/2026:18:47:51 +0200] "GET /assistenza-lavatrici-ariston-santilario-denza/ HTTP/1.1" 200 23039 "-" "WP Fastest Cache Preload Bot"
65.108.235.243 - - [20/Jun/2026:18:47:52 +0200] "GET /assistenza-lavatrici-ariston-guastalla/ HTTP/1.1" 200 22975 "-" "WP Fastest Cache Preload Bot"
65.108.235.243 - - [20/Jun/2026:18:47:53 +0200] "GET /assistenza-lavatrici-ariston-correggio/ HTTP/1.1" 200 22974 "-" "WP Fastest Cache Preload Bot"
65.108.235.243 - - [20/Jun/2026:18:47:54 +0200] "GET /assistenza-lavatrici-ariston-reggio-emilia/ HTTP/1.1" 200 22969 "-" "WP Fastest Cache Preload Bot"
65.108.235.243 - - [20/Jun/2026:18:47:54 +0200] "POST /wp-json/complianz/v1/wsc-scan HTTP/1.1" 400 88 "-" "WordPress/7.0; https://reggio-emilia.elettroservicegroup.it"
14.191.11.191 - - [20/Jun/2026:18:55:40 +0200] "GET /wp-content/uploads/2021/12/PREVENTIVI-300x200.jpg HTTP/1.1" 200 13932 "https://google.com, https://reggio-emilia.elettroservicegroup.it/assistenza-lavatrici-bosch-reggio-emilia/" "Mozilla/5.0 (Macintosh; Intel Mac OS X 10_14_1; rv:62.0) Gecko/20100101 Firefox/62.0"
65.108.235.243 - - [20/Jun/2026:19:00:53 +0200] "POST /wp-cron.php?doing_wp_cron=1781974853.6167569160461425781250 HTTP/1.1" 200 1 "-" "WordPress/7.0; https://reggio-emilia.elettroservicegroup.it"
74.7.227.16 - - [20/Jun/2026:19:00:52 +0200] "GET /sitemap.rss HTTP/2.0" 200 1465 "-" "Mozilla/5.0 AppleWebKit/537.36 (KHTML, like Gecko; compatible; GPTBot/1.4; +https://openai.com/gptbot)"
65.108.235.243 - - [20/Jun/2026:19:00:54 +0200] "GET /assistenza-lavatrici-aeg-rubiera/ HTTP/1.1" 200 22996 "-" "WP Fastest Cache Preload Bot"
65.108.235.243 - - [20/Jun/2026:19:00:55 +0200] "GET /assistenza-lavatrici-aeg-scandiano/ HTTP/1.1" 200 23001 "-" "WP Fastest Cache Preload Bot"
65.108.235.243 - - [20/Jun/2026:19:00:55 +0200] "GET /assistenza-lavatrici-aeg-santilario-denza/ HTTP/1.1" 200 23065 "-" "WP Fastest Cache Preload Bot"
65.108.235.243 - - [20/Jun/2026:19:00:56 +0200] "GET /assistenza-lavatrici-aeg-guastalla/ HTTP/1.1" 200 22998 "-" "WP Fastest Cache Preload Bot"
20.215.220.125 - - [20/Jun/2026:19:51:01 +0200] "GET /assistenza-miele-scandiano/ HTTP/2.0" 200 22897 "-" "Mozilla/5.0 AppleWebKit/537.36 (KHTML, like Gecko); compatible; ChatGPT-User/1.0; +https://openai.com/bot"
65.108.235.243 - - [20/Jun/2026:20:03:21 +0200] "POST /wp-cron.php?doing_wp_cron=1781978601.8977930545806884765625 HTTP/1.1" 200 1 "-" "WordPress/7.0; https://reggio-emilia.elettroservicegroup.it"
110.87.248.70 - - [20/Jun/2026:20:03:16 +0200] "GET / HTTP/2.0" 200 23429 "-" "Mozilla/5.0 (iPhone; CPU iPhone OS 11_0 like Mac OS X) AppleWebKit/537.36 (KHTML, like Gecko) Chrome/57.0.5063.1293 Mobile Safari/537.36"
65.108.235.243 - - [20/Jun/2026:20:03:22 +0200] "POST /wp-json/complianz/v1/wsc-scan HTTP/1.1" 400 88 "-" "WordPress/7.0; https://reggio-emilia.elettroservicegroup.it"
65.108.235.243 - - [20/Jun/2026:20:03:23 +0200] "GET /assistenza-lavastoviglie-smeg-rubiera/ HTTP/1.1" 200 22869 "-" "WP Fastest Cache Preload Bot"
65.108.235.243 - - [20/Jun/2026:20:03:23 +0200] "GET /assistenza-lavatrici-aeg-correggio/ HTTP/1.1" 200 23002 "-" "WP Fastest Cache Preload Bot"
65.108.235.243 - - [20/Jun/2026:20:03:24 +0200] "GET /assistenza-lavatrici-aeg-reggio-emilia/ HTTP/1.1" 200 23001 "-" "WP Fastest Cache Preload Bot"
65.108.235.243 - - [20/Jun/2026:20:03:25 +0200] "GET /assistenza-lavatrici-rubiera/ HTTP/1.1" 200 23604 "-" "WP Fastest Cache Preload Bot"
119.41.199.205 - - [20/Jun/2026:20:03:59 +0200] "GET /wp-content/plugins/elementor/assets/js/frontend-modules.min.js?ver=4.1.3 HTTP/2.0" 200 15454 "https://reggio-emilia.elettroservicegroup.it/" "Mozilla/5.0 (iPhone; CPU iPhone OS 11_0 like Mac OS X) AppleWebKit/537.36 (KHTML, like Gecko) Chrome/57.0.5063.1293 Mobile Safari/537.36"
82.22.101.144 - - [20/Jun/2026:20:11:32 +0200] "GET /wp-content/uploads/2022/01/TECNIC-LAVATRICE-768x432.jpg HTTP/1.1" 200 49781 "-" "Mozilla/5.0 (compatible; crawler)"
74.7.243.32 - - [20/Jun/2026:20:50:15 +0200] "GET /assistenza-miele-scandiano/ HTTP/2.0" 200 22897 "-" "Mozilla/5.0 (Macintosh; Intel Mac OS X 10_15_7) AppleWebKit/537.36 (KHTML, like Gecko) Chrome/131.0.0.0 Safari/537.36; compatible; OAI-SearchBot/1.4; +https://openai.com/searchbot"
74.7.227.16 - - [20/Jun/2026:20:50:16 +0200] "GET /wp-content/cache/wpfc-minified/1yoxc57o/2roag.css HTTP/2.0" 200 16447 "https://reggio-emilia.elettroservicegroup.it/assistenza-miele-scandiano/" "Mozilla/5.0 AppleWebKit/537.36 (KHTML, like Gecko; compatible; GPTBot/1.4; +https://openai.com/gptbot)"
74.7.243.38 - - [20/Jun/2026:20:50:19 +0200] "GET /wp-content/uploads/elementor/css/post-17820.css?ver=1781787294 HTTP/2.0" 200 2185 "https://reggio-emilia.elettroservicegroup.it/assistenza-miele-scandiano/" "Mozilla/5.0 (Macintosh; Intel Mac OS X 10_15_7) AppleWebKit/537.36 (KHTML, like Gecko) Chrome/131.0.0.0 Safari/537.36; compatible; OAI-SearchBot/1.4; +https://openai.com/searchbot"
74.7.227.16 - - [20/Jun/2026:20:50:19 +0200] "GET /wp-content/plugins/elementor/assets/lib/font-awesome/webfonts/fa-regular-400.svg HTTP/2.0" 200 34886 "https://reggio-emilia.elettroservicegroup.it/wp-content/cache/wpfc-minified/1yoxc57o/2roag.css" "Mozilla/5.0 AppleWebKit/537.36 (KHTML, like Gecko; compatible; GPTBot/1.4; +https://openai.com/gptbot)"
74.7.227.16 - - [20/Jun/2026:20:50:22 +0200] "GET /wp-content/plugins/elementor/assets/lib/font-awesome/webfonts/fa-regular-400.ttf HTTP/2.0" 200 16167 "https://reggio-emilia.elettroservicegroup.it/wp-content/cache/wpfc-minified/1yoxc57o/2roag.css" "Mozilla/5.0 AppleWebKit/537.36 (KHTML, like Gecko; compatible; GPTBot/1.4; +https://openai.com/gptbot)"
74.7.227.16 - - [20/Jun/2026:20:50:25 +0200] "GET /wp-content/plugins/elementor/assets/lib/font-awesome/webfonts/fa-regular-400.woff HTTP/2.0" 200 16233 "https://reggio-emilia.elettroservicegroup.it/wp-content/cache/wpfc-minified/1yoxc57o/2roag.css" "Mozilla/5.0 AppleWebKit/537.36 (KHTML, like Gecko; compatible; GPTBot/1.4; +https://openai.com/gptbot)"
74.7.227.16 - - [20/Jun/2026:20:50:27 +0200] "GET /wp-content/plugins/elementor/assets/lib/font-awesome/webfonts/fa-regular-400.eot HTTP/2.0" 200 16160 "https://reggio-emilia.elettroservicegroup.it/wp-content/cache/wpfc-minified/1yoxc57o/2roag.css" "Mozilla/5.0 AppleWebKit/537.36 (KHTML, like Gecko; compatible; GPTBot/1.4; +https://openai.com/gptbot)"
74.7.227.16 - - [20/Jun/2026:20:50:29 +0200] "GET /wp-content/plugins/elementor/assets/lib/font-awesome/webfonts/fa-regular-400.woff2 HTTP/2.0" 200 13277 "https://reggio-emilia.elettroservicegroup.it/wp-content/cache/wpfc-minified/1yoxc57o/2roag.css" "Mozilla/5.0 AppleWebKit/537.36 (KHTML, like Gecko; compatible; GPTBot/1.4; +https://openai.com/gptbot)"
65.108.235.243 - - [20/Jun/2026:20:50:30 +0200] "POST /wp-cron.php?doing_wp_cron=1781981430.8788070678710937500000 HTTP/1.1" 200 1 "-" "WordPress/7.0; https://reggio-emilia.elettroservicegroup.it"
74.7.243.32 - - [20/Jun/2026:20:50:21 +0200] "GET /wp-json/wp/v2/pages/17820 HTTP/2.0" 200 10239 "https://reggio-emilia.elettroservicegroup.it/assistenza-miele-scandiano/" "Mozilla/5.0 (Macintosh; Intel Mac OS X 10_15_7) AppleWebKit/537.36 (KHTML, like Gecko) Chrome/131.0.0.0 Safari/537.36; compatible; OAI-SearchBot/1.4; +https://openai.com/searchbot"
74.7.227.16 - - [20/Jun/2026:20:50:31 +0200] "GET /wp-content/uploads/elementor/css/post-17820.css?ver=1781787294 HTTP/2.0" 200 2185 "https://reggio-emilia.elettroservicegroup.it/assistenza-miele-scandiano/" "Mozilla/5.0 AppleWebKit/537.36 (KHTML, like Gecko; compatible; GPTBot/1.4; +https://openai.com/gptbot)"
74.7.229.207 - - [20/Jun/2026:20:50:31 +0200] "GET /wp-json/oembed/1.0/embed?format=xml&url=https%3A%2F%2Freggio-emilia.elettroservicegroup.it%2Fassistenza-miele-scandiano%2F HTTP/2.0" 200 995 "https://reggio-emilia.elettroservicegroup.it/assistenza-miele-scandiano/" "Mozilla/5.0 (Macintosh; Intel Mac OS X 10_15_7) AppleWebKit/537.36 (KHTML, like Gecko) Chrome/131.0.0.0 Safari/537.36; compatible; OAI-SearchBot/1.4; +https://openai.com/searchbot"
74.7.243.57 - - [20/Jun/2026:20:50:33 +0200] "GET /?p=17820 HTTP/2.0" 301 1 "https://reggio-emilia.elettroservicegroup.it/assistenza-miele-scandiano/" "Mozilla/5.0 (Macintosh; Intel Mac OS X 10_15_7) AppleWebKit/537.36 (KHTML, like Gecko) Chrome/131.0.0.0 Safari/537.36; compatible; OAI-SearchBot/1.4; +https://openai.com/searchbot"
74.7.229.207 - - [20/Jun/2026:20:50:35 +0200] "GET /wp-content/cache/wpfc-minified/1yoxc57o/2roag.css HTTP/2.0" 200 16447 "https://reggio-emilia.elettroservicegroup.it/assistenza-miele-scandiano/" "Mozilla/5.0 (Macintosh; Intel Mac OS X 10_15_7) AppleWebKit/537.36 (KHTML, like Gecko) Chrome/131.0.0.0 Safari/537.36; compatible; OAI-SearchBot/1.4; +https://openai.com/searchbot"
65.108.235.243 - - [20/Jun/2026:20:50:33 +0200] "GET /assistenza-lavastoviglie-smeg-scandiano/ HTTP/1.1" 200 22865 "-" "WP Fastest Cache Preload Bot"
65.108.235.243 - - [20/Jun/2026:20:50:35 +0200] "GET /assistenza-lavatrici-scandiano/ HTTP/1.1" 200 23598 "-" "WP Fastest Cache Preload Bot"
74.7.229.207 - - [20/Jun/2026:20:50:37 +0200] "GET /termini-e-condizioni HTTP/2.0" 301 1 "https://reggio-emilia.elettroservicegroup.it/assistenza-miele-scandiano/" "Mozilla/5.0 (Macintosh; Intel Mac OS X 10_15_7) AppleWebKit/537.36 (KHTML, like Gecko) Chrome/131.0.0.0 Safari/537.36; compatible; OAI-SearchBot/1.4; +https://openai.com/searchbot"
74.7.229.207 - - [20/Jun/2026:20:50:39 +0200] "GET /termini-e-condizioni/ HTTP/2.0" 200 17195 "https://reggio-emilia.elettroservicegroup.it/termini-e-condizioni" "Mozilla/5.0 (Macintosh; Intel Mac OS X 10_15_7) AppleWebKit/537.36 (KHTML, like Gecko) Chrome/131.0.0.0 Safari/537.36; compatible; OAI-SearchBot/1.4; +https://openai.com/searchbot"
65.108.235.243 - - [20/Jun/2026:20:50:37 +0200] "GET /assistenza-lavatrici-santilario-denza/ HTTP/1.1" 200 23667 "-" "WP Fastest Cache Preload Bot"
74.7.243.38 - - [20/Jun/2026:20:50:39 +0200] "GET /wp-json/oembed/1.0/embed?url=https%3A%2F%2Freggio-emilia.elettroservicegroup.it%2Fassistenza-miele-scandiano%2F HTTP/2.0" 200 981 "https://reggio-emilia.elettroservicegroup.it/assistenza-miele-scandiano/" "Mozilla/5.0 (Macintosh; Intel Mac OS X 10_15_7) AppleWebKit/537.36 (KHTML, like Gecko) Chrome/131.0.0.0 Safari/537.36; compatible; OAI-SearchBot/1.4; +https://openai.com/searchbot"
65.108.235.243 - - [20/Jun/2026:20:50:39 +0200] "GET /assistenza-lavastoviglie-smeg-santilario-denza/ HTTP/1.1" 200 22949 "-" "WP Fastest Cache Preload Bot"
74.7.243.38 - - [20/Jun/2026:20:50:40 +0200] "GET /wp-json/oembed/1.0/embed?url=https%3A%2F%2Freggio-emilia.elettroservicegroup.it%2Fassistenza-miele-scandiano%2F HTTP/2.0" 200 980 "https://reggio-emilia.elettroservicegroup.it/assistenza-miele-scandiano/" "Mozilla/5.0 (Macintosh; Intel Mac OS X 10_15_7) AppleWebKit/537.36 (KHTML, like Gecko) Chrome/131.0.0.0 Safari/537.36; compatible; OAI-SearchBot/1.4; +https://openai.com/searchbot"
74.7.227.16 - - [20/Jun/2026:20:50:41 +0200] "GET /?p=15571 HTTP/2.0" 301 1 "https://reggio-emilia.elettroservicegroup.it/termini-e-condizioni" "Mozilla/5.0 AppleWebKit/537.36 (KHTML, like Gecko; compatible; GPTBot/1.4; +https://openai.com/gptbot)"
74.7.227.16 - - [20/Jun/2026:20:50:41 +0200] "GET /termini-e-condizioni/ HTTP/2.0" 200 17195 "https://reggio-emilia.elettroservicegroup.it/?p=15571" "Mozilla/5.0 AppleWebKit/537.36 (KHTML, like Gecko; compatible; GPTBot/1.4; +https://openai.com/gptbot)"
74.7.243.32 - - [20/Jun/2026:20:50:42 +0200] "GET /wp-json/wp/v2/pages/17820 HTTP/2.0" 200 10239 "https://reggio-emilia.elettroservicegroup.it/assistenza-miele-scandiano/" "Mozilla/5.0 (Macintosh; Intel Mac OS X 10_15_7) AppleWebKit/537.36 (KHTML, like Gecko) Chrome/131.0.0.0 Safari/537.36; compatible; OAI-SearchBot/1.4; +https://openai.com/searchbot"
74.7.227.16 - - [20/Jun/2026:20:50:42 +0200] "GET /wp-json/wp/v2/pages/15571 HTTP/2.0" 200 4382 "https://reggio-emilia.elettroservicegroup.it/termini-e-condizioni" "Mozilla/5.0 AppleWebKit/537.36 (KHTML, like Gecko; compatible; GPTBot/1.4; +https://openai.com/gptbot)"
65.108.235.243 - - [20/Jun/2026:20:50:43 +0200] "POST /wp-cron.php?doing_wp_cron=1781981443.6263339519500732421875 HTTP/1.1" 200 1 "-" "WordPress/7.0; https://reggio-emilia.elettroservicegroup.it"
74.7.229.207 - - [20/Jun/2026:20:50:43 +0200] "GET /wp-json/oembed/1.0/embed?format=xml&url=https%3A%2F%2Freggio-emilia.elettroservicegroup.it%2Fassistenza-miele-scandiano%2F HTTP/2.0" 200 995 "https://reggio-emilia.elettroservicegroup.it/assistenza-miele-scandiano/" "Mozilla/5.0 (Macintosh; Intel Mac OS X 10_15_7) AppleWebKit/537.36 (KHTML, like Gecko) Chrome/131.0.0.0 Safari/537.36; compatible; OAI-SearchBot/1.4; +https://openai.com/searchbot"
74.7.227.16 - - [20/Jun/2026:20:50:44 +0200] "GET /wp-json/oembed/1.0/embed?url=https%3A%2F%2Freggio-emilia.elettroservicegroup.it%2Ftermini-e-condizioni%2F HTTP/2.0" 200 985 "https://reggio-emilia.elettroservicegroup.it/termini-e-condizioni" "Mozilla/5.0 AppleWebKit/537.36 (KHTML, like Gecko; compatible; GPTBot/1.4; +https://openai.com/gptbot)"
74.7.243.57 - - [20/Jun/2026:20:50:44 +0200] "GET /?p=17820 HTTP/2.0" 301 1 "https://reggio-emilia.elettroservicegroup.it/assistenza-miele-scandiano/" "Mozilla/5.0 (Macintosh; Intel Mac OS X 10_15_7) AppleWebKit/537.36 (KHTML, like Gecko) Chrome/131.0.0.0 Safari/537.36; compatible; OAI-SearchBot/1.4; +https://openai.com/searchbot"
65.108.235.243 - - [20/Jun/2026:20:50:45 +0200] "POST /wp-cron.php?doing_wp_cron=1781981445.5356650352478027343750 HTTP/1.1" 200 1 "-" "WordPress/7.0; https://reggio-emilia.elettroservicegroup.it"
74.7.227.16 - - [20/Jun/2026:20:50:45 +0200] "GET /wp-json/oembed/1.0/embed?format=xml&url=https%3A%2F%2Freggio-emilia.elettroservicegroup.it%2Ftermini-e-condizioni%2F HTTP/2.0" 200 997 "https://reggio-emilia.elettroservicegroup.it/termini-e-condizioni" "Mozilla/5.0 AppleWebKit/537.36 (KHTML, like Gecko; compatible; GPTBot/1.4; +https://openai.com/gptbot)"
65.108.235.243 - - [20/Jun/2026:20:50:45 +0200] "GET /assistenza-lavatrici-guastalla/ HTTP/1.1" 200 23600 "-" "WP Fastest Cache Preload Bot"
74.7.227.16 - - [20/Jun/2026:20:50:46 +0200] "GET /wp-content/uploads/elementor/css/post-15571.css?ver=1781777313 HTTP/2.0" 200 173 "https://reggio-emilia.elettroservicegroup.it/termini-e-condizioni" "Mozilla/5.0 AppleWebKit/537.36 (KHTML, like Gecko; compatible; GPTBot/1.4; +https://openai.com/gptbot)"
65.108.235.243 - - [20/Jun/2026:20:50:46 +0200] "GET /assistenza-lavatrici-correggio/ HTTP/1.1" 200 23586 "-" "WP Fastest Cache Preload Bot"
65.108.235.243 - - [20/Jun/2026:20:50:46 +0200] "GET /assistenza-lavatrici-reggio-emilia/ HTTP/1.1" 200 23831 "-" "WP Fastest Cache Preload Bot"
74.7.227.16 - - [20/Jun/2026:20:50:47 +0200] "GET /wp-content/cache/wpfc-minified/97penocn/47x9h.css HTTP/2.0" 200 16118 "https://reggio-emilia.elettroservicegroup.it/termini-e-condizioni" "Mozilla/5.0 AppleWebKit/537.36 (KHTML, like Gecko; compatible; GPTBot/1.4; +https://openai.com/gptbot)"
65.108.235.243 - - [20/Jun/2026:20:50:46 +0200] "GET /assistenza-lavastoviglie-whirlpool-rubiera/ HTTP/1.1" 200 22900 "-" "WP Fastest Cache Preload Bot"
157.55.39.194 - - [20/Jun/2026:21:13:05 +0200] "GET /assistenza-ariston-reggio-emilia/ HTTP/2.0" 200 22979 "-" "Mozilla/5.0 AppleWebKit/537.36 (KHTML, like Gecko; compatible; bingbot/2.0; +http://www.bing.com/bingbot.htm) Chrome/116.0.1938.76 Safari/537.36"
40.77.167.74 - - [20/Jun/2026:21:13:19 +0200] "GET /wp-content/uploads/elementor/css/post-17696.css?ver=1781776422 HTTP/2.0" 200 2167 "https://reggio-emilia.elettroservicegroup.it/assistenza-ariston-reggio-emilia/" "Mozilla/5.0 AppleWebKit/537.36 (KHTML, like Gecko; compatible; bingbot/2.0; +http://www.bing.com/bingbot.htm) Chrome/136.0.0.0 Safari/537.36 AppleWebKit/537.36 (KHTML, like Gecko; compatible; bingbot/2.0; +http://www.bing.com/bingbot.htm) Chrome/116.0.1938.76 Safari/537.36"
74.7.228.250 - - [20/Jun/2026:21:19:18 +0200] "GET /wp-content/uploads/2022/08/copertina-Riparazione_Lavastoviglie-1-1.jpg HTTP/2.0" 200 35425 "https://reggio-emilia.elettroservicegroup.it/assistenza-miele-scandiano/" "Mozilla/5.0 (Macintosh; Intel Mac OS X 10_15_7) AppleWebKit/537.36 (KHTML, like Gecko) Chrome/131.0.0.0 Safari/537.36; compatible; OAI-SearchBot/1.4; +https://openai.com/searchbot"
74.7.243.3 - - [20/Jun/2026:21:19:19 +0200] "GET /wp-content/uploads/2022/08/COPERTINA-1-768x384.png HTTP/2.0" 200 165615 "https://reggio-emilia.elettroservicegroup.it/assistenza-miele-scandiano/" "Mozilla/5.0 (Macintosh; Intel Mac OS X 10_15_7) AppleWebKit/537.36 (KHTML, like Gecko) Chrome/131.0.0.0 Safari/537.36; compatible; OAI-SearchBot/1.4; +https://openai.com/searchbot"
74.7.229.124 - - [20/Jun/2026:21:19:20 +0200] "GET /wp-content/uploads/2022/08/ASCIUGATRICE-TECNIC-1.jpg HTTP/2.0" 200 40522 "https://reggio-emilia.elettroservicegroup.it/assistenza-miele-scandiano/" "Mozilla/5.0 (Macintosh; Intel Mac OS X 10_15_7) AppleWebKit/537.36 (KHTML, like Gecko) Chrome/131.0.0.0 Safari/537.36; compatible; OAI-SearchBot/1.4; +https://openai.com/searchbot"
74.7.228.252 - - [20/Jun/2026:21:19:20 +0200] "GET /wp-content/uploads/2022/01/ASCIUGATRICE-TECNIC.jpg HTTP/2.0" 200 43278 "https://reggio-emilia.elettroservicegroup.it/assistenza-miele-scandiano/" "Mozilla/5.0 (Macintosh; Intel Mac OS X 10_15_7) AppleWebKit/537.36 (KHTML, like Gecko) Chrome/131.0.0.0 Safari/537.36; compatible; OAI-SearchBot/1.4; +https://openai.com/searchbot"
162.120.187.11 - - [20/Jun/2026:21:21:10 +0200] "GET / HTTP/2.0" 200 23326 "https://www.google.com/" "Mozilla/5.0 (Macintosh; Intel Mac OS X 10_15_7) AppleWebKit/537.36 (KHTML, like Gecko) Chrome/149.0.0.0 Safari/537.36"
65.108.235.243 - - [20/Jun/2026:21:21:19 +0200] "POST /wp-cron.php?doing_wp_cron=1781983279.1887419223785400390625 HTTP/1.1" 200 1 "-" "WordPress/7.0; https://reggio-emilia.elettroservicegroup.it"
66.249.93.132 - - [20/Jun/2026:21:21:10 +0200] "GET /.well-known/traffic-advice HTTP/1.1" 404 15863 "-" "Chrome Privacy Preserving Prefetch Proxy"
65.108.235.243 - - [20/Jun/2026:21:21:21 +0200] "POST /wp-json/complianz/v1/wsc-scan HTTP/1.1" 400 88 "-" "WordPress/7.0; https://reggio-emilia.elettroservicegroup.it"
65.108.235.243 - - [20/Jun/2026:21:21:22 +0200] "GET /assistenza-lavastoviglie-smeg-guastalla/ HTTP/1.1" 200 22871 "-" "WP Fastest Cache Preload Bot"
65.108.235.243 - - [20/Jun/2026:21:21:24 +0200] "GET /assistenza-lavastoviglie-whirlpool-scandiano/ HTTP/1.1" 200 22903 "-" "WP Fastest Cache Preload Bot"
65.108.235.243 - - [20/Jun/2026:21:21:27 +0200] "GET /assistenza-lavastoviglie-whirlpool-santilario-denza/ HTTP/1.1" 200 22986 "-" "WP Fastest Cache Preload Bot"
65.108.235.243 - - [20/Jun/2026:21:21:29 +0200] "GET /assistenza-lavastoviglie-whirlpool-guastalla/ HTTP/1.1" 200 22905 "-" "WP Fastest Cache Preload Bot"
65.108.235.243 - - [20/Jun/2026:21:21:31 +0200] "POST /wp-admin/admin-ajax.php?action=wordfence_testAjax HTTP/1.1" 200 16 "-" "WordPress/7.0; https://reggio-emilia.elettroservicegroup.it"
65.108.235.243 - - [20/Jun/2026:21:21:32 +0200] "GET /wp-admin/admin-ajax.php?action=wordfence_doScan&isFork=0&scanMode=quick&cronKey=4cad2ad1a11b4eb6ad38553bc6feb203&signature=b20078c40edfdced106b0f80bc98b806fecfc542c5b58273c4c3013f8013946d HTTP/1.1" 200 1 "-" "WordPress/7.0; https://reggio-emilia.elettroservicegroup.it"
65.108.235.243 - - [20/Jun/2026:21:41:03 +0200] "POST /wp-cron.php?doing_wp_cron=1781984462.8926229476928710937500 HTTP/1.1" 200 1 "-" "WordPress/7.0; https://reggio-emilia.elettroservicegroup.it"
104.210.140.128 - - [20/Jun/2026:21:40:55 +0200] "GET /robots.txt HTTP/2.0" 200 110 "-" "Mozilla/5.0 (Macintosh; Intel Mac OS X 10_15_7) AppleWebKit/537.36 (KHTML, like Gecko) Chrome/131.0.0.0 Safari/537.36; compatible; OAI-SearchBot/1.0; +https://openai.com/searchbot"
65.108.235.243 - - [20/Jun/2026:21:41:05 +0200] "GET /assistenza-lavastoviglie-whirlpool-correggio/ HTTP/1.1" 200 22909 "-" "WP Fastest Cache Preload Bot"
65.108.235.243 - - [20/Jun/2026:21:41:09 +0200] "GET /assistenza-lavastoviglie-smeg-correggio/ HTTP/1.1" 200 22868 "-" "WP Fastest Cache Preload Bot"
65.108.235.243 - - [20/Jun/2026:21:41:12 +0200] "GET /assistenza-lavastoviglie-whirlpool-reggio-emilia/ HTTP/1.1" 200 22897 "-" "WP Fastest Cache Preload Bot"
65.108.235.243 - - [20/Jun/2026:21:41:16 +0200] "GET /assistenza-lavastoviglie-smeg-reggio-emilia/ HTTP/1.1" 200 22866 "-" "WP Fastest Cache Preload Bot"
47.128.23.26 - - [20/Jun/2026:21:43:00 +0200] "GET /robots.txt HTTP/1.1" 200 11700 "-" "Mozilla/5.0 (Linux; Android 5.0) AppleWebKit/537.36 (KHTML, like Gecko) Mobile Safari/537.36 (compatible; Bytespider; spider-feedback@bytedance.com)"
65.108.235.243 - - [20/Jun/2026:22:45:07 +0200] "POST /wp-cron.php?doing_wp_cron=1781988307.6738660335540771484375 HTTP/1.1" 200 1 "-" "WordPress/7.0; https://reggio-emilia.elettroservicegroup.it"
111.225.148.170 - - [20/Jun/2026:22:44:59 +0200] "GET / HTTP/2.0" 403 23429 "-" "Mozilla/5.0 (Linux; Android 5.0) AppleWebKit/537.36 (KHTML, like Gecko) Mobile Safari/537.36 (compatible; Bytespider; https://zhanzhang.toutiao.com/)"
111.225.148.170 - - [20/Jun/2026:22:45:08 +0200] "GET /wp-content/plugins/elementor/assets/css/widget-spacer.min.css?ver=4.1.3 HTTP/2.0" 404 17165 "https://reggio-emilia.elettroservicegroup.it/" "Mozilla/5.0 (Linux; Android 5.0) AppleWebKit/537.36 (KHTML, like Gecko) Mobile Safari/537.36 (compatible; Bytespider; https://zhanzhang.toutiao.com/)"
65.108.235.243 - - [20/Jun/2026:22:45:09 +0200] "POST /wp-json/complianz/v1/wsc-scan HTTP/1.1" 400 88 "-" "WordPress/7.0; https://reggio-emilia.elettroservicegroup.it"
111.225.148.170 - - [20/Jun/2026:22:45:09 +0200] "GET /wp-content/themes/generatepress/assets/css/main.min.css?ver=3.6.1 HTTP/2.0" 404 17162 "https://reggio-emilia.elettroservicegroup.it/" "Mozilla/5.0 (Linux; Android 5.0) AppleWebKit/537.36 (KHTML, like Gecko) Mobile Safari/537.36 (compatible; Bytespider; https://zhanzhang.toutiao.com/)"
111.225.148.170 - - [20/Jun/2026:22:45:09 +0200] "GET /wp-content/plugins/elementor/assets/js/frontend-modules.min.js?ver=4.1.3 HTTP/2.0" 404 17161 "https://reggio-emilia.elettroservicegroup.it/" "Mozilla/5.0 (Linux; Android 5.0) AppleWebKit/537.36 (KHTML, like Gecko) Mobile Safari/537.36 (compatible; Bytespider; https://zhanzhang.toutiao.com/)"
111.225.148.170 - - [20/Jun/2026:22:45:11 +0200] "GET /wp-json/complianz/v1/banner?lang=it&locale=it_IT&token=nmzqm HTTP/2.0" 403 82 "https://reggio-emilia.elettroservicegroup.it/" "Mozilla/5.0 (Linux; Android 5.0) AppleWebKit/537.36 (KHTML, like Gecko) Mobile Safari/537.36 (compatible; Bytespider; https://zhanzhang.toutiao.com/)"
65.108.235.243 - - [20/Jun/2026:22:45:10 +0200] "GET /assistenza-lavastoviglie-rex-electrolux-rubiera/ HTTP/1.1" 200 22851 "-" "WP Fastest Cache Preload Bot"
111.225.148.170 - - [20/Jun/2026:22:45:12 +0200] "GET /wp-json/complianz/v1/cookie_data HTTP/2.0" 403 82 "https://reggio-emilia.elettroservicegroup.it/" "Mozilla/5.0 (Linux; Android 5.0) AppleWebKit/537.36 (KHTML, like Gecko) Mobile Safari/537.36 (compatible; Bytespider; https://zhanzhang.toutiao.com/)"
65.108.235.243 - - [20/Jun/2026:22:45:12 +0200] "GET /assistenza-lavastoviglie-rex-electrolux-scandiano/ HTTP/1.1" 200 22931 "-" "WP Fastest Cache Preload Bot"
65.108.235.243 - - [20/Jun/2026:22:45:14 +0200] "GET /assistenza-lavastoviglie-rex-electrolux-santilario-denza/ HTTP/1.1" 200 22937 "-" "WP Fastest Cache Preload Bot"
65.108.235.243 - - [20/Jun/2026:22:45:14 +0200] "GET /assistenza-lavastoviglie-rex-electrolux-guastalla/ HTTP/1.1" 200 22882 "-" "WP Fastest Cache Preload Bot"
65.108.235.243 - - [20/Jun/2026:22:46:23 +0200] "POST /wp-cron.php?doing_wp_cron=1781988383.6552510261535644531250 HTTP/1.1" 200 1 "-" "WordPress/7.0; https://reggio-emilia.elettroservicegroup.it"
17.22.237.198 - - [20/Jun/2026:22:46:21 +0200] "GET /robots.txt HTTP/2.0" 200 134 "-" "Mozilla/5.0 (Macintosh; Intel Mac OS X 10_15_7) AppleWebKit/605.1.15 (KHTML, like Gecko) Version/17.4 Safari/605.1.15 (Applebot/0.1; +http://www.apple.com/go/applebot)"
17.22.237.198 - - [20/Jun/2026:22:46:23 +0200] "GET /?attachment_id=15852 HTTP/2.0" 404 79563 "-" "Mozilla/5.0 (Macintosh; Intel Mac OS X 10_15_7) AppleWebKit/605.1.15 (KHTML, like Gecko) Version/17.4 Safari/605.1.15 (Applebot/0.1; +http://www.apple.com/go/applebot)"
65.108.235.243 - - [20/Jun/2026:22:46:23 +0200] "GET /assistenza-lavastoviglie-rex-electrolux-correggio/ HTTP/1.1" 200 22847 "-" "WP Fastest Cache Preload Bot"
65.108.235.243 - - [20/Jun/2026:22:46:24 +0200] "GET /assistenza-lavastoviglie-rex-electrolux-reggio-emilia/ HTTP/1.1" 200 22845 "-" "WP Fastest Cache Preload Bot"
65.108.235.243 - - [20/Jun/2026:22:46:24 +0200] "GET /assistenza-lavastoviglie-indesit-rubiera/ HTTP/1.1" 200 22890 "-" "WP Fastest Cache Preload Bot"
65.108.235.243 - - [20/Jun/2026:22:46:25 +0200] "GET /assistenza-lavastoviglie-indesit-scandiano/ HTTP/1.1" 200 22900 "-" "WP Fastest Cache Preload Bot"
17.22.237.60 - - [20/Jun/2026:23:00:44 +0200] "GET /wp-content/plugins/header-footer-elementor/inc/widgets-css/frontend.css?ver=2.8.8 HTTP/2.0" 200 8711 "https://reggio-emilia.elettroservicegroup.it/?attachment_id=15852" "Mozilla/5.0 (Macintosh; Intel Mac OS X 10_15_7) AppleWebKit/605.1.15 (KHTML, like Gecko) Version/17.4 Safari/605.1.15 (Applebot/0.1; +http://www.apple.com/go/applebot)"
17.22.237.60 - - [20/Jun/2026:23:00:45 +0200] "GET /wp-includes/css/dist/block-library/style.min.css?ver=7.0 HTTP/2.0" 200 15998 "https://reggio-emilia.elettroservicegroup.it/?attachment_id=15852" "Mozilla/5.0 (Macintosh; Intel Mac OS X 10_15_7) AppleWebKit/605.1.15 (KHTML, like Gecko) Version/17.4 Safari/605.1.15 (Applebot/0.1; +http://www.apple.com/go/applebot)"
17.22.237.60 - - [20/Jun/2026:23:00:46 +0200] "GET /wp-content/plugins/all-in-one-seo-pack/dist/Lite/assets/css/table-of-contents/global.e90f6d47.css?ver=4.9.8 HTTP/2.0" 200 420 "https://reggio-emilia.elettroservicegroup.it/?attachment_id=15852" "Mozilla/5.0 (Macintosh; Intel Mac OS X 10_15_7) AppleWebKit/605.1.15 (KHTML, like Gecko) Version/17.4 Safari/605.1.15 (Applebot/0.1; +http://www.apple.com/go/applebot)"
17.22.237.60 - - [20/Jun/2026:23:00:47 +0200] "GET /wp-content/plugins/complianz-gdpr-premium/assets/css/cookieblocker.min.css?ver=1781536286 HTTP/2.0" 200 615 "https://reggio-emilia.elettroservicegroup.it/?attachment_id=15852" "Mozilla/5.0 (Macintosh; Intel Mac OS X 10_15_7) AppleWebKit/605.1.15 (KHTML, like Gecko) Version/17.4 Safari/605.1.15 (Applebot/0.1; +http://www.apple.com/go/applebot)"
17.22.237.60 - - [20/Jun/2026:23:00:49 +0200] "GET /wp-content/plugins/elementor/assets/css/frontend.min.css?ver=4.1.3 HTTP/2.0" 200 6618 "https://reggio-emilia.elettroservicegroup.it/?attachment_id=15852" "Mozilla/5.0 (Macintosh; Intel Mac OS X 10_15_7) AppleWebKit/605.1.15 (KHTML, like Gecko) Version/17.4 Safari/605.1.15 (Applebot/0.1; +http://www.apple.com/go/applebot)"
17.22.237.60 - - [20/Jun/2026:23:00:50 +0200] "GET /wp-content/plugins/header-footer-elementor/assets/css/header-footer-elementor.css?ver=2.8.8 HTTP/2.0" 200 260 "https://reggio-emilia.elettroservicegroup.it/?attachment_id=15852" "Mozilla/5.0 (Macintosh; Intel Mac OS X 10_15_7) AppleWebKit/605.1.15 (KHTML, like Gecko) Version/17.4 Safari/605.1.15 (Applebot/0.1; +http://www.apple.com/go/applebot)"
17.22.237.60 - - [20/Jun/2026:23:00:52 +0200] "GET /wp-content/uploads/elementor/css/post-14146.css?ver=1781753039 HTTP/2.0" 200 428 "https://reggio-emilia.elettroservicegroup.it/?attachment_id=15852" "Mozilla/5.0 (Macintosh; Intel Mac OS X 10_15_7) AppleWebKit/605.1.15 (KHTML, like Gecko) Version/17.4 Safari/605.1.15 (Applebot/0.1; +http://www.apple.com/go/applebot)"
17.22.237.60 - - [20/Jun/2026:23:00:53 +0200] "GET /wp-content/plugins/elementor/assets/lib/font-awesome/css/all.min.css?ver=4.1.3 HTTP/2.0" 200 12402 "https://reggio-emilia.elettroservicegroup.it/?attachment_id=15852" "Mozilla/5.0 (Macintosh; Intel Mac OS X 10_15_7) AppleWebKit/605.1.15 (KHTML, like Gecko) Version/17.4 Safari/605.1.15 (Applebot/0.1; +http://www.apple.com/go/applebot)"
17.22.237.60 - - [20/Jun/2026:23:00:54 +0200] "GET /wp-content/plugins/elementor/assets/lib/font-awesome/css/v4-shims.min.css?ver=4.1.3 HTTP/2.0" 200 3986 "https://reggio-emilia.elettroservicegroup.it/?attachment_id=15852" "Mozilla/5.0 (Macintosh; Intel Mac OS X 10_15_7) AppleWebKit/605.1.15 (KHTML, like Gecko) Version/17.4 Safari/605.1.15 (Applebot/0.1; +http://www.apple.com/go/applebot)"
17.22.237.60 - - [20/Jun/2026:23:00:56 +0200] "GET /wp-content/uploads/elementor/css/post-14366.css?ver=1781753039 HTTP/2.0" 200 302 "https://reggio-emilia.elettroservicegroup.it/?attachment_id=15852" "Mozilla/5.0 (Macintosh; Intel Mac OS X 10_15_7) AppleWebKit/605.1.15 (KHTML, like Gecko) Version/17.4 Safari/605.1.15 (Applebot/0.1; +http://www.apple.com/go/applebot)"
17.22.237.60 - - [20/Jun/2026:23:00:57 +0200] "GET /wp-content/themes/generatepress/assets/css/main.min.css?ver=3.6.1 HTTP/2.0" 200 4410 "https://reggio-emilia.elettroservicegroup.it/?attachment_id=15852" "Mozilla/5.0 (Macintosh; Intel Mac OS X 10_15_7) AppleWebKit/605.1.15 (KHTML, like Gecko) Version/17.4 Safari/605.1.15 (Applebot/0.1; +http://www.apple.com/go/applebot)"
17.22.237.60 - - [20/Jun/2026:23:00:58 +0200] "GET /wp-content/plugins/elementor/assets/lib/eicons/css/elementor-icons.min.css?ver=5.34.0 HTTP/2.0" 200 4115 "https://reggio-emilia.elettroservicegroup.it/?attachment_id=15852" "Mozilla/5.0 (Macintosh; Intel Mac OS X 10_15_7) AppleWebKit/605.1.15 (KHTML, like Gecko) Version/17.4 Safari/605.1.15 (Applebot/0.1; +http://www.apple.com/go/applebot)"
17.22.237.60 - - [20/Jun/2026:23:01:00 +0200] "GET /wp-content/plugins/elementor/assets/css/widget-icon-list.min.css?ver=3.24.3 HTTP/2.0" 200 928 "https://reggio-emilia.elettroservicegroup.it/?attachment_id=15852" "Mozilla/5.0 (Macintosh; Intel Mac OS X 10_15_7) AppleWebKit/605.1.15 (KHTML, like Gecko) Version/17.4 Safari/605.1.15 (Applebot/0.1; +http://www.apple.com/go/applebot)"
17.22.237.60 - - [20/Jun/2026:23:01:01 +0200] "GET /wp-content/plugins/elementor/assets/css/widget-social-icons.min.css?ver=3.24.0 HTTP/2.0" 200 1039 "https://reggio-emilia.elettroservicegroup.it/?attachment_id=15852" "Mozilla/5.0 (Macintosh; Intel Mac OS X 10_15_7) AppleWebKit/605.1.15 (KHTML, like Gecko) Version/17.4 Safari/605.1.15 (Applebot/0.1; +http://www.apple.com/go/applebot)"
17.22.237.60 - - [20/Jun/2026:23:01:03 +0200] "GET /wp-content/plugins/elementor/assets/lib/font-awesome/css/brands.css?ver=5.15.3 HTTP/2.0" 200 298 "https://reggio-emilia.elettroservicegroup.it/?attachment_id=15852" "Mozilla/5.0 (Macintosh; Intel Mac OS X 10_15_7) AppleWebKit/605.1.15 (KHTML, like Gecko) Version/17.4 Safari/605.1.15 (Applebot/0.1; +http://www.apple.com/go/applebot)"
17.22.237.60 - - [20/Jun/2026:23:01:04 +0200] "GET /wp-content/plugins/elementor/assets/lib/font-awesome/css/fontawesome.css?ver=5.15.3 HTTP/2.0" 200 12535 "https://reggio-emilia.elettroservicegroup.it/?attachment_id=15852" "Mozilla/5.0 (Macintosh; Intel Mac OS X 10_15_7) AppleWebKit/605.1.15 (KHTML, like Gecko) Version/17.4 Safari/605.1.15 (Applebot/0.1; +http://www.apple.com/go/applebot)"
17.22.237.60 - - [20/Jun/2026:23:01:05 +0200] "GET /wp-content/plugins/elementor/assets/lib/font-awesome/css/solid.css?ver=5.15.3 HTTP/2.0" 200 299 "https://reggio-emilia.elettroservicegroup.it/?attachment_id=15852" "Mozilla/5.0 (Macintosh; Intel Mac OS X 10_15_7) AppleWebKit/605.1.15 (KHTML, like Gecko) Version/17.4 Safari/605.1.15 (Applebot/0.1; +http://www.apple.com/go/applebot)"
17.22.237.60 - - [20/Jun/2026:23:01:07 +0200] "GET /wp-content/plugins/gp-premium/blog/functions/css/featured-images.min.css?ver=2.5.5 HTTP/2.0" 200 423 "https://reggio-emilia.elettroservicegroup.it/?attachment_id=15852" "Mozilla/5.0 (Macintosh; Intel Mac OS X 10_15_7) AppleWebKit/605.1.15 (KHTML, like Gecko) Version/17.4 Safari/605.1.15 (Applebot/0.1; +http://www.apple.com/go/applebot)"
17.22.237.60 - - [20/Jun/2026:23:01:08 +0200] "GET /wp-content/plugins/gp-premium/menu-plus/functions/css/navigation-branding-flex.min.css?ver=2.5.5 HTTP/2.0" 200 542 "https://reggio-emilia.elettroservicegroup.it/?attachment_id=15852" "Mozilla/5.0 (Macintosh; Intel Mac OS X 10_15_7) AppleWebKit/605.1.15 (KHTML, like Gecko) Version/17.4 Safari/605.1.15 (Applebot/0.1; +http://www.apple.com/go/applebot)"
17.22.237.60 - - [20/Jun/2026:23:01:09 +0200] "GET /wp-content/uploads/elementor/google-fonts/css/roboto.css?ver=1742255001 HTTP/2.0" 200 1890 "https://reggio-emilia.elettroservicegroup.it/?attachment_id=15852" "Mozilla/5.0 (Macintosh; Intel Mac OS X 10_15_7) AppleWebKit/605.1.15 (KHTML, like Gecko) Version/17.4 Safari/605.1.15 (Applebot/0.1; +http://www.apple.com/go/applebot)"
17.22.237.60 - - [20/Jun/2026:23:01:11 +0200] "GET /wp-content/uploads/elementor/google-fonts/css/robotoslab.css?ver=1742255003 HTTP/2.0" 200 721 "https://reggio-emilia.elettroservicegroup.it/?attachment_id=15852" "Mozilla/5.0 (Macintosh; Intel Mac OS X 10_15_7) AppleWebKit/605.1.15 (KHTML, like Gecko) Version/17.4 Safari/605.1.15 (Applebot/0.1; +http://www.apple.com/go/applebot)"
65.108.235.243 - - [20/Jun/2026:23:01:10 +0200] "GET /assistenza-lavastoviglie-indesit-santilario-denza/ HTTP/1.1" 200 22979 "-" "WP Fastest Cache Preload Bot"
65.108.235.243 - - [20/Jun/2026:23:01:11 +0200] "GET /assistenza-lavastoviglie-indesit-guastalla/ HTTP/1.1" 200 22897 "-" "WP Fastest Cache Preload Bot"
17.22.237.60 - - [20/Jun/2026:23:01:12 +0200] "GET /wp-includes/js/jquery/jquery.min.js?ver=3.7.1 HTTP/2.0" 200 29769 "https://reggio-emilia.elettroservicegroup.it/?attachment_id=15852" "Mozilla/5.0 (Macintosh; Intel Mac OS X 10_15_7) AppleWebKit/605.1.15 (KHTML, like Gecko) Version/17.4 Safari/605.1.15 (Applebot/0.1; +http://www.apple.com/go/applebot)"
65.108.235.243 - - [20/Jun/2026:23:01:12 +0200] "GET /assistenza-lavastoviglie-indesit-correggio/ HTTP/1.1" 200 22899 "-" "WP Fastest Cache Preload Bot"
65.108.235.243 - - [20/Jun/2026:23:01:12 +0200] "GET /assistenza-lavastoviglie-indesit-reggio-emilia/ HTTP/1.1" 200 22892 "-" "WP Fastest Cache Preload Bot"
17.22.237.60 - - [20/Jun/2026:23:01:14 +0200] "GET /wp-content/plugins/elementor/assets/lib/font-awesome/js/v4-shims.min.js?ver=4.1.3 HTTP/2.0" 200 4043 "https://reggio-emilia.elettroservicegroup.it/?attachment_id=15852" "Mozilla/5.0 (Macintosh; Intel Mac OS X 10_15_7) AppleWebKit/605.1.15 (KHTML, like Gecko) Version/17.4 Safari/605.1.15 (Applebot/0.1; +http://www.apple.com/go/applebot)"
17.22.237.60 - - [20/Jun/2026:23:01:15 +0200] "GET /wp-includes/js/jquery/jquery-migrate.min.js?ver=3.4.1 HTTP/2.0" 200 4685 "https://reggio-emilia.elettroservicegroup.it/?attachment_id=15852" "Mozilla/5.0 (Macintosh; Intel Mac OS X 10_15_7) AppleWebKit/605.1.15 (KHTML, like Gecko) Version/17.4 Safari/605.1.15 (Applebot/0.1; +http://www.apple.com/go/applebot)"
17.22.237.60 - - [20/Jun/2026:23:01:16 +0200] "GET /wp-content/plugins/gp-premium/menu-plus/functions/js/sticky.min.js?ver=2.5.5 HTTP/2.0" 200 2670 "https://reggio-emilia.elettroservicegroup.it/?attachment_id=15852" "Mozilla/5.0 (Macintosh; Intel Mac OS X 10_15_7) AppleWebKit/605.1.15 (KHTML, like Gecko) Version/17.4 Safari/605.1.15 (Applebot/0.1; +http://www.apple.com/go/applebot)"
17.22.237.60 - - [20/Jun/2026:23:01:18 +0200] "GET /wp-content/plugins/complianz-gdpr-premium/DNSMPD/script.min.js?ver=1781536287 HTTP/2.0" 200 425 "https://reggio-emilia.elettroservicegroup.it/?attachment_id=15852" "Mozilla/5.0 (Macintosh; Intel Mac OS X 10_15_7) AppleWebKit/605.1.15 (KHTML, like Gecko) Version/17.4 Safari/605.1.15 (Applebot/0.1; +http://www.apple.com/go/applebot)"
17.22.237.60 - - [20/Jun/2026:23:01:19 +0200] "GET /wp-content/themes/generatepress/assets/js/menu.min.js?ver=3.6.1 HTTP/2.0" 200 1688 "https://reggio-emilia.elettroservicegroup.it/?attachment_id=15852" "Mozilla/5.0 (Macintosh; Intel Mac OS X 10_15_7) AppleWebKit/605.1.15 (KHTML, like Gecko) Version/17.4 Safari/605.1.15 (Applebot/0.1; +http://www.apple.com/go/applebot)"
