65.108.235.243 - - [13/Jun/2026:14:33:12 +0200] "POST /wp-cron.php?doing_wp_cron=1781353992.7012488842010498046875 HTTP/1.1" 200 1 "-" "WordPress/7.0; https://brescia.elettroservicegroup.it"
216.73.217.89 - - [13/Jun/2026:14:33:07 +0200] "GET /robots.txt HTTP/2.0" 200 106 "-" "Mozilla/5.0 AppleWebKit/537.36 (KHTML, like Gecko; compatible; ClaudeBot/1.0; +claudebot@anthropic.com)"
65.108.235.243 - - [13/Jun/2026:14:33:27 +0200] "POST /wp-cron.php?doing_wp_cron=1781354007.7130470275878906250000 HTTP/1.1" 200 1 "-" "WordPress/7.0; https://brescia.elettroservicegroup.it"
216.73.217.89 - - [13/Jun/2026:14:33:27 +0200] "GET /?p=31 HTTP/2.0" 301 1 "-" "Mozilla/5.0 AppleWebKit/537.36 (KHTML, like Gecko; compatible; ClaudeBot/1.0; +claudebot@anthropic.com)"
216.73.217.89 - - [13/Jun/2026:14:33:27 +0200] "GET /webp-net-resizeimage-1-png/ HTTP/2.0" 200 26175 "https://brescia.elettroservicegroup.it/?p=31" "Mozilla/5.0 AppleWebKit/537.36 (KHTML, like Gecko; compatible; ClaudeBot/1.0; +claudebot@anthropic.com)"
216.73.217.89 - - [13/Jun/2026:16:28:07 +0200] "GET /robots.txt HTTP/2.0" 200 106 "-" "Mozilla/5.0 AppleWebKit/537.36 (KHTML, like Gecko; compatible; ClaudeBot/1.0; +claudebot@anthropic.com)"
65.108.235.243 - - [13/Jun/2026:16:28:10 +0200] "POST /wp-cron.php?doing_wp_cron=1781360890.3433248996734619140625 HTTP/1.1" 200 1 "-" "WordPress/7.0; https://brescia.elettroservicegroup.it"
65.108.235.243 - - [13/Jun/2026:16:28:37 +0200] "POST /wp-cron.php?doing_wp_cron=1781360917.2592630386352539062500 HTTP/1.1" 200 1 "-" "WordPress/7.0; https://brescia.elettroservicegroup.it"
216.73.217.89 - - [13/Jun/2026:16:28:37 +0200] "GET /?p=14425 HTTP/2.0" 301 1 "-" "Mozilla/5.0 AppleWebKit/537.36 (KHTML, like Gecko; compatible; ClaudeBot/1.0; +claudebot@anthropic.com)"
216.73.217.89 - - [13/Jun/2026:16:28:37 +0200] "GET /franke-jpg/ HTTP/2.0" 200 27064 "https://brescia.elettroservicegroup.it/?p=14425" "Mozilla/5.0 AppleWebKit/537.36 (KHTML, like Gecko; compatible; ClaudeBot/1.0; +claudebot@anthropic.com)"
65.108.235.243 - - [13/Jun/2026:19:17:08 +0200] "POST /wp-cron.php?doing_wp_cron=1781371028.8994030952453613281250 HTTP/1.1" 200 1 "-" "WordPress/7.0; https://brescia.elettroservicegroup.it"
104.210.140.129 - - [13/Jun/2026:19:17:03 +0200] "GET /robots.txt HTTP/2.0" 200 106 "-" "Mozilla/5.0 (Macintosh; Intel Mac OS X 10_15_7) AppleWebKit/537.36 (KHTML, like Gecko) Chrome/131.0.0.0 Safari/537.36; compatible; OAI-SearchBot/1.0; +https://openai.com/searchbot"
65.108.235.243 - - [13/Jun/2026:19:29:42 +0200] "POST /wp-cron.php?doing_wp_cron=1781371782.8719940185546875000000 HTTP/1.1" 200 1 "-" "WordPress/7.0; https://brescia.elettroservicegroup.it"
104.167.25.97 - - [13/Jun/2026:19:29:40 +0200] "GET /wp-login.php HTTP/1.1" 200 9036 "-" "Mozilla/5.0 (Windows NT 10.0; Win64; x64) AppleWebKit/537.36 (KHTML, like Gecko) Chrome/143.0.0.0 Safari/537.36"
104.167.25.97 - - [13/Jun/2026:19:29:43 +0200] "POST /wp-login.php HTTP/1.1" 200 9485 "https://brescia.elettroservicegroup.it/wp-login.php" "Mozilla/5.0 (Windows NT 10.0; Win64; x64) AppleWebKit/537.36 (KHTML, like Gecko) Chrome/143.0.0.0 Safari/537.36"
65.108.235.243 - - [13/Jun/2026:19:44:14 +0200] "POST /wp-cron.php?doing_wp_cron=1781372654.1026129722595214843750 HTTP/1.1" 200 1 "-" "WordPress/7.0; https://brescia.elettroservicegroup.it"
216.73.217.89 - - [13/Jun/2026:19:44:12 +0200] "GET /robots.txt HTTP/2.0" 200 106 "-" "Mozilla/5.0 AppleWebKit/537.36 (KHTML, like Gecko; compatible; ClaudeBot/1.0; +claudebot@anthropic.com)"
216.73.217.89 - - [13/Jun/2026:19:44:14 +0200] "GET /sitemap.rss HTTP/2.0" 404 384 "-" "Mozilla/5.0 AppleWebKit/537.36 (KHTML, like Gecko; compatible; ClaudeBot/1.0; +claudebot@anthropic.com)"
216.73.217.89 - - [13/Jun/2026:19:44:14 +0200] "GET /sitemap.xml HTTP/2.0" 200 339 "-" "Mozilla/5.0 AppleWebKit/537.36 (KHTML, like Gecko; compatible; ClaudeBot/1.0; +claudebot@anthropic.com)"
65.108.235.243 - - [13/Jun/2026:19:44:53 +0200] "POST /wp-cron.php?doing_wp_cron=1781372693.1263968944549560546875 HTTP/1.1" 200 1 "-" "WordPress/7.0; https://brescia.elettroservicegroup.it"
216.73.217.89 - - [13/Jun/2026:19:44:50 +0200] "GET /feed/?attachment_id=44 HTTP/2.0" 200 386 "-" "Mozilla/5.0 AppleWebKit/537.36 (KHTML, like Gecko; compatible; ClaudeBot/1.0; +claudebot@anthropic.com)"
65.108.235.243 - - [13/Jun/2026:21:28:05 +0200] "POST /wp-cron.php?doing_wp_cron=1781378885.8026518821716308593750 HTTP/1.1" 200 1 "-" "WordPress/7.0; https://brescia.elettroservicegroup.it"
66.249.70.8 - - [13/Jun/2026:21:27:59 +0200] "GET /attachment-sitemap.xml HTTP/1.1" 200 3505 "-" "Mozilla/5.0 (compatible; Googlebot/2.1; +http://www.google.com/bot.html)"
65.108.235.243 - - [13/Jun/2026:21:37:42 +0200] "POST /wp-cron.php?doing_wp_cron=1781379461.9494678974151611328125 HTTP/1.1" 200 1 "-" "WordPress/7.0; https://brescia.elettroservicegroup.it"
66.249.70.2 - - [13/Jun/2026:21:37:39 +0200] "GET /white-air-conditioning-and-a-stream-of-fresh-cold-air-on-a-background-of-a-gray-wall-the-concept-of-heat-cool-air-cooling-freshness/ HTTP/1.1" 200 27216 "-" "Mozilla/5.0 (Linux; Android 6.0.1; Nexus 5X Build/MMB29P) AppleWebKit/537.36 (KHTML, like Gecko) Chrome/148.0.7778.96 Mobile Safari/537.36 (compatible; GoogleOther)"
66.249.70.1 - - [13/Jun/2026:21:37:56 +0200] "GET /wp-content/plugins/complianz-gdpr-premium/assets/css/cookieblocker.min.css?ver=1780326839 HTTP/1.1" 200 615 "https://brescia.elettroservicegroup.it/white-air-conditioning-and-a-stream-of-fresh-cold-air-on-a-background-of-a-gray-wall-the-concept-of-heat-cool-air-cooling-freshness/" "Mozilla/5.0 (Linux; Android 6.0.1; Nexus 5X Build/MMB29P) AppleWebKit/537.36 (KHTML, like Gecko) Chrome/148.0.7778.96 Mobile Safari/537.36 (compatible; GoogleOther)"
66.249.70.8 - - [13/Jun/2026:21:38:01 +0200] "GET /wp-content/plugins/elementor/assets/lib/font-awesome/css/v4-shims.min.css?ver=4.1.3 HTTP/1.1" 200 3986 "https://brescia.elettroservicegroup.it/white-air-conditioning-and-a-stream-of-fresh-cold-air-on-a-background-of-a-gray-wall-the-concept-of-heat-cool-air-cooling-freshness/" "Mozilla/5.0 (Linux; Android 6.0.1; Nexus 5X Build/MMB29P) AppleWebKit/537.36 (KHTML, like Gecko) Chrome/148.0.7778.96 Mobile Safari/537.36 (compatible; GoogleOther)"
66.249.70.1 - - [13/Jun/2026:21:38:07 +0200] "GET /wp-content/plugins/elementor/assets/css/frontend.min.css?ver=4.1.3 HTTP/1.1" 200 6618 "https://brescia.elettroservicegroup.it/white-air-conditioning-and-a-stream-of-fresh-cold-air-on-a-background-of-a-gray-wall-the-concept-of-heat-cool-air-cooling-freshness/" "Mozilla/5.0 (Linux; Android 6.0.1; Nexus 5X Build/MMB29P) AppleWebKit/537.36 (KHTML, like Gecko) Chrome/148.0.7778.96 Mobile Safari/537.36 (compatible; GoogleOther)"
66.249.70.8 - - [13/Jun/2026:21:38:13 +0200] "GET /wp-content/themes/generatepress/assets/js/back-to-top.min.js?ver=3.6.1 HTTP/1.1" 200 336 "https://brescia.elettroservicegroup.it/white-air-conditioning-and-a-stream-of-fresh-cold-air-on-a-background-of-a-gray-wall-the-concept-of-heat-cool-air-cooling-freshness/" "Mozilla/5.0 (Linux; Android 6.0.1; Nexus 5X Build/MMB29P) AppleWebKit/537.36 (KHTML, like Gecko) Chrome/148.0.7778.96 Mobile Safari/537.36 (compatible; GoogleOther)"
66.249.70.8 - - [13/Jun/2026:21:38:20 +0200] "GET /wp-content/plugins/elementor/assets/js/webpack.runtime.min.js?ver=4.1.3 HTTP/1.1" 200 2340 "https://brescia.elettroservicegroup.it/white-air-conditioning-and-a-stream-of-fresh-cold-air-on-a-background-of-a-gray-wall-the-concept-of-heat-cool-air-cooling-freshness/" "Mozilla/5.0 (Linux; Android 6.0.1; Nexus 5X Build/MMB29P) AppleWebKit/537.36 (KHTML, like Gecko) Chrome/148.0.7778.96 Mobile Safari/537.36 (compatible; GoogleOther)"
65.108.235.243 - - [13/Jun/2026:21:40:29 +0200] "POST /wp-cron.php?doing_wp_cron=1781379629.7080049514770507812500 HTTP/1.1" 200 1 "-" "WordPress/7.0; https://brescia.elettroservicegroup.it"
66.249.70.8 - - [13/Jun/2026:21:40:27 +0200] "GET /lavatrice/ HTTP/1.1" 200 27125 "-" "Mozilla/5.0 (Linux; Android 6.0.1; Nexus 5X Build/MMB29P) AppleWebKit/537.36 (KHTML, like Gecko) Chrome/148.0.7778.96 Mobile Safari/537.36 (compatible; GoogleOther)"
66.249.70.1 - - [13/Jun/2026:21:40:32 +0200] "GET /wp-content/uploads/elementor/css/post-14366.css?ver=1780704000 HTTP/1.1" 200 297 "https://brescia.elettroservicegroup.it/lavatrice/" "Mozilla/5.0 (Linux; Android 6.0.1; Nexus 5X Build/MMB29P) AppleWebKit/537.36 (KHTML, like Gecko) Chrome/148.0.7778.96 Mobile Safari/537.36 (compatible; GoogleOther)"
66.249.70.1 - - [13/Jun/2026:21:40:33 +0200] "GET /wp-content/plugins/wpfront-notification-bar/css/wpfront-notification-bar.min.css?ver=3.5.1.05102 HTTP/1.1" 200 665 "https://brescia.elettroservicegroup.it/lavatrice/" "Mozilla/5.0 (Linux; Android 6.0.1; Nexus 5X Build/MMB29P) AppleWebKit/537.36 (KHTML, like Gecko) Chrome/148.0.7778.96 Mobile Safari/537.36 (compatible; GoogleOther)"
66.249.70.8 - - [13/Jun/2026:21:40:34 +0200] "GET /wp-content/plugins/essential-addons-for-elementor-lite/assets/front-end/css/view/general.min.css?ver=6.6.7 HTTP/1.1" 200 1422 "https://brescia.elettroservicegroup.it/lavatrice/" "Mozilla/5.0 (Linux; Android 6.0.1; Nexus 5X Build/MMB29P) AppleWebKit/537.36 (KHTML, like Gecko) Chrome/148.0.7778.96 Mobile Safari/537.36 (compatible; GoogleOther)"
66.249.70.1 - - [13/Jun/2026:21:40:35 +0200] "GET /wp-content/themes/generatepress/assets/css/main.min.css?ver=3.6.1 HTTP/1.1" 200 4410 "https://brescia.elettroservicegroup.it/lavatrice/" "Mozilla/5.0 (Linux; Android 6.0.1; Nexus 5X Build/MMB29P) AppleWebKit/537.36 (KHTML, like Gecko) Chrome/148.0.7778.96 Mobile Safari/537.36 (compatible; GoogleOther)"
66.249.70.8 - - [13/Jun/2026:21:40:36 +0200] "GET /wp-content/themes/generatepress/assets/css/components/comments.min.css?ver=3.6.1 HTTP/1.1" 200 488 "https://brescia.elettroservicegroup.it/lavatrice/" "Mozilla/5.0 (Linux; Android 6.0.1; Nexus 5X Build/MMB29P) AppleWebKit/537.36 (KHTML, like Gecko) Chrome/148.0.7778.96 Mobile Safari/537.36 (compatible; GoogleOther)"
66.249.70.8 - - [13/Jun/2026:21:40:37 +0200] "GET /wp-content/plugins/gp-premium/menu-plus/functions/css/navigation-branding-flex.min.css?ver=2.5.5 HTTP/1.1" 200 542 "https://brescia.elettroservicegroup.it/lavatrice/" "Mozilla/5.0 (Linux; Android 6.0.1; Nexus 5X Build/MMB29P) AppleWebKit/537.36 (KHTML, like Gecko) Chrome/148.0.7778.96 Mobile Safari/537.36 (compatible; GoogleOther)"
66.249.70.8 - - [13/Jun/2026:21:40:38 +0200] "GET /wp-includes/js/jquery/jquery.min.js?ver=3.7.1 HTTP/1.1" 200 29769 "https://brescia.elettroservicegroup.it/lavatrice/" "Mozilla/5.0 (Linux; Android 6.0.1; Nexus 5X Build/MMB29P) AppleWebKit/537.36 (KHTML, like Gecko) Chrome/148.0.7778.96 Mobile Safari/537.36 (compatible; GoogleOther)"
66.249.70.8 - - [13/Jun/2026:21:40:40 +0200] "GET /wp-content/uploads/elementor/css/post-14146.css?ver=1780704000 HTTP/1.1" 200 428 "https://brescia.elettroservicegroup.it/lavatrice/" "Mozilla/5.0 (Linux; Android 6.0.1; Nexus 5X Build/MMB29P) AppleWebKit/537.36 (KHTML, like Gecko) Chrome/148.0.7778.96 Mobile Safari/537.36 (compatible; GoogleOther)"
66.249.70.8 - - [13/Jun/2026:21:40:41 +0200] "GET /wp-content/plugins/all-in-one-seo-pack/dist/Lite/assets/css/table-of-contents/global.e90f6d47.css?ver=4.9.7.2 HTTP/1.1" 200 420 "https://brescia.elettroservicegroup.it/lavatrice/" "Mozilla/5.0 (Linux; Android 6.0.1; Nexus 5X Build/MMB29P) AppleWebKit/537.36 (KHTML, like Gecko) Chrome/148.0.7778.96 Mobile Safari/537.36 (compatible; GoogleOther)"
66.249.70.8 - - [13/Jun/2026:21:40:42 +0200] "GET /wp-content/plugins/elementor/assets/lib/font-awesome/js/v4-shims.min.js?ver=4.1.3 HTTP/1.1" 200 4043 "https://brescia.elettroservicegroup.it/lavatrice/" "Mozilla/5.0 (Linux; Android 6.0.1; Nexus 5X Build/MMB29P) AppleWebKit/537.36 (KHTML, like Gecko) Chrome/148.0.7778.96 Mobile Safari/537.36 (compatible; GoogleOther)"
66.249.70.8 - - [13/Jun/2026:21:40:43 +0200] "GET /wp-content/themes/generatepress/assets/js/menu.min.js?ver=3.6.1 HTTP/1.1" 200 1688 "https://brescia.elettroservicegroup.it/lavatrice/" "Mozilla/5.0 (Linux; Android 6.0.1; Nexus 5X Build/MMB29P) AppleWebKit/537.36 (KHTML, like Gecko) Chrome/148.0.7778.96 Mobile Safari/537.36 (compatible; GoogleOther)"
66.249.70.8 - - [13/Jun/2026:21:40:45 +0200] "GET /wp-content/plugins/essential-addons-for-elementor-lite/assets/front-end/js/view/general.min.js?ver=6.6.7 HTTP/1.1" 200 3900 "https://brescia.elettroservicegroup.it/lavatrice/" "Mozilla/5.0 (Linux; Android 6.0.1; Nexus 5X Build/MMB29P) AppleWebKit/537.36 (KHTML, like Gecko) Chrome/148.0.7778.96 Mobile Safari/537.36 (compatible; GoogleOther)"
66.249.70.8 - - [13/Jun/2026:21:40:46 +0200] "GET /wp-content/plugins/elementor/assets/js/frontend.min.js?ver=4.1.3 HTTP/1.1" 200 10140 "https://brescia.elettroservicegroup.it/lavatrice/" "Mozilla/5.0 (Linux; Android 6.0.1; Nexus 5X Build/MMB29P) AppleWebKit/537.36 (KHTML, like Gecko) Chrome/148.0.7778.96 Mobile Safari/537.36 (compatible; GoogleOther)"
66.249.70.8 - - [13/Jun/2026:21:40:47 +0200] "GET /wp-content/plugins/elementor/assets/js/frontend-modules.min.js?ver=4.1.3 HTTP/1.1" 200 15454 "https://brescia.elettroservicegroup.it/lavatrice/" "Mozilla/5.0 (Linux; Android 6.0.1; Nexus 5X Build/MMB29P) AppleWebKit/537.36 (KHTML, like Gecko) Chrome/148.0.7778.96 Mobile Safari/537.36 (compatible; GoogleOther)"
66.249.70.8 - - [13/Jun/2026:21:40:48 +0200] "GET /wp-content/plugins/complianz-gdpr-premium/cookiebanner/js/complianz.min.js?ver=1780326839 HTTP/1.1" 200 10708 "https://brescia.elettroservicegroup.it/lavatrice/" "Mozilla/5.0 (Linux; Android 6.0.1; Nexus 5X Build/MMB29P) AppleWebKit/537.36 (KHTML, like Gecko) Chrome/148.0.7778.96 Mobile Safari/537.36 (compatible; GoogleOther)"
66.249.70.8 - - [13/Jun/2026:21:40:50 +0200] "GET /wp-json/complianz/v1/banner?lang=it&locale=it_IT&token=lcps HTTP/1.1" 200 83 "https://brescia.elettroservicegroup.it/lavatrice/" "Mozilla/5.0 (Linux; Android 6.0.1; Nexus 5X Build/MMB29P) AppleWebKit/537.36 (KHTML, like Gecko) Chrome/148.0.7778.96 Mobile Safari/537.36 (compatible; GoogleOther)"
66.249.70.8 - - [13/Jun/2026:21:40:51 +0200] "GET /wp-content/uploads/complianz/css/banner-1-optin.css?v=22 HTTP/1.1" 200 2615 "https://brescia.elettroservicegroup.it/lavatrice/" "Mozilla/5.0 (Linux; Android 6.0.1; Nexus 5X Build/MMB29P) AppleWebKit/537.36 (KHTML, like Gecko) Chrome/148.0.7778.96 Mobile Safari/537.36 (compatible; GoogleOther)"
66.249.70.8 - - [13/Jun/2026:21:40:52 +0200] "GET /wp-content/plugins/elementor/assets/js/lightbox.570c05c5a283cfb6b223.bundle.min.js HTTP/1.1" 200 9102 "https://brescia.elettroservicegroup.it/lavatrice/" "Mozilla/5.0 (Linux; Android 6.0.1; Nexus 5X Build/MMB29P) AppleWebKit/537.36 (KHTML, like Gecko) Chrome/148.0.7778.96 Mobile Safari/537.36 (compatible; GoogleOther)"
66.249.70.8 - - [13/Jun/2026:21:40:53 +0200] "GET /wp-content/plugins/elementor/assets/lib/swiper/v8/css/swiper.min.css?ver=8.4.5 HTTP/1.1" 200 4251 "https://brescia.elettroservicegroup.it/lavatrice/" "Mozilla/5.0 (Linux; Android 6.0.1; Nexus 5X Build/MMB29P) AppleWebKit/537.36 (KHTML, like Gecko) Chrome/148.0.7778.96 Mobile Safari/537.36 (compatible; GoogleOther)"
66.249.70.8 - - [13/Jun/2026:21:40:55 +0200] "GET /wp-content/plugins/elementor/assets/js/397f2d183c19202777d6.bundle.min.js HTTP/1.1" 200 8477 "https://brescia.elettroservicegroup.it/lavatrice/" "Mozilla/5.0 (Linux; Android 6.0.1; Nexus 5X Build/MMB29P) AppleWebKit/537.36 (KHTML, like Gecko) Chrome/148.0.7778.96 Mobile Safari/537.36 (compatible; GoogleOther)"
66.249.70.8 - - [13/Jun/2026:21:40:56 +0200] "GET /wp-content/plugins/elementor/assets/lib/dialog/dialog.min.js?ver=4.9.3 HTTP/1.1" 200 3595 "https://brescia.elettroservicegroup.it/lavatrice/" "Mozilla/5.0 (Linux; Android 6.0.1; Nexus 5X Build/MMB29P) AppleWebKit/537.36 (KHTML, like Gecko) Chrome/148.0.7778.96 Mobile Safari/537.36 (compatible; GoogleOther)"
66.249.70.8 - - [13/Jun/2026:21:40:57 +0200] "GET /wp-content/plugins/elementor/assets/css/conditionals/lightbox.min.css?ver=4.1.3 HTTP/1.1" 200 1760 "https://brescia.elettroservicegroup.it/lavatrice/" "Mozilla/5.0 (Linux; Android 6.0.1; Nexus 5X Build/MMB29P) AppleWebKit/537.36 (KHTML, like Gecko) Chrome/148.0.7778.96 Mobile Safari/537.36 (compatible; GoogleOther)"
66.249.70.8 - - [13/Jun/2026:21:40:59 +0200] "GET /wp-content/plugins/elementor/assets/lib/share-link/share-link.min.js?ver=4.1.3 HTTP/1.1" 200 1077 "https://brescia.elettroservicegroup.it/lavatrice/" "Mozilla/5.0 (Linux; Android 6.0.1; Nexus 5X Build/MMB29P) AppleWebKit/537.36 (KHTML, like Gecko) Chrome/148.0.7778.96 Mobile Safari/537.36 (compatible; GoogleOther)"
66.249.69.161 - - [13/Jun/2026:21:41:00 +0200] "GET /wp-content/plugins/elementor/assets/css/conditionals/dialog.min.css?ver=4.1.3 HTTP/1.1" 200 1428 "https://brescia.elettroservicegroup.it/lavatrice/" "Mozilla/5.0 (Linux; Android 6.0.1; Nexus 5X Build/MMB29P) AppleWebKit/537.36 (KHTML, like Gecko) Chrome/148.0.7778.96 Mobile Safari/537.36 (compatible; GoogleOther)"
66.249.70.1 - - [13/Jun/2026:21:41:02 +0200] "GET /wp-content/plugins/elementor/assets/js/section-frontend-handlers.d85ab872da118940910d.bundle.min.js HTTP/1.1" 200 230 "https://brescia.elettroservicegroup.it/lavatrice/" "Mozilla/5.0 (Linux; Android 6.0.1; Nexus 5X Build/MMB29P) AppleWebKit/537.36 (KHTML, like Gecko) Chrome/148.0.7778.96 Mobile Safari/537.36 (compatible; GoogleOther)"
66.249.70.1 - - [13/Jun/2026:21:41:03 +0200] "GET /wp-content/plugins/elementor/assets/js/shared-frontend-handlers.03caa53373b56d3bab67.bundle.min.js HTTP/1.1" 200 2515 "https://brescia.elettroservicegroup.it/lavatrice/" "Mozilla/5.0 (Linux; Android 6.0.1; Nexus 5X Build/MMB29P) AppleWebKit/537.36 (KHTML, like Gecko) Chrome/148.0.7778.96 Mobile Safari/537.36 (compatible; GoogleOther)"
66.249.70.8 - - [13/Jun/2026:21:41:13 +0200] "GET /forno-elettrico-ad-incasso/ HTTP/1.1" 200 27187 "-" "Mozilla/5.0 (Linux; Android 6.0.1; Nexus 5X Build/MMB29P) AppleWebKit/537.36 (KHTML, like Gecko) Chrome/148.0.7778.96 Mobile Safari/537.36 (compatible; GoogleOther)"
66.249.70.8 - - [13/Jun/2026:21:41:18 +0200] "GET /wp-content/plugins/elementor/assets/lib/font-awesome/css/v4-shims.min.css?ver=4.1.3 HTTP/1.1" 200 3986 "https://brescia.elettroservicegroup.it/forno-elettrico-ad-incasso/" "Mozilla/5.0 (Linux; Android 6.0.1; Nexus 5X Build/MMB29P) AppleWebKit/537.36 (KHTML, like Gecko) Chrome/148.0.7778.96 Mobile Safari/537.36 (compatible; GoogleOther)"
66.249.70.8 - - [13/Jun/2026:21:41:19 +0200] "GET /wp-content/uploads/elementor/css/post-14146.css?ver=1780704000 HTTP/1.1" 200 428 "https://brescia.elettroservicegroup.it/forno-elettrico-ad-incasso/" "Mozilla/5.0 (Linux; Android 6.0.1; Nexus 5X Build/MMB29P) AppleWebKit/537.36 (KHTML, like Gecko) Chrome/148.0.7778.96 Mobile Safari/537.36 (compatible; GoogleOther)"
66.249.70.8 - - [13/Jun/2026:21:41:21 +0200] "GET /wp-includes/js/jquery/jquery.min.js?ver=3.7.1 HTTP/1.1" 200 29769 "https://brescia.elettroservicegroup.it/forno-elettrico-ad-incasso/" "Mozilla/5.0 (Linux; Android 6.0.1; Nexus 5X Build/MMB29P) AppleWebKit/537.36 (KHTML, like Gecko) Chrome/148.0.7778.96 Mobile Safari/537.36 (compatible; GoogleOther)"
66.249.70.8 - - [13/Jun/2026:21:41:23 +0200] "GET /wp-content/plugins/elementor/assets/css/frontend.min.css?ver=4.1.3 HTTP/1.1" 200 6618 "https://brescia.elettroservicegroup.it/forno-elettrico-ad-incasso/" "Mozilla/5.0 (Linux; Android 6.0.1; Nexus 5X Build/MMB29P) AppleWebKit/537.36 (KHTML, like Gecko) Chrome/148.0.7778.96 Mobile Safari/537.36 (compatible; GoogleOther)"
66.249.70.8 - - [13/Jun/2026:21:41:24 +0200] "GET /wp-content/plugins/essential-addons-for-elementor-lite/assets/front-end/css/view/general.min.css?ver=6.6.7 HTTP/1.1" 200 1422 "https://brescia.elettroservicegroup.it/forno-elettrico-ad-incasso/" "Mozilla/5.0 (Linux; Android 6.0.1; Nexus 5X Build/MMB29P) AppleWebKit/537.36 (KHTML, like Gecko) Chrome/148.0.7778.96 Mobile Safari/537.36 (compatible; GoogleOther)"
66.249.70.8 - - [13/Jun/2026:21:41:25 +0200] "GET /wp-content/plugins/gp-premium/menu-plus/functions/css/navigation-branding-flex.min.css?ver=2.5.5 HTTP/1.1" 200 542 "https://brescia.elettroservicegroup.it/forno-elettrico-ad-incasso/" "Mozilla/5.0 (Linux; Android 6.0.1; Nexus 5X Build/MMB29P) AppleWebKit/537.36 (KHTML, like Gecko) Chrome/148.0.7778.96 Mobile Safari/537.36 (compatible; GoogleOther)"
66.249.70.8 - - [13/Jun/2026:21:41:27 +0200] "GET /wp-content/plugins/elementor/assets/lib/font-awesome/js/v4-shims.min.js?ver=4.1.3 HTTP/1.1" 200 4043 "https://brescia.elettroservicegroup.it/forno-elettrico-ad-incasso/" "Mozilla/5.0 (Linux; Android 6.0.1; Nexus 5X Build/MMB29P) AppleWebKit/537.36 (KHTML, like Gecko) Chrome/148.0.7778.96 Mobile Safari/537.36 (compatible; GoogleOther)"
66.249.70.8 - - [13/Jun/2026:21:41:28 +0200] "GET /wp-content/plugins/wpfront-notification-bar/css/wpfront-notification-bar.min.css?ver=3.5.1.05102 HTTP/1.1" 200 665 "https://brescia.elettroservicegroup.it/forno-elettrico-ad-incasso/" "Mozilla/5.0 (Linux; Android 6.0.1; Nexus 5X Build/MMB29P) AppleWebKit/537.36 (KHTML, like Gecko) Chrome/148.0.7778.96 Mobile Safari/537.36 (compatible; GoogleOther)"
66.249.70.8 - - [13/Jun/2026:21:41:29 +0200] "GET /wp-content/themes/generatepress/assets/css/main.min.css?ver=3.6.1 HTTP/1.1" 200 4410 "https://brescia.elettroservicegroup.it/forno-elettrico-ad-incasso/" "Mozilla/5.0 (Linux; Android 6.0.1; Nexus 5X Build/MMB29P) AppleWebKit/537.36 (KHTML, like Gecko) Chrome/148.0.7778.96 Mobile Safari/537.36 (compatible; GoogleOther)"
66.249.70.8 - - [13/Jun/2026:21:41:30 +0200] "GET /wp-includes/js/jquery/jquery-migrate.min.js?ver=3.4.1 HTTP/1.1" 200 4685 "https://brescia.elettroservicegroup.it/forno-elettrico-ad-incasso/" "Mozilla/5.0 (Linux; Android 6.0.1; Nexus 5X Build/MMB29P) AppleWebKit/537.36 (KHTML, like Gecko) Chrome/148.0.7778.96 Mobile Safari/537.36 (compatible; GoogleOther)"
66.249.70.8 - - [13/Jun/2026:21:41:32 +0200] "GET /wp-content/plugins/header-footer-elementor/assets/css/header-footer-elementor.css?ver=2.8.8 HTTP/1.1" 200 260 "https://brescia.elettroservicegroup.it/forno-elettrico-ad-incasso/" "Mozilla/5.0 (Linux; Android 6.0.1; Nexus 5X Build/MMB29P) AppleWebKit/537.36 (KHTML, like Gecko) Chrome/148.0.7778.96 Mobile Safari/537.36 (compatible; GoogleOther)"
66.249.70.8 - - [13/Jun/2026:21:41:33 +0200] "GET /wp-content/themes/generatepress/assets/js/back-to-top.min.js?ver=3.6.1 HTTP/1.1" 200 336 "https://brescia.elettroservicegroup.it/forno-elettrico-ad-incasso/" "Mozilla/5.0 (Linux; Android 6.0.1; Nexus 5X Build/MMB29P) AppleWebKit/537.36 (KHTML, like Gecko) Chrome/148.0.7778.96 Mobile Safari/537.36 (compatible; GoogleOther)"
66.249.70.8 - - [13/Jun/2026:21:41:34 +0200] "GET /wp-content/plugins/essential-addons-for-elementor-lite/assets/front-end/js/view/general.min.js?ver=6.6.7 HTTP/1.1" 200 3900 "https://brescia.elettroservicegroup.it/forno-elettrico-ad-incasso/" "Mozilla/5.0 (Linux; Android 6.0.1; Nexus 5X Build/MMB29P) AppleWebKit/537.36 (KHTML, like Gecko) Chrome/148.0.7778.96 Mobile Safari/537.36 (compatible; GoogleOther)"
66.249.70.8 - - [13/Jun/2026:21:41:36 +0200] "GET /wp-content/plugins/elementor/assets/js/frontend-modules.min.js?ver=4.1.3 HTTP/1.1" 200 15454 "https://brescia.elettroservicegroup.it/forno-elettrico-ad-incasso/" "Mozilla/5.0 (Linux; Android 6.0.1; Nexus 5X Build/MMB29P) AppleWebKit/537.36 (KHTML, like Gecko) Chrome/148.0.7778.96 Mobile Safari/537.36 (compatible; GoogleOther)"
66.249.70.8 - - [13/Jun/2026:21:41:37 +0200] "GET /wp-content/plugins/elementor/assets/js/frontend.min.js?ver=4.1.3 HTTP/1.1" 200 10140 "https://brescia.elettroservicegroup.it/forno-elettrico-ad-incasso/" "Mozilla/5.0 (Linux; Android 6.0.1; Nexus 5X Build/MMB29P) AppleWebKit/537.36 (KHTML, like Gecko) Chrome/148.0.7778.96 Mobile Safari/537.36 (compatible; GoogleOther)"
66.249.70.8 - - [13/Jun/2026:21:41:39 +0200] "GET /wp-content/plugins/elementor/assets/js/webpack.runtime.min.js?ver=4.1.3 HTTP/1.1" 200 2340 "https://brescia.elettroservicegroup.it/forno-elettrico-ad-incasso/" "Mozilla/5.0 (Linux; Android 6.0.1; Nexus 5X Build/MMB29P) AppleWebKit/537.36 (KHTML, like Gecko) Chrome/148.0.7778.96 Mobile Safari/537.36 (compatible; GoogleOther)"
66.249.70.8 - - [13/Jun/2026:21:41:40 +0200] "GET /wp-includes/js/jquery/ui/core.min.js?ver=1.13.3 HTTP/1.1" 200 6820 "https://brescia.elettroservicegroup.it/forno-elettrico-ad-incasso/" "Mozilla/5.0 (Linux; Android 6.0.1; Nexus 5X Build/MMB29P) AppleWebKit/537.36 (KHTML, like Gecko) Chrome/148.0.7778.96 Mobile Safari/537.36 (compatible; GoogleOther)"
66.249.70.8 - - [13/Jun/2026:21:41:41 +0200] "GET /wp-content/plugins/complianz-gdpr-premium/cookiebanner/js/complianz.min.js?ver=1780326839 HTTP/1.1" 200 10708 "https://brescia.elettroservicegroup.it/forno-elettrico-ad-incasso/" "Mozilla/5.0 (Linux; Android 6.0.1; Nexus 5X Build/MMB29P) AppleWebKit/537.36 (KHTML, like Gecko) Chrome/148.0.7778.96 Mobile Safari/537.36 (compatible; GoogleOther)"
65.108.235.243 - - [13/Jun/2026:21:41:43 +0200] "POST /wp-cron.php?doing_wp_cron=1781379703.3103520870208740234375 HTTP/1.1" 200 1 "-" "WordPress/7.0; https://brescia.elettroservicegroup.it"
66.249.70.8 - - [13/Jun/2026:21:41:43 +0200] "GET /wp-json/complianz/v1/banner?lang=it&locale=it_IT&token=lcps HTTP/1.1" 200 83 "https://brescia.elettroservicegroup.it/forno-elettrico-ad-incasso/" "Mozilla/5.0 (Linux; Android 6.0.1; Nexus 5X Build/MMB29P) AppleWebKit/537.36 (KHTML, like Gecko) Chrome/148.0.7778.96 Mobile Safari/537.36 (compatible; GoogleOther)"
66.249.70.8 - - [13/Jun/2026:21:41:45 +0200] "GET /wp-content/uploads/complianz/css/banner-1-optin.css?v=22 HTTP/1.1" 200 2615 "https://brescia.elettroservicegroup.it/forno-elettrico-ad-incasso/" "Mozilla/5.0 (Linux; Android 6.0.1; Nexus 5X Build/MMB29P) AppleWebKit/537.36 (KHTML, like Gecko) Chrome/148.0.7778.96 Mobile Safari/537.36 (compatible; GoogleOther)"
66.249.70.8 - - [13/Jun/2026:21:41:47 +0200] "GET /wp-content/plugins/elementor/assets/css/conditionals/lightbox.min.css?ver=4.1.3 HTTP/1.1" 200 1760 "https://brescia.elettroservicegroup.it/forno-elettrico-ad-incasso/" "Mozilla/5.0 (Linux; Android 6.0.1; Nexus 5X Build/MMB29P) AppleWebKit/537.36 (KHTML, like Gecko) Chrome/148.0.7778.96 Mobile Safari/537.36 (compatible; GoogleOther)"
66.249.70.8 - - [13/Jun/2026:21:41:48 +0200] "GET /wp-content/plugins/elementor/assets/lib/dialog/dialog.min.js?ver=4.9.3 HTTP/1.1" 200 3595 "https://brescia.elettroservicegroup.it/forno-elettrico-ad-incasso/" "Mozilla/5.0 (Linux; Android 6.0.1; Nexus 5X Build/MMB29P) AppleWebKit/537.36 (KHTML, like Gecko) Chrome/148.0.7778.96 Mobile Safari/537.36 (compatible; GoogleOther)"
66.249.70.8 - - [13/Jun/2026:21:41:49 +0200] "GET /wp-content/plugins/elementor/assets/js/shared-frontend-handlers.03caa53373b56d3bab67.bundle.min.js HTTP/1.1" 200 2515 "https://brescia.elettroservicegroup.it/forno-elettrico-ad-incasso/" "Mozilla/5.0 (Linux; Android 6.0.1; Nexus 5X Build/MMB29P) AppleWebKit/537.36 (KHTML, like Gecko) Chrome/148.0.7778.96 Mobile Safari/537.36 (compatible; GoogleOther)"
66.249.70.8 - - [13/Jun/2026:21:41:51 +0200] "GET /wp-content/plugins/elementor/assets/js/text-editor.45609661e409413f1cef.bundle.min.js HTTP/1.1" 200 592 "https://brescia.elettroservicegroup.it/forno-elettrico-ad-incasso/" "Mozilla/5.0 (Linux; Android 6.0.1; Nexus 5X Build/MMB29P) AppleWebKit/537.36 (KHTML, like Gecko) Chrome/148.0.7778.96 Mobile Safari/537.36 (compatible; GoogleOther)"
66.249.70.8 - - [13/Jun/2026:21:41:52 +0200] "GET /wp-content/plugins/elementor/assets/js/lightbox.570c05c5a283cfb6b223.bundle.min.js HTTP/1.1" 200 9102 "https://brescia.elettroservicegroup.it/forno-elettrico-ad-incasso/" "Mozilla/5.0 (Linux; Android 6.0.1; Nexus 5X Build/MMB29P) AppleWebKit/537.36 (KHTML, like Gecko) Chrome/148.0.7778.96 Mobile Safari/537.36 (compatible; GoogleOther)"
66.249.70.8 - - [13/Jun/2026:21:41:53 +0200] "GET /wp-content/plugins/elementor/assets/lib/swiper/v8/css/swiper.min.css?ver=8.4.5 HTTP/1.1" 200 4251 "https://brescia.elettroservicegroup.it/forno-elettrico-ad-incasso/" "Mozilla/5.0 (Linux; Android 6.0.1; Nexus 5X Build/MMB29P) AppleWebKit/537.36 (KHTML, like Gecko) Chrome/148.0.7778.96 Mobile Safari/537.36 (compatible; GoogleOther)"
66.249.70.8 - - [13/Jun/2026:21:41:55 +0200] "GET /wp-content/plugins/elementor/assets/js/section-frontend-handlers.d85ab872da118940910d.bundle.min.js HTTP/1.1" 200 230 "https://brescia.elettroservicegroup.it/forno-elettrico-ad-incasso/" "Mozilla/5.0 (Linux; Android 6.0.1; Nexus 5X Build/MMB29P) AppleWebKit/537.36 (KHTML, like Gecko) Chrome/148.0.7778.96 Mobile Safari/537.36 (compatible; GoogleOther)"
66.249.70.8 - - [13/Jun/2026:21:41:56 +0200] "GET /wp-content/plugins/elementor/assets/js/397f2d183c19202777d6.bundle.min.js HTTP/1.1" 200 8477 "https://brescia.elettroservicegroup.it/forno-elettrico-ad-incasso/" "Mozilla/5.0 (Linux; Android 6.0.1; Nexus 5X Build/MMB29P) AppleWebKit/537.36 (KHTML, like Gecko) Chrome/148.0.7778.96 Mobile Safari/537.36 (compatible; GoogleOther)"
66.249.70.8 - - [13/Jun/2026:21:41:57 +0200] "GET /wp-content/plugins/elementor/assets/lib/share-link/share-link.min.js?ver=4.1.3 HTTP/1.1" 200 1077 "https://brescia.elettroservicegroup.it/forno-elettrico-ad-incasso/" "Mozilla/5.0 (Linux; Android 6.0.1; Nexus 5X Build/MMB29P) AppleWebKit/537.36 (KHTML, like Gecko) Chrome/148.0.7778.96 Mobile Safari/537.36 (compatible; GoogleOther)"
66.249.70.8 - - [13/Jun/2026:21:41:59 +0200] "GET /wp-content/plugins/elementor/assets/css/conditionals/dialog.min.css?ver=4.1.3 HTTP/1.1" 200 1428 "https://brescia.elettroservicegroup.it/forno-elettrico-ad-incasso/" "Mozilla/5.0 (Linux; Android 6.0.1; Nexus 5X Build/MMB29P) AppleWebKit/537.36 (KHTML, like Gecko) Chrome/148.0.7778.96 Mobile Safari/537.36 (compatible; GoogleOther)"
66.249.70.8 - - [13/Jun/2026:21:42:01 +0200] "GET /reliable-local-tradesman/ HTTP/1.1" 200 27187 "-" "Mozilla/5.0 (Linux; Android 6.0.1; Nexus 5X Build/MMB29P) AppleWebKit/537.36 (KHTML, like Gecko) Chrome/148.0.7778.96 Mobile Safari/537.36 (compatible; GoogleOther)"
66.249.70.8 - - [13/Jun/2026:21:42:05 +0200] "GET /wp-content/uploads/elementor/css/post-14366.css?ver=1780704000 HTTP/1.1" 200 297 "https://brescia.elettroservicegroup.it/reliable-local-tradesman/" "Mozilla/5.0 (Linux; Android 6.0.1; Nexus 5X Build/MMB29P) AppleWebKit/537.36 (KHTML, like Gecko) Chrome/148.0.7778.96 Mobile Safari/537.36 (compatible; GoogleOther)"
66.249.70.8 - - [13/Jun/2026:21:42:06 +0200] "GET /wp-includes/css/dist/block-library/style.min.css?ver=7.0 HTTP/1.1" 200 15998 "https://brescia.elettroservicegroup.it/reliable-local-tradesman/" "Mozilla/5.0 (Linux; Android 6.0.1; Nexus 5X Build/MMB29P) AppleWebKit/537.36 (KHTML, like Gecko) Chrome/148.0.7778.96 Mobile Safari/537.36 (compatible; GoogleOther)"
66.249.70.8 - - [13/Jun/2026:21:42:07 +0200] "GET /wp-content/plugins/elementor/assets/lib/font-awesome/css/all.min.css?ver=4.1.3 HTTP/1.1" 200 12402 "https://brescia.elettroservicegroup.it/reliable-local-tradesman/" "Mozilla/5.0 (Linux; Android 6.0.1; Nexus 5X Build/MMB29P) AppleWebKit/537.36 (KHTML, like Gecko) Chrome/148.0.7778.96 Mobile Safari/537.36 (compatible; GoogleOther)"
66.249.70.8 - - [13/Jun/2026:21:42:09 +0200] "GET /wp-content/plugins/elementor/assets/css/widget-social-icons.min.css?ver=3.24.0 HTTP/1.1" 200 1039 "https://brescia.elettroservicegroup.it/reliable-local-tradesman/" "Mozilla/5.0 (Linux; Android 6.0.1; Nexus 5X Build/MMB29P) AppleWebKit/537.36 (KHTML, like Gecko) Chrome/148.0.7778.96 Mobile Safari/537.36 (compatible; GoogleOther)"
66.249.70.8 - - [13/Jun/2026:21:42:10 +0200] "GET /wp-content/plugins/gp-premium/menu-plus/functions/js/sticky.min.js?ver=2.5.5 HTTP/1.1" 200 2670 "https://brescia.elettroservicegroup.it/reliable-local-tradesman/" "Mozilla/5.0 (Linux; Android 6.0.1; Nexus 5X Build/MMB29P) AppleWebKit/537.36 (KHTML, like Gecko) Chrome/148.0.7778.96 Mobile Safari/537.36 (compatible; GoogleOther)"
66.249.70.8 - - [13/Jun/2026:21:42:11 +0200] "GET /wp-content/plugins/all-in-one-seo-pack/dist/Lite/assets/css/table-of-contents/global.e90f6d47.css?ver=4.9.7.2 HTTP/1.1" 200 420 "https://brescia.elettroservicegroup.it/reliable-local-tradesman/" "Mozilla/5.0 (Linux; Android 6.0.1; Nexus 5X Build/MMB29P) AppleWebKit/537.36 (KHTML, like Gecko) Chrome/148.0.7778.96 Mobile Safari/537.36 (compatible; GoogleOther)"
66.249.70.8 - - [13/Jun/2026:21:42:13 +0200] "GET /wp-content/plugins/complianz-gdpr-premium/assets/css/cookieblocker.min.css?ver=1780326839 HTTP/1.1" 200 615 "https://brescia.elettroservicegroup.it/reliable-local-tradesman/" "Mozilla/5.0 (Linux; Android 6.0.1; Nexus 5X Build/MMB29P) AppleWebKit/537.36 (KHTML, like Gecko) Chrome/148.0.7778.96 Mobile Safari/537.36 (compatible; GoogleOther)"
66.249.70.8 - - [13/Jun/2026:21:42:14 +0200] "GET /wp-content/plugins/elementor/assets/lib/font-awesome/css/brands.css?ver=5.15.3 HTTP/1.1" 200 298 "https://brescia.elettroservicegroup.it/reliable-local-tradesman/" "Mozilla/5.0 (Linux; Android 6.0.1; Nexus 5X Build/MMB29P) AppleWebKit/537.36 (KHTML, like Gecko) Chrome/148.0.7778.96 Mobile Safari/537.36 (compatible; GoogleOther)"
66.249.70.8 - - [13/Jun/2026:21:42:15 +0200] "GET /wp-includes/js/jquery/jquery-migrate.min.js?ver=3.4.1 HTTP/1.1" 200 4685 "https://brescia.elettroservicegroup.it/reliable-local-tradesman/" "Mozilla/5.0 (Linux; Android 6.0.1; Nexus 5X Build/MMB29P) AppleWebKit/537.36 (KHTML, like Gecko) Chrome/148.0.7778.96 Mobile Safari/537.36 (compatible; GoogleOther)"
66.249.70.8 - - [13/Jun/2026:21:42:17 +0200] "GET /wp-content/plugins/elementor/assets/lib/eicons/css/elementor-icons.min.css?ver=5.49.0 HTTP/1.1" 200 4115 "https://brescia.elettroservicegroup.it/reliable-local-tradesman/" "Mozilla/5.0 (Linux; Android 6.0.1; Nexus 5X Build/MMB29P) AppleWebKit/537.36 (KHTML, like Gecko) Chrome/148.0.7778.96 Mobile Safari/537.36 (compatible; GoogleOther)"
66.249.70.8 - - [13/Jun/2026:21:42:18 +0200] "GET /wp-content/plugins/header-footer-elementor/inc/widgets-css/frontend.css?ver=2.8.8 HTTP/1.1" 200 8711 "https://brescia.elettroservicegroup.it/reliable-local-tradesman/" "Mozilla/5.0 (Linux; Android 6.0.1; Nexus 5X Build/MMB29P) AppleWebKit/537.36 (KHTML, like Gecko) Chrome/148.0.7778.96 Mobile Safari/537.36 (compatible; GoogleOther)"
66.249.70.8 - - [13/Jun/2026:21:42:19 +0200] "GET /wp-content/uploads/elementor/google-fonts/css/robotoslab.css?ver=1742275294 HTTP/1.1" 200 717 "https://brescia.elettroservicegroup.it/reliable-local-tradesman/" "Mozilla/5.0 (Linux; Android 6.0.1; Nexus 5X Build/MMB29P) AppleWebKit/537.36 (KHTML, like Gecko) Chrome/148.0.7778.96 Mobile Safari/537.36 (compatible; GoogleOther)"
66.249.70.8 - - [13/Jun/2026:21:42:26 +0200] "GET /tecnico-elettrodomestici-5/ HTTP/1.1" 200 27227 "-" "Mozilla/5.0 (Linux; Android 6.0.1; Nexus 5X Build/MMB29P) AppleWebKit/537.36 (KHTML, like Gecko) Chrome/148.0.7778.96 Mobile Safari/537.36 (compatible; GoogleOther)"
66.249.70.8 - - [13/Jun/2026:21:42:28 +0200] "GET /wp-content/uploads/elementor/google-fonts/css/roboto.css?ver=1742275292 HTTP/1.1" 200 1886 "https://brescia.elettroservicegroup.it/tecnico-elettrodomestici-5/" "Mozilla/5.0 (Linux; Android 6.0.1; Nexus 5X Build/MMB29P) AppleWebKit/537.36 (KHTML, like Gecko) Chrome/148.0.7778.96 Mobile Safari/537.36 (compatible; GoogleOther)"
66.249.70.8 - - [13/Jun/2026:21:42:29 +0200] "GET /wp-includes/js/jquery/jquery.min.js?ver=3.7.1 HTTP/1.1" 200 29769 "https://brescia.elettroservicegroup.it/tecnico-elettrodomestici-5/" "Mozilla/5.0 (Linux; Android 6.0.1; Nexus 5X Build/MMB29P) AppleWebKit/537.36 (KHTML, like Gecko) Chrome/148.0.7778.96 Mobile Safari/537.36 (compatible; GoogleOther)"
66.249.70.8 - - [13/Jun/2026:21:42:30 +0200] "GET /wp-content/plugins/elementor/assets/lib/font-awesome/css/solid.css?ver=5.15.3 HTTP/1.1" 200 299 "https://brescia.elettroservicegroup.it/tecnico-elettrodomestici-5/" "Mozilla/5.0 (Linux; Android 6.0.1; Nexus 5X Build/MMB29P) AppleWebKit/537.36 (KHTML, like Gecko) Chrome/148.0.7778.96 Mobile Safari/537.36 (compatible; GoogleOther)"
66.249.70.8 - - [13/Jun/2026:21:42:32 +0200] "GET /wp-content/themes/generatepress/assets/js/menu.min.js?ver=3.6.1 HTTP/1.1" 200 1688 "https://brescia.elettroservicegroup.it/tecnico-elettrodomestici-5/" "Mozilla/5.0 (Linux; Android 6.0.1; Nexus 5X Build/MMB29P) AppleWebKit/537.36 (KHTML, like Gecko) Chrome/148.0.7778.96 Mobile Safari/537.36 (compatible; GoogleOther)"
66.249.70.8 - - [13/Jun/2026:21:42:33 +0200] "GET /wp-content/plugins/elementor/assets/lib/eicons/css/elementor-icons.min.css?ver=5.34.0 HTTP/1.1" 200 4115 "https://brescia.elettroservicegroup.it/tecnico-elettrodomestici-5/" "Mozilla/5.0 (Linux; Android 6.0.1; Nexus 5X Build/MMB29P) AppleWebKit/537.36 (KHTML, like Gecko) Chrome/148.0.7778.96 Mobile Safari/537.36 (compatible; GoogleOther)"
66.249.70.8 - - [13/Jun/2026:21:42:35 +0200] "GET /wp-content/plugins/elementor/assets/lib/font-awesome/css/fontawesome.css?ver=5.15.3 HTTP/1.1" 200 12535 "https://brescia.elettroservicegroup.it/tecnico-elettrodomestici-5/" "Mozilla/5.0 (Linux; Android 6.0.1; Nexus 5X Build/MMB29P) AppleWebKit/537.36 (KHTML, like Gecko) Chrome/148.0.7778.96 Mobile Safari/537.36 (compatible; GoogleOther)"
66.249.70.8 - - [13/Jun/2026:21:42:36 +0200] "GET /wp-content/plugins/complianz-gdpr-premium/assets/css/cookieblocker.min.css?ver=1780326839 HTTP/1.1" 200 615 "https://brescia.elettroservicegroup.it/tecnico-elettrodomestici-5/" "Mozilla/5.0 (Linux; Android 6.0.1; Nexus 5X Build/MMB29P) AppleWebKit/537.36 (KHTML, like Gecko) Chrome/148.0.7778.96 Mobile Safari/537.36 (compatible; GoogleOther)"
66.249.70.8 - - [13/Jun/2026:21:42:37 +0200] "GET /wp-content/plugins/all-in-one-seo-pack/dist/Lite/assets/css/table-of-contents/global.e90f6d47.css?ver=4.9.7.2 HTTP/1.1" 200 420 "https://brescia.elettroservicegroup.it/tecnico-elettrodomestici-5/" "Mozilla/5.0 (Linux; Android 6.0.1; Nexus 5X Build/MMB29P) AppleWebKit/537.36 (KHTML, like Gecko) Chrome/148.0.7778.96 Mobile Safari/537.36 (compatible; GoogleOther)"
66.249.70.8 - - [13/Jun/2026:21:42:39 +0200] "GET /wp-content/plugins/elementor/assets/css/frontend.min.css?ver=4.1.3 HTTP/1.1" 200 6618 "https://brescia.elettroservicegroup.it/tecnico-elettrodomestici-5/" "Mozilla/5.0 (Linux; Android 6.0.1; Nexus 5X Build/MMB29P) AppleWebKit/537.36 (KHTML, like Gecko) Chrome/148.0.7778.96 Mobile Safari/537.36 (compatible; GoogleOther)"
66.249.70.8 - - [13/Jun/2026:21:42:40 +0200] "GET /wp-content/themes/generatepress/assets/css/components/comments.min.css?ver=3.6.1 HTTP/1.1" 200 488 "https://brescia.elettroservicegroup.it/tecnico-elettrodomestici-5/" "Mozilla/5.0 (Linux; Android 6.0.1; Nexus 5X Build/MMB29P) AppleWebKit/537.36 (KHTML, like Gecko) Chrome/148.0.7778.96 Mobile Safari/537.36 (compatible; GoogleOther)"
65.108.235.243 - - [13/Jun/2026:21:42:42 +0200] "POST /wp-cron.php?doing_wp_cron=1781379762.5446209907531738281250 HTTP/1.1" 200 1 "-" "WordPress/7.0; https://brescia.elettroservicegroup.it"
66.249.70.8 - - [13/Jun/2026:21:42:42 +0200] "GET /wp-json/complianz/v1/banner?lang=it&locale=it_IT&token=elxap HTTP/1.1" 200 83 "https://brescia.elettroservicegroup.it/tecnico-elettrodomestici-5/" "Mozilla/5.0 (Linux; Android 6.0.1; Nexus 5X Build/MMB29P) AppleWebKit/537.36 (KHTML, like Gecko) Chrome/148.0.7778.96 Mobile Safari/537.36 (compatible; GoogleOther)"
66.249.70.8 - - [13/Jun/2026:21:42:43 +0200] "GET /wp-content/plugins/elementor/assets/css/conditionals/lightbox.min.css?ver=4.1.3 HTTP/1.1" 200 1760 "https://brescia.elettroservicegroup.it/tecnico-elettrodomestici-5/" "Mozilla/5.0 (Linux; Android 6.0.1; Nexus 5X Build/MMB29P) AppleWebKit/537.36 (KHTML, like Gecko) Chrome/148.0.7778.96 Mobile Safari/537.36 (compatible; GoogleOther)"
66.249.70.8 - - [13/Jun/2026:21:42:45 +0200] "GET /wp-content/plugins/elementor/assets/lib/dialog/dialog.min.js?ver=4.9.3 HTTP/1.1" 200 3595 "https://brescia.elettroservicegroup.it/tecnico-elettrodomestici-5/" "Mozilla/5.0 (Linux; Android 6.0.1; Nexus 5X Build/MMB29P) AppleWebKit/537.36 (KHTML, like Gecko) Chrome/148.0.7778.96 Mobile Safari/537.36 (compatible; GoogleOther)"
66.249.70.8 - - [13/Jun/2026:21:42:46 +0200] "GET /wp-content/plugins/elementor/assets/lib/swiper/v8/css/swiper.min.css?ver=8.4.5 HTTP/1.1" 200 4251 "https://brescia.elettroservicegroup.it/tecnico-elettrodomestici-5/" "Mozilla/5.0 (Linux; Android 6.0.1; Nexus 5X Build/MMB29P) AppleWebKit/537.36 (KHTML, like Gecko) Chrome/148.0.7778.96 Mobile Safari/537.36 (compatible; GoogleOther)"
66.249.70.8 - - [13/Jun/2026:21:42:47 +0200] "GET /wp-content/plugins/elementor/assets/js/397f2d183c19202777d6.bundle.min.js HTTP/1.1" 200 8477 "https://brescia.elettroservicegroup.it/tecnico-elettrodomestici-5/" "Mozilla/5.0 (Linux; Android 6.0.1; Nexus 5X Build/MMB29P) AppleWebKit/537.36 (KHTML, like Gecko) Chrome/148.0.7778.96 Mobile Safari/537.36 (compatible; GoogleOther)"
65.108.235.243 - - [13/Jun/2026:21:45:50 +0200] "POST /wp-cron.php?doing_wp_cron=1781379950.2008469104766845703125 HTTP/1.1" 200 1 "-" "WordPress/7.0; https://brescia.elettroservicegroup.it"
66.249.70.2 - - [13/Jun/2026:21:45:48 +0200] "GET /frigorifero-combinato/ HTTP/1.1" 200 27231 "-" "Mozilla/5.0 (Linux; Android 6.0.1; Nexus 5X Build/MMB29P) AppleWebKit/537.36 (KHTML, like Gecko) Chrome/148.0.7778.96 Mobile Safari/537.36 (compatible; GoogleOther)"
65.108.235.243 - - [13/Jun/2026:21:46:48 +0200] "POST /wp-cron.php?doing_wp_cron=1781380008.6947350502014160156250 HTTP/1.1" 200 1 "-" "WordPress/7.0; https://brescia.elettroservicegroup.it"
87.250.224.121 - - [13/Jun/2026:21:46:45 +0200] "GET /robots.txt HTTP/1.1" 200 193 "-" "Mozilla/5.0 (compatible; YandexBot/3.0; +http://yandex.com/bots)"
5.255.231.46 - - [13/Jun/2026:21:46:49 +0200] "GET /wp-content/uploads/2021/10/cropped-cropped-cropped-cropped-logo_white_background-180x180.png HTTP/2.0" 200 21353 "-" "Mozilla/5.0 (compatible; YandexFavicons/1.0; +http://yandex.com/bots)"
66.249.70.1 - - [13/Jun/2026:21:52:44 +0200] "GET /wp-content/plugins/elementor/assets/css/frontend.min.css?ver=4.1.3 HTTP/1.1" 200 6618 "https://brescia.elettroservicegroup.it/frigorifero-combinato/" "Mozilla/5.0 (Linux; Android 6.0.1; Nexus 5X Build/MMB29P) AppleWebKit/537.36 (KHTML, like Gecko) Chrome/148.0.7778.96 Mobile Safari/537.36 (compatible; GoogleOther)"
66.249.70.8 - - [13/Jun/2026:21:52:45 +0200] "GET /wp-content/themes/generatepress/assets/css/components/comments.min.css?ver=3.6.1 HTTP/1.1" 200 488 "https://brescia.elettroservicegroup.it/frigorifero-combinato/" "Mozilla/5.0 (Linux; Android 6.0.1; Nexus 5X Build/MMB29P) AppleWebKit/537.36 (KHTML, like Gecko) Chrome/148.0.7778.96 Mobile Safari/537.36 (compatible; GoogleOther)"
66.249.70.8 - - [13/Jun/2026:21:52:46 +0200] "GET /wp-content/plugins/gp-premium/menu-plus/functions/css/navigation-branding-flex.min.css?ver=2.5.5 HTTP/1.1" 200 542 "https://brescia.elettroservicegroup.it/frigorifero-combinato/" "Mozilla/5.0 (Linux; Android 6.0.1; Nexus 5X Build/MMB29P) AppleWebKit/537.36 (KHTML, like Gecko) Chrome/148.0.7778.96 Mobile Safari/537.36 (compatible; GoogleOther)"
66.249.70.2 - - [13/Jun/2026:21:52:48 +0200] "GET /wp-content/uploads/elementor/css/post-14146.css?ver=1780704000 HTTP/1.1" 200 428 "https://brescia.elettroservicegroup.it/frigorifero-combinato/" "Mozilla/5.0 (Linux; Android 6.0.1; Nexus 5X Build/MMB29P) AppleWebKit/537.36 (KHTML, like Gecko) Chrome/148.0.7778.96 Mobile Safari/537.36 (compatible; GoogleOther)"
66.249.70.8 - - [13/Jun/2026:21:52:49 +0200] "GET /wp-content/plugins/header-footer-elementor/inc/widgets-css/frontend.css?ver=2.8.8 HTTP/1.1" 200 8711 "https://brescia.elettroservicegroup.it/frigorifero-combinato/" "Mozilla/5.0 (Linux; Android 6.0.1; Nexus 5X Build/MMB29P) AppleWebKit/537.36 (KHTML, like Gecko) Chrome/148.0.7778.96 Mobile Safari/537.36 (compatible; GoogleOther)"
66.249.70.8 - - [13/Jun/2026:21:52:50 +0200] "GET /wp-content/plugins/elementor/assets/lib/font-awesome/js/v4-shims.min.js?ver=4.1.3 HTTP/1.1" 200 4043 "https://brescia.elettroservicegroup.it/frigorifero-combinato/" "Mozilla/5.0 (Linux; Android 6.0.1; Nexus 5X Build/MMB29P) AppleWebKit/537.36 (KHTML, like Gecko) Chrome/148.0.7778.96 Mobile Safari/537.36 (compatible; GoogleOther)"
66.249.70.8 - - [13/Jun/2026:21:52:51 +0200] "GET /wp-content/plugins/elementor/assets/lib/font-awesome/css/v4-shims.min.css?ver=4.1.3 HTTP/1.1" 200 3986 "https://brescia.elettroservicegroup.it/frigorifero-combinato/" "Mozilla/5.0 (Linux; Android 6.0.1; Nexus 5X Build/MMB29P) AppleWebKit/537.36 (KHTML, like Gecko) Chrome/148.0.7778.96 Mobile Safari/537.36 (compatible; GoogleOther)"
66.249.70.8 - - [13/Jun/2026:21:52:52 +0200] "GET /wp-content/plugins/elementor/assets/lib/font-awesome/css/all.min.css?ver=4.1.3 HTTP/1.1" 200 12402 "https://brescia.elettroservicegroup.it/frigorifero-combinato/" "Mozilla/5.0 (Linux; Android 6.0.1; Nexus 5X Build/MMB29P) AppleWebKit/537.36 (KHTML, like Gecko) Chrome/148.0.7778.96 Mobile Safari/537.36 (compatible; GoogleOther)"
66.249.70.8 - - [13/Jun/2026:21:52:54 +0200] "GET /wp-content/plugins/essential-addons-for-elementor-lite/assets/front-end/css/view/general.min.css?ver=6.6.7 HTTP/1.1" 200 1422 "https://brescia.elettroservicegroup.it/frigorifero-combinato/" "Mozilla/5.0 (Linux; Android 6.0.1; Nexus 5X Build/MMB29P) AppleWebKit/537.36 (KHTML, like Gecko) Chrome/148.0.7778.96 Mobile Safari/537.36 (compatible; GoogleOther)"
66.249.70.8 - - [13/Jun/2026:21:52:55 +0200] "GET /wp-content/plugins/complianz-gdpr-premium/assets/css/cookieblocker.min.css?ver=1780326839 HTTP/1.1" 200 615 "https://brescia.elettroservicegroup.it/frigorifero-combinato/" "Mozilla/5.0 (Linux; Android 6.0.1; Nexus 5X Build/MMB29P) AppleWebKit/537.36 (KHTML, like Gecko) Chrome/148.0.7778.96 Mobile Safari/537.36 (compatible; GoogleOther)"
66.249.70.8 - - [13/Jun/2026:21:52:56 +0200] "GET /wp-content/uploads/elementor/css/post-14366.css?ver=1780704000 HTTP/1.1" 200 297 "https://brescia.elettroservicegroup.it/frigorifero-combinato/" "Mozilla/5.0 (Linux; Android 6.0.1; Nexus 5X Build/MMB29P) AppleWebKit/537.36 (KHTML, like Gecko) Chrome/148.0.7778.96 Mobile Safari/537.36 (compatible; GoogleOther)"
66.249.70.8 - - [13/Jun/2026:21:52:57 +0200] "GET /wp-content/plugins/elementor/assets/js/webpack.runtime.min.js?ver=4.1.3 HTTP/1.1" 200 2340 "https://brescia.elettroservicegroup.it/frigorifero-combinato/" "Mozilla/5.0 (Linux; Android 6.0.1; Nexus 5X Build/MMB29P) AppleWebKit/537.36 (KHTML, like Gecko) Chrome/148.0.7778.96 Mobile Safari/537.36 (compatible; GoogleOther)"
66.249.66.45 - - [13/Jun/2026:21:52:59 +0200] "GET /wp-content/plugins/complianz-gdpr-premium/cookiebanner/js/complianz.min.js?ver=1780326839 HTTP/1.1" 200 10708 "https://brescia.elettroservicegroup.it/frigorifero-combinato/" "Mozilla/5.0 (Linux; Android 6.0.1; Nexus 5X Build/MMB29P) AppleWebKit/537.36 (KHTML, like Gecko) Chrome/148.0.7778.96 Mobile Safari/537.36 (compatible; GoogleOther)"
66.249.70.8 - - [13/Jun/2026:21:53:00 +0200] "GET /wp-content/plugins/elementor/assets/js/frontend.min.js?ver=4.1.3 HTTP/1.1" 200 10140 "https://brescia.elettroservicegroup.it/frigorifero-combinato/" "Mozilla/5.0 (Linux; Android 6.0.1; Nexus 5X Build/MMB29P) AppleWebKit/537.36 (KHTML, like Gecko) Chrome/148.0.7778.96 Mobile Safari/537.36 (compatible; GoogleOther)"
66.249.70.8 - - [13/Jun/2026:21:53:01 +0200] "GET /wp-content/plugins/elementor/assets/js/frontend-modules.min.js?ver=4.1.3 HTTP/1.1" 200 15454 "https://brescia.elettroservicegroup.it/frigorifero-combinato/" "Mozilla/5.0 (Linux; Android 6.0.1; Nexus 5X Build/MMB29P) AppleWebKit/537.36 (KHTML, like Gecko) Chrome/148.0.7778.96 Mobile Safari/537.36 (compatible; GoogleOther)"
65.108.235.243 - - [13/Jun/2026:21:53:04 +0200] "POST /wp-cron.php?doing_wp_cron=1781380384.3123579025268554687500 HTTP/1.1" 200 1 "-" "WordPress/7.0; https://brescia.elettroservicegroup.it"
66.249.70.8 - - [13/Jun/2026:21:53:02 +0200] "GET /wp-json/complianz/v1/banner?lang=it&locale=it_IT&token=elxap HTTP/1.1" 200 83 "https://brescia.elettroservicegroup.it/frigorifero-combinato/" "Mozilla/5.0 (Linux; Android 6.0.1; Nexus 5X Build/MMB29P) AppleWebKit/537.36 (KHTML, like Gecko) Chrome/148.0.7778.96 Mobile Safari/537.36 (compatible; GoogleOther)"
66.249.70.8 - - [13/Jun/2026:21:53:04 +0200] "GET /wp-content/plugins/elementor/assets/lib/share-link/share-link.min.js?ver=4.1.3 HTTP/1.1" 200 1077 "https://brescia.elettroservicegroup.it/frigorifero-combinato/" "Mozilla/5.0 (Linux; Android 6.0.1; Nexus 5X Build/MMB29P) AppleWebKit/537.36 (KHTML, like Gecko) Chrome/148.0.7778.96 Mobile Safari/537.36 (compatible; GoogleOther)"
66.249.70.8 - - [13/Jun/2026:21:53:05 +0200] "GET /wp-content/plugins/elementor/assets/css/conditionals/dialog.min.css?ver=4.1.3 HTTP/1.1" 200 1428 "https://brescia.elettroservicegroup.it/frigorifero-combinato/" "Mozilla/5.0 (Linux; Android 6.0.1; Nexus 5X Build/MMB29P) AppleWebKit/537.36 (KHTML, like Gecko) Chrome/148.0.7778.96 Mobile Safari/537.36 (compatible; GoogleOther)"
66.249.70.8 - - [13/Jun/2026:21:53:07 +0200] "GET /wp-content/plugins/elementor/assets/lib/swiper/v8/css/swiper.min.css?ver=8.4.5 HTTP/1.1" 200 4251 "https://brescia.elettroservicegroup.it/frigorifero-combinato/" "Mozilla/5.0 (Linux; Android 6.0.1; Nexus 5X Build/MMB29P) AppleWebKit/537.36 (KHTML, like Gecko) Chrome/148.0.7778.96 Mobile Safari/537.36 (compatible; GoogleOther)"
66.249.70.8 - - [13/Jun/2026:21:53:07 +0200] "GET /home-copertina-2-2/ HTTP/1.1" 200 27107 "-" "Mozilla/5.0 (Linux; Android 6.0.1; Nexus 5X Build/MMB29P) AppleWebKit/537.36 (KHTML, like Gecko) Chrome/148.0.7778.96 Mobile Safari/537.36 (compatible; GoogleOther)"
66.249.70.8 - - [13/Jun/2026:21:53:08 +0200] "GET /wp-content/plugins/elementor/assets/js/lightbox.570c05c5a283cfb6b223.bundle.min.js HTTP/1.1" 200 9102 "https://brescia.elettroservicegroup.it/frigorifero-combinato/" "Mozilla/5.0 (Linux; Android 6.0.1; Nexus 5X Build/MMB29P) AppleWebKit/537.36 (KHTML, like Gecko) Chrome/148.0.7778.96 Mobile Safari/537.36 (compatible; GoogleOther)"
